[INFO] cloning repository https://github.com/codeTIT4N/rust-blockchain
[INFO] running `Command { std: "git" "-c" "credential.helper=" "-c" "credential.helper=/workspace/cargo-home/bin/git-credential-null" "clone" "--bare" "https://github.com/codeTIT4N/rust-blockchain" "/workspace/cache/git-repos/https%3A%2F%2Fgithub.com%2FcodeTIT4N%2Frust-blockchain", kill_on_drop: false }`
[INFO] [stderr] Cloning into bare repository '/workspace/cache/git-repos/https%3A%2F%2Fgithub.com%2FcodeTIT4N%2Frust-blockchain'...
[INFO] running `Command { std: "git" "rev-parse" "HEAD", kill_on_drop: false }`
[INFO] [stdout] e55f82f0c842b0ee81271fe3bdc636ffc85d756d
[INFO] documenting codeTIT4N/rust-blockchain against beta-2023-04-20 for beta-1.70-rustdoc-1
[INFO] running `Command { std: "git" "clone" "/workspace/cache/git-repos/https%3A%2F%2Fgithub.com%2FcodeTIT4N%2Frust-blockchain" "/workspace/builds/worker-5-tc2/source", kill_on_drop: false }`
[INFO] [stderr] Cloning into '/workspace/builds/worker-5-tc2/source'...
[INFO] [stderr] done.
[INFO] validating manifest of git repo https://github.com/codeTIT4N/rust-blockchain on toolchain beta-2023-04-20
[INFO] running `Command { std: CARGO_HOME="/workspace/cargo-home" RUSTUP_HOME="/workspace/rustup-home" "/workspace/cargo-home/bin/cargo" "+beta-2023-04-20" "metadata" "--manifest-path" "Cargo.toml" "--no-deps", kill_on_drop: false }`
[INFO] started tweaking git repo https://github.com/codeTIT4N/rust-blockchain
[INFO] finished tweaking git repo https://github.com/codeTIT4N/rust-blockchain
[INFO] tweaked toml for git repo https://github.com/codeTIT4N/rust-blockchain written to /workspace/builds/worker-5-tc2/source/Cargo.toml
[INFO] crate git repo https://github.com/codeTIT4N/rust-blockchain already has a lockfile, it will not be regenerated
[INFO] running `Command { std: CARGO_HOME="/workspace/cargo-home" RUSTUP_HOME="/workspace/rustup-home" "/workspace/cargo-home/bin/cargo" "+beta-2023-04-20" "fetch" "--manifest-path" "Cargo.toml", kill_on_drop: false }`
[INFO] [stderr]     Blocking waiting for file lock on package cache
[INFO] [stderr]     Blocking waiting for file lock on package cache
[INFO] running `Command { std: "docker" "create" "-v" "/var/lib/crater-agent-workspace/builds/worker-5-tc2/target:/opt/rustwide/target:rw,Z" "-v" "/var/lib/crater-agent-workspace/builds/worker-5-tc2/source:/opt/rustwide/workdir:ro,Z" "-v" "/var/lib/crater-agent-workspace/cargo-home:/opt/rustwide/cargo-home:ro,Z" "-v" "/var/lib/crater-agent-workspace/rustup-home:/opt/rustwide/rustup-home:ro,Z" "-e" "SOURCE_DIR=/opt/rustwide/workdir" "-e" "CARGO_TARGET_DIR=/opt/rustwide/target" "-e" "CARGO_HOME=/opt/rustwide/cargo-home" "-e" "RUSTUP_HOME=/opt/rustwide/rustup-home" "-w" "/opt/rustwide/workdir" "-m" "1610612736" "--user" "0:0" "--network" "none" "ghcr.io/rust-lang/crates-build-env/linux@sha256:5ff2268d62e97bff2cde7d5815dd6ed5b47097566f13b8d0ca110b04b60e07ed" "/opt/rustwide/cargo-home/bin/cargo" "+beta-2023-04-20" "metadata" "--no-deps" "--format-version=1", kill_on_drop: false }`
[INFO] [stdout] 388eb538a4966760d3ec65fe945842a9800f95ed980c61eba593eae767329403
[INFO] running `Command { std: "docker" "start" "-a" "388eb538a4966760d3ec65fe945842a9800f95ed980c61eba593eae767329403", kill_on_drop: false }`
[INFO] running `Command { std: "docker" "inspect" "388eb538a4966760d3ec65fe945842a9800f95ed980c61eba593eae767329403", kill_on_drop: false }`
[INFO] running `Command { std: "docker" "rm" "-f" "388eb538a4966760d3ec65fe945842a9800f95ed980c61eba593eae767329403", kill_on_drop: false }`
[INFO] [stdout] 388eb538a4966760d3ec65fe945842a9800f95ed980c61eba593eae767329403
[INFO] running `Command { std: "docker" "create" "-v" "/var/lib/crater-agent-workspace/builds/worker-5-tc2/target:/opt/rustwide/target:rw,Z" "-v" "/var/lib/crater-agent-workspace/builds/worker-5-tc2/source:/opt/rustwide/workdir:ro,Z" "-v" "/var/lib/crater-agent-workspace/cargo-home:/opt/rustwide/cargo-home:ro,Z" "-v" "/var/lib/crater-agent-workspace/rustup-home:/opt/rustwide/rustup-home:ro,Z" "-e" "SOURCE_DIR=/opt/rustwide/workdir" "-e" "CARGO_TARGET_DIR=/opt/rustwide/target" "-e" "CARGO_INCREMENTAL=0" "-e" "RUST_BACKTRACE=full" "-e" "RUSTFLAGS=--cap-lints=warn" "-e" "RUSTDOCFLAGS=--cap-lints=warn" "-e" "CARGO_HOME=/opt/rustwide/cargo-home" "-e" "RUSTUP_HOME=/opt/rustwide/rustup-home" "-w" "/opt/rustwide/workdir" "-m" "1610612736" "--user" "0:0" "--network" "none" "ghcr.io/rust-lang/crates-build-env/linux@sha256:5ff2268d62e97bff2cde7d5815dd6ed5b47097566f13b8d0ca110b04b60e07ed" "/opt/rustwide/cargo-home/bin/cargo" "+beta-2023-04-20" "doc" "--frozen" "--no-deps" "--document-private-items" "--message-format=json", kill_on_drop: false }`
[INFO] [stdout] f711beafe819c41cf0989a0a9ecf22876c87a3dbc3ccf7c4591d14c8c745001f
[INFO] running `Command { std: "docker" "start" "-a" "f711beafe819c41cf0989a0a9ecf22876c87a3dbc3ccf7c4591d14c8c745001f", kill_on_drop: false }`
[INFO] [stderr]     Blocking waiting for file lock on package cache
[INFO] [stderr]    Compiling cc v1.0.73
[INFO] [stderr]    Compiling pkg-config v0.3.24
[INFO] [stderr]    Compiling libc v0.2.119
[INFO] [stderr]    Compiling openssl v0.10.38
[INFO] [stderr]     Checking bitflags v1.3.2
[INFO] [stderr]     Checking hex v0.3.2
[INFO] [stderr]    Compiling openssl-sys v0.9.72
[INFO] [stderr]     Checking crypto-hash v0.3.4
[INFO] [stderr]  Documenting rust-blockchain v0.1.0 (/opt/rustwide/workdir)
[INFO] [stderr]     Checking rust-blockchain v0.1.0 (/opt/rustwide/workdir)
[INFO] [stdout] error[E0412]: cannot find type `BlockHash` in this scope
[INFO] [stdout]  --> src/block.rs:8:15
[INFO] [stdout]   |
[INFO] [stdout] 8 |     pub hash: BlockHash,
[INFO] [stdout]   |               ^^^^^^^^^ not found in this scope
[INFO] [stdout] 
[INFO] [stdout] 
[INFO] [stdout] error[E0412]: cannot find type `BlockHash` in this scope
[INFO] [stdout]  --> src/block.rs:9:26
[INFO] [stdout]   |
[INFO] [stdout] 9 |     pub prev_block_hash: BlockHash,
[INFO] [stdout]   |                          ^^^^^^^^^ not found in this scope
[INFO] [stdout] 
[INFO] [stdout] 
[INFO] [stdout] error[E0412]: cannot find type `BlockHash` in this scope
[INFO] [stdout]  --> src/block.rs:8:15
[INFO] [stdout]   |
[INFO] [stdout] 8 |     pub hash: BlockHash,
[INFO] [stdout]   |               ^^^^^^^^^ not found in this scope
[INFO] [stdout] 
[INFO] [stdout] 
[INFO] [stdout] error[E0412]: cannot find type `BlockHash` in this scope
[INFO] [stdout]  --> src/block.rs:9:26
[INFO] [stdout]   |
[INFO] [stdout] 9 |     pub prev_block_hash: BlockHash,
[INFO] [stdout]   |                          ^^^^^^^^^ not found in this scope
[INFO] [stdout] 
[INFO] [stdout] 
[INFO] [stdout] error[E0412]: cannot find type `BlockHash` in this scope
[INFO] [stdout]   --> src/block.rs:33:26
[INFO] [stdout]    |
[INFO] [stdout] 33 |         prev_block_hash: BlockHash,
[INFO] [stdout]    |                          ^^^^^^^^^ not found in this scope
[INFO] [stdout] 
[INFO] [stdout] 
[INFO] [stdout] error[E0412]: cannot find type `BlockHash` in this scope
[INFO] [stdout]   --> src/block.rs:77:32
[INFO] [stdout]    |
[INFO] [stdout] 77 | pub fn check_difficulty(hash: &BlockHash, difficulty: u128) -> bool {
[INFO] [stdout]    |                                ^^^^^^^^^ not found in this scope
[INFO] [stdout] 
[INFO] [stdout] 
[INFO] [stdout] error[E0412]: cannot find type `BlockHash` in this scope
[INFO] [stdout]   --> src/block.rs:33:26
[INFO] [stdout]    |
[INFO] [stdout] 33 |         prev_block_hash: BlockHash,
[INFO] [stdout]    |                          ^^^^^^^^^ not found in this scope
[INFO] [stdout] 
[INFO] [stdout] 
[INFO] [stdout] error[E0412]: cannot find type `BlockHash` in this scope
[INFO] [stdout]   --> src/block.rs:77:32
[INFO] [stdout]    |
[INFO] [stdout] 77 | pub fn check_difficulty(hash: &BlockHash, difficulty: u128) -> bool {
[INFO] [stdout]    |                                ^^^^^^^^^ not found in this scope
[INFO] [stdout] 
[INFO] [stdout] 
[INFO] [stdout] error: aborting due to 4 previous errors
[INFO] [stdout] 
[INFO] [stdout] 
[INFO] [stdout] For more information about this error, try `rustc --explain E0412`.
[INFO] [stdout] 
[INFO] [stderr] error: could not document `rust-blockchain`
[INFO] [stderr] 
[INFO] [stderr] Caused by:
[INFO] [stderr]   process didn't exit successfully: `rustdoc --edition=2021 --crate-type lib --crate-name blockchainlib src/lib.rs -o /opt/rustwide/target/doc --error-format=json --json=diagnostic-rendered-ansi,artifacts,future-incompat --document-private-items -C metadata=99c8da53d07c6703 -L dependency=/opt/rustwide/target/debug/deps --extern crypto_hash=/opt/rustwide/target/debug/deps/libcrypto_hash-93b0cc3ce34a131f.rmeta --extern hex=/opt/rustwide/target/debug/deps/libhex-e363d6a41d9ffc70.rmeta --cap-lints=warn --crate-version 0.1.0` (exit status: 1)
[INFO] [stderr] warning: build failed, waiting for other jobs to finish...
[INFO] [stdout] error: aborting due to 4 previous errors
[INFO] [stdout] 
[INFO] [stdout] 
[INFO] [stdout] For more information about this error, try `rustc --explain E0412`.
[INFO] [stdout] 
[INFO] [stderr] error: could not compile `rust-blockchain` (lib) due to 5 previous errors
[INFO] running `Command { std: "docker" "inspect" "f711beafe819c41cf0989a0a9ecf22876c87a3dbc3ccf7c4591d14c8c745001f", kill_on_drop: false }`
[INFO] running `Command { std: "docker" "rm" "-f" "f711beafe819c41cf0989a0a9ecf22876c87a3dbc3ccf7c4591d14c8c745001f", kill_on_drop: false }`
[INFO] [stdout] f711beafe819c41cf0989a0a9ecf22876c87a3dbc3ccf7c4591d14c8c745001f
