[INFO] cloning repository https://github.com/christiankuhl/pythonos
[INFO] running `Command { std: "git" "-c" "credential.helper=" "-c" "credential.helper=/workspace/cargo-home/bin/git-credential-null" "clone" "--bare" "https://github.com/christiankuhl/pythonos" "/workspace/cache/git-repos/https%3A%2F%2Fgithub.com%2Fchristiankuhl%2Fpythonos", kill_on_drop: false }`
[INFO] [stderr] Cloning into bare repository '/workspace/cache/git-repos/https%3A%2F%2Fgithub.com%2Fchristiankuhl%2Fpythonos'...
[INFO] running `Command { std: "git" "rev-parse" "HEAD", kill_on_drop: false }`
[INFO] [stdout] 1830518d567a04b92500b29d87c28eb459033175
[INFO] documenting christiankuhl/pythonos against 1.69.0 for beta-1.70-rustdoc-1
[INFO] running `Command { std: "git" "clone" "/workspace/cache/git-repos/https%3A%2F%2Fgithub.com%2Fchristiankuhl%2Fpythonos" "/workspace/builds/worker-4-tc1/source", kill_on_drop: false }`
[INFO] [stderr] Cloning into '/workspace/builds/worker-4-tc1/source'...
[INFO] [stderr] done.
[INFO] [stderr] Updating files:  13% (17658/133621)
Updating files:  14% (18707/133621)
Updating files:  15% (20044/133621)
Updating files:  16% (21380/133621)
Updating files:  17% (22716/133621)
Updating files:  18% (24052/133621)
Updating files:  19% (25388/133621)
Updating files:  20% (26725/133621)
Updating files:  21% (28061/133621)
Updating files:  22% (29397/133621)
Updating files:  22% (30680/133621)
Updating files:  23% (30733/133621)
Updating files:  24% (32070/133621)
Updating files:  25% (33406/133621)
Updating files:  26% (34742/133621)
Updating files:  27% (36078/133621)
Updating files:  28% (37414/133621)
Updating files:  29% (38751/133621)
Updating files:  30% (40087/133621)
Updating files:  31% (41423/133621)
Updating files:  32% (42759/133621)
Updating files:  33% (44095/133621)
Updating files:  34% (45432/133621)
Updating files:  35% (46768/133621)
Updating files:  36% (48104/133621)
Updating files:  37% (49440/133621)
Updating files:  37% (50344/133621)
Updating files:  38% (50776/133621)
Updating files:  39% (52113/133621)
Updating files:  40% (53449/133621)
Updating files:  41% (54785/133621)
Updating files:  42% (56121/133621)
Updating files:  43% (57458/133621)
Updating files:  44% (58794/133621)
Updating files:  45% (60130/133621)
Updating files:  46% (61466/133621)
Updating files:  47% (62802/133621)
Updating files:  48% (64139/133621)
Updating files:  49% (65475/133621)
Updating files:  50% (66811/133621)
Updating files:  51% (68147/133621)
Updating files:  52% (69483/133621)
Updating files:  53% (70820/133621)
Updating files:  54% (72156/133621)
Updating files:  55% (73492/133621)
Updating files:  56% (74828/133621)
Updating files:  57% (76164/133621)
Updating files:  58% (77501/133621)
Updating files:  59% (78837/133621)
Updating files:  60% (80173/133621)
Updating files:  61% (81509/133621)
Updating files:  62% (82846/133621)
Updating files:  63% (84182/133621)
Updating files:  63% (84296/133621)
Updating files:  64% (85518/133621)
Updating files:  65% (86854/133621)
Updating files:  66% (88190/133621)
Updating files:  67% (89527/133621)
Updating files:  68% (90863/133621)
Updating files:  69% (92199/133621)
Updating files:  70% (93535/133621)
Updating files:  71% (94871/133621)
Updating files:  72% (96208/133621)
Updating files:  73% (97544/133621)
Updating files:  74% (98880/133621)
Updating files:  75% (100216/133621)
Updating files:  76% (101552/133621)
Updating files:  77% (102889/133621)
Updating files:  78% (104225/133621)
Updating files:  79% (105561/133621)
Updating files:  80% (106897/133621)
Updating files:  81% (108234/133621)
Updating files:  82% (109570/133621)
Updating files:  83% (110906/133621)
Updating files:  83% (111534/133621)
Updating files:  84% (112242/133621)
Updating files:  85% (113578/133621)
Updating files:  86% (114915/133621)
Updating files:  87% (116251/133621)
Updating files:  88% (117587/133621)
Updating files:  89% (118923/133621)
Updating files:  90% (120259/133621)
Updating files:  91% (121596/133621)
Updating files:  92% (122932/133621)
Updating files:  93% (124268/133621)
Updating files:  93% (125016/133621)
Updating files:  94% (125604/133621)
Updating files:  95% (126940/133621)
Updating files:  96% (128277/133621)
Updating files:  97% (129613/133621)
Updating files:  98% (130949/133621)
Updating files:  99% (132285/133621)
Updating files: 100% (133621/133621)
Updating files: 100% (133621/133621), done.
[INFO] validating manifest of git repo https://github.com/christiankuhl/pythonos on toolchain 1.69.0
[INFO] running `Command { std: CARGO_HOME="/workspace/cargo-home" RUSTUP_HOME="/workspace/rustup-home" "/workspace/cargo-home/bin/cargo" "+1.69.0" "metadata" "--manifest-path" "Cargo.toml" "--no-deps", kill_on_drop: false }`
[INFO] removed /workspace/builds/worker-4-tc1/source/.cargo/config.toml
[INFO] removed /workspace/builds/worker-4-tc1/source/rust-toolchain
[INFO] started tweaking git repo https://github.com/christiankuhl/pythonos
[INFO] finished tweaking git repo https://github.com/christiankuhl/pythonos
[INFO] tweaked toml for git repo https://github.com/christiankuhl/pythonos written to /workspace/builds/worker-4-tc1/source/Cargo.toml
[INFO] running `Command { std: CARGO_HOME="/workspace/cargo-home" RUSTUP_HOME="/workspace/rustup-home" __CARGO_TEST_CHANNEL_OVERRIDE_DO_NOT_USE_THIS="nightly" "/workspace/cargo-home/bin/cargo" "+1.69.0" "generate-lockfile" "--manifest-path" "Cargo.toml" "-Zno-index-update", kill_on_drop: false }`
[INFO] running `Command { std: CARGO_HOME="/workspace/cargo-home" RUSTUP_HOME="/workspace/rustup-home" "/workspace/cargo-home/bin/cargo" "+1.69.0" "fetch" "--manifest-path" "Cargo.toml", kill_on_drop: false }`
[INFO] running `Command { std: "docker" "create" "-v" "/var/lib/crater-agent-workspace/builds/worker-4-tc1/target:/opt/rustwide/target:rw,Z" "-v" "/var/lib/crater-agent-workspace/builds/worker-4-tc1/source:/opt/rustwide/workdir:ro,Z" "-v" "/var/lib/crater-agent-workspace/cargo-home:/opt/rustwide/cargo-home:ro,Z" "-v" "/var/lib/crater-agent-workspace/rustup-home:/opt/rustwide/rustup-home:ro,Z" "-e" "SOURCE_DIR=/opt/rustwide/workdir" "-e" "CARGO_TARGET_DIR=/opt/rustwide/target" "-e" "CARGO_HOME=/opt/rustwide/cargo-home" "-e" "RUSTUP_HOME=/opt/rustwide/rustup-home" "-w" "/opt/rustwide/workdir" "-m" "1610612736" "--user" "0:0" "--network" "none" "ghcr.io/rust-lang/crates-build-env/linux@sha256:5ff2268d62e97bff2cde7d5815dd6ed5b47097566f13b8d0ca110b04b60e07ed" "/opt/rustwide/cargo-home/bin/cargo" "+1.69.0" "metadata" "--no-deps" "--format-version=1", kill_on_drop: false }`
[INFO] [stdout] 8a36b7c0d559b86472b0da4fb4e8ea8cd3fa1a4e56db9cdf6070359b34f40abc
[INFO] running `Command { std: "docker" "start" "-a" "8a36b7c0d559b86472b0da4fb4e8ea8cd3fa1a4e56db9cdf6070359b34f40abc", kill_on_drop: false }`
[INFO] running `Command { std: "docker" "inspect" "8a36b7c0d559b86472b0da4fb4e8ea8cd3fa1a4e56db9cdf6070359b34f40abc", kill_on_drop: false }`
[INFO] running `Command { std: "docker" "rm" "-f" "8a36b7c0d559b86472b0da4fb4e8ea8cd3fa1a4e56db9cdf6070359b34f40abc", kill_on_drop: false }`
[INFO] [stdout] 8a36b7c0d559b86472b0da4fb4e8ea8cd3fa1a4e56db9cdf6070359b34f40abc
[INFO] running `Command { std: "docker" "create" "-v" "/var/lib/crater-agent-workspace/builds/worker-4-tc1/target:/opt/rustwide/target:rw,Z" "-v" "/var/lib/crater-agent-workspace/builds/worker-4-tc1/source:/opt/rustwide/workdir:ro,Z" "-v" "/var/lib/crater-agent-workspace/cargo-home:/opt/rustwide/cargo-home:ro,Z" "-v" "/var/lib/crater-agent-workspace/rustup-home:/opt/rustwide/rustup-home:ro,Z" "-e" "SOURCE_DIR=/opt/rustwide/workdir" "-e" "CARGO_TARGET_DIR=/opt/rustwide/target" "-e" "CARGO_INCREMENTAL=0" "-e" "RUST_BACKTRACE=full" "-e" "RUSTFLAGS=--cap-lints=warn" "-e" "RUSTDOCFLAGS=--cap-lints=warn" "-e" "CARGO_HOME=/opt/rustwide/cargo-home" "-e" "RUSTUP_HOME=/opt/rustwide/rustup-home" "-w" "/opt/rustwide/workdir" "-m" "1610612736" "--user" "0:0" "--network" "none" "ghcr.io/rust-lang/crates-build-env/linux@sha256:5ff2268d62e97bff2cde7d5815dd6ed5b47097566f13b8d0ca110b04b60e07ed" "/opt/rustwide/cargo-home/bin/cargo" "+1.69.0" "doc" "--frozen" "--no-deps" "--document-private-items" "--message-format=json", kill_on_drop: false }`
[INFO] [stdout] 55bc2cfcd85a28ff0d11d33c9cc6a8ce51578009bed40fe8f34e02e715d5669e
[INFO] running `Command { std: "docker" "start" "-a" "55bc2cfcd85a28ff0d11d33c9cc6a8ce51578009bed40fe8f34e02e715d5669e", kill_on_drop: false }`
[INFO] [stderr]    Compiling libc v0.2.142
[INFO] [stderr]    Compiling proc-macro2 v1.0.56
[INFO] [stderr]    Compiling quote v1.0.26
[INFO] [stderr]    Compiling autocfg v1.1.0
[INFO] [stderr]    Compiling serde v1.0.160
[INFO] [stderr]    Compiling serde_derive v1.0.160
[INFO] [stderr]     Checking pc-keyboard v0.5.1
[INFO] [stderr]     Checking elf v0.1.0 (/opt/rustwide/workdir/userland/libraries/elf)
[INFO] [stderr]     Checking volatile v0.2.7
[INFO] [stderr]  Documenting elf v0.1.0 (/opt/rustwide/workdir/userland/libraries/elf)
[INFO] [stderr]     Checking lazy_static v1.4.0
[INFO] [stderr]    Compiling lock_api v0.4.9
[INFO] [stderr]    Compiling jobserver v0.1.26
[INFO] [stderr]     Checking spin v0.9.8
[INFO] [stderr]    Compiling syn v2.0.15
[INFO] [stderr]    Compiling cc v1.0.79
[INFO] [stderr]    Compiling titanium v0.1.0 (/opt/rustwide/workdir/kernel)
[INFO] [stderr]  Documenting titanium v0.1.0 (/opt/rustwide/workdir/kernel)
[INFO] [stdout] error[E0554]: `#![feature]` may not be used on the stable release channel
[INFO] [stdout]  --> kernel/src/lib.rs:3:1
[INFO] [stdout]   |
[INFO] [stdout] 3 | #![feature(abi_x86_interrupt)]
[INFO] [stdout]   | ^^^^^^^^^^^^^^^^^^^^^^^^^^^^^^
[INFO] [stdout] 
[INFO] [stdout] 
[INFO] [stdout] error[E0554]: `#![feature]` may not be used on the stable release channel
[INFO] [stdout]  --> kernel/src/lib.rs:4:1
[INFO] [stdout]   |
[INFO] [stdout] 4 | #![feature(alloc_error_handler)]
[INFO] [stdout]   | ^^^^^^^^^^^^^^^^^^^^^^^^^^^^^^^^
[INFO] [stdout] 
[INFO] [stdout] 
[INFO] [stdout] error[E0554]: `#![feature]` may not be used on the stable release channel
[INFO] [stdout]  --> kernel/src/lib.rs:5:1
[INFO] [stdout]   |
[INFO] [stdout] 5 | #![feature(const_mut_refs)]
[INFO] [stdout]   | ^^^^^^^^^^^^^^^^^^^^^^^^^^^
[INFO] [stdout] 
[INFO] [stdout] 
[INFO] [stdout] error[E0554]: `#![feature]` may not be used on the stable release channel
[INFO] [stdout]  --> kernel/src/lib.rs:6:1
[INFO] [stdout]   |
[INFO] [stdout] 6 | #![feature(ptr_internals)]
[INFO] [stdout]   | ^^^^^^^^^^^^^^^^^^^^^^^^^^
[INFO] [stdout] 
[INFO] [stdout] 
[INFO] [stdout] error[E0554]: `#![feature]` may not be used on the stable release channel
[INFO] [stdout]  --> kernel/src/lib.rs:7:1
[INFO] [stdout]   |
[INFO] [stdout] 7 | #![feature(naked_functions)]
[INFO] [stdout]   | ^^^^^^^^^^^^^^^^^^^^^^^^^^^^
[INFO] [stdout] 
[INFO] [stdout] 
[INFO] [stdout] error[E0554]: `#![feature]` may not be used on the stable release channel
[INFO] [stdout]  --> kernel/src/lib.rs:8:1
[INFO] [stdout]   |
[INFO] [stdout] 8 | #![feature(asm_sym)]
[INFO] [stdout]   | ^^^^^^^^^^^^^^^^^^^^ help: remove the attribute
[INFO] [stdout]   |
[INFO] [stdout]   = help: the feature `asm_sym` has been stable since `1.66.0` and no longer requires an attribute to enable
[INFO] [stdout] 
[INFO] [stdout] 
[INFO] [stdout] error[E0554]: `#![feature]` may not be used on the stable release channel
[INFO] [stdout]  --> kernel/src/lib.rs:9:1
[INFO] [stdout]   |
[INFO] [stdout] 9 | #![feature(custom_test_frameworks)]
[INFO] [stdout]   | ^^^^^^^^^^^^^^^^^^^^^^^^^^^^^^^^^^^
[INFO] [stdout] 
[INFO] [stdout] 
[INFO] [stdout] error[E0554]: `#![feature]` may not be used on the stable release channel
[INFO] [stdout]   --> kernel/src/lib.rs:10:1
[INFO] [stdout]    |
[INFO] [stdout] 10 | #![feature(arbitrary_enum_discriminant)]
[INFO] [stdout]    | ^^^^^^^^^^^^^^^^^^^^^^^^^^^^^^^^^^^^^^^^ help: remove the attribute
[INFO] [stdout]    |
[INFO] [stdout]    = help: the feature `arbitrary_enum_discriminant` has been stable since `1.66.0` and no longer requires an attribute to enable
[INFO] [stdout] 
[INFO] [stdout] 
[INFO] [stdout] error[E0554]: `#![feature]` may not be used on the stable release channel
[INFO] [stdout]   --> kernel/src/lib.rs:11:1
[INFO] [stdout]    |
[INFO] [stdout] 11 | #![feature(drain_filter)]
[INFO] [stdout]    | ^^^^^^^^^^^^^^^^^^^^^^^^^
[INFO] [stdout] 
[INFO] [stdout] 
[INFO] [stdout] error[E0554]: `#![feature]` may not be used on the stable release channel
[INFO] [stdout]   --> kernel/src/lib.rs:12:1
[INFO] [stdout]    |
[INFO] [stdout] 12 | #![feature(int_log)]
[INFO] [stdout]    | ^^^^^^^^^^^^^^^^^^^^
[INFO] [stdout] 
[INFO] [stdout] 
[INFO] [stdout] error[E0554]: `#![feature]` may not be used on the stable release channel
[INFO] [stdout]  --> kernel/src/lib.rs:3:1
[INFO] [stdout]   |
[INFO] [stdout] 3 | #![feature(abi_x86_interrupt)]
[INFO] [stdout]   | ^^^^^^^^^^^^^^^^^^^^^^^^^^^^^^
[INFO] [stdout] 
[INFO] [stdout] 
[INFO] [stdout] error[E0554]: `#![feature]` may not be used on the stable release channel
[INFO] [stdout]  --> kernel/src/lib.rs:4:1
[INFO] [stdout]   |
[INFO] [stdout] 4 | #![feature(alloc_error_handler)]
[INFO] [stdout]   | ^^^^^^^^^^^^^^^^^^^^^^^^^^^^^^^^
[INFO] [stdout] 
[INFO] [stdout] 
[INFO] [stdout] warning: unnecessary parentheses around match arm expression
[INFO] [stdout]    --> kernel/src/drivers/pci/controller/mod.rs:130:31
[INFO] [stdout]     |
[INFO] [stdout] 130 |             BARSize::Bit64 => ((self.0 & 0xfffffff0) as usize | ((self.1 as usize) << 32)),
[INFO] [stdout]     |                               ^                                                          ^
[INFO] [stdout]     |
[INFO] [stdout]     = note: `#[warn(unused_parens)]` on by default
[INFO] [stdout] help: remove these parentheses
[INFO] [stdout]     |
[INFO] [stdout] 130 -             BARSize::Bit64 => ((self.0 & 0xfffffff0) as usize | ((self.1 as usize) << 32)),
[INFO] [stdout] 130 +             BARSize::Bit64 => (self.0 & 0xfffffff0) as usize | ((self.1 as usize) << 32),
[INFO] [stdout]     |
[INFO] [stdout] 
[INFO] [stdout] 
[INFO] [stdout] warning: unused import: `super::ahci::AHCIController`
[INFO] [stdout]  --> kernel/src/drivers/blockdevice.rs:3:5
[INFO] [stdout]   |
[INFO] [stdout] 3 | use super::ahci::AHCIController;
[INFO] [stdout]   |     ^^^^^^^^^^^^^^^^^^^^^^^^^^^
[INFO] [stdout]   |
[INFO] [stdout]   = note: `#[warn(unused_imports)]` on by default
[INFO] [stdout] 
[INFO] [stdout] 
[INFO] [stdout] error[E0554]: `#![feature]` may not be used on the stable release channel
[INFO] [stdout]  --> kernel/src/lib.rs:5:1
[INFO] [stdout]   |
[INFO] [stdout] 5 | #![feature(const_mut_refs)]
[INFO] [stdout]   | ^^^^^^^^^^^^^^^^^^^^^^^^^^^
[INFO] [stdout] 
[INFO] [stdout] 
[INFO] [stdout] error[E0554]: `#![feature]` may not be used on the stable release channel
[INFO] [stdout]  --> kernel/src/lib.rs:6:1
[INFO] [stdout]   |
[INFO] [stdout] 6 | #![feature(ptr_internals)]
[INFO] [stdout]   | ^^^^^^^^^^^^^^^^^^^^^^^^^^
[INFO] [stdout] 
[INFO] [stdout] 
[INFO] [stdout] error[E0554]: `#![feature]` may not be used on the stable release channel
[INFO] [stdout]  --> kernel/src/lib.rs:7:1
[INFO] [stdout]   |
[INFO] [stdout] 7 | #![feature(naked_functions)]
[INFO] [stdout]   | ^^^^^^^^^^^^^^^^^^^^^^^^^^^^
[INFO] [stdout] 
[INFO] [stdout] 
[INFO] [stdout] error[E0554]: `#![feature]` may not be used on the stable release channel
[INFO] [stdout]  --> kernel/src/lib.rs:8:1
[INFO] [stdout]   |
[INFO] [stdout] 8 | #![feature(asm_sym)]
[INFO] [stdout]   | ^^^^^^^^^^^^^^^^^^^^ help: remove the attribute
[INFO] [stdout]   |
[INFO] [stdout]   = help: the feature `asm_sym` has been stable since `1.66.0` and no longer requires an attribute to enable
[INFO] [stdout] 
[INFO] [stdout] 
[INFO] [stdout] error[E0554]: `#![feature]` may not be used on the stable release channel
[INFO] [stdout]  --> kernel/src/lib.rs:9:1
[INFO] [stdout]   |
[INFO] [stdout] 9 | #![feature(custom_test_frameworks)]
[INFO] [stdout]   | ^^^^^^^^^^^^^^^^^^^^^^^^^^^^^^^^^^^
[INFO] [stdout] 
[INFO] [stdout] 
[INFO] [stdout] error[E0554]: `#![feature]` may not be used on the stable release channel
[INFO] [stdout]   --> kernel/src/lib.rs:10:1
[INFO] [stdout]    |
[INFO] [stdout] 10 | #![feature(arbitrary_enum_discriminant)]
[INFO] [stdout]    | ^^^^^^^^^^^^^^^^^^^^^^^^^^^^^^^^^^^^^^^^ help: remove the attribute
[INFO] [stdout]    |
[INFO] [stdout]    = help: the feature `arbitrary_enum_discriminant` has been stable since `1.66.0` and no longer requires an attribute to enable
[INFO] [stdout] 
[INFO] [stdout] 
[INFO] [stdout] error[E0554]: `#![feature]` may not be used on the stable release channel
[INFO] [stdout]   --> kernel/src/lib.rs:11:1
[INFO] [stdout]    |
[INFO] [stdout] 11 | #![feature(drain_filter)]
[INFO] [stdout]    | ^^^^^^^^^^^^^^^^^^^^^^^^^
[INFO] [stdout] 
[INFO] [stdout] 
[INFO] [stdout] error[E0554]: `#![feature]` may not be used on the stable release channel
[INFO] [stdout]   --> kernel/src/lib.rs:12:1
[INFO] [stdout]    |
[INFO] [stdout] 12 | #![feature(int_log)]
[INFO] [stdout]    | ^^^^^^^^^^^^^^^^^^^^
[INFO] [stdout] 
[INFO] [stdout] 
[INFO] [stdout] warning: unnecessary parentheses around match arm expression
[INFO] [stdout]    --> kernel/src/drivers/pci/controller/mod.rs:130:31
[INFO] [stdout]     |
[INFO] [stdout] 130 |             BARSize::Bit64 => ((self.0 & 0xfffffff0) as usize | ((self.1 as usize) << 32)),
[INFO] [stdout]     |                               ^                                                          ^
[INFO] [stdout]     |
[INFO] [stdout]     = note: `#[warn(unused_parens)]` on by default
[INFO] [stdout] help: remove these parentheses
[INFO] [stdout]     |
[INFO] [stdout] 130 -             BARSize::Bit64 => ((self.0 & 0xfffffff0) as usize | ((self.1 as usize) << 32)),
[INFO] [stdout] 130 +             BARSize::Bit64 => (self.0 & 0xfffffff0) as usize | ((self.1 as usize) << 32),
[INFO] [stdout]     |
[INFO] [stdout] 
[INFO] [stdout] 
[INFO] [stdout] warning: the feature `asm_sym` has been stable since 1.66.0 and no longer requires an attribute to enable
[INFO] [stdout]  --> kernel/src/lib.rs:8:12
[INFO] [stdout]   |
[INFO] [stdout] 8 | #![feature(asm_sym)]
[INFO] [stdout]   |            ^^^^^^^
[INFO] [stdout]   |
[INFO] [stdout]   = note: `#[warn(stable_features)]` on by default
[INFO] [stdout] 
[INFO] [stdout] 
[INFO] [stdout] warning: the feature `arbitrary_enum_discriminant` has been stable since 1.66.0 and no longer requires an attribute to enable
[INFO] [stdout]   --> kernel/src/lib.rs:10:12
[INFO] [stdout]    |
[INFO] [stdout] 10 | #![feature(arbitrary_enum_discriminant)]
[INFO] [stdout]    |            ^^^^^^^^^^^^^^^^^^^^^^^^^^^
[INFO] [stdout] 
[INFO] [stdout] 
[INFO] [stdout] error[E0554]: `#![feature]` may not be used on the stable release channel
[INFO] [stdout]  --> kernel/src/lib.rs:6:12
[INFO] [stdout]   |
[INFO] [stdout] 6 | #![feature(ptr_internals)]
[INFO] [stdout]   |            ^^^^^^^^^^^^^
[INFO] [stdout] 
[INFO] [stdout] 
[INFO] [stdout] error[E0554]: `#![feature]` may not be used on the stable release channel
[INFO] [stdout]   --> kernel/src/lib.rs:11:12
[INFO] [stdout]    |
[INFO] [stdout] 11 | #![feature(drain_filter)]
[INFO] [stdout]    |            ^^^^^^^^^^^^
[INFO] [stdout] 
[INFO] [stdout] 
[INFO] [stdout] error[E0554]: `#![feature]` may not be used on the stable release channel
[INFO] [stdout]   --> kernel/src/lib.rs:12:12
[INFO] [stdout]    |
[INFO] [stdout] 12 | #![feature(int_log)]
[INFO] [stdout]    |            ^^^^^^^
[INFO] [stdout] 
[INFO] [stdout] 
[INFO] [stdout] warning: the feature `int_log` has been stable since 1.67.0 and no longer requires an attribute to enable
[INFO] [stdout]   --> kernel/src/lib.rs:12:12
[INFO] [stdout]    |
[INFO] [stdout] 12 | #![feature(int_log)]
[INFO] [stdout]    |            ^^^^^^^
[INFO] [stdout] 
[INFO] [stdout] 
[INFO] [stdout] error: aborting due to 10 previous errors; 1 warning emitted
[INFO] [stdout] 
[INFO] [stdout] 
[INFO] [stdout] For more information about this error, try `rustc --explain E0554`.
[INFO] [stdout] 
[INFO] [stderr] error: could not document `titanium`
[INFO] [stderr] 
[INFO] [stderr] Caused by:
[INFO] [stderr]   process didn't exit successfully: `rustdoc --edition=2021 --crate-type lib --crate-name kernel kernel/src/lib.rs -o /opt/rustwide/target/doc --error-format=json --json=diagnostic-rendered-ansi,artifacts,future-incompat --document-private-items -C metadata=149c97e603383274 -L dependency=/opt/rustwide/target/debug/deps --extern elf=/opt/rustwide/target/debug/deps/libelf-6abe33da34355642.rmeta --extern lazy_static=/opt/rustwide/target/debug/deps/liblazy_static-a2d0853c03991e68.rmeta --extern pc_keyboard=/opt/rustwide/target/debug/deps/libpc_keyboard-07338fe3f2ad9a44.rmeta --extern spin=/opt/rustwide/target/debug/deps/libspin-f215cf6e2e47eca0.rmeta --extern volatile=/opt/rustwide/target/debug/deps/libvolatile-7178501b1d2994cc.rmeta --cap-lints=warn --crate-version 0.1.0` (exit status: 1)
[INFO] [stderr] warning: build failed, waiting for other jobs to finish...
[INFO] [stdout] error[E0599]: no method named `log2` found for reference `&u64` in the current scope
[INFO] [stdout]   --> kernel/src/memory/mod.rs:12:26
[INFO] [stdout]    |
[INFO] [stdout] 12 |         let unit = (self.log2() / 10).min(4);
[INFO] [stdout]    |                          ^^^^ help: there is a method with a similar name: `ilog2`
[INFO] [stdout] 
[INFO] [stdout] 
[INFO] [stdout] error[E0599]: no method named `log2` found for reference `&usize` in the current scope
[INFO] [stdout]   --> kernel/src/memory/mod.rs:20:26
[INFO] [stdout]    |
[INFO] [stdout] 20 |         let unit = (self.log2() / 10).min(4);
[INFO] [stdout]    |                          ^^^^ help: there is a method with a similar name: `ilog2`
[INFO] [stdout] 
[INFO] [stdout] 
[INFO] [stdout] error: aborting due to 15 previous errors; 5 warnings emitted
[INFO] [stdout] 
[INFO] [stdout] 
[INFO] [stdout] Some errors have detailed explanations: E0554, E0599.
[INFO] [stdout] 
[INFO] [stdout] For more information about an error, try `rustc --explain E0554`.
[INFO] [stdout] 
[INFO] [stderr] error: could not compile `titanium` due to 16 previous errors; 5 warnings emitted
[INFO] running `Command { std: "docker" "inspect" "55bc2cfcd85a28ff0d11d33c9cc6a8ce51578009bed40fe8f34e02e715d5669e", kill_on_drop: false }`
[INFO] running `Command { std: "docker" "rm" "-f" "55bc2cfcd85a28ff0d11d33c9cc6a8ce51578009bed40fe8f34e02e715d5669e", kill_on_drop: false }`
[INFO] [stdout] 55bc2cfcd85a28ff0d11d33c9cc6a8ce51578009bed40fe8f34e02e715d5669e
