[INFO] cloning repository https://github.com/chrisf1337/demise-rust
[INFO] running `Command { std: "git" "-c" "credential.helper=" "-c" "credential.helper=/workspace/cargo-home/bin/git-credential-null" "clone" "--bare" "https://github.com/chrisf1337/demise-rust" "/workspace/cache/git-repos/https%3A%2F%2Fgithub.com%2Fchrisf1337%2Fdemise-rust", kill_on_drop: false }`
[INFO] [stderr] Cloning into bare repository '/workspace/cache/git-repos/https%3A%2F%2Fgithub.com%2Fchrisf1337%2Fdemise-rust'...
[INFO] running `Command { std: "git" "rev-parse" "HEAD", kill_on_drop: false }`
[INFO] [stdout] 3eb73e10741013f4d061f10d5d9eac367b3c9945
[INFO] documenting chrisf1337/demise-rust against 1.69.0 for beta-1.70-rustdoc-1
[INFO] running `Command { std: "git" "clone" "/workspace/cache/git-repos/https%3A%2F%2Fgithub.com%2Fchrisf1337%2Fdemise-rust" "/workspace/builds/worker-6-tc1/source", kill_on_drop: false }`
[INFO] [stderr] Cloning into '/workspace/builds/worker-6-tc1/source'...
[INFO] [stderr] done.
[INFO] validating manifest of git repo https://github.com/chrisf1337/demise-rust on toolchain 1.69.0
[INFO] running `Command { std: CARGO_HOME="/workspace/cargo-home" RUSTUP_HOME="/workspace/rustup-home" "/workspace/cargo-home/bin/cargo" "+1.69.0" "metadata" "--manifest-path" "Cargo.toml" "--no-deps", kill_on_drop: false }`
[INFO] started tweaking git repo https://github.com/chrisf1337/demise-rust
[INFO] finished tweaking git repo https://github.com/chrisf1337/demise-rust
[INFO] tweaked toml for git repo https://github.com/chrisf1337/demise-rust written to /workspace/builds/worker-6-tc1/source/Cargo.toml
[INFO] crate git repo https://github.com/chrisf1337/demise-rust already has a lockfile, it will not be regenerated
[INFO] running `Command { std: CARGO_HOME="/workspace/cargo-home" RUSTUP_HOME="/workspace/rustup-home" "/workspace/cargo-home/bin/cargo" "+1.69.0" "fetch" "--manifest-path" "Cargo.toml", kill_on_drop: false }`
[INFO] [stderr]  Downloading crates ...
[INFO] [stderr]   Downloaded serde v0.6.6
[INFO] [stderr]   Downloaded quasi v0.3.10
[INFO] [stderr]   Downloaded num v0.1.28
[INFO] [stderr]   Downloaded libc v0.2.2
[INFO] [stderr]   Downloaded unicode-segmentation v0.1.2
[INFO] [stderr]   Downloaded aster v0.9.1
[INFO] [stderr]   Downloaded serde_codegen v0.6.6
[INFO] [stderr]   Downloaded quasi_macros v0.3.10
[INFO] [stderr]   Downloaded quasi_codegen v0.3.10
[INFO] [stderr]   Downloaded serde_macros v0.6.5
[INFO] running `Command { std: "docker" "create" "-v" "/var/lib/crater-agent-workspace/builds/worker-6-tc1/target:/opt/rustwide/target:rw,Z" "-v" "/var/lib/crater-agent-workspace/builds/worker-6-tc1/source:/opt/rustwide/workdir:ro,Z" "-v" "/var/lib/crater-agent-workspace/cargo-home:/opt/rustwide/cargo-home:ro,Z" "-v" "/var/lib/crater-agent-workspace/rustup-home:/opt/rustwide/rustup-home:ro,Z" "-e" "SOURCE_DIR=/opt/rustwide/workdir" "-e" "CARGO_TARGET_DIR=/opt/rustwide/target" "-e" "CARGO_HOME=/opt/rustwide/cargo-home" "-e" "RUSTUP_HOME=/opt/rustwide/rustup-home" "-w" "/opt/rustwide/workdir" "-m" "1610612736" "--user" "0:0" "--network" "none" "ghcr.io/rust-lang/crates-build-env/linux@sha256:5ff2268d62e97bff2cde7d5815dd6ed5b47097566f13b8d0ca110b04b60e07ed" "/opt/rustwide/cargo-home/bin/cargo" "+1.69.0" "metadata" "--no-deps" "--format-version=1", kill_on_drop: false }`
[INFO] [stdout] 96ee01df9ef1072ebce9e5b395e8ef3fb28a3e812d145f9d6b2206e9d6fe251e
[INFO] running `Command { std: "docker" "start" "-a" "96ee01df9ef1072ebce9e5b395e8ef3fb28a3e812d145f9d6b2206e9d6fe251e", kill_on_drop: false }`
[INFO] running `Command { std: "docker" "inspect" "96ee01df9ef1072ebce9e5b395e8ef3fb28a3e812d145f9d6b2206e9d6fe251e", kill_on_drop: false }`
[INFO] running `Command { std: "docker" "rm" "-f" "96ee01df9ef1072ebce9e5b395e8ef3fb28a3e812d145f9d6b2206e9d6fe251e", kill_on_drop: false }`
[INFO] [stdout] 96ee01df9ef1072ebce9e5b395e8ef3fb28a3e812d145f9d6b2206e9d6fe251e
[INFO] running `Command { std: "docker" "create" "-v" "/var/lib/crater-agent-workspace/builds/worker-6-tc1/target:/opt/rustwide/target:rw,Z" "-v" "/var/lib/crater-agent-workspace/builds/worker-6-tc1/source:/opt/rustwide/workdir:ro,Z" "-v" "/var/lib/crater-agent-workspace/cargo-home:/opt/rustwide/cargo-home:ro,Z" "-v" "/var/lib/crater-agent-workspace/rustup-home:/opt/rustwide/rustup-home:ro,Z" "-e" "SOURCE_DIR=/opt/rustwide/workdir" "-e" "CARGO_TARGET_DIR=/opt/rustwide/target" "-e" "CARGO_INCREMENTAL=0" "-e" "RUST_BACKTRACE=full" "-e" "RUSTFLAGS=--cap-lints=warn" "-e" "RUSTDOCFLAGS=--cap-lints=warn" "-e" "CARGO_HOME=/opt/rustwide/cargo-home" "-e" "RUSTUP_HOME=/opt/rustwide/rustup-home" "-w" "/opt/rustwide/workdir" "-m" "1610612736" "--user" "0:0" "--network" "none" "ghcr.io/rust-lang/crates-build-env/linux@sha256:5ff2268d62e97bff2cde7d5815dd6ed5b47097566f13b8d0ca110b04b60e07ed" "/opt/rustwide/cargo-home/bin/cargo" "+1.69.0" "doc" "--frozen" "--no-deps" "--document-private-items" "--message-format=json", kill_on_drop: false }`
[INFO] [stdout] e59606b31b3b2d4dcb3b14c28306533d9a35f058762d120e09a3f7144bc7d576
[INFO] running `Command { std: "docker" "start" "-a" "e59606b31b3b2d4dcb3b14c28306533d9a35f058762d120e09a3f7144bc7d576", kill_on_drop: false }`
[INFO] [stderr]    Compiling advapi32-sys v0.1.2
[INFO] [stderr]     Checking winapi v0.2.5
[INFO] [stderr]    Compiling aster v0.9.1
[INFO] [stderr]     Checking libc v0.2.2
[INFO] [stderr]    Compiling serde_codegen v0.6.6
[INFO] [stderr]     Checking rustc-serialize v0.3.16
[INFO] [stderr]    Compiling quasi v0.3.10
[INFO] [stderr]     Checking byteorder v0.4.2
[INFO] [stderr]     Checking unicode-segmentation v0.1.2
[INFO] [stdout] error[E0463]: can't find crate for `syntax`
[INFO] [stdout]   --> /opt/rustwide/cargo-home/registry/src/github.com-1ecc6299db9ec823/quasi-0.3.10/src/lib.rs:17:1
[INFO] [stdout]    |
[INFO] [stdout] 17 | extern crate syntax;
[INFO] [stdout]    | ^^^^^^^^^^^^^^^^^^^^ can't find crate
[INFO] [stdout] 
[INFO] [stdout] 
[INFO] [stdout] error[E0554]: `#![feature]` may not be used on the stable release channel
[INFO] [stdout]   --> /opt/rustwide/cargo-home/registry/src/github.com-1ecc6299db9ec823/quasi-0.3.10/src/lib.rs:11:43
[INFO] [stdout]    |
[INFO] [stdout] 11 | #![cfg_attr(not(feature = "with-syntex"), feature(rustc_private))]
[INFO] [stdout]    |                                           ^^^^^^^^^^^^^^^^^^^^^^
[INFO] [stdout] 
[INFO] [stdout] 
[INFO] [stdout] error[E0463]: can't find crate for `syntax`
[INFO] [stdout]   --> /opt/rustwide/cargo-home/registry/src/github.com-1ecc6299db9ec823/aster-0.9.1/src/lib.rs:10:1
[INFO] [stdout]    |
[INFO] [stdout] 10 | extern crate syntax;
[INFO] [stdout]    | ^^^^^^^^^^^^^^^^^^^^ can't find crate
[INFO] [stdout] 
[INFO] [stdout] 
[INFO] [stdout] error[E0554]: `#![feature]` may not be used on the stable release channel
[INFO] [stdout]  --> /opt/rustwide/cargo-home/registry/src/github.com-1ecc6299db9ec823/aster-0.9.1/src/lib.rs:1:43
[INFO] [stdout]   |
[INFO] [stdout] 1 | #![cfg_attr(not(feature = "with-syntex"), feature(rustc_private))]
[INFO] [stdout]   |                                           ^^^^^^^^^^^^^^^^^^^^^^
[INFO] [stdout] 
[INFO] [stdout] 
[INFO] [stdout] error[E0642]: patterns aren't allowed in functions without bodies
[INFO] [stdout]    --> /opt/rustwide/cargo-home/registry/src/github.com-1ecc6299db9ec823/rustc-serialize-0.3.16/src/serialize.rs:145:45
[INFO] [stdout]     |
[INFO] [stdout] 145 | ...                   &f_name: &str,
[INFO] [stdout]     |                       ^^^^^^^ pattern not allowed in function without body
[INFO] [stdout] 
[INFO] [stdout] 
[INFO] [stdout] error: aborting due to 2 previous errors
[INFO] [stdout] 
[INFO] [stdout] 
[INFO] [stdout] Some errors have detailed explanations: E0463, E0554.
[INFO] [stdout] 
[INFO] [stdout] For more information about an error, try `rustc --explain E0463`.
[INFO] [stdout] 
[INFO] [stderr] error: could not compile `quasi` due to 3 previous errors; 18 warnings emitted
[INFO] [stderr] warning: build failed, waiting for other jobs to finish...
[INFO] [stdout] error: aborting due to 2 previous errors
[INFO] [stdout] 
[INFO] [stdout] 
[INFO] [stdout] Some errors have detailed explanations: E0463, E0554.
[INFO] [stdout] 
[INFO] [stdout] For more information about an error, try `rustc --explain E0463`.
[INFO] [stdout] 
[INFO] [stderr] error: could not compile `aster` due to 3 previous errors
[INFO] [stdout] error: aborting due to previous error
[INFO] [stdout] 
[INFO] [stdout] 
[INFO] [stdout] For more information about this error, try `rustc --explain E0642`.
[INFO] [stdout] 
[INFO] [stderr] error: could not compile `rustc-serialize` due to 2 previous errors; 1 warning emitted
[INFO] running `Command { std: "docker" "inspect" "e59606b31b3b2d4dcb3b14c28306533d9a35f058762d120e09a3f7144bc7d576", kill_on_drop: false }`
[INFO] running `Command { std: "docker" "rm" "-f" "e59606b31b3b2d4dcb3b14c28306533d9a35f058762d120e09a3f7144bc7d576", kill_on_drop: false }`
[INFO] [stdout] e59606b31b3b2d4dcb3b14c28306533d9a35f058762d120e09a3f7144bc7d576
