[INFO] cloning repository https://github.com/chi-network/chi
[INFO] running `Command { std: "git" "-c" "credential.helper=" "-c" "credential.helper=/workspace/cargo-home/bin/git-credential-null" "clone" "--bare" "https://github.com/chi-network/chi" "/workspace/cache/git-repos/https%3A%2F%2Fgithub.com%2Fchi-network%2Fchi", kill_on_drop: false }`
[INFO] [stderr] Cloning into bare repository '/workspace/cache/git-repos/https%3A%2F%2Fgithub.com%2Fchi-network%2Fchi'...
[INFO] running `Command { std: "git" "rev-parse" "HEAD", kill_on_drop: false }`
[INFO] [stdout] b1e8562a60717f0c29fd4be98aeceb6e098e40e2
[INFO] documenting chi-network/chi against beta-2023-04-20 for beta-1.70-rustdoc-1
[INFO] running `Command { std: "git" "clone" "/workspace/cache/git-repos/https%3A%2F%2Fgithub.com%2Fchi-network%2Fchi" "/workspace/builds/worker-7-tc2/source", kill_on_drop: false }`
[INFO] [stderr] Cloning into '/workspace/builds/worker-7-tc2/source'...
[INFO] [stderr] done.
[INFO] validating manifest of git repo https://github.com/chi-network/chi on toolchain beta-2023-04-20
[INFO] running `Command { std: CARGO_HOME="/workspace/cargo-home" RUSTUP_HOME="/workspace/rustup-home" "/workspace/cargo-home/bin/cargo" "+beta-2023-04-20" "metadata" "--manifest-path" "Cargo.toml" "--no-deps", kill_on_drop: false }`
[INFO] started tweaking git repo https://github.com/chi-network/chi
[INFO] finished tweaking git repo https://github.com/chi-network/chi
[INFO] tweaked toml for git repo https://github.com/chi-network/chi written to /workspace/builds/worker-7-tc2/source/Cargo.toml
[INFO] crate git repo https://github.com/chi-network/chi already has a lockfile, it will not be regenerated
[INFO] running `Command { std: CARGO_HOME="/workspace/cargo-home" RUSTUP_HOME="/workspace/rustup-home" "/workspace/cargo-home/bin/cargo" "+beta-2023-04-20" "fetch" "--manifest-path" "Cargo.toml", kill_on_drop: false }`
[INFO] [stderr]     Updating crates.io index
[INFO] [stderr]     Blocking waiting for file lock on package cache
[INFO] [stderr]  Downloading crates ...
[INFO] [stderr]   Downloaded parity-scale-codec-derive v1.2.0
[INFO] [stderr]   Downloaded ref-cast-impl v1.0.1
[INFO] [stderr]   Downloaded parity-scale-codec v1.3.0
[INFO] [stderr]   Downloaded parity-util-mem v0.6.1
[INFO] [stderr]   Downloaded trie-bench v0.21.1
[INFO] [stderr]   Downloaded tracing-core v0.1.10
[INFO] [stderr]   Downloaded memory-db v0.20.1
[INFO] [stderr]   Downloaded futures_codec v0.3.4
[INFO] [stderr]   Downloaded libp2p-tcp v0.19.1
[INFO] [stderr]   Downloaded libp2p-wasm-ext v0.19.0
[INFO] [stderr]   Downloaded soketto v0.3.2
[INFO] [stderr]   Downloaded jsonrpc-derive v14.2.1
[INFO] [stderr]   Downloaded jsonrpc-ws-server v14.2.0
[INFO] [stderr]   Downloaded send_wrapper v0.3.0
[INFO] [stderr]   Downloaded evm-gasometer v0.16.1
[INFO] [stderr]   Downloaded enum-primitive-derive v0.1.2
[INFO] [stderr]   Downloaded netstat2 v0.8.1
[INFO] [stderr]   Downloaded jsonrpc-server-utils v14.2.0
[INFO] [stderr]   Downloaded procfs v0.7.8
[INFO] [stderr]   Downloaded tracing-attributes v0.1.7
[INFO] [stderr]   Downloaded petgraph v0.5.0
[INFO] [stderr]   Downloaded chacha20-poly1305-aead v0.1.2
[INFO] [stderr]   Downloaded kvdb-web v0.6.0
[INFO] [stderr]   Downloaded substrate-wasmtime-runtime v0.16.0-threadsafe.4
[INFO] [stderr]   Downloaded evm-core v0.16.1
[INFO] [stderr]   Downloaded enumflags2 v0.6.3
[INFO] [stderr]   Downloaded evm v0.16.1
[INFO] [stderr]   Downloaded cranelift-entity v0.63.0
[INFO] [stderr]   Downloaded wasmtime-environ v0.16.0
[INFO] [stderr]   Downloaded tokio-rustls v0.13.0
[INFO] [stderr]   Downloaded enumflags2_derive v0.6.3
[INFO] [stderr]   Downloaded wasmparser v0.52.2
[INFO] [stderr]   Downloaded evm-runtime v0.16.1
[INFO] [stderr]   Downloaded wast v13.0.0
[INFO] [stderr]   Downloaded regalloc v0.0.21
[INFO] [stderr]   Downloaded substrate-wasmtime-profiling v0.16.0-threadsafe.4
[INFO] [stderr]   Downloaded cranelift-native v0.63.0
[INFO] [stderr]   Downloaded honggfuzz v0.5.49
[INFO] [stderr]   Downloaded substrate-wasmtime-jit v0.16.0-threadsafe.4
[INFO] [stderr]   Downloaded cranelift-wasm v0.63.0
[INFO] [stderr]   Downloaded paste-impl v0.1.10
[INFO] [stderr]   Downloaded ctor v0.1.13
[INFO] [stderr]   Downloaded wat v1.0.14
[INFO] [stderr]   Downloaded async-tls v0.7.0
[INFO] [stderr]   Downloaded cranelift-codegen v0.63.0
[INFO] [stderr]   Downloaded parity-multihash v0.2.3
[INFO] [stderr]   Downloaded wabt-sys v0.7.1
[INFO] [stderr]   Downloaded paste v0.1.10
[INFO] [stderr]   Downloaded lite-json v0.1.0
[INFO] [stderr]   Downloaded arbitrary v0.4.1
[INFO] [stderr]   Downloaded substrate-wasmtime v0.16.0-threadsafe.4
[INFO] [stderr]   Downloaded libp2p-websocket v0.19.0
[INFO] [stderr]   Downloaded impl-serde v0.3.0
[INFO] [stderr]   Downloaded wasmparser v0.51.4
[INFO] [stderr]   Downloaded libp2p-secio v0.19.1
[INFO] [stderr]   Downloaded kvdb v0.6.0
[INFO] [stderr]   Downloaded sysinfo v0.13.3
[INFO] [stderr]   Downloaded libp2p-core v0.19.0
[INFO] [stderr]   Downloaded cargo_metadata v0.10.0
[INFO] [stderr]   Downloaded parity-multiaddr v0.7.3
[INFO] [stderr]   Downloaded jsonrpc-http-server v14.2.0
[INFO] [stderr]   Downloaded kvdb-rocksdb v0.8.0
[INFO] [stderr]   Downloaded wasmtime-debug v0.16.0
[INFO] [stderr]   Downloaded cranelift-codegen-meta v0.63.0
[INFO] [stderr]   Downloaded cranelift-bforest v0.63.0
[INFO] [stderr]   Downloaded rustls-native-certs v0.3.0
[INFO] [stderr]   Downloaded cranelift-codegen-shared v0.63.0
[INFO] [stderr]   Downloaded libp2p-dns v0.19.0
[INFO] [stderr]   Downloaded libp2p-identify v0.19.1
[INFO] [stderr]   Downloaded libp2p-kad v0.19.0
[INFO] [stderr]   Downloaded libp2p-mdns v0.19.1
[INFO] [stderr]   Downloaded libp2p-mplex v0.19.1
[INFO] [stderr]   Downloaded libp2p-noise v0.19.0
[INFO] [stderr]   Downloaded libp2p-ping v0.19.1
[INFO] [stderr]   Downloaded libp2p-swarm v0.19.0
[INFO] [stderr]   Downloaded multistream-select v0.8.0
[INFO] [stderr]   Downloaded parity-multiaddr v0.9.0
[INFO] [stderr]   Downloaded libp2p-yamux v0.19.0
[INFO] [stderr]   Downloaded multihash v0.11.1
[INFO] [stderr]   Downloaded libp2p v0.19.1
[INFO] [stderr]   Downloaded trybuild v1.0.25
[INFO] [stderr]   Downloaded fixed-hash v0.6.0
[INFO] [stderr]   Downloaded tracing v0.1.13
[INFO] [stderr]   Downloaded substrate-bip39 v0.4.1
[INFO] [stderr]   Downloaded parking_lot_core v0.7.1
[INFO] [stderr]   Downloaded primitive-types v0.7.0
[INFO] [stderr]   Downloaded ref-cast v1.0.1
[INFO] [stderr]   Downloaded arc-swap v0.4.5
[INFO] [stderr]   Downloaded kvdb-memorydb v0.6.0
[INFO] [stderr]   Downloaded cranelift-frontend v0.63.0
[INFO] [stderr]   Downloaded ntapi v0.3.3
[INFO] [stderr]   Downloaded jsonrpc-client-transports v14.2.0
[INFO] [stderr]   Downloaded jsonrpc-core-client v14.2.0
[INFO] [stderr]   Downloaded jsonrpc-pubsub v14.2.0
[INFO] [stderr]   Downloaded libp2p-core-derive v0.19.1
[INFO] [stderr]   Downloaded yamux v0.4.5
[INFO] [stderr]   Downloaded trie-db v0.20.1
[INFO] running `Command { std: "docker" "create" "-v" "/var/lib/crater-agent-workspace/builds/worker-7-tc2/target:/opt/rustwide/target:rw,Z" "-v" "/var/lib/crater-agent-workspace/builds/worker-7-tc2/source:/opt/rustwide/workdir:ro,Z" "-v" "/var/lib/crater-agent-workspace/cargo-home:/opt/rustwide/cargo-home:ro,Z" "-v" "/var/lib/crater-agent-workspace/rustup-home:/opt/rustwide/rustup-home:ro,Z" "-e" "SOURCE_DIR=/opt/rustwide/workdir" "-e" "CARGO_TARGET_DIR=/opt/rustwide/target" "-e" "CARGO_HOME=/opt/rustwide/cargo-home" "-e" "RUSTUP_HOME=/opt/rustwide/rustup-home" "-w" "/opt/rustwide/workdir" "-m" "1610612736" "--user" "0:0" "--network" "none" "ghcr.io/rust-lang/crates-build-env/linux@sha256:5ff2268d62e97bff2cde7d5815dd6ed5b47097566f13b8d0ca110b04b60e07ed" "/opt/rustwide/cargo-home/bin/cargo" "+beta-2023-04-20" "metadata" "--no-deps" "--format-version=1", kill_on_drop: false }`
[INFO] [stdout] 6912029386f0029fb35d23219d51e32d2bab31fd678ee24b583b527bc3f44042
[INFO] running `Command { std: "docker" "start" "-a" "6912029386f0029fb35d23219d51e32d2bab31fd678ee24b583b527bc3f44042", kill_on_drop: false }`
[INFO] running `Command { std: "docker" "inspect" "6912029386f0029fb35d23219d51e32d2bab31fd678ee24b583b527bc3f44042", kill_on_drop: false }`
[INFO] running `Command { std: "docker" "rm" "-f" "6912029386f0029fb35d23219d51e32d2bab31fd678ee24b583b527bc3f44042", kill_on_drop: false }`
[INFO] [stdout] 6912029386f0029fb35d23219d51e32d2bab31fd678ee24b583b527bc3f44042
[INFO] running `Command { std: "docker" "create" "-v" "/var/lib/crater-agent-workspace/builds/worker-7-tc2/target:/opt/rustwide/target:rw,Z" "-v" "/var/lib/crater-agent-workspace/builds/worker-7-tc2/source:/opt/rustwide/workdir:ro,Z" "-v" "/var/lib/crater-agent-workspace/cargo-home:/opt/rustwide/cargo-home:ro,Z" "-v" "/var/lib/crater-agent-workspace/rustup-home:/opt/rustwide/rustup-home:ro,Z" "-e" "SOURCE_DIR=/opt/rustwide/workdir" "-e" "CARGO_TARGET_DIR=/opt/rustwide/target" "-e" "CARGO_INCREMENTAL=0" "-e" "RUST_BACKTRACE=full" "-e" "RUSTFLAGS=--cap-lints=warn" "-e" "RUSTDOCFLAGS=--cap-lints=warn" "-e" "CARGO_HOME=/opt/rustwide/cargo-home" "-e" "RUSTUP_HOME=/opt/rustwide/rustup-home" "-w" "/opt/rustwide/workdir" "-m" "1610612736" "--user" "0:0" "--network" "none" "ghcr.io/rust-lang/crates-build-env/linux@sha256:5ff2268d62e97bff2cde7d5815dd6ed5b47097566f13b8d0ca110b04b60e07ed" "/opt/rustwide/cargo-home/bin/cargo" "+beta-2023-04-20" "doc" "--frozen" "--no-deps" "--document-private-items" "--message-format=json", kill_on_drop: false }`
[INFO] [stdout] a7b97e1956b952518b03798d38ee8904c94f92411d513bc06c7dcf42d5edd1b3
[INFO] running `Command { std: "docker" "start" "-a" "a7b97e1956b952518b03798d38ee8904c94f92411d513bc06c7dcf42d5edd1b3", kill_on_drop: false }`
[INFO] [stderr]    Compiling libc v0.2.69
[INFO] [stderr]    Compiling proc-macro2 v1.0.10
[INFO] [stderr]    Compiling unicode-xid v0.2.0
[INFO] [stderr]    Compiling syn v1.0.17
[INFO] [stderr]    Compiling serde v1.0.110
[INFO] [stderr]    Compiling log v0.4.8
[INFO] [stderr]    Compiling autocfg v1.0.0
[INFO] [stderr]    Compiling cfg-if v0.1.10
[INFO] [stderr]    Compiling byteorder v1.3.4
[INFO] [stderr]    Compiling memchr v2.3.3
[INFO] [stderr]    Compiling getrandom v0.1.14
[INFO] [stderr]    Compiling lazy_static v1.4.0
[INFO] [stderr]    Compiling typenum v1.12.0
[INFO] [stderr]    Compiling proc-macro-hack v0.5.15
[INFO] [stderr]    Compiling maybe-uninit v2.0.0
[INFO] [stderr]    Compiling proc-macro-nested v0.1.4
[INFO] [stderr]    Compiling semver-parser v0.7.0
[INFO] [stderr]    Compiling crunchy v0.2.2
[INFO] [stderr]    Compiling quote v1.0.6
[INFO] [stderr]    Compiling libm v0.2.1
[INFO] [stderr]    Compiling num-traits v0.2.11
[INFO] [stderr]     Checking either v1.5.3
[INFO] [stderr]    Compiling num-integer v0.1.42
[INFO] [stderr]     Checking num_cpus v1.12.0
[INFO] [stderr]     Checking futures v0.1.29
[INFO] [stderr]     Checking slab v0.4.2
[INFO] [stderr]    Compiling jobserver v0.1.21
[INFO] [stderr]    Compiling aho-corasick v0.7.10
[INFO] [stderr]    Compiling thread_local v1.0.1
[INFO] [stderr]    Compiling cc v1.0.50
[INFO] [stderr]    Compiling regex-syntax v0.6.17
[INFO] [stderr]     Checking arrayvec v0.5.1
[INFO] [stderr]    Compiling arrayvec v0.4.12
[INFO] [stderr]     Checking scopeguard v1.1.0
[INFO] [stderr]    Compiling num-bigint v0.2.6
[INFO] [stderr]     Checking smallvec v1.4.0
[INFO] [stderr]    Compiling parity-util-mem v0.6.1
[INFO] [stderr]     Checking rand_core v0.5.1
[INFO] [stderr]    Compiling num-rational v0.2.4
[INFO] [stderr]     Checking ppv-lite86 v0.2.6
[INFO] [stderr]     Checking rand_pcg v0.2.1
[INFO] [stderr]    Compiling clear_on_drop v0.2.3
[INFO] [stderr]    Compiling backtrace-sys v0.1.35
[INFO] [stderr]    Compiling failure_derive v0.1.7
[INFO] [stderr]     Checking generic-array v0.12.3
[INFO] [stderr]     Checking rand_chacha v0.2.2
[INFO] [stderr]     Checking futures-core v0.3.4
[INFO] [stderr]     Checking lock_api v0.3.4
[INFO] [stderr]     Checking futures-sink v0.3.4
[INFO] [stderr]     Checking rand v0.7.3
[INFO] [stderr]     Checking pin-utils v0.1.0-alpha.4
[INFO] [stderr]     Checking futures-channel v0.3.4
[INFO] [stderr]     Checking futures-io v0.3.4
[INFO] [stderr]     Checking futures-task v0.3.4
[INFO] [stderr]     Checking digest v0.8.1
[INFO] [stderr]    Compiling tiny-keccak v2.0.2
[INFO] [stderr]     Checking opaque-debug v0.2.3
[INFO] [stderr]     Checking byte-tools v0.3.1
[INFO] [stderr]    Compiling autocfg v0.1.7
[INFO] [stderr]     Checking static_assertions v1.1.0
[INFO] [stderr]     Checking block-padding v0.1.5
[INFO] [stderr]    Compiling regex v1.3.6
[INFO] [stderr]     Checking parking_lot_core v0.7.1
[INFO] [stderr]     Checking block-buffer v0.7.3
[INFO] [stderr]     Checking fake-simd v0.1.2
[INFO] [stderr]     Checking sha2 v0.8.1
[INFO] [stderr]     Checking smallvec v0.6.13
[INFO] [stderr]     Checking radium v0.3.0
[INFO] [stderr]    Compiling const-random-macro v0.1.8
[INFO] [stderr]     Checking parking_lot v0.10.2
[INFO] [stderr]     Checking byte-slice-cast v0.3.5
[INFO] [stderr]     Checking bitvec v0.17.4
[INFO] [stderr]     Checking unicode-normalization v0.1.12
[INFO] [stderr]     Checking rustc-hex v2.1.0
[INFO] [stderr]     Checking keccak v0.1.0
[INFO] [stderr]     Checking subtle v1.0.0
[INFO] [stderr]     Checking crypto-mac v0.7.0
[INFO] [stderr]    Compiling hashbrown v0.6.3
[INFO] [stderr]     Checking arrayref v0.3.6
[INFO] [stderr]    Compiling Inflector v0.11.4
[INFO] [stderr]     Checking constant_time_eq v0.1.5
[INFO] [stderr]     Checking subtle v2.2.2
[INFO] [stderr]     Checking uint v0.8.2
[INFO] [stderr]     Checking hmac v0.7.1
[INFO] [stderr]     Checking hmac-drbg v0.2.0
[INFO] [stderr]     Checking rlp v0.4.5
[INFO] [stderr]     Checking fixed-hash v0.6.0
[INFO] [stderr]     Checking libsecp256k1 v0.3.5
[INFO] [stderr]     Checking impl-rlp v0.2.1
[INFO] [stderr]     Checking sp-std v2.0.0-rc3 (/opt/rustwide/workdir/primitives/std)
[INFO] [stderr]     Checking rustc-demangle v0.1.16
[INFO] [stderr]     Checking nodrop v0.1.14
[INFO] [stderr]    Compiling synstructure v0.12.3
[INFO] [stderr]     Checking rustc-hash v1.1.0
[INFO] [stderr]     Checking blake2-rfc v0.2.18
[INFO] [stderr]     Checking errno v0.2.5
[INFO] [stderr]     Checking tracing-core v0.1.10
[INFO] [stderr]     Checking parity-wasm v0.41.0
[INFO] [stderr]     Checking memory_units v0.3.0
[INFO] [stderr]     Checking environmental v1.1.1
[INFO] [stderr]    Compiling substrate-fixed v0.5.4 (https://github.com/social-network/substrate-fixed#2c52170f)
[INFO] [stderr]     Checking hash-db v0.15.2
[INFO] [stderr]     Checking pbkdf2 v0.3.0
[INFO] [stderr]     Checking hex v0.4.2
[INFO] [stderr]     Checking twox-hash v1.5.0
[INFO] [stderr]     Checking hash256-std-hasher v0.15.2
[INFO] [stderr]     Checking base58 v0.1.0
[INFO] [stderr]     Checking wasmi-validation v0.3.0
[INFO] [stderr]     Checking const-random v0.1.8
[INFO] [stderr]     Checking trie-root v0.16.0
[INFO] [stderr]     Checking ahash v0.2.18
[INFO] [stderr]     Checking integer-sqrt v0.1.3
[INFO] [stderr]    Compiling indexmap v1.3.2
[INFO] [stderr]     Checking wasmi v0.6.2
[INFO] [stderr]    Compiling ryu v1.0.3
[INFO] [stderr]     Checking trie-db v0.20.1
[INFO] [stderr]    Compiling serde_derive v1.0.110
[INFO] [stderr]    Compiling futures-macro v0.3.4
[INFO] [stderr]    Compiling zeroize_derive v1.0.0
[INFO] [stderr]    Compiling impl-trait-for-tuples v0.1.3
[INFO] [stderr]    Compiling sp-debug-derive v2.0.0-rc3 (/opt/rustwide/workdir/primitives/debug-derive)
[INFO] [stderr]    Compiling parity-util-mem-derive v0.1.0
[INFO] [stderr]    Compiling ref-cast-impl v1.0.1
[INFO] [stderr]    Compiling tracing-attributes v0.1.7
[INFO] [stderr]    Compiling derive_more v0.99.5
[INFO] [stderr]     Checking futures-util v0.3.4
[INFO] [stderr]     Checking zeroize v1.1.0
[INFO] [stderr]     Checking ref-cast v1.0.1
[INFO] [stderr]     Checking curve25519-dalek v2.0.0
[INFO] [stderr]    Compiling paste-impl v0.1.10
[INFO] [stderr]     Checking merlin v2.0.0
[INFO] [stderr]     Checking ed25519-dalek v1.0.0-pre.3
[INFO] [stderr]     Checking tracing v0.1.13
[INFO] [stderr]     Checking schnorrkel v0.9.1
[INFO] [stderr]     Checking paste v0.1.10
[INFO] [stderr]     Checking sp-tracing v2.0.0-rc3 (/opt/rustwide/workdir/primitives/tracing)
[INFO] [stderr]    Compiling crossbeam-utils v0.7.2
[INFO] [stderr]     Checking substrate-bip39 v0.4.1
[INFO] [stderr]    Compiling thiserror-impl v1.0.15
[INFO] [stderr]    Compiling anyhow v1.0.28
[INFO] [stderr]     Checking futures-executor v0.3.4
[INFO] [stderr]     Checking futures v0.3.4
[INFO] [stderr]    Compiling memoffset v0.5.4
[INFO] [stderr]    Compiling crossbeam-epoch v0.8.2
[INFO] [stderr]    Compiling bytes v0.5.4
[INFO] [stderr]    Compiling pin-project-internal v0.4.9
[INFO] [stderr]    Compiling ring v0.16.12
[INFO] [stderr]    Compiling unicode-segmentation v1.6.0
[INFO] [stderr]    Compiling heck v0.3.1
[INFO] [stderr]    Compiling which v3.1.1
[INFO] [stderr]    Compiling wasm-bindgen-shared v0.2.62
[INFO] [stderr]    Compiling itertools v0.8.2
[INFO] [stderr]    Compiling bumpalo v3.2.1
[INFO] [stderr]    Compiling wasm-bindgen v0.2.62
[INFO] [stderr]    Compiling wasm-bindgen-backend v0.2.62
[INFO] [stderr]     Checking itoa v0.4.5
[INFO] [stderr]    Compiling prost-derive v0.6.1
[INFO] [stderr]    Compiling prost-build v0.6.1
[INFO] [stderr]    Compiling fixedbitset v0.2.0
[INFO] [stderr]    Compiling remove_dir_all v0.5.2
[INFO] [stderr]    Compiling tempfile v3.1.0
[INFO] [stderr]    Compiling petgraph v0.5.0
[INFO] [stderr]    Compiling multimap v0.8.1
[INFO] [stderr]    Compiling httparse v1.3.4
[INFO] [stderr]    Compiling wasm-bindgen-macro-support v0.2.62
[INFO] [stderr]    Compiling asn1_der_derive v0.1.2
[INFO] [stderr]     Checking fnv v1.0.6
[INFO] [stderr]     Checking impl-serde v0.3.0
[INFO] [stderr]     Checking impl-serde v0.2.3
[INFO] [stderr]     Checking serde_json v1.0.51
[INFO] [stderr]    Compiling crc32fast v1.2.0
[INFO] [stderr]     Checking sp-storage v2.0.0-rc3 (/opt/rustwide/workdir/primitives/storage)
[INFO] [stderr]     Checking thiserror v1.0.15
[INFO] [stderr]     Checking iovec v0.1.4
[INFO] [stderr]    Compiling wasm-bindgen-macro v0.2.62
[INFO] [stderr]    Compiling prost v0.6.1
[INFO] [stderr]    Compiling pkg-config v0.3.17
[INFO] [stderr]    Compiling semver v0.9.0
[INFO] [stderr]    Compiling toml v0.5.6
[INFO] [stderr]     Checking spin v0.5.2
[INFO] [stderr]    Compiling prost-types v0.6.1
[INFO] [stderr]    Compiling rustc_version v0.2.3
[INFO] [stderr]    Compiling libz-sys v1.0.25
[INFO] [stderr]    Compiling tokio-macros v0.2.5
[INFO] [stderr]     Checking net2 v0.2.33
[INFO] [stderr]     Checking crossbeam-deque v0.7.3
[INFO] [stderr]    Compiling parking_lot_core v0.6.2
[INFO] [stderr]    Compiling parking_lot v0.9.0
[INFO] [stderr]    Compiling snow v0.6.2
[INFO] [stderr]    Compiling proc-macro-crate v0.1.4
[INFO] [stderr]    Compiling bitflags v1.2.1
[INFO] [stderr]    Compiling protobuf v2.14.0
[INFO] [stderr]     Checking once_cell v1.3.1
[INFO] [stderr]     Checking mio v0.6.21
[INFO] [stderr]     Checking pin-project v0.4.9
[INFO] [stderr]    Compiling prometheus v0.8.0
[INFO] [stderr]     Checking matches v0.1.8
[INFO] [stderr]    Compiling glob v0.3.0
[INFO] [stderr]     Checking unicode-bidi v0.3.4
[INFO] [stderr]     Checking untrusted v0.7.0
[INFO] [stderr]     Checking wasm-timer v0.2.4
[INFO] [stderr]    Compiling libp2p-core-derive v0.19.1
[INFO] [stderr]    Compiling parity-scale-codec-derive v1.2.0
[INFO] [stderr]    Compiling sp-runtime-interface-proc-macro v2.0.0-rc3 (/opt/rustwide/workdir/primitives/runtime-interface/proc-macro)
[INFO] [stderr]    Compiling sp-api-proc-macro v2.0.0-rc3 (/opt/rustwide/workdir/primitives/api/proc-macro)
[INFO] [stderr]     Checking mio-uds v0.6.7
[INFO] [stderr]     Checking sha3 v0.8.2
[INFO] [stderr]    Compiling libp2p-core v0.19.0
[INFO] [stderr]    Compiling libp2p-identify v0.19.1
[INFO] [stderr]    Compiling libp2p-kad v0.19.0
[INFO] [stderr]    Compiling libp2p-secio v0.19.1
[INFO] [stderr]    Compiling libp2p-noise v0.19.0
[INFO] [stderr]     Checking sha-1 v0.8.2
[INFO] [stderr]     Checking js-sys v0.3.37
[INFO] [stderr]     Checking idna v0.2.0
[INFO] [stderr]    Compiling target-lexicon v0.10.0
[INFO] [stderr]     Checking percent-encoding v2.1.0
[INFO] [stderr]     Checking futures_codec v0.3.4
[INFO] [stderr]    Compiling cranelift-entity v0.63.0
[INFO] [stderr]     Checking url v2.1.1
[INFO] [stderr]     Checking unsigned-varint v0.3.3
[INFO] [stderr]     Checking parity-scale-codec v1.3.0
[INFO] [stderr]    Compiling frame-support-procedural-tools-derive v2.0.0-rc3 (/opt/rustwide/workdir/frame/support/procedural/tools/derive)
[INFO] [stderr]     Checking quick-error v1.2.3
[INFO] [stderr]    Compiling cranelift-codegen-shared v0.63.0
[INFO] [stderr]     Checking blake2s_simd v0.5.10
[INFO] [stderr]    Compiling cranelift-codegen-meta v0.63.0
[INFO] [stderr]     Checking blake2b_simd v0.5.10
[INFO] [stderr]     Checking pin-project-lite v0.1.4
[INFO] [stderr]     Checking bs58 v0.3.1
[INFO] [stderr]     Checking data-encoding v2.2.0
[INFO] [stderr]     Checking multihash v0.11.1
[INFO] [stderr]     Checking web-sys v0.3.37
[INFO] [stderr]     Checking void v1.0.2
[INFO] [stderr]     Checking send_wrapper v0.4.0
[INFO] [stderr]     Checking multistream-select v0.8.0
[INFO] [stderr]     Checking parity-multiaddr v0.9.0
[INFO] [stderr]     Checking rw-stream-sink v0.2.1
[INFO] [stderr]     Checking asn1_der v0.6.3
[INFO] [stderr]    Compiling frame-support-procedural-tools v2.0.0-rc3 (/opt/rustwide/workdir/frame/support/procedural/tools)
[INFO] [stderr]    Compiling zstd-sys v1.4.15+zstd.1.4.4
[INFO] [stderr]     Checking futures-timer v2.0.2
[INFO] [stderr]    Compiling rayon-core v1.7.0
[INFO] [stderr]     Checking time v0.1.42
[INFO] [stderr]    Compiling frame-support-procedural v2.0.0-rc3 (/opt/rustwide/workdir/frame/support/procedural)
[INFO] [stderr]     Checking impl-codec v0.4.2
[INFO] [stderr]     Checking sp-externalities v0.8.0-rc3 (/opt/rustwide/workdir/primitives/externalities)
[INFO] [stderr]     Checking primitive-types v0.7.0
[INFO] [stdout] warning: trait objects without an explicit `dyn` are deprecated
[INFO] [stdout]    --> primitives/externalities/src/lib.rs:234:57
[INFO] [stdout]     |
[INFO] [stdout] 234 |         self.extension_by_type_id(TypeId::of::<T>()).and_then(Any::downcast_mut)
[INFO] [stdout]     |                                                               ^^^
[INFO] [stdout]     |
[INFO] [stdout]     = warning: this is accepted in the current edition (Rust 2018) but is a hard error in Rust 2021!
[INFO] [stdout]     = note: for more information, see <https://doc.rust-lang.org/nightly/edition-guide/rust-2021/warnings-promoted-to-error.html>
[INFO] [stdout]     = note: `#[warn(bare_trait_objects)]` on by default
[INFO] [stdout] help: use `dyn`
[INFO] [stdout]     |
[INFO] [stdout] 234 |         self.extension_by_type_id(TypeId::of::<T>()).and_then(<dyn Any>::downcast_mut)
[INFO] [stdout]     |                                                               ++++    +
[INFO] [stdout] 
[INFO] [stdout] 
[INFO] [stdout] warning: 1 warning emitted
[INFO] [stdout] 
[INFO] [stdout] 
[INFO] [stderr]     Checking sp-wasm-interface v2.0.0-rc3 (/opt/rustwide/workdir/primitives/wasm-interface)
[INFO] [stderr]     Checking sp-arithmetic v2.0.0-rc3 (/opt/rustwide/workdir/primitives/arithmetic)
[INFO] [stderr]     Checking sp-runtime-interface v2.0.0-rc3 (/opt/rustwide/workdir/primitives/runtime-interface)
[INFO] [stdout] error[E0282]: type annotations needed
[INFO] [stdout]     --> primitives/arithmetic/src/fixed_point.rs:524:9
[INFO] [stdout]      |
[INFO] [stdout] 524  |                   let accuracy = P::ACCURACY.saturated_into();
[INFO] [stdout]      |                       ^^^^^^^^ cannot infer type
[INFO] [stdout] ...
[INFO] [stdout] 1561 | / implement_fixed!(
[INFO] [stdout] 1562 | |     FixedI64,
[INFO] [stdout] 1563 | |     test_fixed_i64,
[INFO] [stdout] 1564 | |     i64,
[INFO] [stdout] ...    |
[INFO] [stdout] 1567 | |     "_Fixed Point 64 bits signed, range = [-9223372036.854775808, 9223372036.854775807]_",
[INFO] [stdout] 1568 | | );
[INFO] [stdout]      | |_- in this macro invocation
[INFO] [stdout]      |
[INFO] [stdout]      = note: this error originates in the macro `implement_fixed` (in Nightly builds, run with -Z macro-backtrace for more info)
[INFO] [stdout] 
[INFO] [stdout] 
[INFO] [stdout] error[E0282]: type annotations needed
[INFO] [stdout]     --> primitives/arithmetic/src/fixed_point.rs:524:9
[INFO] [stdout]      |
[INFO] [stdout] 524  |                   let accuracy = P::ACCURACY.saturated_into();
[INFO] [stdout]      |                       ^^^^^^^^ cannot infer type
[INFO] [stdout] ...
[INFO] [stdout] 1570 | / implement_fixed!(
[INFO] [stdout] 1571 | |     FixedI128,
[INFO] [stdout] 1572 | |     test_fixed_i128,
[INFO] [stdout] 1573 | |     i128,
[INFO] [stdout] ...    |
[INFO] [stdout] 1577 | |         [-170141183460469231731.687303715884105728, 170141183460469231731.687303715884105727]_",
[INFO] [stdout] 1578 | | );
[INFO] [stdout]      | |_- in this macro invocation
[INFO] [stdout]      |
[INFO] [stdout]      = note: this error originates in the macro `implement_fixed` (in Nightly builds, run with -Z macro-backtrace for more info)
[INFO] [stdout] 
[INFO] [stdout] 
[INFO] [stdout] error[E0282]: type annotations needed
[INFO] [stdout]     --> primitives/arithmetic/src/fixed_point.rs:524:9
[INFO] [stdout]      |
[INFO] [stdout] 524  |                   let accuracy = P::ACCURACY.saturated_into();
[INFO] [stdout]      |                       ^^^^^^^^ cannot infer type
[INFO] [stdout] ...
[INFO] [stdout] 1580 | / implement_fixed!(
[INFO] [stdout] 1581 | |     FixedU128,
[INFO] [stdout] 1582 | |     test_fixed_u128,
[INFO] [stdout] 1583 | |     u128,
[INFO] [stdout] ...    |
[INFO] [stdout] 1587 | |         [0.000000000000000000, 340282366920938463463.374607431768211455]_",
[INFO] [stdout] 1588 | | );
[INFO] [stdout]      | |_- in this macro invocation
[INFO] [stdout]      |
[INFO] [stdout]      = note: this error originates in the macro `implement_fixed` (in Nightly builds, run with -Z macro-backtrace for more info)
[INFO] [stdout] 
[INFO] [stdout] 
[INFO] [stdout] error: aborting due to 3 previous errors
[INFO] [stdout] 
[INFO] [stdout] 
[INFO] [stdout] For more information about this error, try `rustc --explain E0282`.
[INFO] [stdout] 
[INFO] [stderr] error: could not compile `sp-arithmetic` (lib) due to 4 previous errors
[INFO] [stderr] warning: build failed, waiting for other jobs to finish...
[INFO] running `Command { std: "docker" "inspect" "a7b97e1956b952518b03798d38ee8904c94f92411d513bc06c7dcf42d5edd1b3", kill_on_drop: false }`
[INFO] running `Command { std: "docker" "rm" "-f" "a7b97e1956b952518b03798d38ee8904c94f92411d513bc06c7dcf42d5edd1b3", kill_on_drop: false }`
[INFO] [stdout] a7b97e1956b952518b03798d38ee8904c94f92411d513bc06c7dcf42d5edd1b3
