[INFO] cloning repository https://github.com/chfoo/webaves
[INFO] running `Command { std: "git" "-c" "credential.helper=" "-c" "credential.helper=/workspace/cargo-home/bin/git-credential-null" "clone" "--bare" "https://github.com/chfoo/webaves" "/workspace/cache/git-repos/https%3A%2F%2Fgithub.com%2Fchfoo%2Fwebaves", kill_on_drop: false }`
[INFO] [stderr] Cloning into bare repository '/workspace/cache/git-repos/https%3A%2F%2Fgithub.com%2Fchfoo%2Fwebaves'...
[INFO] running `Command { std: "git" "rev-parse" "HEAD", kill_on_drop: false }`
[INFO] [stdout] 955f6f1090b58a01fb36988d043f0590917b34ee
[INFO] documenting chfoo/webaves against beta-2023-04-20 for beta-1.70-rustdoc-1
[INFO] running `Command { std: "git" "clone" "/workspace/cache/git-repos/https%3A%2F%2Fgithub.com%2Fchfoo%2Fwebaves" "/workspace/builds/worker-1-tc2/source", kill_on_drop: false }`
[INFO] [stderr] Cloning into '/workspace/builds/worker-1-tc2/source'...
[INFO] [stderr] done.
[INFO] validating manifest of git repo https://github.com/chfoo/webaves on toolchain beta-2023-04-20
[INFO] running `Command { std: CARGO_HOME="/workspace/cargo-home" RUSTUP_HOME="/workspace/rustup-home" "/workspace/cargo-home/bin/cargo" "+beta-2023-04-20" "metadata" "--manifest-path" "Cargo.toml" "--no-deps", kill_on_drop: false }`
[INFO] removed /workspace/builds/worker-1-tc2/source/.cargo/config.toml
[INFO] started tweaking git repo https://github.com/chfoo/webaves
[INFO] finished tweaking git repo https://github.com/chfoo/webaves
[INFO] tweaked toml for git repo https://github.com/chfoo/webaves written to /workspace/builds/worker-1-tc2/source/Cargo.toml
[INFO] crate git repo https://github.com/chfoo/webaves already has a lockfile, it will not be regenerated
[INFO] running `Command { std: CARGO_HOME="/workspace/cargo-home" RUSTUP_HOME="/workspace/rustup-home" "/workspace/cargo-home/bin/cargo" "+beta-2023-04-20" "fetch" "--manifest-path" "Cargo.toml", kill_on_drop: false }`
[INFO] [stderr]     Blocking waiting for file lock on package cache
[INFO] [stderr]     Updating crates.io index
[INFO] [stderr]     Blocking waiting for file lock on package cache
[INFO] [stderr]  Downloading crates ...
[INFO] [stderr]   Downloaded unic-langid-macros v0.9.0
[INFO] [stderr]   Downloaded unic-langid-macros-impl v0.9.0
[INFO] [stderr]   Downloaded camino v1.0.9
[INFO] [stderr]   Downloaded crypto-common v0.1.4
[INFO] [stderr]   Downloaded indicatif v0.17.0-rc.11
[INFO] [stderr]   Downloaded rustyknife v0.2.11
[INFO] [stderr]   Downloaded mx3 v1.0.1
[INFO] [stderr]   Downloaded tracing-opentelemetry v0.17.3
[INFO] [stderr]   Downloaded test-log v0.2.10
[INFO] [stderr]   Downloaded cargo_metadata v0.15.0
[INFO] [stderr]   Downloaded zeroize v1.5.6
[INFO] [stderr]   Downloaded tarpc v0.29.0
[INFO] [stderr]   Downloaded octocrab v0.16.0
[INFO] [stderr]   Downloaded fluent-template-macros v0.7.1
[INFO] [stderr]   Downloaded fluent-templates v0.7.1
[INFO] [stderr]   Downloaded hyperx v1.4.0
[INFO] running `Command { std: "docker" "create" "-v" "/var/lib/crater-agent-workspace/builds/worker-1-tc2/target:/opt/rustwide/target:rw,Z" "-v" "/var/lib/crater-agent-workspace/builds/worker-1-tc2/source:/opt/rustwide/workdir:ro,Z" "-v" "/var/lib/crater-agent-workspace/cargo-home:/opt/rustwide/cargo-home:ro,Z" "-v" "/var/lib/crater-agent-workspace/rustup-home:/opt/rustwide/rustup-home:ro,Z" "-e" "SOURCE_DIR=/opt/rustwide/workdir" "-e" "CARGO_TARGET_DIR=/opt/rustwide/target" "-e" "CARGO_HOME=/opt/rustwide/cargo-home" "-e" "RUSTUP_HOME=/opt/rustwide/rustup-home" "-w" "/opt/rustwide/workdir" "-m" "1610612736" "--user" "0:0" "--network" "none" "ghcr.io/rust-lang/crates-build-env/linux@sha256:5ff2268d62e97bff2cde7d5815dd6ed5b47097566f13b8d0ca110b04b60e07ed" "/opt/rustwide/cargo-home/bin/cargo" "+beta-2023-04-20" "metadata" "--no-deps" "--format-version=1", kill_on_drop: false }`
[INFO] [stdout] 9fd2adcbeeec8af3940d38cadeed42ad792441ffa1cd97a9760de42cd6a2aa22
[INFO] running `Command { std: "docker" "start" "-a" "9fd2adcbeeec8af3940d38cadeed42ad792441ffa1cd97a9760de42cd6a2aa22", kill_on_drop: false }`
[INFO] running `Command { std: "docker" "inspect" "9fd2adcbeeec8af3940d38cadeed42ad792441ffa1cd97a9760de42cd6a2aa22", kill_on_drop: false }`
[INFO] running `Command { std: "docker" "rm" "-f" "9fd2adcbeeec8af3940d38cadeed42ad792441ffa1cd97a9760de42cd6a2aa22", kill_on_drop: false }`
[INFO] [stdout] 9fd2adcbeeec8af3940d38cadeed42ad792441ffa1cd97a9760de42cd6a2aa22
[INFO] running `Command { std: "docker" "create" "-v" "/var/lib/crater-agent-workspace/builds/worker-1-tc2/target:/opt/rustwide/target:rw,Z" "-v" "/var/lib/crater-agent-workspace/builds/worker-1-tc2/source:/opt/rustwide/workdir:ro,Z" "-v" "/var/lib/crater-agent-workspace/cargo-home:/opt/rustwide/cargo-home:ro,Z" "-v" "/var/lib/crater-agent-workspace/rustup-home:/opt/rustwide/rustup-home:ro,Z" "-e" "SOURCE_DIR=/opt/rustwide/workdir" "-e" "CARGO_TARGET_DIR=/opt/rustwide/target" "-e" "CARGO_INCREMENTAL=0" "-e" "RUST_BACKTRACE=full" "-e" "RUSTFLAGS=--cap-lints=warn" "-e" "RUSTDOCFLAGS=--cap-lints=warn" "-e" "CARGO_HOME=/opt/rustwide/cargo-home" "-e" "RUSTUP_HOME=/opt/rustwide/rustup-home" "-w" "/opt/rustwide/workdir" "-m" "1610612736" "--user" "0:0" "--network" "none" "ghcr.io/rust-lang/crates-build-env/linux@sha256:5ff2268d62e97bff2cde7d5815dd6ed5b47097566f13b8d0ca110b04b60e07ed" "/opt/rustwide/cargo-home/bin/cargo" "+beta-2023-04-20" "doc" "--frozen" "--no-deps" "--document-private-items" "--message-format=json", kill_on_drop: false }`
[INFO] [stdout] 1198a31ccd668a847cef3cd338294773819a3120483f7f943b6ce1fce23a5655
[INFO] running `Command { std: "docker" "start" "-a" "1198a31ccd668a847cef3cd338294773819a3120483f7f943b6ce1fce23a5655", kill_on_drop: false }`
[INFO] [stderr]    Compiling libc v0.2.126
[INFO] [stderr]    Compiling syn v1.0.96
[INFO] [stderr]    Compiling memchr v2.5.0
[INFO] [stderr]     Checking once_cell v1.12.0
[INFO] [stderr]    Compiling serde_derive v1.0.137
[INFO] [stderr]    Compiling serde v1.0.137
[INFO] [stderr]    Compiling log v0.4.17
[INFO] [stderr]     Checking itoa v1.0.2
[INFO] [stderr]     Checking futures-sink v0.3.21
[INFO] [stderr]    Compiling num-traits v0.2.15
[INFO] [stderr]    Compiling futures-task v0.3.21
[INFO] [stderr]    Compiling futures-channel v0.3.21
[INFO] [stderr]     Checking tracing-core v0.1.27
[INFO] [stderr]    Compiling ahash v0.7.6
[INFO] [stderr]    Compiling futures-util v0.3.21
[INFO] [stderr]     Checking ryu v1.0.10
[INFO] [stderr]     Checking slab v0.4.6
[INFO] [stderr]    Compiling jobserver v0.1.24
[INFO] [stderr]     Checking getrandom v0.2.6
[INFO] [stderr]     Checking parking_lot_core v0.9.3
[INFO] [stderr]    Compiling num-integer v0.1.45
[INFO] [stderr]    Compiling cc v1.0.73
[INFO] [stderr]     Checking regex-syntax v0.6.26
[INFO] [stderr]     Checking futures-io v0.3.21
[INFO] [stderr]     Checking parking_lot v0.12.1
[INFO] [stderr]     Checking num_cpus v1.13.1
[INFO] [stderr]     Checking socket2 v0.4.4
[INFO] [stderr]     Checking signal-hook-registry v1.4.0
[INFO] [stderr]     Checking mio v0.8.3
[INFO] [stderr]     Checking hashbrown v0.11.2
[INFO] [stderr]    Compiling indexmap v1.8.2
[INFO] [stderr]    Compiling num-bigint v0.4.3
[INFO] [stderr]    Compiling typenum v1.15.0
[INFO] [stderr]    Compiling tinystr v0.3.4
[INFO] [stderr]    Compiling serde_json v1.0.81
[INFO] [stderr]    Compiling unic-langid-impl v0.9.0
[INFO] [stderr]     Checking http v0.2.8
[INFO] [stderr]    Compiling ring v0.16.20
[INFO] [stderr]     Checking aho-corasick v0.7.18
[INFO] [stderr]    Compiling generic-array v0.14.5
[INFO] [stderr]     Checking adler v1.0.2
[INFO] [stderr]     Checking miniz_oxide v0.5.3
[INFO] [stderr]     Checking regex-automata v0.1.10
[INFO] [stderr]     Checking regex v1.5.6
[INFO] [stderr]     Checking rand_core v0.6.3
[INFO] [stderr]    Compiling async-trait v0.1.56
[INFO] [stderr]    Compiling rustls v0.20.6
[INFO] [stderr]    Compiling backtrace v0.3.65
[INFO] [stderr]     Checking gimli v0.26.1
[INFO] [stderr]     Checking rand_chacha v0.3.1
[INFO] [stderr]     Checking object v0.28.4
[INFO] [stderr]     Checking rustc-demangle v0.1.21
[INFO] [stderr]     Checking encoding_index_tests v0.1.4
[INFO] [stderr]     Checking crypto-common v0.1.4
[INFO] [stderr]     Checking block-buffer v0.10.2
[INFO] [stderr]     Checking rand v0.8.5
[INFO] [stderr]     Checking subtle v2.4.1
[INFO] [stderr]     Checking digest v0.10.3
[INFO] [stderr]    Compiling zstd-sys v2.0.1+zstd.1.5.2
[INFO] [stderr]     Checking thread_local v1.1.4
[INFO] [stderr]    Compiling radium v0.5.3
[INFO] [stderr]     Checking ipnet v2.5.0
[INFO] [stderr]     Checking addr2line v0.17.0
[INFO] [stderr]    Compiling unicase v2.6.0
[INFO] [stderr]    Compiling doc-comment v0.3.3
[INFO] [stderr]    Compiling vcpkg v0.2.15
[INFO] [stderr]     Checking webpki v0.22.0
[INFO] [stderr]     Checking sct v0.7.0
[INFO] [stderr]    Compiling lexical-core v0.7.6
[INFO] [stderr]    Compiling anyhow v1.0.57
[INFO] [stderr]     Checking webpki-roots v0.22.3
[INFO] [stderr]    Compiling lazy_static v1.4.0
[INFO] [stderr]     Checking static_assertions v1.1.0
[INFO] [stderr]    Compiling httparse v1.7.1
[INFO] [stderr]    Compiling libsqlite3-sys v0.24.2
[INFO] [stderr]     Checking matchers v0.1.0
[INFO] [stderr]     Checking terminal_size v0.1.17
[INFO] [stderr]     Checking time v0.1.43
[INFO] [stderr]     Checking tracing-log v0.1.3
[INFO] [stderr]    Compiling nom v6.1.2
[INFO] [stderr]     Checking httpdate v1.0.2
[INFO] [stderr]     Checking arrayvec v0.5.2
[INFO] [stderr]    Compiling zstd-safe v5.0.2+zstd.1.5.2
[INFO] [stderr]     Checking tap v1.0.1
[INFO] [stderr]     Checking funty v1.1.0
[INFO] [stderr]     Checking unicode-width v0.1.9
[INFO] [stderr]     Checking match_cfg v0.1.0
[INFO] [stderr]    Compiling scopeguard v1.1.0
[INFO] [stderr]     Checking wyz v0.2.0
[INFO] [stderr]     Checking alloc-no-stdlib v2.0.3
[INFO] [stderr]     Checking rustc-hash v1.1.0
[INFO] [stderr]     Checking alloc-stdlib v0.2.1
[INFO] [stderr]    Compiling lock_api v0.4.7
[INFO] [stderr]     Checking bitvec v0.19.6
[INFO] [stderr]     Checking type-map v0.4.0
[INFO] [stderr]     Checking hostname v0.3.1
[INFO] [stderr]    Compiling thiserror-impl v1.0.31
[INFO] [stderr]    Compiling futures-macro v0.3.21
[INFO] [stderr]    Compiling tracing-attributes v0.1.21
[INFO] [stderr]    Compiling tokio-macros v1.8.0
[INFO] [stderr]    Compiling pin-project-internal v1.0.10
[INFO] [stderr]     Checking tokio v1.19.2
[INFO] [stderr]     Checking thiserror v1.0.31
[INFO] [stderr]    Compiling unic-langid-macros-impl v0.9.0
[INFO] [stderr]     Checking tracing v0.1.35
[INFO] [stderr]    Compiling enum-ordinalize v3.1.11
[INFO] [stderr]     Checking unic-langid-macros v0.9.0
[INFO] [stderr]     Checking unic-langid v0.9.0
[INFO] [stderr]    Compiling enum-as-inner v0.4.0
[INFO] [stderr]     Checking pin-project v1.0.10
[INFO] [stderr]    Compiling snafu-derive v0.7.1
[INFO] [stderr]     Checking want v0.3.0
[INFO] [stderr]    Compiling educe v0.4.19
[INFO] [stderr]     Checking flate2 v1.0.24
[INFO] [stderr]     Checking encoding-index-korean v1.20141219.5
[INFO] [stderr]     Checking encoding-index-japanese v1.20141219.5
[INFO] [stderr]     Checking futures-executor v0.3.21
[INFO] [stderr]     Checking encoding-index-tradchinese v1.20141219.5
[INFO] [stderr]     Checking encoding-index-singlebyte v1.20141219.5
[INFO] [stderr]     Checking encoding-index-simpchinese v1.20141219.5
[INFO] [stderr]     Checking opentelemetry v0.17.0
[INFO] [stderr]     Checking http-body v0.4.5
[INFO] [stderr]     Checking rustls-pemfile v0.3.0
[INFO] [stderr]     Checking cpufeatures v0.2.2
[INFO] [stderr]    Compiling time-macros v0.2.4
[INFO] [stderr]     Checking num_threads v0.1.6
[INFO] [stderr]    Compiling encoding_rs v0.8.31
[INFO] [stderr]     Checking tower-service v0.3.2
[INFO] [stderr]     Checking tokio-util v0.7.3
[INFO] [stderr]     Checking tokio-rustls v0.23.4
[INFO] [stderr]    Compiling fnv v1.0.7
[INFO] [stderr]    Compiling same-file v1.0.6
[INFO] [stderr]     Checking quick-error v1.2.3
[INFO] [stderr]     Checking data-encoding v2.3.2
[INFO] [stderr]     Checking linked-hash-map v0.5.4
[INFO] [stderr]     Checking h2 v0.3.13
[INFO] [stderr]     Checking lru-cache v0.1.2
[INFO] [stderr]     Checking resolv-conf v0.7.0
[INFO] [stderr]    Compiling walkdir v2.3.2
[INFO] [stderr]     Checking tokio-util v0.6.10
[INFO] [stderr]     Checking snafu v0.7.1
[INFO] [stderr]    Compiling nanorand v0.7.0
[INFO] [stderr]     Checking encoding v0.2.33
[INFO] [stderr]     Checking futures v0.3.21
[INFO] [stderr]     Checking intl-memoizer v0.5.1
[INFO] [stderr]     Checking fluent-langneg v0.13.0
[INFO] [stderr]     Checking intl_pluralrules v7.0.1
[INFO] [stderr]     Checking fluent-syntax v0.11.0
[INFO] [stderr]    Compiling spin v0.9.3
[INFO] [stderr]     Checking time v0.3.11
[INFO] [stderr]    Compiling tarpc-plugins v0.12.0
[INFO] [stderr]     Checking brotli-decompressor v2.3.2
[INFO] [stderr]    Compiling crossbeam-utils v0.8.8
[INFO] [stderr]     Checking hashlink v0.7.0
[INFO] [stderr]     Checking url v2.2.2
[INFO] [stderr]     Checking tracing-serde v0.1.3
[INFO] [stderr]     Checking bincode v1.3.3
[INFO] [stderr]     Checking bstr v0.2.17
[INFO] [stderr]     Checking chrono v0.4.19
[INFO] [stderr]     Checking tokio-serde v0.8.0
[INFO] [stderr]     Checking dirs-sys v0.3.7
[INFO] [stderr]    Compiling futures-core v0.3.21
[INFO] [stderr]    Compiling include_dir_macros v0.7.2
[INFO] [stderr]     Checking instant v0.1.12
[INFO] [stderr]     Checking tracing-subscriber v0.3.11
[INFO] [stderr]    Compiling camino v1.0.9
[INFO] [stderr]     Checking fallible-streaming-iterator v0.1.9
[INFO] [stderr]     Checking mime v0.3.16
[INFO] [stderr]    Compiling globset v0.4.9
[INFO] [stderr]    Compiling semver v1.0.10
[INFO] [stderr]     Checking os_str_bytes v6.1.0
[INFO] [stderr]     Checking keccak v0.1.2
[INFO] [stderr]     Checking trust-dns-proto v0.21.2
[INFO] [stderr]     Checking hyper v0.14.19
[INFO] [stderr]     Checking fallible-iterator v0.2.0
[INFO] [stderr]     Checking humantime v2.1.0
[INFO] [stderr]     Checking self_cell v0.10.2
[INFO] [stderr]     Checking arc-swap v1.5.0
[INFO] [stderr]    Compiling hyperx v1.4.0
[INFO] [stderr]     Checking fluent-bundle v0.15.2
[INFO] [stderr]     Checking rusqlite v0.27.0
[INFO] [stderr]    Compiling ignore v0.4.18
[INFO] [stderr]     Checking sha3 v0.10.1
[INFO] [stderr]     Checking include_dir v0.7.2
[INFO] [stderr]     Checking clap_lex v0.2.2
[INFO] [stderr]     Checking tracing-opentelemetry v0.17.3
[INFO] [stderr]    Compiling flume v0.10.13
[INFO] [stderr]     Checking nom v7.1.1
[INFO] [stderr]     Checking simple_asn1 v0.6.2
[INFO] [stderr]     Checking tarpc v0.29.0
[INFO] [stderr]     Checking backoff v0.4.0
[INFO] [stderr]     Checking dirs v4.0.0
[INFO] [stderr]     Checking rustyknife v0.2.11
[INFO] [stderr]     Checking uuid v1.1.1
[INFO] [stderr]     Checking serde_urlencoded v0.7.1
[INFO] [stderr]     Checking brotli v3.3.4
[INFO] [stderr]     Checking trust-dns-resolver v0.21.2
[INFO] [stderr]     Checking sha2 v0.10.2
[INFO] [stderr]     Checking sha1 v0.10.1
[INFO] [stderr]     Checking textwrap v0.15.0
[INFO] [stderr]     Checking md-5 v0.10.1
[INFO] [stderr]     Checking blake2 v0.10.4
[INFO] [stderr]     Checking mx3 v1.0.1
[INFO] [stderr]     Checking rustls-pemfile v1.0.0
[INFO] [stderr]     Checking pem v1.0.2
[INFO] [stderr]     Checking fslock v0.2.1
[INFO] [stderr]     Checking atty v0.2.14
[INFO] [stderr]     Checking zeroize v1.5.6
[INFO] [stderr]     Checking whoami v1.2.1
[INFO] [stderr]     Checking language-tags v0.3.2
[INFO] [stderr]     Checking utf-8 v0.7.6
[INFO] [stderr]     Checking secrecy v0.8.0
[INFO] [stderr]     Checking clap v3.2.1
[INFO] [stderr]     Checking jsonwebtoken v8.1.1
[INFO] [stderr]    Compiling fluent-template-macros v0.7.1
[INFO] [stderr]     Checking hyper-rustls v0.23.0
[INFO] [stderr]     Checking reqwest v0.11.11
[INFO] [stderr]     Checking fluent v0.16.0
[INFO] [stderr]     Checking cargo-platform v0.1.2
[INFO] [stderr]     Checking serde_path_to_error v0.1.7
[INFO] [stderr]     Checking console v0.15.0
[INFO] [stderr]     Checking filetime v0.2.17
[INFO] [stderr]     Checking xattr v0.2.3
[INFO] [stderr]     Checking csv-core v0.1.10
[INFO] [stderr]     Checking heck v0.4.0
[INFO] [stderr]     Checking number_prefix v0.4.0
[INFO] [stderr]     Checking zip v0.6.2
[INFO] [stderr]     Checking tar v0.4.38
[INFO] [stderr]     Checking csv v1.1.6
[INFO] [stderr]     Checking indicatif v0.17.0-rc.11
[INFO] [stderr]     Checking octocrab v0.16.0
[INFO] [stderr]     Checking fluent-templates v0.7.1
[INFO] [stderr]     Checking cargo_metadata v0.15.0
[INFO] [stderr]  Documenting xtask v0.0.0 (/opt/rustwide/workdir/xtask)
[INFO] [stderr]     Checking zstd v0.11.2+zstd.1.5.2
[INFO] [stderr]     Checking webaves v0.1.0 (/opt/rustwide/workdir/crates/webaves)
[INFO] [stderr]  Documenting webaves v0.1.0 (/opt/rustwide/workdir/crates/webaves)
[INFO] [stdout] error[E0432]: unresolved import `tokio::task::JoinSet`
[INFO] [stdout]  --> crates/webaves/src/fetch/pipeline.rs:7:30
[INFO] [stdout]   |
[INFO] [stdout] 7 | use tokio::task::{JoinError, JoinSet};
[INFO] [stdout]   |                              ^^^^^^^ no `JoinSet` in `task`
[INFO] [stdout] 
[INFO] [stdout] 
[INFO] [stdout] error[E0432]: unresolved import `tokio::task::JoinSet`
[INFO] [stdout]  --> crates/webaves/src/fetch/pipeline.rs:7:30
[INFO] [stdout]   |
[INFO] [stdout] 7 | use tokio::task::{JoinError, JoinSet};
[INFO] [stdout]   |                              ^^^^^^^ no `JoinSet` in `task`
[INFO] [stdout] 
[INFO] [stdout] 
[INFO] [stdout] error[E0412]: cannot find type `Id` in module `tokio::task`
[INFO] [stdout]   --> crates/webaves/src/fetch/pipeline.rs:26:39
[INFO] [stdout]    |
[INFO] [stdout] 26 |     task_id_map: HashMap<tokio::task::Id, QuestId>,
[INFO] [stdout]    |                                       ^^ not found in `tokio::task`
[INFO] [stdout]    |
[INFO] [stdout] help: consider importing this struct
[INFO] [stdout]    |
[INFO] [stdout] 1  + use tracing::Id;
[INFO] [stdout]    |
[INFO] [stdout] help: if you import `Id`, refer to it directly
[INFO] [stdout]    |
[INFO] [stdout] 26 -     task_id_map: HashMap<tokio::task::Id, QuestId>,
[INFO] [stdout] 26 +     task_id_map: HashMap<Id, QuestId>,
[INFO] [stdout]    |
[INFO] [stdout] 
[INFO] [stdout] 
[INFO] [stdout] error[E0412]: cannot find type `Id` in module `tokio::task`
[INFO] [stdout]   --> crates/webaves/src/fetch/pipeline.rs:26:39
[INFO] [stdout]    |
[INFO] [stdout] 26 |     task_id_map: HashMap<tokio::task::Id, QuestId>,
[INFO] [stdout]    |                                       ^^ not found in `tokio::task`
[INFO] [stdout]    |
[INFO] [stdout] help: consider importing this struct
[INFO] [stdout]    |
[INFO] [stdout] 1  + use tracing::Id;
[INFO] [stdout]    |
[INFO] [stdout] help: if you import `Id`, refer to it directly
[INFO] [stdout]    |
[INFO] [stdout] 26 -     task_id_map: HashMap<tokio::task::Id, QuestId>,
[INFO] [stdout] 26 +     task_id_map: HashMap<Id, QuestId>,
[INFO] [stdout]    |
[INFO] [stdout] 
[INFO] [stdout] 
[INFO] [stdout] warning: unused import: `Quest`
[INFO] [stdout]  --> crates/webaves/src/fetch/pipeline.rs:9:58
[INFO] [stdout]   |
[INFO] [stdout] 9 | use crate::{error::Error as CrateError, quest::{QuestId, Quest}};
[INFO] [stdout]   |                                                          ^^^^^
[INFO] [stdout]   |
[INFO] [stdout]   = note: `#[warn(unused_imports)]` on by default
[INFO] [stdout] 
[INFO] [stdout] 
[INFO] [stdout] error: aborting due to 2 previous errors
[INFO] [stdout] 
[INFO] [stdout] 
[INFO] [stdout] Some errors have detailed explanations: E0412, E0432.
[INFO] [stdout] 
[INFO] [stdout] For more information about an error, try `rustc --explain E0412`.
[INFO] [stdout] 
[INFO] [stderr] error: could not document `webaves`
[INFO] [stderr] 
[INFO] [stderr] Caused by:
[INFO] [stderr]   process didn't exit successfully: `rustdoc --edition=2021 --crate-type lib --crate-name webaves crates/webaves/src/lib.rs -o /opt/rustwide/target/doc --error-format=json --json=diagnostic-rendered-ansi,artifacts,future-incompat --document-private-items -C metadata=52e16dc1e7f0fd45 -L dependency=/opt/rustwide/target/debug/deps --extern async_trait=/opt/rustwide/target/debug/deps/libasync_trait-4f267a6e6ee8f40e.so --extern backoff=/opt/rustwide/target/debug/deps/libbackoff-350165ee98018f7b.rmeta --extern blake2=/opt/rustwide/target/debug/deps/libblake2-c5ad12ae15be1971.rmeta --extern brotli=/opt/rustwide/target/debug/deps/libbrotli-94c498e32104f8a0.rmeta --extern chrono=/opt/rustwide/target/debug/deps/libchrono-79dad78b4ca3c3ed.rmeta --extern data_encoding=/opt/rustwide/target/debug/deps/libdata_encoding-0f5d7e9bf36b9b28.rmeta --extern digest=/opt/rustwide/target/debug/deps/libdigest-5e6580bb2584c092.rmeta --extern dirs=/opt/rustwide/target/debug/deps/libdirs-0a664f3eaef76bf6.rmeta --extern flate2=/opt/rustwide/target/debug/deps/libflate2-7c96e447d3c58203.rmeta --extern fslock=/opt/rustwide/target/debug/deps/libfslock-39287461460c4dda.rmeta --extern include_dir=/opt/rustwide/target/debug/deps/libinclude_dir-fa9a7e1fd4ca43f6.rmeta --extern lazy_static=/opt/rustwide/target/debug/deps/liblazy_static-701e134f05ff346a.rmeta --extern md5=/opt/rustwide/target/debug/deps/libmd5-6753c3ab1147584f.rmeta --extern mx3=/opt/rustwide/target/debug/deps/libmx3-1f5496b20d2c0bc6.rmeta --extern nom=/opt/rustwide/target/debug/deps/libnom-803d0a0845b75843.rmeta --extern percent_encoding=/opt/rustwide/target/debug/deps/libpercent_encoding-7752a685f98d59d0.rmeta --extern rand=/opt/rustwide/target/debug/deps/librand-b01cd535665e17f6.rmeta --extern regex=/opt/rustwide/target/debug/deps/libregex-d9d45360be517a78.rmeta --extern rusqlite=/opt/rustwide/target/debug/deps/librusqlite-7168adec20047899.rmeta --extern rustyknife=/opt/rustwide/target/debug/deps/librustyknife-abb6f78faa97d411.rmeta --extern serde=/opt/rustwide/target/debug/deps/libserde-4ea144409f51c94d.rmeta --extern sha1=/opt/rustwide/target/debug/deps/libsha1-bc78c22df8d4940e.rmeta --extern sha2=/opt/rustwide/target/debug/deps/libsha2-38a506e1dbfd8ebb.rmeta --extern sha3=/opt/rustwide/target/debug/deps/libsha3-65c5a343e966ad54.rmeta --extern tarpc=/opt/rustwide/target/debug/deps/libtarpc-7e65f8a74d860807.rmeta --extern thiserror=/opt/rustwide/target/debug/deps/libthiserror-178cea9722a69454.rmeta --extern tokio=/opt/rustwide/target/debug/deps/libtokio-24082c8e5d0a5377.rmeta --extern tokio_serde=/opt/rustwide/target/debug/deps/libtokio_serde-7ce0dda00351a234.rmeta --extern tokio_util=/opt/rustwide/target/debug/deps/libtokio_util-14a7b31ab35742f3.rmeta --extern tracing=/opt/rustwide/target/debug/deps/libtracing-5ba54f2d4b0d74b2.rmeta --extern trust_dns_resolver=/opt/rustwide/target/debug/deps/libtrust_dns_resolver-0174ee6499ccebe9.rmeta --extern url=/opt/rustwide/target/debug/deps/liburl-54a451ac0bad1878.rmeta --extern utf8=/opt/rustwide/target/debug/deps/libutf8-e8e9c69d8904944b.rmeta --extern uuid=/opt/rustwide/target/debug/deps/libuuid-18187a02aa4453ec.rmeta --extern whoami=/opt/rustwide/target/debug/deps/libwhoami-4bb4a966d9389eeb.rmeta --extern zstd=/opt/rustwide/target/debug/deps/libzstd-d26985d1c392dbf8.rmeta --cap-lints=warn --crate-version 0.1.0` (exit status: 1)
[INFO] [stderr] warning: build failed, waiting for other jobs to finish...
[INFO] [stdout] error: aborting due to 2 previous errors; 1 warning emitted
[INFO] [stdout] 
[INFO] [stdout] 
[INFO] [stdout] Some errors have detailed explanations: E0412, E0432.
[INFO] [stdout] 
[INFO] [stdout] For more information about an error, try `rustc --explain E0412`.
[INFO] [stdout] 
[INFO] [stderr] error: could not compile `webaves` (lib) due to 3 previous errors; 1 warning emitted
[INFO] running `Command { std: "docker" "inspect" "1198a31ccd668a847cef3cd338294773819a3120483f7f943b6ce1fce23a5655", kill_on_drop: false }`
[INFO] running `Command { std: "docker" "rm" "-f" "1198a31ccd668a847cef3cd338294773819a3120483f7f943b6ce1fce23a5655", kill_on_drop: false }`
[INFO] [stdout] 1198a31ccd668a847cef3cd338294773819a3120483f7f943b6ce1fce23a5655
