[INFO] cloning repository https://github.com/bsvercl/ib-rs
[INFO] running `Command { std: "git" "-c" "credential.helper=" "-c" "credential.helper=/workspace/cargo-home/bin/git-credential-null" "clone" "--bare" "https://github.com/bsvercl/ib-rs" "/workspace/cache/git-repos/https%3A%2F%2Fgithub.com%2Fbsvercl%2Fib-rs", kill_on_drop: false }`
[INFO] [stderr] Cloning into bare repository '/workspace/cache/git-repos/https%3A%2F%2Fgithub.com%2Fbsvercl%2Fib-rs'...
[INFO] running `Command { std: "git" "rev-parse" "HEAD", kill_on_drop: false }`
[INFO] [stdout] bf95f1ca406107cb01774185239f6dd4a8a041f6
[INFO] documenting bsvercl/ib-rs against beta-2023-04-20 for beta-1.70-rustdoc-1
[INFO] running `Command { std: "git" "clone" "/workspace/cache/git-repos/https%3A%2F%2Fgithub.com%2Fbsvercl%2Fib-rs" "/workspace/builds/worker-4-tc2/source", kill_on_drop: false }`
[INFO] [stderr] Cloning into '/workspace/builds/worker-4-tc2/source'...
[INFO] [stderr] done.
[INFO] validating manifest of git repo https://github.com/bsvercl/ib-rs on toolchain beta-2023-04-20
[INFO] running `Command { std: CARGO_HOME="/workspace/cargo-home" RUSTUP_HOME="/workspace/rustup-home" "/workspace/cargo-home/bin/cargo" "+beta-2023-04-20" "metadata" "--manifest-path" "Cargo.toml" "--no-deps", kill_on_drop: false }`
[INFO] started tweaking git repo https://github.com/bsvercl/ib-rs
[INFO] finished tweaking git repo https://github.com/bsvercl/ib-rs
[INFO] tweaked toml for git repo https://github.com/bsvercl/ib-rs written to /workspace/builds/worker-4-tc2/source/Cargo.toml
[INFO] crate git repo https://github.com/bsvercl/ib-rs already has a lockfile, it will not be regenerated
[INFO] running `Command { std: CARGO_HOME="/workspace/cargo-home" RUSTUP_HOME="/workspace/rustup-home" "/workspace/cargo-home/bin/cargo" "+beta-2023-04-20" "fetch" "--manifest-path" "Cargo.toml", kill_on_drop: false }`
[INFO] [stderr]     Updating crates.io index
[INFO] [stderr]  Downloading crates ...
[INFO] [stderr]   Downloaded x11-dl v2.14.0
[INFO] [stderr]   Downloaded gl_generator v0.5.3
[INFO] [stderr]   Downloaded target_build_utils v0.3.1
[INFO] [stderr]   Downloaded arrayvec v0.3.23
[INFO] [stderr]   Downloaded num-bigint v0.1.37
[INFO] [stderr]   Downloaded fps_counter v0.2.0
[INFO] [stderr]   Downloaded petgraph v0.2.9
[INFO] [stderr]   Downloaded wayland-client v0.8.7
[INFO] [stderr]   Downloaded piston v0.32.0
[INFO] [stderr]   Downloaded rayon-core v1.0.2
[INFO] [stderr]   Downloaded gl v0.6.2
[INFO] [stderr]   Downloaded ncollide_geometry v0.3.0
[INFO] [stderr]   Downloaded redox_syscall v0.1.18
[INFO] [stderr]   Downloaded rayon v0.7.1
[INFO] [stderr]   Downloaded ncollide_pipeline v0.10.0
[INFO] [stderr]   Downloaded ncollide_utils v0.6.0
[INFO] [stderr]   Downloaded wayland-kbd v0.8.0
[INFO] [stderr]   Downloaded ncollide_procedural v0.6.0
[INFO] [stderr]   Downloaded conrod v0.52.0
[INFO] [stderr]   Downloaded fixedbitset v0.1.6
[INFO] [stderr]   Downloaded daggy v0.4.1
[INFO] [stderr]   Downloaded alga v0.5.1
[INFO] [stderr]   Downloaded khronos_api v1.0.1
[INFO] [stderr]   Downloaded generic-array v0.2.1
[INFO] [stderr]   Downloaded num-complex v0.1.37
[INFO] [stderr]   Downloaded pistoncore-event_loop v0.32.0
[INFO] [stderr]   Downloaded num_cpus v1.5.1
[INFO] [stderr]   Downloaded piston2d-opengl_graphics v0.43.1
[INFO] [stderr]   Downloaded wayland-window v0.5.0
[INFO] [stderr]   Downloaded winit v0.6.4
[INFO] [stderr]   Downloaded nalgebra v0.11.2
[INFO] [stderr]   Downloaded ncollide v0.11.0
[INFO] [stderr]   Downloaded nphysics2d v0.6.1
[INFO] [stderr]   Downloaded gleam v0.4.5
[INFO] [stderr]   Downloaded wayland-scanner v0.8.7
[INFO] [stderr]   Downloaded wayland-sys v0.8.7
[INFO] [stderr]   Downloaded glutin v0.8.1
[INFO] [stderr]   Downloaded pistoncore-input v0.18.0
[INFO] [stderr]   Downloaded pistoncore-window v0.27.0
[INFO] [stderr]   Downloaded pistoncore-glutin_window v0.37.0
[INFO] [stderr]   Downloaded libc v0.2.23
[INFO] [stderr]   Downloaded ncollide_transformation v0.6.0
[INFO] [stderr]   Downloaded ncollide_math v0.6.0
[INFO] [stderr]   Downloaded khronos_api v0.0.8
[INFO] running `Command { std: "docker" "create" "-v" "/var/lib/crater-agent-workspace/builds/worker-4-tc2/target:/opt/rustwide/target:rw,Z" "-v" "/var/lib/crater-agent-workspace/builds/worker-4-tc2/source:/opt/rustwide/workdir:ro,Z" "-v" "/var/lib/crater-agent-workspace/cargo-home:/opt/rustwide/cargo-home:ro,Z" "-v" "/var/lib/crater-agent-workspace/rustup-home:/opt/rustwide/rustup-home:ro,Z" "-e" "SOURCE_DIR=/opt/rustwide/workdir" "-e" "CARGO_TARGET_DIR=/opt/rustwide/target" "-e" "CARGO_HOME=/opt/rustwide/cargo-home" "-e" "RUSTUP_HOME=/opt/rustwide/rustup-home" "-w" "/opt/rustwide/workdir" "-m" "1610612736" "--user" "0:0" "--network" "none" "ghcr.io/rust-lang/crates-build-env/linux@sha256:5ff2268d62e97bff2cde7d5815dd6ed5b47097566f13b8d0ca110b04b60e07ed" "/opt/rustwide/cargo-home/bin/cargo" "+beta-2023-04-20" "metadata" "--no-deps" "--format-version=1", kill_on_drop: false }`
[INFO] [stdout] bd132f5e6e0045d964abfa539f7849242e899989c6ac93bbc6b0b61e0366f81a
[INFO] running `Command { std: "docker" "start" "-a" "bd132f5e6e0045d964abfa539f7849242e899989c6ac93bbc6b0b61e0366f81a", kill_on_drop: false }`
[INFO] running `Command { std: "docker" "inspect" "bd132f5e6e0045d964abfa539f7849242e899989c6ac93bbc6b0b61e0366f81a", kill_on_drop: false }`
[INFO] running `Command { std: "docker" "rm" "-f" "bd132f5e6e0045d964abfa539f7849242e899989c6ac93bbc6b0b61e0366f81a", kill_on_drop: false }`
[INFO] [stdout] bd132f5e6e0045d964abfa539f7849242e899989c6ac93bbc6b0b61e0366f81a
[INFO] running `Command { std: "docker" "create" "-v" "/var/lib/crater-agent-workspace/builds/worker-4-tc2/target:/opt/rustwide/target:rw,Z" "-v" "/var/lib/crater-agent-workspace/builds/worker-4-tc2/source:/opt/rustwide/workdir:ro,Z" "-v" "/var/lib/crater-agent-workspace/cargo-home:/opt/rustwide/cargo-home:ro,Z" "-v" "/var/lib/crater-agent-workspace/rustup-home:/opt/rustwide/rustup-home:ro,Z" "-e" "SOURCE_DIR=/opt/rustwide/workdir" "-e" "CARGO_TARGET_DIR=/opt/rustwide/target" "-e" "CARGO_INCREMENTAL=0" "-e" "RUST_BACKTRACE=full" "-e" "RUSTFLAGS=--cap-lints=warn" "-e" "RUSTDOCFLAGS=--cap-lints=warn" "-e" "CARGO_HOME=/opt/rustwide/cargo-home" "-e" "RUSTUP_HOME=/opt/rustwide/rustup-home" "-w" "/opt/rustwide/workdir" "-m" "1610612736" "--user" "0:0" "--network" "none" "ghcr.io/rust-lang/crates-build-env/linux@sha256:5ff2268d62e97bff2cde7d5815dd6ed5b47097566f13b8d0ca110b04b60e07ed" "/opt/rustwide/cargo-home/bin/cargo" "+beta-2023-04-20" "doc" "--frozen" "--no-deps" "--document-private-items" "--message-format=json", kill_on_drop: false }`
[INFO] [stdout] 8189838888b1c5f1f3e5b98866f29ae0504c4654f97868064844dee058bc3d8d
[INFO] running `Command { std: "docker" "start" "-a" "8189838888b1c5f1f3e5b98866f29ae0504c4654f97868064844dee058bc3d8d", kill_on_drop: false }`
[INFO] [stderr]     Checking libc v0.2.23
[INFO] [stderr]     Checking rustc-serialize v0.3.24
[INFO] [stderr]     Checking num-traits v0.1.37
[INFO] [stderr]    Compiling siphasher v0.2.2
[INFO] [stderr]    Compiling bitflags v0.7.0
[INFO] [stderr]     Checking lazy_static v0.2.8
[INFO] [stderr]    Compiling serde v0.9.15
[INFO] [stderr]    Compiling itoa v0.3.1
[INFO] [stderr]    Compiling dtoa v0.4.1
[INFO] [stderr]    Compiling typenum v1.9.0
[INFO] [stderr]     Checking approx v0.1.1
[INFO] [stderr]     Checking piston-float v0.3.0
[INFO] [stderr]    Compiling winapi-build v0.1.1
[INFO] [stderr]     Checking byteorder v1.0.0
[INFO] [stderr]    Compiling xml-rs v0.3.6
[INFO] [stderr]    Compiling log v0.3.8
[INFO] [stderr]    Compiling khronos_api v1.0.1
[INFO] [stderr]     Checking piston-viewport v0.3.0
[INFO] [stderr]    Compiling phf_shared v0.7.21
[INFO] [stderr]    Compiling semver v0.1.20
[INFO] [stderr]     Checking winapi v0.2.8
[INFO] [stderr]     Checking bitflags v0.8.2
[INFO] [stderr]    Compiling rayon-core v1.0.2
[INFO] [stderr]    Compiling kernel32-sys v0.2.2
[INFO] [stderr]    Compiling rand v0.3.15
[INFO] [stderr]    Compiling pkg-config v0.3.9
[INFO] [stderr]     Checking num_cpus v1.5.1
[INFO] [stderr]    Compiling phf v0.7.21
[INFO] [stderr]     Checking odds v0.2.25
[INFO] [stderr]     Checking num-integer v0.1.34
[INFO] [stderr]    Compiling rustc_version v0.1.7
[INFO] [stderr]     Checking shader_version v0.2.2
[INFO] [stderr]     Checking deque v0.3.2
[INFO] [stderr]     Checking shared_library v0.1.5
[INFO] [stderr]     Checking byteorder v0.4.2
[INFO] [stderr]     Checking num-iter v0.1.33
[INFO] [stderr]     Checking adler32 v1.0.0
[INFO] [stderr]     Checking vecmath v0.3.0
[INFO] [stderr]     Checking interpolation v0.1.0
[INFO] [stderr]     Checking nodrop v0.1.9
[INFO] [stderr]    Compiling wayland-scanner v0.8.7
[INFO] [stderr]    Compiling gl_generator v0.5.3
[INFO] [stderr]     Checking fs2 v0.2.5
[INFO] [stderr]     Checking stb_truetype v0.2.1
[INFO] [stderr]     Checking deflate v0.7.11
[INFO] [stderr]     Checking arrayvec v0.3.23
[INFO] [stderr]    Compiling tempfile v2.1.5
[INFO] [stderr]     Checking color_quant v1.0.0
[INFO] [stderr]    Compiling x11-dl v2.14.0
[INFO] [stderr]    Compiling phf_generator v0.7.21
[INFO] [stderr]     Checking memmap v0.4.0
[INFO] [stderr]     Checking piston-texture v0.5.0
[INFO] [stderr]     Checking lzw v0.10.0
[INFO] [stderr]    Compiling phf_codegen v0.7.21
[INFO] [stderr]     Checking rayon v0.7.1
[INFO] [stderr]     Checking inflate v0.2.0
[INFO] [stderr]     Checking read_color v0.1.0
[INFO] [stderr]     Checking linked-hash-map v0.0.10
[INFO] [stderr]     Checking fixedbitset v0.1.6
[INFO] [stderr]     Checking osmesa-sys v0.1.2
[INFO] [stderr]     Checking gif v0.9.1
[INFO] [stderr]     Checking piston2d-graphics v0.21.1
[INFO] [stderr]    Compiling target_build_utils v0.3.1
[INFO] [stderr]     Checking enum_primitive v0.1.1
[INFO] [stderr]     Checking rusttype v0.2.1
[INFO] [stderr]     Checking fnv v1.0.5
[INFO] [stderr]     Checking petgraph v0.2.9
[INFO] [stderr]    Compiling wayland-client v0.8.7
[INFO] [stderr]     Checking scoped_threadpool v0.1.7
[INFO] [stderr]     Checking time v0.1.37
[INFO] [stderr]     Checking piston-shaders_graphics2d v0.3.1
[INFO] [stderr]     Checking num-complex v0.1.37
[INFO] [stderr]     Checking generic-array v0.2.1
[INFO] [stderr]     Checking num-bigint v0.1.37
[INFO] [stderr]     Checking pistoncore-input v0.18.0
[INFO] [stdout] error[E0034]: multiple applicable items in scope
[INFO] [stdout]    --> /opt/rustwide/cargo-home/registry/src/index.crates.io-6f17d22bba15001f/petgraph-0.2.9/src/graph.rs:421:21
[INFO] [stdout]     |
[INFO] [stdout] 421 |         assert!(Ix::max().index() == !0 || NodeIndex::end() != node_idx);
[INFO] [stdout]     |                     ^^^ multiple `max` found
[INFO] [stdout]     |
[INFO] [stdout] note: candidate #1 is defined in the trait `IndexType`
[INFO] [stdout]    --> /opt/rustwide/cargo-home/registry/src/index.crates.io-6f17d22bba15001f/petgraph-0.2.9/src/graph.rs:31:5
[INFO] [stdout]     |
[INFO] [stdout] 31  |     fn max() -> Self;
[INFO] [stdout]     |     ^^^^^^^^^^^^^^^^^
[INFO] [stdout] note: candidate #2 is defined in the trait `Ord`
[INFO] [stdout]    --> /rustc/1b7dd2252b99671ce5d1cb9664c5f8636329436d/library/core/src/cmp.rs:799:5
[INFO] [stdout] help: disambiguate the associated function for candidate #1
[INFO] [stdout]     |
[INFO] [stdout] 421 |         assert!(<Ix as IndexType>::max().index() == !0 || NodeIndex::end() != node_idx);
[INFO] [stdout]     |                 ~~~~~~~~~~~~~~~~~~~
[INFO] [stdout] help: disambiguate the method for candidate #2
[INFO] [stdout]     |
[INFO] [stdout] 421 |         assert!(<Ix as Ord>::max().index() == !0 || NodeIndex::end() != node_idx);
[INFO] [stdout]     |                 ~~~~~~~~~~~~~
[INFO] [stdout] 
[INFO] [stdout] 
[INFO] [stderr]    Compiling gl v0.6.2
[INFO] [stdout] error[E0308]: mismatched types
[INFO] [stdout]    --> /opt/rustwide/cargo-home/registry/src/index.crates.io-6f17d22bba15001f/petgraph-0.2.9/src/graph.rs:421:38
[INFO] [stdout]     |
[INFO] [stdout] 374 | impl<N, E, Ty, Ix> Graph<N, E, Ty, Ix>
[INFO] [stdout]     |                -- this type parameter
[INFO] [stdout] ...
[INFO] [stdout] 421 |         assert!(Ix::max().index() == !0 || NodeIndex::end() != node_idx);
[INFO] [stdout]     |                                      ^^ expected type parameter `Ix`, found integer
[INFO] [stdout]     |
[INFO] [stdout]     = note: expected type parameter `Ix`
[INFO] [stdout]                          found type `{integer}`
[INFO] [stdout] 
[INFO] [stdout] 
[INFO] [stdout] error[E0034]: multiple applicable items in scope
[INFO] [stdout]    --> /opt/rustwide/cargo-home/registry/src/index.crates.io-6f17d22bba15001f/petgraph-0.2.9/src/graph.rs:458:21
[INFO] [stdout]     |
[INFO] [stdout] 458 |         assert!(Ix::max().index() == !0 || EdgeIndex::end() != edge_idx);
[INFO] [stdout]     |                     ^^^ multiple `max` found
[INFO] [stdout]     |
[INFO] [stdout] note: candidate #1 is defined in the trait `IndexType`
[INFO] [stdout]    --> /opt/rustwide/cargo-home/registry/src/index.crates.io-6f17d22bba15001f/petgraph-0.2.9/src/graph.rs:31:5
[INFO] [stdout]     |
[INFO] [stdout] 31  |     fn max() -> Self;
[INFO] [stdout]     |     ^^^^^^^^^^^^^^^^^
[INFO] [stdout] note: candidate #2 is defined in the trait `Ord`
[INFO] [stdout]    --> /rustc/1b7dd2252b99671ce5d1cb9664c5f8636329436d/library/core/src/cmp.rs:799:5
[INFO] [stdout] help: disambiguate the associated function for candidate #1
[INFO] [stdout]     |
[INFO] [stdout] 458 |         assert!(<Ix as IndexType>::max().index() == !0 || EdgeIndex::end() != edge_idx);
[INFO] [stdout]     |                 ~~~~~~~~~~~~~~~~~~~
[INFO] [stdout] help: disambiguate the method for candidate #2
[INFO] [stdout]     |
[INFO] [stdout] 458 |         assert!(<Ix as Ord>::max().index() == !0 || EdgeIndex::end() != edge_idx);
[INFO] [stdout]     |                 ~~~~~~~~~~~~~
[INFO] [stdout] 
[INFO] [stdout] 
[INFO] [stdout] error[E0308]: mismatched types
[INFO] [stdout]    --> /opt/rustwide/cargo-home/registry/src/index.crates.io-6f17d22bba15001f/petgraph-0.2.9/src/graph.rs:458:38
[INFO] [stdout]     |
[INFO] [stdout] 374 | impl<N, E, Ty, Ix> Graph<N, E, Ty, Ix>
[INFO] [stdout]     |                -- this type parameter
[INFO] [stdout] ...
[INFO] [stdout] 458 |         assert!(Ix::max().index() == !0 || EdgeIndex::end() != edge_idx);
[INFO] [stdout]     |                                      ^^ expected type parameter `Ix`, found integer
[INFO] [stdout]     |
[INFO] [stdout]     = note: expected type parameter `Ix`
[INFO] [stdout]                          found type `{integer}`
[INFO] [stdout] 
[INFO] [stdout] 
[INFO] [stderr]    Compiling glutin v0.8.1
[INFO] [stderr]     Checking fps_counter v0.2.0
[INFO] [stderr]     Checking jpeg-decoder v0.1.12
[INFO] [stdout] error: aborting due to 4 previous errors
[INFO] [stdout] 
[INFO] [stdout] 
[INFO] [stdout] Some errors have detailed explanations: E0034, E0308.
[INFO] [stdout] 
[INFO] [stdout] For more information about an error, try `rustc --explain E0034`.
[INFO] [stdout] 
[INFO] [stderr] error: could not compile `petgraph` (lib) due to 5 previous errors
[INFO] [stderr] warning: build failed, waiting for other jobs to finish...
[INFO] [stdout] error[E0311]: the parameter type `K` may not live long enough
[INFO] [stdout]   --> /opt/rustwide/cargo-home/registry/src/index.crates.io-6f17d22bba15001f/rusttype-0.2.1/src/support/bst/map.rs:81:19
[INFO] [stdout]    |
[INFO] [stdout] 81 |             match node.force() {
[INFO] [stdout]    |                   ^^^^
[INFO] [stdout]    |
[INFO] [stdout] note: the parameter type `K` must be valid for the anonymous lifetime defined here...
[INFO] [stdout]   --> /opt/rustwide/cargo-home/registry/src/index.crates.io-6f17d22bba15001f/rusttype-0.2.1/src/support/bst/map.rs:78:37
[INFO] [stdout]    |
[INFO] [stdout] 78 |                 node: node::NodeRef<marker::Immut, K, V, marker::LeafOrInternal>)
[INFO] [stdout]    |                                     ^^^^^^^^^^^^^
[INFO] [stdout] note: ...so that the type `K` will meet its required lifetime bounds
[INFO] [stdout]   --> /opt/rustwide/cargo-home/registry/src/index.crates.io-6f17d22bba15001f/rusttype-0.2.1/src/support/bst/map.rs:81:19
[INFO] [stdout]    |
[INFO] [stdout] 81 |             match node.force() {
[INFO] [stdout]    |                   ^^^^
[INFO] [stdout] help: consider adding an explicit lifetime bound...
[INFO] [stdout]    |
[INFO] [stdout] 77 ~         fn clone_subtree<'a, K: Clone + 'a, V: Clone>(
[INFO] [stdout] 78 ~                 node: node::NodeRef<marker::Immut<'a>, K, V, marker::LeafOrInternal>)
[INFO] [stdout]    |
[INFO] [stdout] 
[INFO] [stdout] 
[INFO] [stdout] error[E0311]: the parameter type `V` may not live long enough
[INFO] [stdout]   --> /opt/rustwide/cargo-home/registry/src/index.crates.io-6f17d22bba15001f/rusttype-0.2.1/src/support/bst/map.rs:81:19
[INFO] [stdout]    |
[INFO] [stdout] 81 |             match node.force() {
[INFO] [stdout]    |                   ^^^^
[INFO] [stdout]    |
[INFO] [stdout] note: the parameter type `V` must be valid for the anonymous lifetime defined here...
[INFO] [stdout]   --> /opt/rustwide/cargo-home/registry/src/index.crates.io-6f17d22bba15001f/rusttype-0.2.1/src/support/bst/map.rs:78:37
[INFO] [stdout]    |
[INFO] [stdout] 78 |                 node: node::NodeRef<marker::Immut, K, V, marker::LeafOrInternal>)
[INFO] [stdout]    |                                     ^^^^^^^^^^^^^
[INFO] [stdout] note: ...so that the type `V` will meet its required lifetime bounds
[INFO] [stdout]   --> /opt/rustwide/cargo-home/registry/src/index.crates.io-6f17d22bba15001f/rusttype-0.2.1/src/support/bst/map.rs:81:19
[INFO] [stdout]    |
[INFO] [stdout] 81 |             match node.force() {
[INFO] [stdout]    |                   ^^^^
[INFO] [stdout] help: consider adding an explicit lifetime bound...
[INFO] [stdout]    |
[INFO] [stdout] 77 ~         fn clone_subtree<'a, K: Clone, V: Clone + 'a>(
[INFO] [stdout] 78 ~                 node: node::NodeRef<marker::Immut<'a>, K, V, marker::LeafOrInternal>)
[INFO] [stdout]    |
[INFO] [stdout] 
[INFO] [stdout] 
[INFO] [stdout] error: aborting due to 2 previous errors
[INFO] [stdout] 
[INFO] [stdout] 
[INFO] [stdout] For more information about this error, try `rustc --explain E0311`.
[INFO] [stdout] 
[INFO] [stderr] error: could not compile `rusttype` (lib) due to 3 previous errors
[INFO] running `Command { std: "docker" "inspect" "8189838888b1c5f1f3e5b98866f29ae0504c4654f97868064844dee058bc3d8d", kill_on_drop: false }`
[INFO] running `Command { std: "docker" "rm" "-f" "8189838888b1c5f1f3e5b98866f29ae0504c4654f97868064844dee058bc3d8d", kill_on_drop: false }`
[INFO] [stdout] 8189838888b1c5f1f3e5b98866f29ae0504c4654f97868064844dee058bc3d8d
