[INFO] cloning repository https://github.com/bretzle/kunzite
[INFO] running `Command { std: "git" "-c" "credential.helper=" "-c" "credential.helper=/workspace/cargo-home/bin/git-credential-null" "clone" "--bare" "https://github.com/bretzle/kunzite" "/workspace/cache/git-repos/https%3A%2F%2Fgithub.com%2Fbretzle%2Fkunzite", kill_on_drop: false }`
[INFO] [stderr] Cloning into bare repository '/workspace/cache/git-repos/https%3A%2F%2Fgithub.com%2Fbretzle%2Fkunzite'...
[INFO] running `Command { std: "git" "rev-parse" "HEAD", kill_on_drop: false }`
[INFO] [stdout] 3767d979047eda0cd336b942d2e471caf2147486
[INFO] documenting bretzle/kunzite against beta-2023-04-20 for beta-1.70-rustdoc-1
[INFO] running `Command { std: "git" "clone" "/workspace/cache/git-repos/https%3A%2F%2Fgithub.com%2Fbretzle%2Fkunzite" "/workspace/builds/worker-2-tc2/source", kill_on_drop: false }`
[INFO] [stderr] Cloning into '/workspace/builds/worker-2-tc2/source'...
[INFO] [stderr] done.
[INFO] validating manifest of git repo https://github.com/bretzle/kunzite on toolchain beta-2023-04-20
[INFO] running `Command { std: CARGO_HOME="/workspace/cargo-home" RUSTUP_HOME="/workspace/rustup-home" "/workspace/cargo-home/bin/cargo" "+beta-2023-04-20" "metadata" "--manifest-path" "Cargo.toml" "--no-deps", kill_on_drop: false }`
[INFO] started tweaking git repo https://github.com/bretzle/kunzite
[INFO] finished tweaking git repo https://github.com/bretzle/kunzite
[INFO] tweaked toml for git repo https://github.com/bretzle/kunzite written to /workspace/builds/worker-2-tc2/source/Cargo.toml
[INFO] crate git repo https://github.com/bretzle/kunzite already has a lockfile, it will not be regenerated
[INFO] running `Command { std: CARGO_HOME="/workspace/cargo-home" RUSTUP_HOME="/workspace/rustup-home" "/workspace/cargo-home/bin/cargo" "+beta-2023-04-20" "fetch" "--manifest-path" "Cargo.toml", kill_on_drop: false }`
[INFO] running `Command { std: "docker" "create" "-v" "/var/lib/crater-agent-workspace/builds/worker-2-tc2/target:/opt/rustwide/target:rw,Z" "-v" "/var/lib/crater-agent-workspace/builds/worker-2-tc2/source:/opt/rustwide/workdir:ro,Z" "-v" "/var/lib/crater-agent-workspace/cargo-home:/opt/rustwide/cargo-home:ro,Z" "-v" "/var/lib/crater-agent-workspace/rustup-home:/opt/rustwide/rustup-home:ro,Z" "-e" "SOURCE_DIR=/opt/rustwide/workdir" "-e" "CARGO_TARGET_DIR=/opt/rustwide/target" "-e" "CARGO_HOME=/opt/rustwide/cargo-home" "-e" "RUSTUP_HOME=/opt/rustwide/rustup-home" "-w" "/opt/rustwide/workdir" "-m" "1610612736" "--user" "0:0" "--network" "none" "ghcr.io/rust-lang/crates-build-env/linux@sha256:5ff2268d62e97bff2cde7d5815dd6ed5b47097566f13b8d0ca110b04b60e07ed" "/opt/rustwide/cargo-home/bin/cargo" "+beta-2023-04-20" "metadata" "--no-deps" "--format-version=1", kill_on_drop: false }`
[INFO] [stdout] bcb2648a3dff95536de3ba75d1327332b35fc40dfaeaec2cd03bf8e7fefb233b
[INFO] running `Command { std: "docker" "start" "-a" "bcb2648a3dff95536de3ba75d1327332b35fc40dfaeaec2cd03bf8e7fefb233b", kill_on_drop: false }`
[INFO] running `Command { std: "docker" "inspect" "bcb2648a3dff95536de3ba75d1327332b35fc40dfaeaec2cd03bf8e7fefb233b", kill_on_drop: false }`
[INFO] running `Command { std: "docker" "rm" "-f" "bcb2648a3dff95536de3ba75d1327332b35fc40dfaeaec2cd03bf8e7fefb233b", kill_on_drop: false }`
[INFO] [stdout] bcb2648a3dff95536de3ba75d1327332b35fc40dfaeaec2cd03bf8e7fefb233b
[INFO] running `Command { std: "docker" "create" "-v" "/var/lib/crater-agent-workspace/builds/worker-2-tc2/target:/opt/rustwide/target:rw,Z" "-v" "/var/lib/crater-agent-workspace/builds/worker-2-tc2/source:/opt/rustwide/workdir:ro,Z" "-v" "/var/lib/crater-agent-workspace/cargo-home:/opt/rustwide/cargo-home:ro,Z" "-v" "/var/lib/crater-agent-workspace/rustup-home:/opt/rustwide/rustup-home:ro,Z" "-e" "SOURCE_DIR=/opt/rustwide/workdir" "-e" "CARGO_TARGET_DIR=/opt/rustwide/target" "-e" "CARGO_INCREMENTAL=0" "-e" "RUST_BACKTRACE=full" "-e" "RUSTFLAGS=--cap-lints=warn" "-e" "RUSTDOCFLAGS=--cap-lints=warn" "-e" "CARGO_HOME=/opt/rustwide/cargo-home" "-e" "RUSTUP_HOME=/opt/rustwide/rustup-home" "-w" "/opt/rustwide/workdir" "-m" "1610612736" "--user" "0:0" "--network" "none" "ghcr.io/rust-lang/crates-build-env/linux@sha256:5ff2268d62e97bff2cde7d5815dd6ed5b47097566f13b8d0ca110b04b60e07ed" "/opt/rustwide/cargo-home/bin/cargo" "+beta-2023-04-20" "doc" "--frozen" "--no-deps" "--document-private-items" "--message-format=json", kill_on_drop: false }`
[INFO] [stdout] 4a9cdef2d09d5b29791f39b98513db0601e773dd933a53100bb925fbf75a0dce
[INFO] running `Command { std: "docker" "start" "-a" "4a9cdef2d09d5b29791f39b98513db0601e773dd933a53100bb925fbf75a0dce", kill_on_drop: false }`
[INFO] [stderr]    Compiling libc v0.2.102
[INFO] [stderr]    Compiling xml-rs v0.8.4
[INFO] [stderr]    Compiling proc-macro2 v1.0.29
[INFO] [stderr]    Compiling pkg-config v0.3.19
[INFO] [stderr]     Checking once_cell v1.8.0
[INFO] [stderr]     Checking bitflags v1.3.2
[INFO] [stderr]    Compiling memchr v2.4.1
[INFO] [stderr]     Checking smallvec v1.6.1
[INFO] [stderr]    Compiling khronos_api v3.1.0
[INFO] [stderr]     Checking libloading v0.7.0
[INFO] [stderr]    Compiling crossbeam-utils v0.8.5
[INFO] [stderr]    Compiling log v0.4.14
[INFO] [stderr]     Checking scopeguard v1.1.0
[INFO] [stderr]    Compiling memoffset v0.6.4
[INFO] [stderr]    Compiling cc v1.0.70
[INFO] [stderr]    Compiling nom v7.0.0
[INFO] [stderr]    Compiling crossbeam-epoch v0.9.5
[INFO] [stderr]     Checking scoped-tls v1.0.0
[INFO] [stderr]     Checking downcast-rs v1.2.0
[INFO] [stderr]     Checking dlib v0.5.0
[INFO] [stderr]    Compiling parking_lot_core v0.8.5
[INFO] [stderr]     Checking minimal-lexical v0.1.3
[INFO] [stderr]    Compiling nix v0.18.0
[INFO] [stderr]    Compiling crossbeam-queue v0.3.2
[INFO] [stderr]     Checking ttf-parser v0.6.2
[INFO] [stderr]     Checking instant v0.1.10
[INFO] [stderr]     Checking same-file v1.0.6
[INFO] [stderr]     Checking ab_glyph_rasterizer v0.1.4
[INFO] [stderr]     Checking lock_api v0.4.5
[INFO] [stderr]     Checking libloading v0.6.7
[INFO] [stderr]    Compiling gl_generator v0.14.0
[INFO] [stderr]     Checking walkdir v2.3.2
[INFO] [stderr]    Compiling wayland-sys v0.28.6
[INFO] [stderr]    Compiling x11-dl v2.18.5
[INFO] [stderr]     Checking xdg v2.2.0
[INFO] [stderr]    Compiling miniz_oxide v0.4.4
[INFO] [stderr]     Checking crossbeam-channel v0.5.1
[INFO] [stderr]     Checking dlib v0.4.2
[INFO] [stderr]    Compiling winit v0.25.0
[INFO] [stderr]     Checking gimli v0.25.0
[INFO] [stderr]     Checking crossbeam-deque v0.8.1
[INFO] [stderr]    Compiling quote v1.0.9
[INFO] [stderr]    Compiling syn v1.0.76
[INFO] [stderr]     Checking adler v1.0.2
[INFO] [stderr]     Checking object v0.26.2
[INFO] [stderr]     Checking rustc-demangle v0.1.21
[INFO] [stderr]    Compiling wayland-scanner v0.28.6
[INFO] [stderr]     Checking chlorine v1.0.7
[INFO] [stderr]    Compiling backtrace v0.3.61
[INFO] [stderr]    Compiling imgui-sys v0.8.1-alpha.0 (https://github.com/imgui-rs/imgui-rs.git#a6b61be5)
[INFO] [stderr]     Checking crossbeam v0.8.1
[INFO] [stderr]     Checking tracing-core v0.1.20
[INFO] [stderr]     Checking thread_local v1.1.3
[INFO] [stderr]     Checking owned_ttf_parser v0.6.0
[INFO] [stderr]     Checking sharded-slab v0.1.3
[INFO] [stderr]     Checking fnv v1.0.7
[INFO] [stderr]     Checking rusttype v0.9.2
[INFO] [stderr]     Checking takeable-option v0.5.0
[INFO] [stderr]    Compiling eyre v0.6.5
[INFO] [stderr]     Checking owo-colors v1.3.0
[INFO] [stderr]     Checking indenter v0.3.3
[INFO] [stderr]     Checking andrew v0.3.1
[INFO] [stderr]     Checking nix v0.20.0
[INFO] [stderr]     Checking memmap2 v0.1.0
[INFO] [stderr]     Checking mio v0.7.13
[INFO] [stderr]    Compiling glutin_egl_sys v0.1.5
[INFO] [stderr]    Compiling glutin_glx_sys v0.1.7
[INFO] [stderr]     Checking raw-window-handle v0.3.3
[INFO] [stderr]     Checking parking_lot v0.11.2
[INFO] [stderr]     Checking shared_library v0.1.9
[INFO] [stderr]    Compiling glium v0.30.2
[INFO] [stderr]     Checking tracing-subscriber v0.2.23
[INFO] [stderr]     Checking osmesa-sys v0.1.2
[INFO] [stderr]     Checking mio-misc v1.2.1
[INFO] [stderr]     Checking xcursor v0.3.4
[INFO] [stderr]    Compiling wayland-client v0.28.6
[INFO] [stderr]    Compiling wayland-protocols v0.28.6
[INFO] [stderr]     Checking addr2line v0.16.0
[INFO] [stderr]     Checking wayland-commons v0.28.6
[INFO] [stderr]     Checking calloop v0.6.5
[INFO] [stderr]     Checking wayland-cursor v0.28.6
[INFO] [stderr]     Checking wayland-egl v0.28.6
[INFO] [stderr]    Compiling tracing-attributes v0.1.16
[INFO] [stderr]     Checking tracing v0.1.28
[INFO] [stderr]     Checking tracing-error v0.1.2
[INFO] [stderr]     Checking color-spantrace v0.1.6
[INFO] [stderr]     Checking imgui v0.8.1-alpha.0 (https://github.com/imgui-rs/imgui-rs.git#a6b61be5)
[INFO] [stderr]     Checking color-eyre v0.5.11
[INFO] [stderr]     Checking smithay-client-toolkit v0.12.3
[INFO] [stderr]     Checking glutin v0.27.0
[INFO] [stderr]     Checking imgui-winit-support v0.8.1-alpha.0 (https://github.com/imgui-rs/imgui-rs.git#a6b61be5)
[INFO] [stderr]     Checking imgui-glium-renderer v0.8.1-alpha.0 (https://github.com/imgui-rs/imgui-rs.git#a6b61be5)
[INFO] [stderr]     Checking gui v0.1.0 (/opt/rustwide/workdir/crates/gui)
[INFO] [stderr]  Documenting gui v0.1.0 (/opt/rustwide/workdir/crates/gui)
[INFO] [stderr]  Documenting kunzite v0.1.0 (/opt/rustwide/workdir/crates/kunzite)
[INFO] [stdout] error[E0554]: `#![feature]` may not be used on the beta release channel
[INFO] [stdout]  --> crates/kunzite/src/main.rs:4:1
[INFO] [stdout]   |
[INFO] [stdout] 4 | #![feature(exclusive_range_pattern)]
[INFO] [stdout]   | ^^^^^^^^^^^^^^^^^^^^^^^^^^^^^^^^^^^^
[INFO] [stdout] 
[INFO] [stdout] 
[INFO] [stdout] error[E0554]: `#![feature]` may not be used on the beta release channel
[INFO] [stdout]  --> crates/kunzite/src/main.rs:5:1
[INFO] [stdout]   |
[INFO] [stdout] 5 | #![feature(const_panic)]
[INFO] [stdout]   | ^^^^^^^^^^^^^^^^^^^^^^^^ help: remove the attribute
[INFO] [stdout]   |
[INFO] [stdout]   = help: the feature `const_panic` has been stable since `1.57.0` and no longer requires an attribute to enable
[INFO] [stdout] 
[INFO] [stdout] 
[INFO] [stdout] error[E0554]: `#![feature]` may not be used on the beta release channel
[INFO] [stdout]  --> crates/kunzite/src/main.rs:6:1
[INFO] [stdout]   |
[INFO] [stdout] 6 | #![feature(option_result_unwrap_unchecked)]
[INFO] [stdout]   | ^^^^^^^^^^^^^^^^^^^^^^^^^^^^^^^^^^^^^^^^^^^
[INFO] [stdout] 
[INFO] [stdout] 
[INFO] [stdout] error: aborting due to 3 previous errors
[INFO] [stdout] 
[INFO] [stdout] 
[INFO] [stdout] For more information about this error, try `rustc --explain E0554`.
[INFO] [stdout] 
[INFO] [stderr] error: could not document `kunzite`
[INFO] [stderr] 
[INFO] [stderr] Caused by:
[INFO] [stderr]   process didn't exit successfully: `rustdoc --edition=2018 --crate-type bin --crate-name kunzite crates/kunzite/src/main.rs -o /opt/rustwide/target/doc --error-format=json --json=diagnostic-rendered-ansi,artifacts,future-incompat --document-private-items '-Arustdoc::private-intra-doc-links' -C metadata=a92e5a194b1302f7 -L dependency=/opt/rustwide/target/debug/deps --extern color_eyre=/opt/rustwide/target/debug/deps/libcolor_eyre-4f5cc894f3edbcec.rmeta --extern gui=/opt/rustwide/target/debug/deps/libgui-d49711952847b43a.rmeta --cap-lints=warn --crate-version 0.1.0` (exit status: 1)
[INFO] [stderr] warning: build failed, waiting for other jobs to finish...
[INFO] running `Command { std: "docker" "inspect" "4a9cdef2d09d5b29791f39b98513db0601e773dd933a53100bb925fbf75a0dce", kill_on_drop: false }`
[INFO] running `Command { std: "docker" "rm" "-f" "4a9cdef2d09d5b29791f39b98513db0601e773dd933a53100bb925fbf75a0dce", kill_on_drop: false }`
[INFO] [stdout] 4a9cdef2d09d5b29791f39b98513db0601e773dd933a53100bb925fbf75a0dce
