[INFO] cloning repository https://github.com/bparli/rustberrypi
[INFO] running `Command { std: "git" "-c" "credential.helper=" "-c" "credential.helper=/workspace/cargo-home/bin/git-credential-null" "clone" "--bare" "https://github.com/bparli/rustberrypi" "/workspace/cache/git-repos/https%3A%2F%2Fgithub.com%2Fbparli%2Frustberrypi", kill_on_drop: false }`
[INFO] [stderr] Cloning into bare repository '/workspace/cache/git-repos/https%3A%2F%2Fgithub.com%2Fbparli%2Frustberrypi'...
[INFO] running `Command { std: "git" "rev-parse" "HEAD", kill_on_drop: false }`
[INFO] [stdout] d5ad2d18bc72060f38eb5863fce098f110684ac2
[INFO] documenting bparli/rustberrypi against beta-2023-04-20 for beta-1.70-rustdoc-1
[INFO] running `Command { std: "git" "clone" "/workspace/cache/git-repos/https%3A%2F%2Fgithub.com%2Fbparli%2Frustberrypi" "/workspace/builds/worker-4-tc2/source", kill_on_drop: false }`
[INFO] [stderr] Cloning into '/workspace/builds/worker-4-tc2/source'...
[INFO] [stderr] done.
[INFO] validating manifest of git repo https://github.com/bparli/rustberrypi on toolchain beta-2023-04-20
[INFO] running `Command { std: CARGO_HOME="/workspace/cargo-home" RUSTUP_HOME="/workspace/rustup-home" "/workspace/cargo-home/bin/cargo" "+beta-2023-04-20" "metadata" "--manifest-path" "Cargo.toml" "--no-deps", kill_on_drop: false }`
[INFO] removed /workspace/builds/worker-4-tc2/source/.cargo/config
[INFO] started tweaking git repo https://github.com/bparli/rustberrypi
[INFO] removed 0 missing tests
[INFO] finished tweaking git repo https://github.com/bparli/rustberrypi
[INFO] tweaked toml for git repo https://github.com/bparli/rustberrypi written to /workspace/builds/worker-4-tc2/source/Cargo.toml
[INFO] crate git repo https://github.com/bparli/rustberrypi already has a lockfile, it will not be regenerated
[INFO] running `Command { std: CARGO_HOME="/workspace/cargo-home" RUSTUP_HOME="/workspace/rustup-home" "/workspace/cargo-home/bin/cargo" "+beta-2023-04-20" "fetch" "--manifest-path" "Cargo.toml", kill_on_drop: false }`
[INFO] [stderr]     Updating crates.io index
[INFO] [stderr]  Downloading crates ...
[INFO] [stderr]   Downloaded linked_list_allocator v0.8.4
[INFO] [stderr]   Downloaded tock-registers v0.5.0
[INFO] [stderr]   Downloaded array-init v0.0.4
[INFO] [stderr]   Downloaded register v0.5.1
[INFO] [stderr]   Downloaded managed v0.7.2
[INFO] [stderr]   Downloaded ux v0.1.3
[INFO] [stderr]   Downloaded x86_64 v0.7.7
[INFO] [stderr]   Downloaded smoltcp v0.7.0
[INFO] [stderr]   Downloaded qemu-exit v0.1.2
[INFO] [stderr]   Downloaded cortex-a v3.0.5
[INFO] running `Command { std: "docker" "create" "-v" "/var/lib/crater-agent-workspace/builds/worker-4-tc2/target:/opt/rustwide/target:rw,Z" "-v" "/var/lib/crater-agent-workspace/builds/worker-4-tc2/source:/opt/rustwide/workdir:ro,Z" "-v" "/var/lib/crater-agent-workspace/cargo-home:/opt/rustwide/cargo-home:ro,Z" "-v" "/var/lib/crater-agent-workspace/rustup-home:/opt/rustwide/rustup-home:ro,Z" "-e" "SOURCE_DIR=/opt/rustwide/workdir" "-e" "CARGO_TARGET_DIR=/opt/rustwide/target" "-e" "CARGO_HOME=/opt/rustwide/cargo-home" "-e" "RUSTUP_HOME=/opt/rustwide/rustup-home" "-w" "/opt/rustwide/workdir" "-m" "1610612736" "--user" "0:0" "--network" "none" "ghcr.io/rust-lang/crates-build-env/linux@sha256:5ff2268d62e97bff2cde7d5815dd6ed5b47097566f13b8d0ca110b04b60e07ed" "/opt/rustwide/cargo-home/bin/cargo" "+beta-2023-04-20" "metadata" "--no-deps" "--format-version=1", kill_on_drop: false }`
[INFO] [stdout] 2f0f4b25c42194fdacaec63cddbb0f7b64caed8336b9673533446076e58263bd
[INFO] running `Command { std: "docker" "start" "-a" "2f0f4b25c42194fdacaec63cddbb0f7b64caed8336b9673533446076e58263bd", kill_on_drop: false }`
[INFO] running `Command { std: "docker" "inspect" "2f0f4b25c42194fdacaec63cddbb0f7b64caed8336b9673533446076e58263bd", kill_on_drop: false }`
[INFO] running `Command { std: "docker" "rm" "-f" "2f0f4b25c42194fdacaec63cddbb0f7b64caed8336b9673533446076e58263bd", kill_on_drop: false }`
[INFO] [stdout] 2f0f4b25c42194fdacaec63cddbb0f7b64caed8336b9673533446076e58263bd
[INFO] running `Command { std: "docker" "create" "-v" "/var/lib/crater-agent-workspace/builds/worker-4-tc2/target:/opt/rustwide/target:rw,Z" "-v" "/var/lib/crater-agent-workspace/builds/worker-4-tc2/source:/opt/rustwide/workdir:ro,Z" "-v" "/var/lib/crater-agent-workspace/cargo-home:/opt/rustwide/cargo-home:ro,Z" "-v" "/var/lib/crater-agent-workspace/rustup-home:/opt/rustwide/rustup-home:ro,Z" "-e" "SOURCE_DIR=/opt/rustwide/workdir" "-e" "CARGO_TARGET_DIR=/opt/rustwide/target" "-e" "CARGO_INCREMENTAL=0" "-e" "RUST_BACKTRACE=full" "-e" "RUSTFLAGS=--cap-lints=warn" "-e" "RUSTDOCFLAGS=--cap-lints=warn" "-e" "CARGO_HOME=/opt/rustwide/cargo-home" "-e" "RUSTUP_HOME=/opt/rustwide/rustup-home" "-w" "/opt/rustwide/workdir" "-m" "1610612736" "--user" "0:0" "--network" "none" "ghcr.io/rust-lang/crates-build-env/linux@sha256:5ff2268d62e97bff2cde7d5815dd6ed5b47097566f13b8d0ca110b04b60e07ed" "/opt/rustwide/cargo-home/bin/cargo" "+beta-2023-04-20" "doc" "--frozen" "--no-deps" "--document-private-items" "--message-format=json", kill_on_drop: false }`
[INFO] [stdout] eb59520b4cbe712e99dd4e11d003432f6cddb9aebc406a05067ba58083bbe9ba
[INFO] running `Command { std: "docker" "start" "-a" "eb59520b4cbe712e99dd4e11d003432f6cddb9aebc406a05067ba58083bbe9ba", kill_on_drop: false }`
[INFO] [stderr]    Compiling bitflags v1.2.1
[INFO] [stderr]    Compiling log v0.4.14
[INFO] [stderr]     Checking nodrop v0.1.14
[INFO] [stderr]     Checking scopeguard v1.1.0
[INFO] [stderr]     Checking tock-registers v0.5.0
[INFO] [stderr]     Checking bit_field v0.9.0
[INFO] [stderr]     Checking cfg-if v1.0.0
[INFO] [stderr]     Checking ux v0.1.3
[INFO] [stderr]    Compiling kernel v0.1.0 (/opt/rustwide/workdir)
[INFO] [stderr]     Checking managed v0.7.2
[INFO] [stderr]     Checking byteorder v1.4.2
[INFO] [stderr]     Checking spin v0.5.2
[INFO] [stderr]     Checking test-types v0.1.0 (/opt/rustwide/workdir/test-types)
[INFO] [stderr]    Compiling cast v0.2.3
[INFO] [stdout] error[E0557]: feature has been removed
[INFO] [stdout]  --> /opt/rustwide/cargo-home/registry/src/index.crates.io-6f17d22bba15001f/tock-registers-0.5.0/src/lib.rs:5:12
[INFO] [stdout]   |
[INFO] [stdout] 5 | #![feature(const_fn)]
[INFO] [stdout]   |            ^^^^^^^^ feature has been removed
[INFO] [stdout]   |
[INFO] [stdout]   = note: split into finer-grained feature gates
[INFO] [stdout] 
[INFO] [stdout] 
[INFO] [stderr]     Checking array-init v0.0.4
[INFO] [stdout] error[E0554]: `#![feature]` may not be used on the beta release channel
[INFO] [stdout]  --> /opt/rustwide/cargo-home/registry/src/index.crates.io-6f17d22bba15001f/managed-0.7.2/src/lib.rs:2:67
[INFO] [stdout]   |
[INFO] [stdout] 2 | #![cfg_attr(all(feature = "alloc", not(feature = "std")), feature(alloc))]
[INFO] [stdout]   |                                                                   ^^^^^
[INFO] [stdout] 
[INFO] [stdout] 
[INFO] [stderr]     Checking lock_api v0.3.4
[INFO] [stdout] error: aborting due to previous error
[INFO] [stdout] 
[INFO] [stdout] 
[INFO] [stdout] For more information about this error, try `rustc --explain E0557`.
[INFO] [stdout] 
[INFO] [stderr] error: could not compile `tock-registers` (lib) due to 2 previous errors
[INFO] [stderr] warning: build failed, waiting for other jobs to finish...
[INFO] [stdout] error: aborting due to previous error
[INFO] [stdout] 
[INFO] [stdout] 
[INFO] [stdout] For more information about this error, try `rustc --explain E0554`.
[INFO] [stdout] 
[INFO] [stderr] error: could not compile `managed` (lib) due to 2 previous errors
[INFO] [stdout] error[E0557]: feature has been removed
[INFO] [stdout]   --> /opt/rustwide/cargo-home/registry/src/index.crates.io-6f17d22bba15001f/lock_api-0.3.4/src/lib.rs:91:42
[INFO] [stdout]    |
[INFO] [stdout] 91 | #![cfg_attr(feature = "nightly", feature(const_fn))]
[INFO] [stdout]    |                                          ^^^^^^^^ feature has been removed
[INFO] [stdout]    |
[INFO] [stdout]    = note: split into finer-grained feature gates
[INFO] [stdout] 
[INFO] [stdout] 
[INFO] [stdout] error: aborting due to previous error
[INFO] [stdout] 
[INFO] [stdout] 
[INFO] [stdout] For more information about this error, try `rustc --explain E0557`.
[INFO] [stdout] 
[INFO] [stderr] error: could not compile `lock_api` (lib) due to 2 previous errors
[INFO] running `Command { std: "docker" "inspect" "eb59520b4cbe712e99dd4e11d003432f6cddb9aebc406a05067ba58083bbe9ba", kill_on_drop: false }`
[INFO] running `Command { std: "docker" "rm" "-f" "eb59520b4cbe712e99dd4e11d003432f6cddb9aebc406a05067ba58083bbe9ba", kill_on_drop: false }`
[INFO] [stdout] eb59520b4cbe712e99dd4e11d003432f6cddb9aebc406a05067ba58083bbe9ba
