[INFO] cloning repository https://github.com/bkrn/cult_ubv
[INFO] running `Command { std: "git" "-c" "credential.helper=" "-c" "credential.helper=/workspace/cargo-home/bin/git-credential-null" "clone" "--bare" "https://github.com/bkrn/cult_ubv" "/workspace/cache/git-repos/https%3A%2F%2Fgithub.com%2Fbkrn%2Fcult_ubv", kill_on_drop: false }`
[INFO] [stderr] Cloning into bare repository '/workspace/cache/git-repos/https%3A%2F%2Fgithub.com%2Fbkrn%2Fcult_ubv'...
[INFO] running `Command { std: "git" "rev-parse" "HEAD", kill_on_drop: false }`
[INFO] [stdout] 76d6d363889d692356b258f438379596d564099b
[INFO] documenting bkrn/cult_ubv against 1.69.0 for beta-1.70-rustdoc-1
[INFO] running `Command { std: "git" "clone" "/workspace/cache/git-repos/https%3A%2F%2Fgithub.com%2Fbkrn%2Fcult_ubv" "/workspace/builds/worker-2-tc1/source", kill_on_drop: false }`
[INFO] [stderr] Cloning into '/workspace/builds/worker-2-tc1/source'...
[INFO] [stderr] done.
[INFO] validating manifest of git repo https://github.com/bkrn/cult_ubv on toolchain 1.69.0
[INFO] running `Command { std: CARGO_HOME="/workspace/cargo-home" RUSTUP_HOME="/workspace/rustup-home" "/workspace/cargo-home/bin/cargo" "+1.69.0" "metadata" "--manifest-path" "Cargo.toml" "--no-deps", kill_on_drop: false }`
[INFO] started tweaking git repo https://github.com/bkrn/cult_ubv
[INFO] finished tweaking git repo https://github.com/bkrn/cult_ubv
[INFO] tweaked toml for git repo https://github.com/bkrn/cult_ubv written to /workspace/builds/worker-2-tc1/source/Cargo.toml
[INFO] crate git repo https://github.com/bkrn/cult_ubv already has a lockfile, it will not be regenerated
[INFO] running `Command { std: CARGO_HOME="/workspace/cargo-home" RUSTUP_HOME="/workspace/rustup-home" "/workspace/cargo-home/bin/cargo" "+1.69.0" "fetch" "--manifest-path" "Cargo.toml", kill_on_drop: false }`
[INFO] [stderr]  Downloading crates ...
[INFO] [stderr]   Downloaded tokio v0.1.20
[INFO] [stderr]   Downloaded backtrace v0.3.26
[INFO] [stderr]   Downloaded reqwest v0.9.17
[INFO] [stderr]   Downloaded yew v0.6.0
[INFO] [stderr]   Downloaded h2 v0.1.20
[INFO] [stderr]   Downloaded hyper v0.12.29
[INFO] running `Command { std: "docker" "create" "-v" "/var/lib/crater-agent-workspace/builds/worker-2-tc1/target:/opt/rustwide/target:rw,Z" "-v" "/var/lib/crater-agent-workspace/builds/worker-2-tc1/source:/opt/rustwide/workdir:ro,Z" "-v" "/var/lib/crater-agent-workspace/cargo-home:/opt/rustwide/cargo-home:ro,Z" "-v" "/var/lib/crater-agent-workspace/rustup-home:/opt/rustwide/rustup-home:ro,Z" "-e" "SOURCE_DIR=/opt/rustwide/workdir" "-e" "CARGO_TARGET_DIR=/opt/rustwide/target" "-e" "CARGO_HOME=/opt/rustwide/cargo-home" "-e" "RUSTUP_HOME=/opt/rustwide/rustup-home" "-w" "/opt/rustwide/workdir" "-m" "1610612736" "--user" "0:0" "--network" "none" "ghcr.io/rust-lang/crates-build-env/linux@sha256:5ff2268d62e97bff2cde7d5815dd6ed5b47097566f13b8d0ca110b04b60e07ed" "/opt/rustwide/cargo-home/bin/cargo" "+1.69.0" "metadata" "--no-deps" "--format-version=1", kill_on_drop: false }`
[INFO] [stdout] 4c7a02c679a25c1a1aac8d981e2ec89d2b2be761a7a27c874a88b949211ac8b6
[INFO] running `Command { std: "docker" "start" "-a" "4c7a02c679a25c1a1aac8d981e2ec89d2b2be761a7a27c874a88b949211ac8b6", kill_on_drop: false }`
[INFO] running `Command { std: "docker" "inspect" "4c7a02c679a25c1a1aac8d981e2ec89d2b2be761a7a27c874a88b949211ac8b6", kill_on_drop: false }`
[INFO] running `Command { std: "docker" "rm" "-f" "4c7a02c679a25c1a1aac8d981e2ec89d2b2be761a7a27c874a88b949211ac8b6", kill_on_drop: false }`
[INFO] [stdout] 4c7a02c679a25c1a1aac8d981e2ec89d2b2be761a7a27c874a88b949211ac8b6
[INFO] running `Command { std: "docker" "create" "-v" "/var/lib/crater-agent-workspace/builds/worker-2-tc1/target:/opt/rustwide/target:rw,Z" "-v" "/var/lib/crater-agent-workspace/builds/worker-2-tc1/source:/opt/rustwide/workdir:ro,Z" "-v" "/var/lib/crater-agent-workspace/cargo-home:/opt/rustwide/cargo-home:ro,Z" "-v" "/var/lib/crater-agent-workspace/rustup-home:/opt/rustwide/rustup-home:ro,Z" "-e" "SOURCE_DIR=/opt/rustwide/workdir" "-e" "CARGO_TARGET_DIR=/opt/rustwide/target" "-e" "CARGO_INCREMENTAL=0" "-e" "RUST_BACKTRACE=full" "-e" "RUSTFLAGS=--cap-lints=warn" "-e" "RUSTDOCFLAGS=--cap-lints=warn" "-e" "CARGO_HOME=/opt/rustwide/cargo-home" "-e" "RUSTUP_HOME=/opt/rustwide/rustup-home" "-w" "/opt/rustwide/workdir" "-m" "1610612736" "--user" "0:0" "--network" "none" "ghcr.io/rust-lang/crates-build-env/linux@sha256:5ff2268d62e97bff2cde7d5815dd6ed5b47097566f13b8d0ca110b04b60e07ed" "/opt/rustwide/cargo-home/bin/cargo" "+1.69.0" "doc" "--frozen" "--no-deps" "--document-private-items" "--message-format=json", kill_on_drop: false }`
[INFO] [stdout] 56fbf4e4daeb76492920d5b73fd2779621c203cee918d44412f04584daf603bf
[INFO] running `Command { std: "docker" "start" "-a" "56fbf4e4daeb76492920d5b73fd2779621c203cee918d44412f04584daf603bf", kill_on_drop: false }`
[INFO] [stderr]  Documenting cbv v0.1.0 (/opt/rustwide/workdir)
[INFO] [stderr]     Checking cbv v0.1.0 (/opt/rustwide/workdir)
[INFO] [stdout] warning: trait objects without an explicit `dyn` are deprecated
[INFO] [stdout]    --> src/lib.rs:143:24
[INFO] [stdout]     |
[INFO] [stdout] 143 | fn read_scroll(r: &mut std::io::Read) -> Vec<u32> {
[INFO] [stdout]     |                        ^^^^^^^^^^^^^
[INFO] [stdout]     |
[INFO] [stdout]     = warning: this is accepted in the current edition (Rust 2018) but is a hard error in Rust 2021!
[INFO] [stdout]     = note: for more information, see <https://doc.rust-lang.org/nightly/edition-guide/rust-2021/warnings-promoted-to-error.html>
[INFO] [stdout]     = note: `#[warn(bare_trait_objects)]` on by default
[INFO] [stdout] help: use `dyn`
[INFO] [stdout]     |
[INFO] [stdout] 143 | fn read_scroll(r: &mut dyn std::io::Read) -> Vec<u32> {
[INFO] [stdout]     |                        +++
[INFO] [stdout] 
[INFO] [stdout] 
[INFO] [stdout] warning: trait objects without an explicit `dyn` are deprecated
[INFO] [stdout]    --> src/lib.rs:102:63
[INFO] [stdout]     |
[INFO] [stdout] 102 |     pub fn new(r: Receiver<u32>, s: Sender<u32>, scroll: &mut std::io::Read) -> Self {
[INFO] [stdout]     |                                                               ^^^^^^^^^^^^^
[INFO] [stdout]     |
[INFO] [stdout]     = warning: this is accepted in the current edition (Rust 2018) but is a hard error in Rust 2021!
[INFO] [stdout]     = note: for more information, see <https://doc.rust-lang.org/nightly/edition-guide/rust-2021/warnings-promoted-to-error.html>
[INFO] [stdout] help: use `dyn`
[INFO] [stdout]     |
[INFO] [stdout] 102 |     pub fn new(r: Receiver<u32>, s: Sender<u32>, scroll: &mut dyn std::io::Read) -> Self {
[INFO] [stdout]     |                                                               +++
[INFO] [stdout] 
[INFO] [stdout] 
[INFO] [stdout] warning: 2 warnings emitted
[INFO] [stdout] 
[INFO] [stdout] 
[INFO] [stdout] error[E0463]: can't find crate for `stdweb`
[INFO] [stdout]  --> src/bins/web.rs:4:1
[INFO] [stdout]   |
[INFO] [stdout] 4 | extern crate stdweb;
[INFO] [stdout]   | ^^^^^^^^^^^^^^^^^^^^ can't find crate
[INFO] [stdout] 
[INFO] [stdout] 
[INFO] [stdout] error[E0433]: failed to resolve: use of undeclared crate or module `crypto`
[INFO] [stdout]  --> src/bins/decrypt.rs:9:5
[INFO] [stdout]   |
[INFO] [stdout] 9 | use crypto::{digest::Digest, sha1::Sha1};
[INFO] [stdout]   |     ^^^^^^ use of undeclared crate or module `crypto`
[INFO] [stdout] 
[INFO] [stdout] 
[INFO] [stdout] error[E0433]: failed to resolve: use of undeclared crate or module `yew`
[INFO] [stdout]   --> src/bins/web.rs:21:5
[INFO] [stdout]    |
[INFO] [stdout] 21 | use yew::worker::*;
[INFO] [stdout]    |     ^^^ use of undeclared crate or module `yew`
[INFO] [stdout] 
[INFO] [stdout] 
[INFO] [stdout] error[E0432]: unresolved import `cbv::webmachine`
[INFO] [stdout]  --> src/bins/web.rs:8:10
[INFO] [stdout]   |
[INFO] [stdout] 8 | use cbv::webmachine::{Request, Response, WebMachine};
[INFO] [stdout]   |          ^^^^^^^^^^ could not find `webmachine` in `cbv`
[INFO] [stdout] 
[INFO] [stdout] 
[INFO] [stdout] error[E0433]: failed to resolve: use of undeclared crate or module `yew`
[INFO] [stdout]   --> src/bins/web.rs:14:5
[INFO] [stdout]    |
[INFO] [stdout] 14 | use yew::format::Json;
[INFO] [stdout]    |     ^^^ use of undeclared crate or module `yew`
[INFO] [stdout] 
[INFO] [stdout] 
[INFO] [stdout] error[E0433]: failed to resolve: use of undeclared crate or module `yew`
[INFO] [stdout]   --> src/bins/web.rs:15:5
[INFO] [stdout]    |
[INFO] [stdout] 15 | use yew::services::reader::{File, FileData, ReaderService, ReaderTask};
[INFO] [stdout]    |     ^^^ use of undeclared crate or module `yew`
[INFO] [stdout] 
[INFO] [stdout] 
[INFO] [stdout] error[E0433]: failed to resolve: use of undeclared crate or module `yew`
[INFO] [stdout]   --> src/bins/web.rs:16:5
[INFO] [stdout]    |
[INFO] [stdout] 16 | use yew::services::{
[INFO] [stdout]    |     ^^^ use of undeclared crate or module `yew`
[INFO] [stdout] 
[INFO] [stdout] 
[INFO] [stdout] error[E0432]: unresolved imports `serde_derive`, `yew::format::Json`, `yew::services::reader::File`, `yew::services::reader::FileData`, `yew::services::reader::ReaderService`, `yew::services::reader::ReaderTask`, `yew::services::interval::IntervalTask`, `yew::services::storage::Area`, `yew::services::ConsoleService`, `yew::services::IntervalService`, `yew::services::StorageService`, `yew::services::DialogService`
[INFO] [stdout]   --> src/bins/web.rs:12:5
[INFO] [stdout]    |
[INFO] [stdout] 12 | use serde_derive::{Deserialize, Serialize};
[INFO] [stdout]    |     ^^^^^^^^^^^^ use of undeclared crate or module `serde_derive`
[INFO] [stdout] 13 |
[INFO] [stdout] 14 | use yew::format::Json;
[INFO] [stdout]    |     ^^^^^^^^^^^^^^^^^
[INFO] [stdout] 15 | use yew::services::reader::{File, FileData, ReaderService, ReaderTask};
[INFO] [stdout]    |                             ^^^^  ^^^^^^^^  ^^^^^^^^^^^^^  ^^^^^^^^^^
[INFO] [stdout] 16 | use yew::services::{
[INFO] [stdout] 17 |     interval::IntervalTask, storage::Area, ConsoleService, IntervalService, StorageService, DialogService
[INFO] [stdout]    |     ^^^^^^^^^^^^^^^^^^^^^^  ^^^^^^^^^^^^^  ^^^^^^^^^^^^^^  ^^^^^^^^^^^^^^^  ^^^^^^^^^^^^^^  ^^^^^^^^^^^^^
[INFO] [stdout] 
[INFO] [stdout] 
[INFO] [stdout] error[E0432]: unresolved import `yew`
[INFO] [stdout]   --> src/bins/web.rs:19:5
[INFO] [stdout]    |
[INFO] [stdout] 19 | use yew::{html, ChangeData, Component, ComponentLink, Html, Renderable, ShouldRender};
[INFO] [stdout]    |     ^^^ use of undeclared crate or module `yew`
[INFO] [stdout] 
[INFO] [stdout] 
[INFO] [stdout] error: cannot determine resolution for the derive macro `Deserialize`
[INFO] [stdout]   --> src/bins/web.rs:49:10
[INFO] [stdout]    |
[INFO] [stdout] 49 | #[derive(Deserialize, Serialize)]
[INFO] [stdout]    |          ^^^^^^^^^^^
[INFO] [stdout]    |
[INFO] [stdout]    = note: import resolution is stuck, try simplifying macro imports
[INFO] [stdout] 
[INFO] [stdout] 
[INFO] [stdout] error: cannot determine resolution for the derive macro `Serialize`
[INFO] [stdout]   --> src/bins/web.rs:49:23
[INFO] [stdout]    |
[INFO] [stdout] 49 | #[derive(Deserialize, Serialize)]
[INFO] [stdout]    |                       ^^^^^^^^^
[INFO] [stdout]    |
[INFO] [stdout]    = note: import resolution is stuck, try simplifying macro imports
[INFO] [stdout] 
[INFO] [stdout] 
[INFO] [stdout] error[E0432]: unresolved import `yew`
[INFO] [stdout]  --> src/bins/machine.rs:1:5
[INFO] [stdout]   |
[INFO] [stdout] 1 | use yew;
[INFO] [stdout]   |     ^^^ no external crate `yew`
[INFO] [stdout] 
[INFO] [stdout] 
[INFO] [stdout] error: aborting due to previous error
[INFO] [stdout] 
[INFO] [stdout] 
[INFO] [stdout] For more information about this error, try `rustc --explain E0432`.
[INFO] [stdout] 
[INFO] [stderr] error: could not document `cbv`
[INFO] [stderr] 
[INFO] [stderr] Caused by:
[INFO] [stderr]   process didn't exit successfully: `rustdoc --edition=2018 --crate-type bin --crate-name machine src/bins/machine.rs -o /opt/rustwide/target/doc --error-format=json --json=diagnostic-rendered-ansi,artifacts,future-incompat --document-private-items '-Arustdoc::private-intra-doc-links' -C metadata=387153a8c5782621 -L dependency=/opt/rustwide/target/debug/deps --extern cbv=/opt/rustwide/target/debug/deps/libcbv-533e29fcfd3d47b2.rmeta --cap-lints=warn --crate-version 0.1.0` (exit status: 1)
[INFO] [stderr] warning: build failed, waiting for other jobs to finish...
[INFO] [stdout] error: cannot find macro `js` in this scope
[INFO] [stdout]    --> src/bins/web.rs:190:21
[INFO] [stdout]     |
[INFO] [stdout] 190 |                     js! {
[INFO] [stdout]     |                     ^^
[INFO] [stdout] 
[INFO] [stdout] 
[INFO] [stdout] error: cannot determine resolution for the macro `html`
[INFO] [stdout]    --> src/bins/web.rs:269:5
[INFO] [stdout]     |
[INFO] [stdout] 269 |     html! {
[INFO] [stdout]     |     ^^^^
[INFO] [stdout]     |
[INFO] [stdout]     = note: import resolution is stuck, try simplifying macro imports
[INFO] [stdout] 
[INFO] [stdout] 
[INFO] [stdout] error: cannot determine resolution for the macro `html`
[INFO] [stdout]    --> src/bins/web.rs:298:5
[INFO] [stdout]     |
[INFO] [stdout] 298 |     html! {
[INFO] [stdout]     |     ^^^^
[INFO] [stdout]     |
[INFO] [stdout]     = note: import resolution is stuck, try simplifying macro imports
[INFO] [stdout] 
[INFO] [stdout] 
[INFO] [stdout] error: cannot determine resolution for the macro `html`
[INFO] [stdout]    --> src/bins/web.rs:313:13
[INFO] [stdout]     |
[INFO] [stdout] 313 |             html!(
[INFO] [stdout]     |             ^^^^
[INFO] [stdout]     |
[INFO] [stdout]     = note: import resolution is stuck, try simplifying macro imports
[INFO] [stdout] 
[INFO] [stdout] 
[INFO] [stdout] error: cannot determine resolution for the macro `html`
[INFO] [stdout]    --> src/bins/web.rs:320:13
[INFO] [stdout]     |
[INFO] [stdout] 320 |             html!(
[INFO] [stdout]     |             ^^^^
[INFO] [stdout]     |
[INFO] [stdout]     = note: import resolution is stuck, try simplifying macro imports
[INFO] [stdout] 
[INFO] [stdout] 
[INFO] [stdout] error: cannot determine resolution for the macro `html`
[INFO] [stdout]    --> src/bins/web.rs:331:9
[INFO] [stdout]     |
[INFO] [stdout] 331 |         html! {
[INFO] [stdout]     |         ^^^^
[INFO] [stdout]     |
[INFO] [stdout]     = note: import resolution is stuck, try simplifying macro imports
[INFO] [stdout] 
[INFO] [stdout] 
[INFO] [stdout] error: aborting due to previous error
[INFO] [stdout] 
[INFO] [stdout] 
[INFO] [stdout] For more information about this error, try `rustc --explain E0433`.
[INFO] [stdout] 
[INFO] [stderr] error: could not document `cbv`
[INFO] [stderr] 
[INFO] [stderr] Caused by:
[INFO] [stderr]   process didn't exit successfully: `rustdoc --edition=2018 --crate-type bin --crate-name decrypt src/bins/decrypt.rs -o /opt/rustwide/target/doc --error-format=json --json=diagnostic-rendered-ansi,artifacts,future-incompat --document-private-items '-Arustdoc::private-intra-doc-links' -C metadata=a5c0fd0c63e2ac52 -L dependency=/opt/rustwide/target/debug/deps --extern cbv=/opt/rustwide/target/debug/deps/libcbv-533e29fcfd3d47b2.rmeta --cap-lints=warn --crate-version 0.1.0` (exit status: 1)
[INFO] [stdout] error[E0412]: cannot find type `Bridge` in this scope
[INFO] [stdout]   --> src/bins/web.rs:59:18
[INFO] [stdout]    |
[INFO] [stdout] 59 |     machine: Box<Bridge<WebMachine>>,
[INFO] [stdout]    |                  ^^^^^^ not found in this scope
[INFO] [stdout] 
[INFO] [stdout] 
[INFO] [stdout] error: aborting due to 17 previous errors
[INFO] [stdout] 
[INFO] [stdout] 
[INFO] [stdout] Some errors have detailed explanations: E0412, E0432, E0433, E0463.
[INFO] [stdout] 
[INFO] [stdout] For more information about an error, try `rustc --explain E0412`.
[INFO] [stdout] 
[INFO] [stderr] error: could not document `cbv`
[INFO] [stderr] 
[INFO] [stderr] Caused by:
[INFO] [stderr]   process didn't exit successfully: `rustdoc --edition=2018 --crate-type bin --crate-name web src/bins/web.rs -o /opt/rustwide/target/doc --error-format=json --json=diagnostic-rendered-ansi,artifacts,future-incompat --document-private-items '-Arustdoc::private-intra-doc-links' -C metadata=cc7e4cc12edef5f0 -L dependency=/opt/rustwide/target/debug/deps --extern cbv=/opt/rustwide/target/debug/deps/libcbv-533e29fcfd3d47b2.rmeta --cap-lints=warn --crate-version 0.1.0` (exit status: 1)
[INFO] running `Command { std: "docker" "inspect" "56fbf4e4daeb76492920d5b73fd2779621c203cee918d44412f04584daf603bf", kill_on_drop: false }`
[INFO] running `Command { std: "docker" "rm" "-f" "56fbf4e4daeb76492920d5b73fd2779621c203cee918d44412f04584daf603bf", kill_on_drop: false }`
[INFO] [stdout] 56fbf4e4daeb76492920d5b73fd2779621c203cee918d44412f04584daf603bf
