[INFO] cloning repository https://github.com/bkchr/wasm-compilation-bug
[INFO] running `Command { std: "git" "-c" "credential.helper=" "-c" "credential.helper=/workspace/cargo-home/bin/git-credential-null" "clone" "--bare" "https://github.com/bkchr/wasm-compilation-bug" "/workspace/cache/git-repos/https%3A%2F%2Fgithub.com%2Fbkchr%2Fwasm-compilation-bug", kill_on_drop: false }`
[INFO] [stderr] Cloning into bare repository '/workspace/cache/git-repos/https%3A%2F%2Fgithub.com%2Fbkchr%2Fwasm-compilation-bug'...
[INFO] running `Command { std: "git" "rev-parse" "HEAD", kill_on_drop: false }`
[INFO] [stdout] d4b081ea5ef1692cf4fc958ea924f4bbab2575a8
[INFO] documenting bkchr/wasm-compilation-bug against 1.69.0 for beta-1.70-rustdoc-1
[INFO] running `Command { std: "git" "clone" "/workspace/cache/git-repos/https%3A%2F%2Fgithub.com%2Fbkchr%2Fwasm-compilation-bug" "/workspace/builds/worker-4-tc1/source", kill_on_drop: false }`
[INFO] [stderr] Cloning into '/workspace/builds/worker-4-tc1/source'...
[INFO] [stderr] done.
[INFO] validating manifest of git repo https://github.com/bkchr/wasm-compilation-bug on toolchain 1.69.0
[INFO] running `Command { std: CARGO_HOME="/workspace/cargo-home" RUSTUP_HOME="/workspace/rustup-home" "/workspace/cargo-home/bin/cargo" "+1.69.0" "metadata" "--manifest-path" "Cargo.toml" "--no-deps", kill_on_drop: false }`
[INFO] started tweaking git repo https://github.com/bkchr/wasm-compilation-bug
[INFO] finished tweaking git repo https://github.com/bkchr/wasm-compilation-bug
[INFO] tweaked toml for git repo https://github.com/bkchr/wasm-compilation-bug written to /workspace/builds/worker-4-tc1/source/Cargo.toml
[INFO] crate git repo https://github.com/bkchr/wasm-compilation-bug already has a lockfile, it will not be regenerated
[INFO] running `Command { std: CARGO_HOME="/workspace/cargo-home" RUSTUP_HOME="/workspace/rustup-home" "/workspace/cargo-home/bin/cargo" "+1.69.0" "fetch" "--manifest-path" "Cargo.toml", kill_on_drop: false }`
[INFO] running `Command { std: "docker" "create" "-v" "/var/lib/crater-agent-workspace/builds/worker-4-tc1/target:/opt/rustwide/target:rw,Z" "-v" "/var/lib/crater-agent-workspace/builds/worker-4-tc1/source:/opt/rustwide/workdir:ro,Z" "-v" "/var/lib/crater-agent-workspace/cargo-home:/opt/rustwide/cargo-home:ro,Z" "-v" "/var/lib/crater-agent-workspace/rustup-home:/opt/rustwide/rustup-home:ro,Z" "-e" "SOURCE_DIR=/opt/rustwide/workdir" "-e" "CARGO_TARGET_DIR=/opt/rustwide/target" "-e" "CARGO_HOME=/opt/rustwide/cargo-home" "-e" "RUSTUP_HOME=/opt/rustwide/rustup-home" "-w" "/opt/rustwide/workdir" "-m" "1610612736" "--user" "0:0" "--network" "none" "ghcr.io/rust-lang/crates-build-env/linux@sha256:5ff2268d62e97bff2cde7d5815dd6ed5b47097566f13b8d0ca110b04b60e07ed" "/opt/rustwide/cargo-home/bin/cargo" "+1.69.0" "metadata" "--no-deps" "--format-version=1", kill_on_drop: false }`
[INFO] [stdout] b8ef681837ea1f7264baf9937c9c0167f1249d3ec5307703cad93c89710c3a84
[INFO] running `Command { std: "docker" "start" "-a" "b8ef681837ea1f7264baf9937c9c0167f1249d3ec5307703cad93c89710c3a84", kill_on_drop: false }`
[INFO] running `Command { std: "docker" "inspect" "b8ef681837ea1f7264baf9937c9c0167f1249d3ec5307703cad93c89710c3a84", kill_on_drop: false }`
[INFO] running `Command { std: "docker" "rm" "-f" "b8ef681837ea1f7264baf9937c9c0167f1249d3ec5307703cad93c89710c3a84", kill_on_drop: false }`
[INFO] [stdout] b8ef681837ea1f7264baf9937c9c0167f1249d3ec5307703cad93c89710c3a84
[INFO] running `Command { std: "docker" "create" "-v" "/var/lib/crater-agent-workspace/builds/worker-4-tc1/target:/opt/rustwide/target:rw,Z" "-v" "/var/lib/crater-agent-workspace/builds/worker-4-tc1/source:/opt/rustwide/workdir:ro,Z" "-v" "/var/lib/crater-agent-workspace/cargo-home:/opt/rustwide/cargo-home:ro,Z" "-v" "/var/lib/crater-agent-workspace/rustup-home:/opt/rustwide/rustup-home:ro,Z" "-e" "SOURCE_DIR=/opt/rustwide/workdir" "-e" "CARGO_TARGET_DIR=/opt/rustwide/target" "-e" "CARGO_INCREMENTAL=0" "-e" "RUST_BACKTRACE=full" "-e" "RUSTFLAGS=--cap-lints=warn" "-e" "RUSTDOCFLAGS=--cap-lints=warn" "-e" "CARGO_HOME=/opt/rustwide/cargo-home" "-e" "RUSTUP_HOME=/opt/rustwide/rustup-home" "-w" "/opt/rustwide/workdir" "-m" "1610612736" "--user" "0:0" "--network" "none" "ghcr.io/rust-lang/crates-build-env/linux@sha256:5ff2268d62e97bff2cde7d5815dd6ed5b47097566f13b8d0ca110b04b60e07ed" "/opt/rustwide/cargo-home/bin/cargo" "+1.69.0" "doc" "--frozen" "--no-deps" "--document-private-items" "--message-format=json", kill_on_drop: false }`
[INFO] [stdout] 90b626b1edd9b802f5f03c37133f38b68b47ebdc07106bc7a6739ebfcaa17855
[INFO] running `Command { std: "docker" "start" "-a" "90b626b1edd9b802f5f03c37133f38b68b47ebdc07106bc7a6739ebfcaa17855", kill_on_drop: false }`
[INFO] [stderr]    Compiling proc-macro2 v1.0.19
[INFO] [stderr]    Compiling unicode-xid v0.2.1
[INFO] [stderr]    Compiling syn v1.0.36
[INFO] [stderr]    Compiling libc v0.2.74
[INFO] [stderr]     Checking cfg-if v0.1.10
[INFO] [stderr]    Compiling serde_derive v1.0.114
[INFO] [stderr]    Compiling serde v1.0.114
[INFO] [stderr]    Compiling autocfg v1.0.0
[INFO] [stderr]    Compiling getrandom v0.1.14
[INFO] [stderr]    Compiling byteorder v1.3.4
[INFO] [stderr]    Compiling typenum v1.12.0
[INFO] [stderr]    Compiling memchr v2.3.3
[INFO] [stderr]     Checking ppv-lite86 v0.2.8
[INFO] [stderr]     Checking smallvec v1.4.1
[INFO] [stderr]     Checking arrayvec v0.5.1
[INFO] [stderr]     Checking either v1.5.3
[INFO] [stderr]     Checking scopeguard v1.1.0
[INFO] [stderr]     Checking radium v0.3.0
[INFO] [stderr]    Compiling crunchy v0.2.2
[INFO] [stderr]     Checking lock_api v0.3.4
[INFO] [stderr]     Checking byte-slice-cast v0.3.5
[INFO] [stderr]     Checking bitvec v0.17.4
[INFO] [stderr]     Checking byte-tools v0.3.1
[INFO] [stderr]     Checking rustc-hex v2.1.0
[INFO] [stderr]     Checking lazy_static v1.4.0
[INFO] [stderr]    Compiling log v0.4.11
[INFO] [stderr]     Checking block-padding v0.1.5
[INFO] [stderr]     Checking subtle v1.0.0
[INFO] [stderr]    Compiling num-traits v0.2.12
[INFO] [stderr]    Compiling num-integer v0.1.43
[INFO] [stderr]    Compiling num-bigint v0.2.6
[INFO] [stderr]     Checking fake-simd v0.1.2
[INFO] [stderr]     Checking static_assertions v1.1.0
[INFO] [stderr]     Checking opaque-debug v0.2.3
[INFO] [stderr]    Compiling pin-project-internal v0.4.23
[INFO] [stderr]    Compiling proc-macro-hack v0.5.18
[INFO] [stderr]    Compiling arrayvec v0.4.12
[INFO] [stderr]    Compiling num-rational v0.2.4
[INFO] [stderr]    Compiling hashbrown v0.8.1
[INFO] [stderr]    Compiling proc-macro-nested v0.1.6
[INFO] [stderr]     Checking sp-std v2.0.0-rc5 (https://github.com/paritytech/substrate?branch=cumulus-branch#b066029a)
[INFO] [stderr]     Checking adler v0.2.3
[INFO] [stderr]     Checking subtle v2.2.3
[INFO] [stderr]     Checking gimli v0.22.0
[INFO] [stderr]    Compiling quote v1.0.7
[INFO] [stderr]    Compiling thread_local v1.0.1
[INFO] [stderr]     Checking miniz_oxide v0.4.0
[INFO] [stderr]    Compiling aho-corasick v0.7.13
[INFO] [stderr]     Checking uint v0.8.3
[INFO] [stderr]     Checking ahash v0.3.8
[INFO] [stderr]     Checking futures-core v0.3.5
[INFO] [stderr]     Checking parking_lot_core v0.7.2
[INFO] [stderr]    Compiling failure_derive v0.1.8
[INFO] [stderr]     Checking futures-sink v0.3.5
[INFO] [stderr]     Checking object v0.20.0
[INFO] [stderr]     Checking rand_core v0.5.1
[INFO] [stderr]     Checking rustc-demangle v0.1.16
[INFO] [stderr]    Compiling regex-syntax v0.6.18
[INFO] [stderr]     Checking parity-wasm v0.41.0
[INFO] [stderr]     Checking parking_lot v0.10.2
[INFO] [stderr]     Checking futures-channel v0.3.5
[INFO] [stderr]     Checking rand_pcg v0.2.1
[INFO] [stderr]     Checking rand_chacha v0.2.2
[INFO] [stderr]     Checking tracing-core v0.1.11
[INFO] [stderr]     Checking arrayref v0.3.6
[INFO] [stderr]     Checking keccak v0.1.0
[INFO] [stderr]     Checking pin-utils v0.1.0
[INFO] [stderr]     Checking generic-array v0.12.3
[INFO] [stderr]     Checking once_cell v1.4.0
[INFO] [stderr]     Checking memory_units v0.3.0
[INFO] [stderr]     Checking stable_deref_trait v1.2.0
[INFO] [stderr]    Compiling parity-util-mem v0.7.0
[INFO] [stderr]     Checking rand v0.7.3
[INFO] [stderr]     Checking futures-io v0.3.5
[INFO] [stderr]     Checking futures-task v0.3.5
[INFO] [stderr]     Checking hash-db v0.15.2
[INFO] [stderr]     Checking slab v0.4.2
[INFO] [stderr]     Checking num_cpus v1.13.0
[INFO] [stderr]     Checking environmental v1.1.1
[INFO] [stderr]     Checking digest v0.8.1
[INFO] [stderr]     Checking block-buffer v0.7.3
[INFO] [stderr]     Checking crypto-mac v0.7.0
[INFO] [stderr]     Checking tinyvec v0.3.3
[INFO] [stderr]     Checking signature v1.1.0
[INFO] [stderr]     Checking nodrop v0.1.14
[INFO] [stderr]     Checking pbkdf2 v0.3.0
[INFO] [stderr]     Checking sha2 v0.8.2
[INFO] [stderr]     Checking hmac v0.7.1
[INFO] [stderr]    Compiling tiny-keccak v2.0.2
[INFO] [stderr]     Checking ed25519 v1.0.1
[INFO] [stderr]     Checking hmac-drbg v0.2.0
[INFO] [stderr]     Checking constant_time_eq v0.1.5
[INFO] [stderr]     Checking unicode-normalization v0.1.13
[INFO] [stderr]     Checking dyn-clone v1.0.2
[INFO] [stderr]     Checking rustc-hash v1.1.0
[INFO] [stderr]     Checking hash256-std-hasher v0.15.2
[INFO] [stderr]     Checking blake2-rfc v0.2.18
[INFO] [stderr]     Checking base58 v0.1.0
[INFO] [stderr]     Checking hex v0.4.2
[INFO] [stderr]     Checking trie-root v0.16.0
[INFO] [stderr]     Checking trie-db v0.22.1
[INFO] [stderr]     Checking fixed-hash v0.6.1
[INFO] [stderr]     Checking twox-hash v1.5.0
[INFO] [stderr]     Checking libsecp256k1 v0.3.5
[INFO] [stderr]     Checking itertools v0.9.0
[INFO] [stderr]     Checking wasmi-validation v0.3.0
[INFO] [stderr]    Compiling ryu v1.0.5
[INFO] [stderr]    Compiling serde_json v1.0.57
[INFO] [stderr]    Compiling paste-impl v0.1.18
[INFO] [stderr]     Checking integer-sqrt v0.1.3
[INFO] [stderr]     Checking itoa v0.4.6
[INFO] [stderr]     Checking quick-error v1.2.3
[INFO] [stderr]     Checking atty v0.2.14
[INFO] [stderr]     Checking termcolor v1.1.0
[INFO] [stderr]     Checking addr2line v0.13.0
[INFO] [stderr]     Checking humantime v1.3.0
[INFO] [stderr]     Checking backtrace v0.3.50
[INFO] [stderr]     Checking paste v0.1.18
[INFO] [stderr]     Checking wasmi v0.6.2
[INFO] [stderr]    Compiling regex v1.3.9
[INFO] [stderr]     Checking sp-panic-handler v2.0.0-rc5 (https://github.com/paritytech/substrate?branch=cumulus-branch#b066029a)
[INFO] [stderr]    Compiling Inflector v0.11.4
[INFO] [stderr]     Checking env_logger v0.7.1
[INFO] [stderr]    Compiling synstructure v0.12.4
[INFO] [stderr]    Compiling zeroize_derive v1.0.0
[INFO] [stderr]    Compiling sp-debug-derive v2.0.0-rc5 (https://github.com/paritytech/substrate?branch=cumulus-branch#b066029a)
[INFO] [stderr]    Compiling ref-cast-impl v1.0.2
[INFO] [stderr]    Compiling impl-trait-for-tuples v0.1.3
[INFO] [stderr]    Compiling futures-macro v0.3.5
[INFO] [stderr]    Compiling rental-impl v0.5.5
[INFO] [stderr]    Compiling tracing-attributes v0.1.9
[INFO] [stderr]    Compiling parity-util-mem-derive v0.1.0
[INFO] [stderr]    Compiling dyn-clonable-impl v0.9.0
[INFO] [stderr]    Compiling derive_more v0.99.9
[INFO] [stderr]     Checking dyn-clonable v0.9.0
[INFO] [stderr]     Checking ref-cast v1.0.2
[INFO] [stderr]     Checking zeroize v1.1.0
[INFO] [stderr]     Checking failure v0.1.8
[INFO] [stderr]     Checking curve25519-dalek v2.1.0
[INFO] [stderr]     Checking merlin v2.0.0
[INFO] [stderr]     Checking secrecy v0.6.0
[INFO] [stderr]     Checking tiny-bip39 v0.7.3
[INFO] [stderr]     Checking tracing v0.1.17
[INFO] [stderr]     Checking schnorrkel v0.9.1
[INFO] [stderr]     Checking pin-project v0.4.23
[INFO] [stderr]     Checking futures-util v0.3.5
[INFO] [stderr]     Checking substrate-bip39 v0.4.1
[INFO] [stderr]     Checking futures-executor v0.3.5
[INFO] [stderr]     Checking futures v0.3.5
[INFO] [stderr]     Checking rental v0.5.5
[INFO] [stderr]     Checking sp-tracing v2.0.0-rc5 (https://github.com/paritytech/substrate?branch=cumulus-branch#b066029a)
[INFO] [stderr]     Checking impl-serde v0.3.1
[INFO] [stderr]     Checking impl-serde v0.2.3
[INFO] [stderr]     Checking ed25519-dalek v1.0.0-pre.4
[INFO] [stderr]     Checking sp-storage v2.0.0-rc5 (https://github.com/paritytech/substrate?branch=cumulus-branch#b066029a)
[INFO] [stderr]    Compiling toml v0.5.6
[INFO] [stderr]     Checking sp-serializer v2.0.0-rc5 (https://github.com/paritytech/substrate?branch=cumulus-branch#b066029a)
[INFO] [stderr]    Compiling proc-macro-crate v0.1.5
[INFO] [stderr]    Compiling parity-scale-codec-derive v1.2.1
[INFO] [stderr]    Compiling sp-runtime-interface-proc-macro v2.0.0-rc5 (https://github.com/paritytech/substrate?branch=cumulus-branch#b066029a)
[INFO] [stderr]    Compiling sp-api-proc-macro v2.0.0-rc5 (https://github.com/paritytech/substrate?branch=cumulus-branch#b066029a)
[INFO] [stderr]     Checking parity-scale-codec v1.3.4
[INFO] [stderr]     Checking impl-codec v0.4.2
[INFO] [stderr]     Checking sp-wasm-interface v2.0.0-rc5 (https://github.com/paritytech/substrate?branch=cumulus-branch#b066029a)
[INFO] [stderr]     Checking sp-externalities v0.8.0-rc5 (https://github.com/paritytech/substrate?branch=cumulus-branch#b066029a)
[INFO] [stderr]     Checking sp-arithmetic v2.0.0-rc5 (https://github.com/paritytech/substrate?branch=cumulus-branch#b066029a)
[INFO] [stderr]     Checking primitive-types v0.7.2
[INFO] [stdout] error[E0282]: type annotations needed
[INFO] [stdout]     --> /opt/rustwide/cargo-home/git/checkouts/substrate-7e08433d4c370a21/b066029/primitives/arithmetic/src/fixed_point.rs:541:9
[INFO] [stdout]      |
[INFO] [stdout] 541  |                   let accuracy = P::ACCURACY.saturated_into();
[INFO] [stdout]      |                       ^^^^^^^^ cannot infer type
[INFO] [stdout] ...
[INFO] [stdout] 1595 | / implement_fixed!(
[INFO] [stdout] 1596 | |     FixedI64,
[INFO] [stdout] 1597 | |     test_fixed_i64,
[INFO] [stdout] 1598 | |     i64,
[INFO] [stdout] ...    |
[INFO] [stdout] 1601 | |     "_Fixed Point 64 bits signed, range = [-9223372036.854775808, 9223372036.854775807]_",
[INFO] [stdout] 1602 | | );
[INFO] [stdout]      | |_- in this macro invocation
[INFO] [stdout]      |
[INFO] [stdout]      = note: this error originates in the macro `implement_fixed` (in Nightly builds, run with -Z macro-backtrace for more info)
[INFO] [stdout] 
[INFO] [stdout] 
[INFO] [stdout] error[E0282]: type annotations needed
[INFO] [stdout]     --> /opt/rustwide/cargo-home/git/checkouts/substrate-7e08433d4c370a21/b066029/primitives/arithmetic/src/fixed_point.rs:541:9
[INFO] [stdout]      |
[INFO] [stdout] 541  |                   let accuracy = P::ACCURACY.saturated_into();
[INFO] [stdout]      |                       ^^^^^^^^ cannot infer type
[INFO] [stdout] ...
[INFO] [stdout] 1604 | / implement_fixed!(
[INFO] [stdout] 1605 | |     FixedI128,
[INFO] [stdout] 1606 | |     test_fixed_i128,
[INFO] [stdout] 1607 | |     i128,
[INFO] [stdout] ...    |
[INFO] [stdout] 1611 | |         [-170141183460469231731.687303715884105728, 170141183460469231731.687303715884105727]_",
[INFO] [stdout] 1612 | | );
[INFO] [stdout]      | |_- in this macro invocation
[INFO] [stdout]      |
[INFO] [stdout]      = note: this error originates in the macro `implement_fixed` (in Nightly builds, run with -Z macro-backtrace for more info)
[INFO] [stdout] 
[INFO] [stdout] 
[INFO] [stdout] error[E0282]: type annotations needed
[INFO] [stdout]     --> /opt/rustwide/cargo-home/git/checkouts/substrate-7e08433d4c370a21/b066029/primitives/arithmetic/src/fixed_point.rs:541:9
[INFO] [stdout]      |
[INFO] [stdout] 541  |                   let accuracy = P::ACCURACY.saturated_into();
[INFO] [stdout]      |                       ^^^^^^^^ cannot infer type
[INFO] [stdout] ...
[INFO] [stdout] 1614 | / implement_fixed!(
[INFO] [stdout] 1615 | |     FixedU128,
[INFO] [stdout] 1616 | |     test_fixed_u128,
[INFO] [stdout] 1617 | |     u128,
[INFO] [stdout] ...    |
[INFO] [stdout] 1621 | |         [0.000000000000000000, 340282366920938463463.374607431768211455]_",
[INFO] [stdout] 1622 | | );
[INFO] [stdout]      | |_- in this macro invocation
[INFO] [stdout]      |
[INFO] [stdout]      = note: this error originates in the macro `implement_fixed` (in Nightly builds, run with -Z macro-backtrace for more info)
[INFO] [stdout] 
[INFO] [stdout] 
[INFO] [stdout] error: aborting due to 3 previous errors
[INFO] [stdout] 
[INFO] [stdout] 
[INFO] [stdout] For more information about this error, try `rustc --explain E0282`.
[INFO] [stdout] 
[INFO] [stderr] error: could not compile `sp-arithmetic` due to 4 previous errors
[INFO] [stderr] warning: build failed, waiting for other jobs to finish...
[INFO] running `Command { std: "docker" "inspect" "90b626b1edd9b802f5f03c37133f38b68b47ebdc07106bc7a6739ebfcaa17855", kill_on_drop: false }`
[INFO] running `Command { std: "docker" "rm" "-f" "90b626b1edd9b802f5f03c37133f38b68b47ebdc07106bc7a6739ebfcaa17855", kill_on_drop: false }`
[INFO] [stdout] 90b626b1edd9b802f5f03c37133f38b68b47ebdc07106bc7a6739ebfcaa17855
