[INFO] cloning repository https://github.com/bingryan/explorer-converter
[INFO] running `Command { std: "git" "-c" "credential.helper=" "-c" "credential.helper=/workspace/cargo-home/bin/git-credential-null" "clone" "--bare" "https://github.com/bingryan/explorer-converter" "/workspace/cache/git-repos/https%3A%2F%2Fgithub.com%2Fbingryan%2Fexplorer-converter", kill_on_drop: false }`
[INFO] [stderr] Cloning into bare repository '/workspace/cache/git-repos/https%3A%2F%2Fgithub.com%2Fbingryan%2Fexplorer-converter'...
[INFO] running `Command { std: "git" "rev-parse" "HEAD", kill_on_drop: false }`
[INFO] [stdout] 0d1df3bf6a8bbd5a45d5e266fc6350a2400644c5
[INFO] documenting bingryan/explorer-converter against beta-2023-04-20 for beta-1.70-rustdoc-1
[INFO] running `Command { std: "git" "clone" "/workspace/cache/git-repos/https%3A%2F%2Fgithub.com%2Fbingryan%2Fexplorer-converter" "/workspace/builds/worker-2-tc2/source", kill_on_drop: false }`
[INFO] [stderr] Cloning into '/workspace/builds/worker-2-tc2/source'...
[INFO] [stderr] done.
[INFO] validating manifest of git repo https://github.com/bingryan/explorer-converter on toolchain beta-2023-04-20
[INFO] running `Command { std: CARGO_HOME="/workspace/cargo-home" RUSTUP_HOME="/workspace/rustup-home" "/workspace/cargo-home/bin/cargo" "+beta-2023-04-20" "metadata" "--manifest-path" "Cargo.toml" "--no-deps", kill_on_drop: false }`
[INFO] removed /workspace/builds/worker-2-tc2/source/rust-toolchain
[INFO] started tweaking git repo https://github.com/bingryan/explorer-converter
[INFO] finished tweaking git repo https://github.com/bingryan/explorer-converter
[INFO] tweaked toml for git repo https://github.com/bingryan/explorer-converter written to /workspace/builds/worker-2-tc2/source/Cargo.toml
[INFO] crate git repo https://github.com/bingryan/explorer-converter already has a lockfile, it will not be regenerated
[INFO] running `Command { std: CARGO_HOME="/workspace/cargo-home" RUSTUP_HOME="/workspace/rustup-home" "/workspace/cargo-home/bin/cargo" "+beta-2023-04-20" "fetch" "--manifest-path" "Cargo.toml", kill_on_drop: false }`
[INFO] [stderr]     Updating crates.io index
[INFO] [stderr]  Downloading crates ...
[INFO] [stderr]   Downloaded cached_proc_macro v0.6.0
[INFO] [stderr]   Downloaded redis v0.20.1
[INFO] [stderr]   Downloaded async-tls v0.11.0
[INFO] [stderr]   Downloaded pallet-indices v3.0.0
[INFO] [stderr]   Downloaded trie-db v0.22.5
[INFO] [stderr]   Downloaded amq-protocol v6.0.3
[INFO] [stderr]   Downloaded parity-scale-codec-derive v2.1.0
[INFO] [stderr]   Downloaded lapin v1.7.1
[INFO] [stderr]   Downloaded sp-npos-elections-compact v3.0.0
[INFO] [stderr]   Downloaded pallet-staking v3.0.0
[INFO] [stderr]   Downloaded cached v0.23.0
[INFO] [stderr]   Downloaded cpp_demangle v0.3.2
[INFO] [stderr]   Downloaded arc-swap v1.3.0
[INFO] [stderr]   Downloaded tokio-amqp v1.0.0
[INFO] [stderr]   Downloaded isahc v1.4.0
[INFO] [stderr]   Downloaded meilisearch-sdk v0.8.1
[INFO] [stderr]   Downloaded sp-npos-elections v3.0.0
[INFO] [stderr]   Downloaded hyper v0.14.8
[INFO] [stderr]   Downloaded amq-protocol-uri v6.0.3
[INFO] [stderr]   Downloaded pinky-swear v4.4.0
[INFO] [stderr]   Downloaded zip v0.5.12
[INFO] [stderr]   Downloaded amq-protocol-tcp v6.0.3
[INFO] [stderr]   Downloaded fast_log v1.3.23
[INFO] [stderr]   Downloaded tcp-stream v0.20.7
[INFO] [stderr]   Downloaded amq-protocol-types v6.0.3
[INFO] [stderr]   Downloaded arrayvec v0.7.0
[INFO] [stderr]   Downloaded parity-scale-codec v2.1.1
[INFO] [stderr]   Downloaded jsonrpsee-http-client v0.2.0-alpha.6
[INFO] [stderr]   Downloaded jsonrpsee-proc-macros v0.2.0-alpha.6
[INFO] [stderr]   Downloaded jsonrpsee-ws-client v0.2.0-alpha.6
[INFO] [stderr]   Downloaded jsonrpsee-utils v0.2.0-alpha.6
[INFO] [stderr]   Downloaded erased-serde v0.3.15
[INFO] [stderr]   Downloaded jsonrpsee-types v0.2.0-alpha.6
[INFO] [stderr]   Downloaded psm v0.1.13
[INFO] [stderr]   Downloaded curl v0.4.38
[INFO] [stderr]   Downloaded bzip2-sys v0.1.10+1.0.8
[INFO] [stderr]   Downloaded curl-sys v0.4.44+curl-7.77.0
[INFO] running `Command { std: "docker" "create" "-v" "/var/lib/crater-agent-workspace/builds/worker-2-tc2/target:/opt/rustwide/target:rw,Z" "-v" "/var/lib/crater-agent-workspace/builds/worker-2-tc2/source:/opt/rustwide/workdir:ro,Z" "-v" "/var/lib/crater-agent-workspace/cargo-home:/opt/rustwide/cargo-home:ro,Z" "-v" "/var/lib/crater-agent-workspace/rustup-home:/opt/rustwide/rustup-home:ro,Z" "-e" "SOURCE_DIR=/opt/rustwide/workdir" "-e" "CARGO_TARGET_DIR=/opt/rustwide/target" "-e" "CARGO_HOME=/opt/rustwide/cargo-home" "-e" "RUSTUP_HOME=/opt/rustwide/rustup-home" "-w" "/opt/rustwide/workdir" "-m" "1610612736" "--user" "0:0" "--network" "none" "ghcr.io/rust-lang/crates-build-env/linux@sha256:5ff2268d62e97bff2cde7d5815dd6ed5b47097566f13b8d0ca110b04b60e07ed" "/opt/rustwide/cargo-home/bin/cargo" "+beta-2023-04-20" "metadata" "--no-deps" "--format-version=1", kill_on_drop: false }`
[INFO] [stdout] 1a88a79abdea831fbc6b297a634d44707ce6fdb376b8bd48f154fe031d3e9ca9
[INFO] running `Command { std: "docker" "start" "-a" "1a88a79abdea831fbc6b297a634d44707ce6fdb376b8bd48f154fe031d3e9ca9", kill_on_drop: false }`
[INFO] running `Command { std: "docker" "inspect" "1a88a79abdea831fbc6b297a634d44707ce6fdb376b8bd48f154fe031d3e9ca9", kill_on_drop: false }`
[INFO] running `Command { std: "docker" "rm" "-f" "1a88a79abdea831fbc6b297a634d44707ce6fdb376b8bd48f154fe031d3e9ca9", kill_on_drop: false }`
[INFO] [stdout] 1a88a79abdea831fbc6b297a634d44707ce6fdb376b8bd48f154fe031d3e9ca9
[INFO] running `Command { std: "docker" "create" "-v" "/var/lib/crater-agent-workspace/builds/worker-2-tc2/target:/opt/rustwide/target:rw,Z" "-v" "/var/lib/crater-agent-workspace/builds/worker-2-tc2/source:/opt/rustwide/workdir:ro,Z" "-v" "/var/lib/crater-agent-workspace/cargo-home:/opt/rustwide/cargo-home:ro,Z" "-v" "/var/lib/crater-agent-workspace/rustup-home:/opt/rustwide/rustup-home:ro,Z" "-e" "SOURCE_DIR=/opt/rustwide/workdir" "-e" "CARGO_TARGET_DIR=/opt/rustwide/target" "-e" "CARGO_INCREMENTAL=0" "-e" "RUST_BACKTRACE=full" "-e" "RUSTFLAGS=--cap-lints=warn" "-e" "RUSTDOCFLAGS=--cap-lints=warn" "-e" "CARGO_HOME=/opt/rustwide/cargo-home" "-e" "RUSTUP_HOME=/opt/rustwide/rustup-home" "-w" "/opt/rustwide/workdir" "-m" "1610612736" "--user" "0:0" "--network" "none" "ghcr.io/rust-lang/crates-build-env/linux@sha256:5ff2268d62e97bff2cde7d5815dd6ed5b47097566f13b8d0ca110b04b60e07ed" "/opt/rustwide/cargo-home/bin/cargo" "+beta-2023-04-20" "doc" "--frozen" "--no-deps" "--document-private-items" "--message-format=json", kill_on_drop: false }`
[INFO] [stdout] 6954edf61491bb72a193b352aa9080275ba6bc734f54b57877989e300b8dfbec
[INFO] running `Command { std: "docker" "start" "-a" "6954edf61491bb72a193b352aa9080275ba6bc734f54b57877989e300b8dfbec", kill_on_drop: false }`
[INFO] [stderr]    Compiling proc-macro2 v1.0.27
[INFO] [stderr]    Compiling unicode-xid v0.2.2
[INFO] [stderr]    Compiling syn v1.0.72
[INFO] [stderr]    Compiling libc v0.2.95
[INFO] [stderr]    Compiling version_check v0.9.3
[INFO] [stderr]    Compiling log v0.4.14
[INFO] [stderr]    Compiling serde_derive v1.0.126
[INFO] [stderr]    Compiling serde v1.0.126
[INFO] [stderr]    Compiling memchr v2.4.0
[INFO] [stderr]     Checking slab v0.4.3
[INFO] [stderr]     Checking futures v0.1.31
[INFO] [stderr]     Checking lock_api v0.4.4
[INFO] [stderr]     Checking byteorder v1.4.3
[INFO] [stderr]    Compiling typenum v1.13.0
[INFO] [stderr]    Compiling futures-core v0.3.15
[INFO] [stderr]     Checking futures-io v0.3.15
[INFO] [stderr]     Checking futures-sink v0.3.15
[INFO] [stderr]    Compiling futures-channel v0.3.15
[INFO] [stderr]    Compiling futures-macro v0.3.15
[INFO] [stderr]    Compiling futures-task v0.3.15
[INFO] [stderr]    Compiling futures-util v0.3.15
[INFO] [stderr]    Compiling anyhow v1.0.40
[INFO] [stderr]    Compiling getrandom v0.1.16
[INFO] [stderr]    Compiling value-bag v1.0.0-alpha.7
[INFO] [stderr]    Compiling generic-array v0.14.4
[INFO] [stderr]     Checking tinyvec v1.2.0
[INFO] [stderr]     Checking static_assertions v1.1.0
[INFO] [stderr]     Checking either v1.6.1
[INFO] [stderr]     Checking ahash v0.4.7
[INFO] [stderr]     Checking arrayvec v0.5.2
[INFO] [stderr]     Checking block-padding v0.2.1
[INFO] [stderr]    Compiling crunchy v0.2.2
[INFO] [stderr]    Compiling indexmap v1.6.2
[INFO] [stderr]     Checking cpufeatures v0.1.4
[INFO] [stderr]    Compiling ryu v1.0.5
[INFO] [stderr]    Compiling libm v0.2.1
[INFO] [stderr]     Checking hashbrown v0.9.1
[INFO] [stderr]     Checking regex-syntax v0.6.25
[INFO] [stderr]    Compiling num-traits v0.2.14
[INFO] [stderr]     Checking byte-tools v0.3.1
[INFO] [stderr]     Checking arrayref v0.3.6
[INFO] [stderr]     Checking block-padding v0.1.5
[INFO] [stderr]     Checking aho-corasick v0.7.18
[INFO] [stderr]     Checking keccak v0.1.0
[INFO] [stderr]    Compiling serde_json v1.0.64
[INFO] [stderr]    Compiling quote v1.0.9
[INFO] [stderr]     Checking parking_lot_core v0.8.3
[INFO] [stderr]     Checking num_cpus v1.13.0
[INFO] [stderr]    Compiling jobserver v0.1.22
[INFO] [stderr]     Checking fake-simd v0.1.2
[INFO] [stderr]     Checking constant_time_eq v0.1.5
[INFO] [stderr]     Checking opaque-debug v0.2.3
[INFO] [stderr]     Checking rand_core v0.5.1
[INFO] [stderr]     Checking parking_lot v0.11.1
[INFO] [stderr]     Checking unicode-normalization v0.1.18
[INFO] [stderr]     Checking subtle v1.0.0
[INFO] [stderr]     Checking tracing-core v0.1.18
[INFO] [stderr]    Compiling cc v1.0.68
[INFO] [stderr]     Checking signature v1.3.0
[INFO] [stderr]     Checking rand_chacha v0.2.2
[INFO] [stderr]     Checking rand_pcg v0.2.1
[INFO] [stderr]     Checking wyz v0.2.0
[INFO] [stderr]     Checking once_cell v1.7.2
[INFO] [stderr]     Checking funty v1.1.0
[INFO] [stderr]     Checking tap v1.0.1
[INFO] [stderr]     Checking ed25519 v1.1.1
[INFO] [stderr]    Compiling radium v0.6.2
[INFO] [stderr]    Compiling num-integer v0.1.44
[INFO] [stderr]     Checking arrayvec v0.7.0
[INFO] [stderr]     Checking byte-slice-cast v1.0.0
[INFO] [stderr]     Checking generic-array v0.12.4
[INFO] [stderr]     Checking rustc-hash v1.1.0
[INFO] [stderr]     Checking rand v0.7.3
[INFO] [stderr]     Checking getrandom v0.2.3
[INFO] [stderr]    Compiling itertools v0.9.0
[INFO] [stderr]     Checking hex v0.4.3
[INFO] [stderr]    Compiling miniz_oxide v0.4.4
[INFO] [stderr]     Checking rand_core v0.6.2
[INFO] [stderr]     Checking time v0.1.44
[INFO] [stderr]     Checking digest v0.8.1
[INFO] [stderr]     Checking block-buffer v0.7.3
[INFO] [stderr]     Checking crypto-mac v0.7.0
[INFO] [stderr]     Checking hmac v0.7.1
[INFO] [stderr]     Checking sha2 v0.8.2
[INFO] [stderr]     Checking adler v1.0.2
[INFO] [stderr]     Checking rand_chacha v0.3.0
[INFO] [stderr]     Checking digest v0.9.0
[INFO] [stderr]     Checking block-buffer v0.9.0
[INFO] [stderr]     Checking crypto-mac v0.8.0
[INFO] [stderr]     Checking hmac-drbg v0.2.0
[INFO] [stderr]     Checking uint v0.9.0
[INFO] [stderr]    Compiling num-bigint v0.2.6
[INFO] [stderr]     Checking rustc-hex v2.1.0
[INFO] [stderr]    Compiling num-rational v0.2.4
[INFO] [stderr]     Checking sha2 v0.9.5
[INFO] [stderr]     Checking bitvec v0.20.4
[INFO] [stderr]     Checking rand v0.8.3
[INFO] [stderr]    Compiling unicode-segmentation v1.7.1
[INFO] [stderr]     Checking sp-std v3.0.0
[INFO] [stderr]    Compiling parity-util-mem v0.9.0
[INFO] [stderr]     Checking unicode-bidi v0.3.5
[INFO] [stderr]     Checking libsecp256k1 v0.3.5
[INFO] [stderr]    Compiling ring v0.16.20
[INFO] [stderr]    Compiling heck v0.3.2
[INFO] [stderr]     Checking thread_local v1.1.3
[INFO] [stderr]     Checking regex v1.5.4
[INFO] [stderr]     Checking regex-automata v0.1.10
[INFO] [stderr]     Checking sharded-slab v0.1.1
[INFO] [stderr]     Checking ansi_term v0.12.1
[INFO] [stderr]     Checking parity-wasm v0.41.0
[INFO] [stderr]    Compiling ref-cast v1.0.6
[INFO] [stderr]     Checking fixed-hash v0.7.0
[INFO] [stderr]     Checking spin v0.5.2
[INFO] [stderr]    Compiling ppv-lite86 v0.2.10
[INFO] [stderr]     Checking untrusted v0.7.1
[INFO] [stderr]    Compiling async-trait v0.1.50
[INFO] [stderr]    Compiling which v4.1.0
[INFO] [stderr]     Checking hash-db v0.15.2
[INFO] [stderr]     Checking memory_units v0.3.0
[INFO] [stderr]    Compiling tiny-keccak v2.0.2
[INFO] [stderr]     Checking matchers v0.0.1
[INFO] [stderr]    Compiling prost-build v0.7.0
[INFO] [stderr]     Checking environmental v1.1.3
[INFO] [stderr]    Compiling remove_dir_all v0.5.3
[INFO] [stderr]    Compiling fixedbitset v0.2.0
[INFO] [stderr]     Checking hmac v0.8.1
[INFO] [stderr]     Checking pbkdf2 v0.4.0
[INFO] [stderr]     Checking pbkdf2 v0.3.0
[INFO] [stderr]    Compiling multimap v0.8.3
[INFO] [stderr]     Checking dyn-clone v1.0.4
[INFO] [stderr]     Checking form_urlencoded v1.0.1
[INFO] [stderr]     Checking blake2-rfc v0.2.18
[INFO] [stderr]     Checking idna v0.2.3
[INFO] [stderr]    Compiling backtrace v0.3.59
[INFO] [stderr]     Checking twox-hash v1.6.0
[INFO] [stderr]     Checking hash256-std-hasher v0.15.2
[INFO] [stderr]     Checking gimli v0.24.0
[INFO] [stderr]     Checking base58 v0.1.0
[INFO] [stderr]     Checking object v0.24.0
[INFO] [stderr]     Checking wasmi-validation v0.3.0
[INFO] [stderr]     Checking rustc-demangle v0.1.19
[INFO] [stderr]     Checking iovec v0.1.4
[INFO] [stderr]    Compiling convert_case v0.4.0
[INFO] [stderr]    Compiling proc-macro-error-attr v1.0.4
[INFO] [stderr]    Compiling proc-macro-error v1.0.4
[INFO] [stderr]     Checking trie-root v0.16.0
[INFO] [stderr]    Compiling blake3 v0.3.8
[INFO] [stderr]    Compiling pin-project-internal v0.4.28
[INFO] [stderr]     Checking wasmi v0.6.2
[INFO] [stderr]     Checking url v2.2.2
[INFO] [stderr]    Compiling crossbeam-utils v0.8.5
[INFO] [stderr]    Compiling tempfile v3.2.0
[INFO] [stderr]     Checking sha3 v0.9.1
[INFO] [stderr]     Checking data-encoding v2.3.2
[INFO] [stderr]     Checking blake2b_simd v0.5.11
[INFO] [stderr]     Checking blake2s_simd v0.5.11
[INFO] [stderr]    Compiling paste v1.0.5
[INFO] [stderr]     Checking futures-timer v3.0.2
[INFO] [stderr]     Checking unsigned-varint v0.5.1
[INFO] [stderr]     Checking integer-sqrt v0.1.5
[INFO] [stderr]     Checking base64 v0.13.0
[INFO] [stderr]     Checking signal-hook-registry v1.3.0
[INFO] [stderr]     Checking net2 v0.2.37
[INFO] [stderr]     Checking bs58 v0.4.0
[INFO] [stderr]     Checking void v1.0.2
[INFO] [stderr]     Checking socket2 v0.4.0
[INFO] [stderr]     Checking cache-padded v1.1.1
[INFO] [stderr]    Compiling crc32fast v1.2.1
[INFO] [stderr]    Compiling libz-sys v1.1.3
[INFO] [stderr]     Checking parking v2.0.0
[INFO] [stderr]     Checking fastrand v1.4.1
[INFO] [stderr]     Checking waker-fn v1.1.0
[INFO] [stderr]     Checking concurrent-queue v1.2.2
[INFO] [stderr]     Checking httparse v1.4.1
[INFO] [stderr]     Checking event-listener v2.5.1
[INFO] [stderr]     Checking bytes v0.5.6
[INFO] [stderr]     Checking async-task v4.0.3
[INFO] [stderr]     Checking http v0.2.4
[INFO] [stderr]    Compiling Inflector v0.11.4
[INFO] [stderr]     Checking futures-lite v1.11.3
[INFO] [stderr]     Checking pin-project-lite v0.1.12
[INFO] [stderr]    Compiling nodrop v0.1.14
[INFO] [stderr]     Checking async-channel v1.6.1
[INFO] [stderr]     Checking quick-error v1.2.3
[INFO] [stderr]    Compiling arrayvec v0.4.12
[INFO] [stderr]    Compiling wasm-bindgen-shared v0.2.74
[INFO] [stderr]    Compiling synstructure v0.12.4
[INFO] [stderr]     Checking addr2line v0.15.1
[INFO] [stderr]     Checking block-cipher v0.8.0
[INFO] [stderr]    Compiling signal-hook v0.3.8
[INFO] [stderr]     Checking try-lock v0.2.3
[INFO] [stderr]     Checking async-mutex v1.4.0
[INFO] [stderr]     Checking universal-hash v0.4.0
[INFO] [stderr]    Compiling cranelift-codegen-shared v0.69.0
[INFO] [stderr]     Checking base64 v0.12.3
[INFO] [stderr]     Checking atomic-waker v1.0.0
[INFO] [stderr]     Checking cpuid-bool v0.2.0
[INFO] [stderr]     Checking sct v0.6.1
[INFO] [stderr]     Checking webpki v0.21.4
[INFO] [stderr]    Compiling bumpalo v3.7.0
[INFO] [stderr]     Checking flate2 v1.0.20
[INFO] [stderr]     Checking socket2 v0.3.19
[INFO] [stderr]    Compiling target-lexicon v0.11.2
[INFO] [stderr]     Checking fallible-iterator v0.2.0
[INFO] [stderr]     Checking blocking v1.0.2
[INFO] [stderr]     Checking async-executor v1.4.1
[INFO] [stderr]     Checking stable_deref_trait v1.2.0
[INFO] [stderr]     Checking async-lock v2.4.0
[INFO] [stderr]    Compiling wasm-bindgen v0.2.74
[INFO] [stderr]     Checking polyval v0.4.5
[INFO] [stderr]     Checking aes-soft v0.5.0
[INFO] [stderr]     Checking stream-cipher v0.7.1
[INFO] [stderr]     Checking aead v0.3.2
[INFO] [stderr]    Compiling memoffset v0.6.4
[INFO] [stderr]     Checking sp-panic-handler v3.0.0
[INFO] [stderr]     Checking tower-service v0.3.1
[INFO] [stderr]    Compiling prometheus v0.11.0
[INFO] [stderr]     Checking webpki-roots v0.21.1
[INFO] [stderr]     Checking ghash v0.3.1
[INFO] [stderr]     Checking poly1305 v0.6.2
[INFO] [stderr]    Compiling snow v0.7.2
[INFO] [stderr]     Checking sha-1 v0.9.6
[INFO] [stderr]    Compiling glob v0.3.0
[INFO] [stderr]     Checking ipnet v2.3.0
[INFO] [stderr]     Checking aes v0.5.0
[INFO] [stderr]     Checking nohash-hasher v0.2.0
[INFO] [stderr]     Checking blake2 v0.9.1
[INFO] [stderr]     Checking cipher v0.2.5
[INFO] [stderr]    Compiling atomic v0.5.0
[INFO] [stderr]     Checking aes-gcm v0.7.0
[INFO] [stderr]     Checking dns-parser v0.8.0
[INFO] [stderr]     Checking quicksink v0.1.2
[INFO] [stderr]     Checking crossbeam-channel v0.5.1
[INFO] [stderr]     Checking cuckoofilter v0.5.0
[INFO] [stderr]     Checking salsa20 v0.7.2
[INFO] [stderr]     Checking lru v0.6.5
[INFO] [stderr]     Checking atty v0.2.14
[INFO] [stderr]     Checking parity-send-wrapper v0.1.0
[INFO] [stderr]    Compiling crossbeam-epoch v0.9.5
[INFO] [stderr]     Checking hex_fmt v0.3.0
[INFO] [stderr]     Checking wasmparser v0.71.0
[INFO] [stderr]     Checking http-body v0.3.1
[INFO] [stderr]     Checking more-asserts v0.2.1
[INFO] [stderr]     Checking httpdate v0.3.2
[INFO] [stderr]    Compiling psm v0.1.13
[INFO] [stderr]    Compiling rayon-core v1.9.1
[INFO] [stderr]    Compiling raw-cpuid v8.1.2
[INFO] [stderr]    Compiling wasmtime-runtime v0.22.0
[INFO] [stderr]    Compiling maybe-uninit v2.0.0
[INFO] [stderr]    Compiling zstd-safe v2.0.6+zstd.1.4.7
[INFO] [stderr]     Checking termcolor v1.1.2
[INFO] [stderr]    Compiling zstd-sys v1.4.18+zstd.1.4.7
[INFO] [stderr]     Checking humantime v1.3.0
[INFO] [stderr]     Checking region v2.2.0
[INFO] [stderr]    Compiling rayon v1.5.1
[INFO] [stderr]    Compiling cpp_demangle v0.3.2
[INFO] [stderr]     Checking dirs-sys-next v0.1.2
[INFO] [stderr]    Compiling crossbeam-utils v0.7.2
[INFO] [stderr]    Compiling wasmtime-cache v0.22.0
[INFO] [stderr]     Checking leb128 v0.2.4
[INFO] [stderr]     Checking directories-next v2.0.0
[INFO] [stderr]     Checking crossbeam-deque v0.8.0
[INFO] [stderr]     Checking bytes v0.4.12
[INFO] [stderr]     Checking wast v35.0.2
[INFO] [stderr]     Checking errno v0.2.7
[INFO] [stderr]     Checking lock_api v0.3.4
[INFO] [stderr]     Checking scoped-tls v1.0.0
[INFO] [stderr]    Compiling parking_lot_core v0.6.2
[INFO] [stderr]     Checking smallvec v0.6.14
[INFO] [stderr]    Compiling parking_lot v0.9.0
[INFO] [stderr]    Compiling openssl-sys v0.9.63
[INFO] [stderr]     Checking openssl-probe v0.1.4
[INFO] [stderr]    Compiling memoffset v0.5.6
[INFO] [stderr]    Compiling crossbeam-epoch v0.8.2
[INFO] [stderr]     Checking tokio-sync v0.1.8
[INFO] [stderr]    Compiling tokio v1.6.1
[INFO] [stderr]     Checking linked-hash-map v0.5.4
[INFO] [stderr]     Checking parking_lot_core v0.7.2
[INFO] [stderr]    Compiling erased-serde v0.3.15
[INFO] [stderr]    Compiling num-complex v0.2.4
[INFO] [stderr]     Checking rawpointer v0.2.1
[INFO] [stderr]     Checking base-x v0.2.8
[INFO] [stderr]     Checking bstr v0.2.16
[INFO] [stderr]    Compiling unicase v2.6.0
[INFO] [stderr]     Checking tokio-executor v0.1.10
[INFO] [stderr]     Checking crossbeam-queue v0.2.3
[INFO] [stderr]     Checking parking_lot v0.10.2
[INFO] [stderr]    Compiling ctor v0.1.20
[INFO] [stderr] The following warnings were emitted during compilation:
[INFO] [stderr] 
[INFO] [stderr] warning: build/expando.c:4:24: error: pasting "RUST_VERSION_OPENSSL_" and "(" does not give a valid preprocessing token
[INFO] [stderr] warning:     4 | #define VERSION2(n, v) RUST_VERSION_##n##_##v
[INFO] [stderr] warning:       |                        ^~~~~~~~~~~~~
[INFO] [stderr] warning: build/expando.c:5:23: note: in expansion of macro 'VERSION2'
[INFO] [stderr] warning:     5 | #define VERSION(n, v) VERSION2(n, v)
[INFO] [stderr] warning:       |                       ^~~~~~~~
[INFO] [stderr] warning: build/expando.c:10:1: note: in expansion of macro 'VERSION'
[INFO] [stderr] warning:    10 | VERSION(OPENSSL, OPENSSL_VERSION_NUMBER)
[INFO] [stderr] warning:       | ^~~~~~~
[INFO] [stderr] 
[INFO] [stderr] error: failed to run custom build command for `openssl-sys v0.9.63`
[INFO] [stderr] note: To improve backtraces for build dependencies, set the CARGO_PROFILE_DEV_BUILD_OVERRIDE_DEBUG=true environment variable to enable debug information generation.
[INFO] [stderr] 
[INFO] [stderr] Caused by:
[INFO] [stderr]   process didn't exit successfully: `/opt/rustwide/target/debug/build/openssl-sys-7881c82eece9dd20/build-script-main` (exit status: 101)
[INFO] [stderr]   --- stdout
[INFO] [stderr]   cargo:rustc-cfg=const_fn
[INFO] [stderr]   cargo:rerun-if-env-changed=X86_64_UNKNOWN_LINUX_GNU_OPENSSL_LIB_DIR
[INFO] [stderr]   X86_64_UNKNOWN_LINUX_GNU_OPENSSL_LIB_DIR unset
[INFO] [stderr]   cargo:rerun-if-env-changed=OPENSSL_LIB_DIR
[INFO] [stderr]   OPENSSL_LIB_DIR unset
[INFO] [stderr]   cargo:rerun-if-env-changed=X86_64_UNKNOWN_LINUX_GNU_OPENSSL_INCLUDE_DIR
[INFO] [stderr]   X86_64_UNKNOWN_LINUX_GNU_OPENSSL_INCLUDE_DIR unset
[INFO] [stderr]   cargo:rerun-if-env-changed=OPENSSL_INCLUDE_DIR
[INFO] [stderr]   OPENSSL_INCLUDE_DIR unset
[INFO] [stderr]   cargo:rerun-if-env-changed=X86_64_UNKNOWN_LINUX_GNU_OPENSSL_DIR
[INFO] [stderr]   X86_64_UNKNOWN_LINUX_GNU_OPENSSL_DIR unset
[INFO] [stderr]   cargo:rerun-if-env-changed=OPENSSL_DIR
[INFO] [stderr]   OPENSSL_DIR unset
[INFO] [stderr]   cargo:rerun-if-env-changed=OPENSSL_NO_PKG_CONFIG
[INFO] [stderr]   cargo:rerun-if-env-changed=PKG_CONFIG
[INFO] [stderr]   cargo:rerun-if-env-changed=OPENSSL_STATIC
[INFO] [stderr]   cargo:rerun-if-env-changed=OPENSSL_DYNAMIC
[INFO] [stderr]   cargo:rerun-if-env-changed=PKG_CONFIG_ALL_STATIC
[INFO] [stderr]   cargo:rerun-if-env-changed=PKG_CONFIG_ALL_DYNAMIC
[INFO] [stderr]   cargo:rerun-if-env-changed=PKG_CONFIG_PATH_x86_64-unknown-linux-gnu
[INFO] [stderr]   cargo:rerun-if-env-changed=PKG_CONFIG_PATH_x86_64_unknown_linux_gnu
[INFO] [stderr]   cargo:rerun-if-env-changed=HOST_PKG_CONFIG_PATH
[INFO] [stderr]   cargo:rerun-if-env-changed=PKG_CONFIG_PATH
[INFO] [stderr]   cargo:rerun-if-env-changed=PKG_CONFIG_LIBDIR_x86_64-unknown-linux-gnu
[INFO] [stderr]   cargo:rerun-if-env-changed=PKG_CONFIG_LIBDIR_x86_64_unknown_linux_gnu
[INFO] [stderr]   cargo:rerun-if-env-changed=HOST_PKG_CONFIG_LIBDIR
[INFO] [stderr]   cargo:rerun-if-env-changed=PKG_CONFIG_LIBDIR
[INFO] [stderr]   cargo:rerun-if-env-changed=PKG_CONFIG_SYSROOT_DIR_x86_64-unknown-linux-gnu
[INFO] [stderr]   cargo:rerun-if-env-changed=PKG_CONFIG_SYSROOT_DIR_x86_64_unknown_linux_gnu
[INFO] [stderr]   cargo:rerun-if-env-changed=HOST_PKG_CONFIG_SYSROOT_DIR
[INFO] [stderr]   cargo:rerun-if-env-changed=PKG_CONFIG_SYSROOT_DIR
[INFO] [stderr]   cargo:rerun-if-env-changed=PKG_CONFIG_SYSROOT_DIR
[INFO] [stderr]   cargo:rerun-if-env-changed=SYSROOT
[INFO] [stderr]   cargo:rerun-if-env-changed=OPENSSL_STATIC
[INFO] [stderr]   cargo:rerun-if-env-changed=OPENSSL_DYNAMIC
[INFO] [stderr]   cargo:rerun-if-env-changed=PKG_CONFIG_ALL_STATIC
[INFO] [stderr]   cargo:rerun-if-env-changed=PKG_CONFIG_ALL_DYNAMIC
[INFO] [stderr]   cargo:rustc-link-lib=ssl
[INFO] [stderr]   cargo:rustc-link-lib=crypto
[INFO] [stderr]   cargo:rerun-if-env-changed=PKG_CONFIG
[INFO] [stderr]   cargo:rerun-if-env-changed=OPENSSL_STATIC
[INFO] [stderr]   cargo:rerun-if-env-changed=OPENSSL_DYNAMIC
[INFO] [stderr]   cargo:rerun-if-env-changed=PKG_CONFIG_ALL_STATIC
[INFO] [stderr]   cargo:rerun-if-env-changed=PKG_CONFIG_ALL_DYNAMIC
[INFO] [stderr]   cargo:rerun-if-env-changed=PKG_CONFIG_PATH_x86_64-unknown-linux-gnu
[INFO] [stderr]   cargo:rerun-if-env-changed=PKG_CONFIG_PATH_x86_64_unknown_linux_gnu
[INFO] [stderr]   cargo:rerun-if-env-changed=HOST_PKG_CONFIG_PATH
[INFO] [stderr]   cargo:rerun-if-env-changed=PKG_CONFIG_PATH
[INFO] [stderr]   cargo:rerun-if-env-changed=PKG_CONFIG_LIBDIR_x86_64-unknown-linux-gnu
[INFO] [stderr]   cargo:rerun-if-env-changed=PKG_CONFIG_LIBDIR_x86_64_unknown_linux_gnu
[INFO] [stderr]   cargo:rerun-if-env-changed=HOST_PKG_CONFIG_LIBDIR
[INFO] [stderr]   cargo:rerun-if-env-changed=PKG_CONFIG_LIBDIR
[INFO] [stderr]   cargo:rerun-if-env-changed=PKG_CONFIG_SYSROOT_DIR_x86_64-unknown-linux-gnu
[INFO] [stderr]   cargo:rerun-if-env-changed=PKG_CONFIG_SYSROOT_DIR_x86_64_unknown_linux_gnu
[INFO] [stderr]   cargo:rerun-if-env-changed=HOST_PKG_CONFIG_SYSROOT_DIR
[INFO] [stderr]   cargo:rerun-if-env-changed=PKG_CONFIG_SYSROOT_DIR
[INFO] [stderr]   OPT_LEVEL = Some("0")
[INFO] [stderr]   TARGET = Some("x86_64-unknown-linux-gnu")
[INFO] [stderr]   HOST = Some("x86_64-unknown-linux-gnu")
[INFO] [stderr]   CC_x86_64-unknown-linux-gnu = None
[INFO] [stderr]   CC_x86_64_unknown_linux_gnu = None
[INFO] [stderr]   HOST_CC = None
[INFO] [stderr]   CC = None
[INFO] [stderr]   CFLAGS_x86_64-unknown-linux-gnu = None
[INFO] [stderr]   CFLAGS_x86_64_unknown_linux_gnu = None
[INFO] [stderr]   HOST_CFLAGS = None
[INFO] [stderr]   CFLAGS = None
[INFO] [stderr]   CRATE_CC_NO_DEFAULTS = None
[INFO] [stderr]   DEBUG = Some("true")
[INFO] [stderr]   CARGO_CFG_TARGET_FEATURE = Some("fxsr,sse,sse2")
[INFO] [stderr]   running: "cc" "-O0" "-ffunction-sections" "-fdata-sections" "-fPIC" "-g" "-fno-omit-frame-pointer" "-m64" "-I" "/usr/include" "-Wall" "-Wextra" "-E" "build/expando.c"
[INFO] [stderr]   cargo:warning=build/expando.c:4:24: error: pasting "RUST_VERSION_OPENSSL_" and "(" does not give a valid preprocessing token
[INFO] [stderr]   cargo:warning=    4 | #define VERSION2(n, v) RUST_VERSION_##n##_##v
[INFO] [stderr]   cargo:warning=      |                        ^~~~~~~~~~~~~
[INFO] [stderr]   cargo:warning=build/expando.c:5:23: note: in expansion of macro 'VERSION2'
[INFO] [stderr]   cargo:warning=    5 | #define VERSION(n, v) VERSION2(n, v)
[INFO] [stderr]   cargo:warning=      |                       ^~~~~~~~
[INFO] [stderr]   cargo:warning=build/expando.c:10:1: note: in expansion of macro 'VERSION'
[INFO] [stderr]   cargo:warning=   10 | VERSION(OPENSSL, OPENSSL_VERSION_NUMBER)
[INFO] [stderr]   cargo:warning=      | ^~~~~~~
[INFO] [stderr]   exit status: 1
[INFO] [stderr] 
[INFO] [stderr]   --- stderr
[INFO] [stderr]   thread 'main' panicked at '
[INFO] [stderr]   Header expansion error:
[INFO] [stderr]   Error { kind: ToolExecError, message: "Command \"cc\" \"-O0\" \"-ffunction-sections\" \"-fdata-sections\" \"-fPIC\" \"-g\" \"-fno-omit-frame-pointer\" \"-m64\" \"-I\" \"/usr/include\" \"-Wall\" \"-Wextra\" \"-E\" \"build/expando.c\" with args \"cc\" did not execute successfully (status code exit status: 1)." }
[INFO] [stderr] 
[INFO] [stderr]   Failed to find OpenSSL development headers.
[INFO] [stderr] 
[INFO] [stderr]   You can try fixing this setting the `OPENSSL_DIR` environment variable
[INFO] [stderr]   pointing to your OpenSSL installation or installing OpenSSL headers package
[INFO] [stderr]   specific to your distribution:
[INFO] [stderr] 
[INFO] [stderr]       # On Ubuntu
[INFO] [stderr]       sudo apt-get install libssl-dev
[INFO] [stderr]       # On Arch Linux
[INFO] [stderr]       sudo pacman -S openssl
[INFO] [stderr]       # On Fedora
[INFO] [stderr]       sudo dnf install openssl-devel
[INFO] [stderr] 
[INFO] [stderr]   See rust-openssl README for more information:
[INFO] [stderr] 
[INFO] [stderr]       https://github.com/sfackler/rust-openssl#linux
[INFO] [stderr]   ', /opt/rustwide/cargo-home/registry/src/index.crates.io-6f17d22bba15001f/openssl-sys-0.9.63/build/main.rs:147:13
[INFO] [stderr]   stack backtrace:
[INFO] [stderr]      0:     0x55a47cb1611a - std::backtrace_rs::backtrace::libunwind::trace::h2f05d0192276a8f6
[INFO] [stderr]                                  at /rustc/1b7dd2252b99671ce5d1cb9664c5f8636329436d/library/std/src/../../backtrace/src/backtrace/libunwind.rs:93:5
[INFO] [stderr]      1:     0x55a47cb1611a - std::backtrace_rs::backtrace::trace_unsynchronized::hedc23dff7a1af150
[INFO] [stderr]                                  at /rustc/1b7dd2252b99671ce5d1cb9664c5f8636329436d/library/std/src/../../backtrace/src/backtrace/mod.rs:66:5
[INFO] [stderr]      2:     0x55a47cb1611a - std::sys_common::backtrace::_print_fmt::h17541ef7592f3ce2
[INFO] [stderr]                                  at /rustc/1b7dd2252b99671ce5d1cb9664c5f8636329436d/library/std/src/sys_common/backtrace.rs:65:5
[INFO] [stderr]      3:     0x55a47cb1611a - <std::sys_common::backtrace::_print::DisplayBacktrace as core::fmt::Display>::fmt::h20f75df5ab0c0792
[INFO] [stderr]                                  at /rustc/1b7dd2252b99671ce5d1cb9664c5f8636329436d/library/std/src/sys_common/backtrace.rs:44:22
[INFO] [stderr]      4:     0x55a47cb368ef - core::fmt::write::h78109e6f466b3af6
[INFO] [stderr]                                  at /rustc/1b7dd2252b99671ce5d1cb9664c5f8636329436d/library/core/src/fmt/mod.rs:1254:17
[INFO] [stderr]      5:     0x55a47cb12f75 - std::io::Write::write_fmt::hc59e1b02dd273c8a
[INFO] [stderr]                                  at /rustc/1b7dd2252b99671ce5d1cb9664c5f8636329436d/library/std/src/io/mod.rs:1698:15
[INFO] [stderr]      6:     0x55a47cb15ee5 - std::sys_common::backtrace::_print::h8dac57a9f8fbf9a5
[INFO] [stderr]                                  at /rustc/1b7dd2252b99671ce5d1cb9664c5f8636329436d/library/std/src/sys_common/backtrace.rs:47:5
[INFO] [stderr]      7:     0x55a47cb15ee5 - std::sys_common::backtrace::print::hf9ecbf41d1aa712f
[INFO] [stderr]                                  at /rustc/1b7dd2252b99671ce5d1cb9664c5f8636329436d/library/std/src/sys_common/backtrace.rs:34:9
[INFO] [stderr]      8:     0x55a47cb177ae - std::panicking::default_hook::{{closure}}::h04c07acfc84ca028
[INFO] [stderr]                                  at /rustc/1b7dd2252b99671ce5d1cb9664c5f8636329436d/library/std/src/panicking.rs:269:22
[INFO] [stderr]      9:     0x55a47cb17555 - std::panicking::default_hook::h01f6bb23e1eceb2c
[INFO] [stderr]                                  at /rustc/1b7dd2252b99671ce5d1cb9664c5f8636329436d/library/std/src/panicking.rs:288:9
[INFO] [stderr]     10:     0x55a47cb17d0e - std::panicking::rust_panic_with_hook::h2bb3722bbaf2f6df
[INFO] [stderr]                                  at /rustc/1b7dd2252b99671ce5d1cb9664c5f8636329436d/library/std/src/panicking.rs:691:13
[INFO] [stderr]     11:     0x55a47cb17c09 - std::panicking::begin_panic_handler::{{closure}}::h91bc7f36a4be011b
[INFO] [stderr]                                  at /rustc/1b7dd2252b99671ce5d1cb9664c5f8636329436d/library/std/src/panicking.rs:582:13
[INFO] [stderr]     12:     0x55a47cb16586 - std::sys_common::backtrace::__rust_end_short_backtrace::h8b3d3717114f9e59
[INFO] [stderr]                                  at /rustc/1b7dd2252b99671ce5d1cb9664c5f8636329436d/library/std/src/sys_common/backtrace.rs:150:18
[INFO] [stderr]     13:     0x55a47cb17962 - rust_begin_unwind
[INFO] [stderr]                                  at /rustc/1b7dd2252b99671ce5d1cb9664c5f8636329436d/library/std/src/panicking.rs:578:5
[INFO] [stderr]     14:     0x55a47ca7d7f3 - core::panicking::panic_fmt::hfd368e3fbdabea26
[INFO] [stderr]                                  at /rustc/1b7dd2252b99671ce5d1cb9664c5f8636329436d/library/core/src/panicking.rs:67:14
[INFO] [stderr]     15:     0x55a47ca80a6c - build_script_main::validate_headers::h1a4e10da2ae6c8be
[INFO] [stderr]     16:     0x55a47ca876e6 - build_script_main::find_normal::try_pkg_config::h10391c727438909c
[INFO] [stderr]     17:     0x55a47ca8678e - build_script_main::find_normal::find_openssl_dir::h888ec7d172c14507
[INFO] [stderr]     18:     0x55a47ca861c2 - build_script_main::find_normal::get_openssl::{{closure}}::he9b1d7cc4d17eb91
[INFO] [stderr]     19:     0x55a47ca8821a - core::option::Option<T>::unwrap_or_else::h62b0010e3d9dd829
[INFO] [stderr]     20:     0x55a47ca85f7e - build_script_main::find_normal::get_openssl::hbde61ad30f799248
[INFO] [stderr]     21:     0x55a47ca7f74d - build_script_main::find_openssl::h69ca79f46b20b056
[INFO] [stderr]     22:     0x55a47ca7f82d - build_script_main::main::h2e213d7f2161ea08
[INFO] [stderr]     23:     0x55a47ca87ce3 - core::ops::function::FnOnce::call_once::h1aad8acfac05c2a0
[INFO] [stderr]     24:     0x55a47ca836b6 - std::sys_common::backtrace::__rust_begin_short_backtrace::h903918d3d4cf5e07
[INFO] [stderr]     25:     0x55a47ca83719 - std::rt::lang_start::{{closure}}::h74fb67c41cb0af13
[INFO] [stderr]     26:     0x55a47cb0fb1e - core::ops::function::impls::<impl core::ops::function::FnOnce<A> for &F>::call_once::h2eb19b8ce4148df4
[INFO] [stderr]                                  at /rustc/1b7dd2252b99671ce5d1cb9664c5f8636329436d/library/core/src/ops/function.rs:287:13
[INFO] [stderr]     27:     0x55a47cb0fb1e - std::panicking::try::do_call::h2e900feff5d504c5
[INFO] [stderr]                                  at /rustc/1b7dd2252b99671ce5d1cb9664c5f8636329436d/library/std/src/panicking.rs:485:40
[INFO] [stderr]     28:     0x55a47cb0fb1e - std::panicking::try::h8854836cb85aa9f2
[INFO] [stderr]                                  at /rustc/1b7dd2252b99671ce5d1cb9664c5f8636329436d/library/std/src/panicking.rs:449:19
[INFO] [stderr]     29:     0x55a47cb0fb1e - std::panic::catch_unwind::h706025dd4c48f64b
[INFO] [stderr]                                  at /rustc/1b7dd2252b99671ce5d1cb9664c5f8636329436d/library/std/src/panic.rs:140:14
[INFO] [stderr]     30:     0x55a47cb0fb1e - std::rt::lang_start_internal::{{closure}}::h7be5b97f4a07a91a
[INFO] [stderr]                                  at /rustc/1b7dd2252b99671ce5d1cb9664c5f8636329436d/library/std/src/rt.rs:148:48
[INFO] [stderr]     31:     0x55a47cb0fb1e - std::panicking::try::do_call::h59847e9d0a176965
[INFO] [stderr]                                  at /rustc/1b7dd2252b99671ce5d1cb9664c5f8636329436d/library/std/src/panicking.rs:485:40
[INFO] [stderr]     32:     0x55a47cb0fb1e - std::panicking::try::h399a918ba8522823
[INFO] [stderr]                                  at /rustc/1b7dd2252b99671ce5d1cb9664c5f8636329436d/library/std/src/panicking.rs:449:19
[INFO] [stderr]     33:     0x55a47cb0fb1e - std::panic::catch_unwind::hca7ca6c55b2a2e26
[INFO] [stderr]                                  at /rustc/1b7dd2252b99671ce5d1cb9664c5f8636329436d/library/std/src/panic.rs:140:14
[INFO] [stderr]     34:     0x55a47cb0fb1e - std::rt::lang_start_internal::h2c807a81560459eb
[INFO] [stderr]                                  at /rustc/1b7dd2252b99671ce5d1cb9664c5f8636329436d/library/std/src/rt.rs:148:20
[INFO] [stderr]     35:     0x55a47ca836f7 - std::rt::lang_start::h230283d7c9e2323d
[INFO] [stderr]     36:     0x55a47ca82995 - main
[INFO] [stderr]     37:     0x7f2854debd90 - <unknown>
[INFO] [stderr]     38:     0x7f2854debe40 - __libc_start_main
[INFO] [stderr]     39:     0x55a47ca7de65 - _start
[INFO] [stderr]     40:                0x0 - <unknown>
[INFO] [stderr] warning: build failed, waiting for other jobs to finish...
[INFO] running `Command { std: "docker" "inspect" "6954edf61491bb72a193b352aa9080275ba6bc734f54b57877989e300b8dfbec", kill_on_drop: false }`
[INFO] running `Command { std: "docker" "rm" "-f" "6954edf61491bb72a193b352aa9080275ba6bc734f54b57877989e300b8dfbec", kill_on_drop: false }`
[INFO] [stdout] 6954edf61491bb72a193b352aa9080275ba6bc734f54b57877989e300b8dfbec
