[INFO] cloning repository https://github.com/bemcho/home-ai-rust
[INFO] running `Command { std: "git" "-c" "credential.helper=" "-c" "credential.helper=/workspace/cargo-home/bin/git-credential-null" "clone" "--bare" "https://github.com/bemcho/home-ai-rust" "/workspace/cache/git-repos/https%3A%2F%2Fgithub.com%2Fbemcho%2Fhome-ai-rust", kill_on_drop: false }`
[INFO] [stderr] Cloning into bare repository '/workspace/cache/git-repos/https%3A%2F%2Fgithub.com%2Fbemcho%2Fhome-ai-rust'...
[INFO] running `Command { std: "git" "rev-parse" "HEAD", kill_on_drop: false }`
[INFO] [stdout] 1c0966e23cc003d9b33824a81187dfcccc67b998
[INFO] documenting bemcho/home-ai-rust against beta-2023-04-20 for beta-1.70-rustdoc-1
[INFO] running `Command { std: "git" "clone" "/workspace/cache/git-repos/https%3A%2F%2Fgithub.com%2Fbemcho%2Fhome-ai-rust" "/workspace/builds/worker-3-tc2/source", kill_on_drop: false }`
[INFO] [stderr] Cloning into '/workspace/builds/worker-3-tc2/source'...
[INFO] [stderr] done.
[INFO] validating manifest of git repo https://github.com/bemcho/home-ai-rust on toolchain beta-2023-04-20
[INFO] running `Command { std: CARGO_HOME="/workspace/cargo-home" RUSTUP_HOME="/workspace/rustup-home" "/workspace/cargo-home/bin/cargo" "+beta-2023-04-20" "metadata" "--manifest-path" "Cargo.toml" "--no-deps", kill_on_drop: false }`
[INFO] started tweaking git repo https://github.com/bemcho/home-ai-rust
[INFO] finished tweaking git repo https://github.com/bemcho/home-ai-rust
[INFO] tweaked toml for git repo https://github.com/bemcho/home-ai-rust written to /workspace/builds/worker-3-tc2/source/Cargo.toml
[INFO] crate git repo https://github.com/bemcho/home-ai-rust already has a lockfile, it will not be regenerated
[INFO] running `Command { std: CARGO_HOME="/workspace/cargo-home" RUSTUP_HOME="/workspace/rustup-home" "/workspace/cargo-home/bin/cargo" "+beta-2023-04-20" "fetch" "--manifest-path" "Cargo.toml", kill_on_drop: false }`
[INFO] [stderr]     Updating crates.io index
[INFO] [stderr]     Blocking waiting for file lock on package cache
[INFO] [stderr]  Downloading crates ...
[INFO] [stderr]   Downloaded cpp_common v0.5.4
[INFO] [stderr]   Downloaded cpp_build v0.5.4
[INFO] [stderr]   Downloaded if_rust_version v1.0.0
[INFO] [stderr]   Downloaded cpp_macros v0.5.4
[INFO] [stderr]   Downloaded cpp v0.5.4
[INFO] [stderr]   Downloaded speech-dispatcher-sys v0.4.2
[INFO] [stderr]   Downloaded tolk-sys v0.2.0
[INFO] [stderr]   Downloaded bindgen v0.52.0
[INFO] [stderr]   Downloaded speech-dispatcher v0.4.3
[INFO] [stderr]   Downloaded tolk v0.2.0
[INFO] [stderr]   Downloaded tts v0.2.2
[INFO] [stderr]   Downloaded opencv v0.29.3
[INFO] running `Command { std: "docker" "create" "-v" "/var/lib/crater-agent-workspace/builds/worker-3-tc2/target:/opt/rustwide/target:rw,Z" "-v" "/var/lib/crater-agent-workspace/builds/worker-3-tc2/source:/opt/rustwide/workdir:ro,Z" "-v" "/var/lib/crater-agent-workspace/cargo-home:/opt/rustwide/cargo-home:ro,Z" "-v" "/var/lib/crater-agent-workspace/rustup-home:/opt/rustwide/rustup-home:ro,Z" "-e" "SOURCE_DIR=/opt/rustwide/workdir" "-e" "CARGO_TARGET_DIR=/opt/rustwide/target" "-e" "CARGO_HOME=/opt/rustwide/cargo-home" "-e" "RUSTUP_HOME=/opt/rustwide/rustup-home" "-w" "/opt/rustwide/workdir" "-m" "1610612736" "--user" "0:0" "--network" "none" "ghcr.io/rust-lang/crates-build-env/linux@sha256:5ff2268d62e97bff2cde7d5815dd6ed5b47097566f13b8d0ca110b04b60e07ed" "/opt/rustwide/cargo-home/bin/cargo" "+beta-2023-04-20" "metadata" "--no-deps" "--format-version=1", kill_on_drop: false }`
[INFO] [stdout] 7ded7e0960692e7a623761ca6e752d3a71af8fc2f6be0c66acd3f003a6bbdeea
[INFO] running `Command { std: "docker" "start" "-a" "7ded7e0960692e7a623761ca6e752d3a71af8fc2f6be0c66acd3f003a6bbdeea", kill_on_drop: false }`
[INFO] running `Command { std: "docker" "inspect" "7ded7e0960692e7a623761ca6e752d3a71af8fc2f6be0c66acd3f003a6bbdeea", kill_on_drop: false }`
[INFO] running `Command { std: "docker" "rm" "-f" "7ded7e0960692e7a623761ca6e752d3a71af8fc2f6be0c66acd3f003a6bbdeea", kill_on_drop: false }`
[INFO] [stdout] 7ded7e0960692e7a623761ca6e752d3a71af8fc2f6be0c66acd3f003a6bbdeea
[INFO] running `Command { std: "docker" "create" "-v" "/var/lib/crater-agent-workspace/builds/worker-3-tc2/target:/opt/rustwide/target:rw,Z" "-v" "/var/lib/crater-agent-workspace/builds/worker-3-tc2/source:/opt/rustwide/workdir:ro,Z" "-v" "/var/lib/crater-agent-workspace/cargo-home:/opt/rustwide/cargo-home:ro,Z" "-v" "/var/lib/crater-agent-workspace/rustup-home:/opt/rustwide/rustup-home:ro,Z" "-e" "SOURCE_DIR=/opt/rustwide/workdir" "-e" "CARGO_TARGET_DIR=/opt/rustwide/target" "-e" "CARGO_INCREMENTAL=0" "-e" "RUST_BACKTRACE=full" "-e" "RUSTFLAGS=--cap-lints=warn" "-e" "RUSTDOCFLAGS=--cap-lints=warn" "-e" "CARGO_HOME=/opt/rustwide/cargo-home" "-e" "RUSTUP_HOME=/opt/rustwide/rustup-home" "-w" "/opt/rustwide/workdir" "-m" "1610612736" "--user" "0:0" "--network" "none" "ghcr.io/rust-lang/crates-build-env/linux@sha256:5ff2268d62e97bff2cde7d5815dd6ed5b47097566f13b8d0ca110b04b60e07ed" "/opt/rustwide/cargo-home/bin/cargo" "+beta-2023-04-20" "doc" "--frozen" "--no-deps" "--document-private-items" "--message-format=json", kill_on_drop: false }`
[INFO] [stdout] 34caebc845768d67363c047af20faa198abf8cb0225af532b23c92059b31e877
[INFO] running `Command { std: "docker" "start" "-a" "34caebc845768d67363c047af20faa198abf8cb0225af532b23c92059b31e877", kill_on_drop: false }`
[INFO] [stderr]     Blocking waiting for file lock on package cache
[INFO] [stderr]    Compiling autocfg v1.0.0
[INFO] [stderr]    Compiling libc v0.2.67
[INFO] [stderr]    Compiling lazy_static v1.4.0
[INFO] [stderr]    Compiling proc-macro2 v1.0.8
[INFO] [stderr]    Compiling memchr v2.3.3
[INFO] [stderr]    Compiling unicode-xid v0.2.0
[INFO] [stderr]    Compiling cfg-if v0.1.10
[INFO] [stderr]    Compiling syn v1.0.15
[INFO] [stderr]    Compiling glob v0.3.0
[INFO] [stderr]    Compiling regex-syntax v0.6.14
[INFO] [stderr]    Compiling log v0.4.8
[INFO] [stderr]    Compiling version_check v0.1.5
[INFO] [stderr]    Compiling maybe-uninit v2.0.0
[INFO] [stderr]    Compiling bitflags v1.2.1
[INFO] [stderr]    Compiling unicode-width v0.1.7
[INFO] [stderr]    Compiling semver v0.9.0
[INFO] [stderr]    Compiling thread_local v1.0.1
[INFO] [stderr]    Compiling quick-error v1.2.3
[INFO] [stderr]    Compiling textwrap v0.11.0
[INFO] [stderr]    Compiling vec_map v0.8.1
[INFO] [stderr]    Compiling humantime v1.3.0
[INFO] [stderr]    Compiling rustc_version v0.2.3
[INFO] [stderr]    Compiling strsim v0.8.0
[INFO] [stderr]    Compiling crossbeam-utils v0.7.2
[INFO] [stderr]    Compiling num-traits v0.2.11
[INFO] [stderr]    Compiling nom v4.2.3
[INFO] [stderr]    Compiling crossbeam-epoch v0.8.2
[INFO] [stderr]    Compiling clang-sys v0.28.1
[INFO] [stderr]    Compiling num-integer v0.1.42
[INFO] [stderr]    Compiling termcolor v1.1.0
[INFO] [stderr]    Compiling ansi_term v0.11.0
[INFO] [stderr]    Compiling aho-corasick v0.7.8
[INFO] [stderr]    Compiling memoffset v0.5.3
[INFO] [stderr]    Compiling bindgen v0.52.0
[INFO] [stderr]    Compiling rayon-core v1.7.0
[INFO] [stderr]    Compiling lazycell v1.2.1
[INFO] [stderr]    Compiling peeking_take_while v0.1.2
[INFO] [stderr]    Compiling shlex v0.1.1
[INFO] [stderr]    Compiling rustc-hash v1.1.0
[INFO] [stderr]    Compiling num-bigint v0.2.6
[INFO] [stderr]    Compiling jobserver v0.1.21
[INFO] [stderr]    Compiling quote v1.0.2
[INFO] [stderr]    Compiling which v3.1.0
[INFO] [stderr]    Compiling atty v0.2.14
[INFO] [stderr]    Compiling num_cpus v1.12.0
[INFO] [stderr]    Compiling if_rust_version v1.0.0
[INFO] [stderr]    Compiling clap v2.33.0
[INFO] [stderr]    Compiling byteorder v1.3.4
[INFO] [stderr]    Compiling cc v1.0.50
[INFO] [stderr]    Compiling num-iter v0.1.40
[INFO] [stderr]    Compiling cexpr v0.3.6
[INFO] [stderr]    Compiling num-complex v0.2.4
[INFO] [stderr]    Compiling num-rational v0.2.3
[INFO] [stderr]    Compiling crossbeam-queue v0.2.1
[INFO] [stderr]    Compiling either v1.5.3
[INFO] [stderr]    Compiling failure_derive v0.1.6
[INFO] [stderr]    Compiling crossbeam-deque v0.7.3
[INFO] [stderr]    Compiling pkg-config v0.3.17
[INFO] [stderr]    Compiling once_cell v1.3.1
[INFO] [stderr]    Compiling regex v1.3.4
[INFO] [stderr]     Checking rustc-demangle v0.1.16
[INFO] [stderr]     Checking slab v0.4.2
[INFO] [stderr]    Compiling libloading v0.5.2
[INFO] [stderr]    Compiling backtrace-sys v0.1.32
[INFO] [stderr]    Compiling rayon v1.3.0
[INFO] [stderr]    Compiling env_logger v0.7.1
[INFO] [stderr]     Checking backtrace v0.3.44
[INFO] [stderr]     Checking num v0.2.1
[INFO] [stderr]    Compiling cpp_common v0.5.4
[INFO] [stderr]    Compiling synstructure v0.12.3
[INFO] [stderr]    Compiling cpp_build v0.5.4
[INFO] [stderr]    Compiling cpp_macros v0.5.4
[INFO] [stderr]    Compiling opencv v0.29.3
[INFO] [stderr]     Checking failure v0.1.6
[INFO] [stderr]     Checking cpp v0.5.4
[INFO] [stderr]    Compiling speech-dispatcher-sys v0.4.2
[INFO] [stderr]     Checking speech-dispatcher v0.4.3
[INFO] [stdout] error[E0308]: mismatched types
[INFO] [stdout]    --> /opt/rustwide/cargo-home/registry/src/index.crates.io-6f17d22bba15001f/speech-dispatcher-0.4.3/src/lib.rs:224:62
[INFO] [stdout]     |
[INFO] [stdout] 224 |         let v = unsafe { spd_set_voice_type(self.connection, voice_type as u32) };
[INFO] [stdout]     |                          ------------------                  ^^^^^^^^^^^^^^^^^ expected `i32`, found `u32`
[INFO] [stdout]     |                          |
[INFO] [stdout]     |                          arguments to this function are incorrect
[INFO] [stdout]     |
[INFO] [stdout] note: function defined here
[INFO] [stdout]    --> /opt/rustwide/target/debug/build/speech-dispatcher-sys-c855aa6b93a5eba6/out/speech_dispatcher_sys.rs:3:64181
[INFO] [stdout]     |
[INFO] [stdout] 3   | ...) -> :: std :: os :: raw :: c_int ; } extern "C" { pub fn spd_set_voice_type ( arg1 : * mut SPDConnection , type_ : SPDVoiceType :: Ty...
[INFO] [stdout]     |                                                              ^^^^^^^^^^^^^^^^^^
[INFO] [stdout] help: you can convert a `u32` to an `i32` and panic if the converted value doesn't fit
[INFO] [stdout]     |
[INFO] [stdout] 224 |         let v = unsafe { spd_set_voice_type(self.connection, (voice_type as u32).try_into().unwrap()) };
[INFO] [stdout]     |                                                              +                 +++++++++++++++++++++
[INFO] [stdout] 
[INFO] [stdout] 
[INFO] [stdout] error[E0308]: mismatched types
[INFO] [stdout]    --> /opt/rustwide/cargo-home/registry/src/index.crates.io-6f17d22bba15001f/speech-dispatcher-0.4.3/src/lib.rs:229:66
[INFO] [stdout]     |
[INFO] [stdout] 229 |         let v = unsafe { spd_set_voice_type_all(self.connection, voice_type as u32) };
[INFO] [stdout]     |                          ----------------------                  ^^^^^^^^^^^^^^^^^ expected `i32`, found `u32`
[INFO] [stdout]     |                          |
[INFO] [stdout]     |                          arguments to this function are incorrect
[INFO] [stdout]     |
[INFO] [stdout] note: function defined here
[INFO] [stdout]    --> /opt/rustwide/target/debug/build/speech-dispatcher-sys-c855aa6b93a5eba6/out/speech_dispatcher_sys.rs:3:64318
[INFO] [stdout]     |
[INFO] [stdout] 3   | ...-> :: std :: os :: raw :: c_int ; } extern "C" { pub fn spd_set_voice_type_all ( arg1 : * mut SPDConnection , type_ : SPDVoiceType :: ...
[INFO] [stdout]     |                                                            ^^^^^^^^^^^^^^^^^^^^^^
[INFO] [stdout] help: you can convert a `u32` to an `i32` and panic if the converted value doesn't fit
[INFO] [stdout]     |
[INFO] [stdout] 229 |         let v = unsafe { spd_set_voice_type_all(self.connection, (voice_type as u32).try_into().unwrap()) };
[INFO] [stdout]     |                                                                  +                 +++++++++++++++++++++
[INFO] [stdout] 
[INFO] [stdout] 
[INFO] [stdout] error[E0308]: mismatched types
[INFO] [stdout]    --> /opt/rustwide/cargo-home/registry/src/index.crates.io-6f17d22bba15001f/speech-dispatcher-0.4.3/src/lib.rs:234:66
[INFO] [stdout]     |
[INFO] [stdout] 234 |         let v = unsafe { spd_set_voice_type_uid(self.connection, voice_type as u32, target_uid) };
[INFO] [stdout]     |                          ----------------------                  ^^^^^^^^^^^^^^^^^ expected `i32`, found `u32`
[INFO] [stdout]     |                          |
[INFO] [stdout]     |                          arguments to this function are incorrect
[INFO] [stdout]     |
[INFO] [stdout] note: function defined here
[INFO] [stdout]    --> /opt/rustwide/target/debug/build/speech-dispatcher-sys-c855aa6b93a5eba6/out/speech_dispatcher_sys.rs:3:64459
[INFO] [stdout]     |
[INFO] [stdout] 3   | ...-> :: std :: os :: raw :: c_int ; } extern "C" { pub fn spd_set_voice_type_uid ( arg1 : * mut SPDConnection , type_ : SPDVoiceType :: ...
[INFO] [stdout]     |                                                            ^^^^^^^^^^^^^^^^^^^^^^
[INFO] [stdout] help: you can convert a `u32` to an `i32` and panic if the converted value doesn't fit
[INFO] [stdout]     |
[INFO] [stdout] 234 |         let v = unsafe { spd_set_voice_type_uid(self.connection, (voice_type as u32).try_into().unwrap(), target_uid) };
[INFO] [stdout]     |                                                                  +                 +++++++++++++++++++++
[INFO] [stdout] 
[INFO] [stdout] 
[INFO] [stdout] error: aborting due to 3 previous errors
[INFO] [stdout] 
[INFO] [stdout] 
[INFO] [stdout] For more information about this error, try `rustc --explain E0308`.
[INFO] [stdout] 
[INFO] [stderr] error: could not compile `speech-dispatcher` (lib) due to 4 previous errors
[INFO] [stderr] warning: build failed, waiting for other jobs to finish...
[ERROR] error running command: no output for 300 seconds
[INFO] running `Command { std: "docker" "inspect" "34caebc845768d67363c047af20faa198abf8cb0225af532b23c92059b31e877", kill_on_drop: false }`
[INFO] running `Command { std: "docker" "rm" "-f" "34caebc845768d67363c047af20faa198abf8cb0225af532b23c92059b31e877", kill_on_drop: false }`
[INFO] [stdout] 34caebc845768d67363c047af20faa198abf8cb0225af532b23c92059b31e877
