[INFO] cloning repository https://github.com/bdevux/substrate-node-devux
[INFO] running `Command { std: "git" "-c" "credential.helper=" "-c" "credential.helper=/workspace/cargo-home/bin/git-credential-null" "clone" "--bare" "https://github.com/bdevux/substrate-node-devux" "/workspace/cache/git-repos/https%3A%2F%2Fgithub.com%2Fbdevux%2Fsubstrate-node-devux", kill_on_drop: false }`
[INFO] [stderr] Cloning into bare repository '/workspace/cache/git-repos/https%3A%2F%2Fgithub.com%2Fbdevux%2Fsubstrate-node-devux'...
[INFO] running `Command { std: "git" "rev-parse" "HEAD", kill_on_drop: false }`
[INFO] [stdout] adf03b6364012cb85e88d7a6a4c2d65376199d87
[INFO] documenting bdevux/substrate-node-devux against 1.69.0 for beta-1.70-rustdoc-1
[INFO] running `Command { std: "git" "clone" "/workspace/cache/git-repos/https%3A%2F%2Fgithub.com%2Fbdevux%2Fsubstrate-node-devux" "/workspace/builds/worker-5-tc1/source", kill_on_drop: false }`
[INFO] [stderr] Cloning into '/workspace/builds/worker-5-tc1/source'...
[INFO] [stderr] done.
[INFO] validating manifest of git repo https://github.com/bdevux/substrate-node-devux on toolchain 1.69.0
[INFO] running `Command { std: CARGO_HOME="/workspace/cargo-home" RUSTUP_HOME="/workspace/rustup-home" "/workspace/cargo-home/bin/cargo" "+1.69.0" "metadata" "--manifest-path" "Cargo.toml" "--no-deps", kill_on_drop: false }`
[INFO] started tweaking git repo https://github.com/bdevux/substrate-node-devux
[INFO] finished tweaking git repo https://github.com/bdevux/substrate-node-devux
[INFO] tweaked toml for git repo https://github.com/bdevux/substrate-node-devux written to /workspace/builds/worker-5-tc1/source/Cargo.toml
[INFO] crate git repo https://github.com/bdevux/substrate-node-devux already has a lockfile, it will not be regenerated
[INFO] running `Command { std: CARGO_HOME="/workspace/cargo-home" RUSTUP_HOME="/workspace/rustup-home" "/workspace/cargo-home/bin/cargo" "+1.69.0" "fetch" "--manifest-path" "Cargo.toml", kill_on_drop: false }`
[INFO] [stderr]     Updating git repository `https://github.com/ibchain/srml-bdevux-assets.git`
[INFO] [stderr]     Updating git repository `https://github.com/paritytech/substrate-bip39`
[INFO] [stderr]  Downloading crates ...
[INFO] [stderr]   Downloaded tiny-keccak v1.4.2
[INFO] [stderr]   Downloaded trie-root v0.12.2
[INFO] [stderr]   Downloaded trie-db v0.12.2
[INFO] [stderr]   Downloaded regex v1.1.5
[INFO] [stderr]   Downloaded openssl v0.10.20
[INFO] [stderr]   Downloaded sha3 v0.8.1
[INFO] [stderr]   Downloaded serde_derive v1.0.90
[INFO] [stderr]   Downloaded libp2p-dns v0.6.0
[INFO] [stderr]   Downloaded parity-crypto v0.3.0
[INFO] [stderr]   Downloaded libp2p-plaintext v0.6.0
[INFO] [stderr]   Downloaded structopt-derive v0.2.15
[INFO] [stderr]   Downloaded websocket v0.22.3
[INFO] [stderr]   Downloaded merlin v1.0.3
[INFO] [stderr]   Downloaded slog-scope v4.1.1
[INFO] [stderr]   Downloaded hmac v0.7.0
[INFO] [stderr]   Downloaded proc-macro-hack v0.5.4
[INFO] [stderr]   Downloaded security-framework-sys v0.2.3
[INFO] [stderr]   Downloaded parity-multiaddr v0.2.0
[INFO] [stderr]   Downloaded proc-macro-crate v0.1.3
[INFO] [stderr]   Downloaded spin v0.5.0
[INFO] [stderr]   Downloaded fixed-hash v0.3.0
[INFO] [stderr]   Downloaded parity-multihash v0.1.0
[INFO] [stderr]   Downloaded wabt v0.7.4
[INFO] [stderr]   Downloaded libp2p-secio v0.6.0
[INFO] [stderr]   Downloaded block-padding v0.1.3
[INFO] [stderr]   Downloaded rw-stream-sink v0.1.1
[INFO] [stderr]   Downloaded tiny-bip39 v0.6.1
[INFO] [stderr]   Downloaded hash256-std-hasher v0.12.2
[INFO] [stderr]   Downloaded env_logger v0.6.1
[INFO] [stderr]   Downloaded tokio-sync v0.1.4
[INFO] [stderr]   Downloaded libp2p-core-derive v0.6.0
[INFO] [stderr]   Downloaded stream-cipher v0.3.0
[INFO] [stderr]   Downloaded libp2p-mplex v0.6.0
[INFO] [stderr]   Downloaded libp2p-noise v0.4.0
[INFO] [stderr]   Downloaded MacTypes-sys v2.1.0
[INFO] [stderr]   Downloaded paste-impl v0.1.5
[INFO] [stderr]   Downloaded hash-db v0.12.2
[INFO] [stderr]   Downloaded libp2p-websocket v0.6.0
[INFO] [stderr]   Downloaded libp2p-uds v0.6.0
[INFO] [stderr]   Downloaded base-x v0.2.4
[INFO] [stderr]   Downloaded stdweb-internal-macros v0.2.6
[INFO] [stderr]   Downloaded libp2p-floodsub v0.6.0
[INFO] [stderr]   Downloaded subtle v2.0.0
[INFO] [stderr]   Downloaded libp2p-yamux v0.6.0
[INFO] [stderr]   Downloaded primitive-types v0.2.1
[INFO] [stderr]   Downloaded memory-db v0.12.2
[INFO] [stderr]   Downloaded libp2p-ping v0.6.0
[INFO] [stderr]   Downloaded stdweb-internal-runtime v0.1.3
[INFO] [stderr]   Downloaded libp2p-tcp v0.6.0
[INFO] [stderr]   Downloaded tokio-threadpool v0.1.13
[INFO] [stderr]   Downloaded tempfile v3.0.7
[INFO] [stderr]   Downloaded bs58 v0.2.2
[INFO] [stderr]   Downloaded libp2p-ratelimit v0.6.0
[INFO] [stderr]   Downloaded libp2p-core v0.6.0
[INFO] [stderr]   Downloaded structopt v0.2.15
[INFO] [stderr]   Downloaded libp2p v0.6.0
[INFO] [stderr]   Downloaded libp2p-identify v0.6.0
[INFO] [stderr]   Downloaded ctrlc v3.1.1
[INFO] [stderr]   Downloaded paste v0.1.5
[INFO] [stderr]   Downloaded yamux v0.1.9
[INFO] [stderr]   Downloaded pwasm-utils v0.6.2
[INFO] [stderr]   Downloaded uint v0.6.1
[INFO] [stderr]   Downloaded finality-grandpa v0.6.0
[INFO] [stderr]   Downloaded libp2p-mdns v0.6.0
[INFO] [stderr]   Downloaded syn v0.15.30
[INFO] [stderr]   Downloaded security-framework v0.2.2
[INFO] [stderr]   Downloaded globset v0.4.2
[INFO] [stderr]   Downloaded tokio v0.1.18
[INFO] [stderr]   Downloaded sysinfo v0.8.2
[INFO] [stderr]   Downloaded parity-codec v3.4.0
[INFO] [stderr]   Downloaded openssl-sys v0.9.43
[INFO] [stderr]   Downloaded libp2p-kad v0.6.0
[INFO] [stderr]   Downloaded wasmi v0.4.4
[INFO] [stderr]   Downloaded hyper v0.12.27
[INFO] [stderr]   Downloaded hashmap_core v0.1.10
[INFO] [stderr]   Downloaded stdweb v0.4.15
[INFO] [stderr]   Downloaded crunchy v0.2.1
[INFO] [stderr]   Downloaded protobuf v2.4.2
[INFO] [stderr]   Downloaded curve25519-dalek v1.1.3
[INFO] [stderr]   Downloaded asn1_der v0.6.1
[INFO] [stderr]   Downloaded wabt-sys v0.5.4
[INFO] [stderr]   Downloaded opaque-debug v0.2.2
[INFO] [stderr]   Downloaded openssl-src v111.2.1+1.1.1b
[INFO] [stderr]   Downloaded pretty_assertions v0.5.1
[INFO] [stderr]   Downloaded librocksdb-sys v5.17.2
[INFO] running `Command { std: "docker" "create" "-v" "/var/lib/crater-agent-workspace/builds/worker-5-tc1/target:/opt/rustwide/target:rw,Z" "-v" "/var/lib/crater-agent-workspace/builds/worker-5-tc1/source:/opt/rustwide/workdir:ro,Z" "-v" "/var/lib/crater-agent-workspace/cargo-home:/opt/rustwide/cargo-home:ro,Z" "-v" "/var/lib/crater-agent-workspace/rustup-home:/opt/rustwide/rustup-home:ro,Z" "-e" "SOURCE_DIR=/opt/rustwide/workdir" "-e" "CARGO_TARGET_DIR=/opt/rustwide/target" "-e" "CARGO_HOME=/opt/rustwide/cargo-home" "-e" "RUSTUP_HOME=/opt/rustwide/rustup-home" "-w" "/opt/rustwide/workdir" "-m" "1610612736" "--user" "0:0" "--network" "none" "ghcr.io/rust-lang/crates-build-env/linux@sha256:5ff2268d62e97bff2cde7d5815dd6ed5b47097566f13b8d0ca110b04b60e07ed" "/opt/rustwide/cargo-home/bin/cargo" "+1.69.0" "metadata" "--no-deps" "--format-version=1", kill_on_drop: false }`
[INFO] [stdout] 3278a95f65e302114d744b727cddee1c950153ee9344a166bd636de04f9c42d2
[INFO] running `Command { std: "docker" "start" "-a" "3278a95f65e302114d744b727cddee1c950153ee9344a166bd636de04f9c42d2", kill_on_drop: false }`
[INFO] running `Command { std: "docker" "inspect" "3278a95f65e302114d744b727cddee1c950153ee9344a166bd636de04f9c42d2", kill_on_drop: false }`
[INFO] running `Command { std: "docker" "rm" "-f" "3278a95f65e302114d744b727cddee1c950153ee9344a166bd636de04f9c42d2", kill_on_drop: false }`
[INFO] [stdout] 3278a95f65e302114d744b727cddee1c950153ee9344a166bd636de04f9c42d2
[INFO] running `Command { std: "docker" "create" "-v" "/var/lib/crater-agent-workspace/builds/worker-5-tc1/target:/opt/rustwide/target:rw,Z" "-v" "/var/lib/crater-agent-workspace/builds/worker-5-tc1/source:/opt/rustwide/workdir:ro,Z" "-v" "/var/lib/crater-agent-workspace/cargo-home:/opt/rustwide/cargo-home:ro,Z" "-v" "/var/lib/crater-agent-workspace/rustup-home:/opt/rustwide/rustup-home:ro,Z" "-e" "SOURCE_DIR=/opt/rustwide/workdir" "-e" "CARGO_TARGET_DIR=/opt/rustwide/target" "-e" "CARGO_INCREMENTAL=0" "-e" "RUST_BACKTRACE=full" "-e" "RUSTFLAGS=--cap-lints=warn" "-e" "RUSTDOCFLAGS=--cap-lints=warn" "-e" "CARGO_HOME=/opt/rustwide/cargo-home" "-e" "RUSTUP_HOME=/opt/rustwide/rustup-home" "-w" "/opt/rustwide/workdir" "-m" "1610612736" "--user" "0:0" "--network" "none" "ghcr.io/rust-lang/crates-build-env/linux@sha256:5ff2268d62e97bff2cde7d5815dd6ed5b47097566f13b8d0ca110b04b60e07ed" "/opt/rustwide/cargo-home/bin/cargo" "+1.69.0" "doc" "--frozen" "--no-deps" "--document-private-items" "--message-format=json", kill_on_drop: false }`
[INFO] [stdout] e3d9a5acd22e534565ac7f42177c41d3f6f4e610545a70997fa1ab672aab7f47
[INFO] running `Command { std: "docker" "start" "-a" "e3d9a5acd22e534565ac7f42177c41d3f6f4e610545a70997fa1ab672aab7f47", kill_on_drop: false }`
[INFO] [stderr]    Compiling libc v0.2.51
[INFO] [stderr]    Compiling arrayvec v0.4.10
[INFO] [stderr]    Compiling cfg-if v0.1.7
[INFO] [stderr]    Compiling byteorder v1.3.1
[INFO] [stderr]    Compiling nodrop v0.1.13
[INFO] [stderr]    Compiling lazy_static v1.3.0
[INFO] [stderr]    Compiling scopeguard v0.3.3
[INFO] [stderr]    Compiling memoffset v0.2.1
[INFO] [stderr]    Compiling rayon-core v1.4.1
[INFO] [stderr]    Compiling rayon v1.0.3
[INFO] [stderr]    Compiling either v1.5.2
[INFO] [stderr]    Compiling proc-macro2 v0.4.27
[INFO] [stderr]    Compiling syn v0.15.30
[INFO] [stderr]    Compiling rand_pcg v0.1.2
[INFO] [stderr]    Compiling rand v0.6.5
[INFO] [stderr]    Compiling rand_core v0.4.0
[INFO] [stderr]    Compiling crossbeam-utils v0.2.2
[INFO] [stderr]    Compiling serde v1.0.90
[INFO] [stderr]    Compiling typenum v1.10.0
[INFO] [stderr]    Compiling backtrace v0.3.15
[INFO] [stderr]    Compiling failure_derive v0.1.5
[INFO] [stderr]    Compiling subtle v2.0.0
[INFO] [stderr]    Compiling rand_core v0.3.1
[INFO] [stderr]    Compiling crunchy v0.1.6
[INFO] [stderr]     Checking log v0.4.6
[INFO] [stderr]     Checking smallvec v0.6.9
[INFO] [stderr]     Checking rand_jitter v0.1.3
[INFO] [stderr]     Checking rand_hc v0.1.0
[INFO] [stderr]     Checking rand_chacha v0.1.1
[INFO] [stderr]     Checking rand_isaac v0.1.1
[INFO] [stderr]     Checking rand_xorshift v0.1.1
[INFO] [stderr]    Compiling regex v1.1.5
[INFO] [stderr]    Compiling heapsize v0.4.2
[INFO] [stderr]    Compiling crunchy v0.2.1
[INFO] [stderr]     Checking opaque-debug v0.2.2
[INFO] [stderr]     Checking byte-tools v0.3.1
[INFO] [stderr]     Checking rustc-demangle v0.1.13
[INFO] [stderr]    Compiling proc-macro-hack-impl v0.4.1
[INFO] [stderr]     Checking block-padding v0.1.3
[INFO] [stderr]    Compiling generic-array v0.12.0
[INFO] [stderr]    Compiling sr-std v1.0.0 (https://github.com/paritytech/substrate.git?tag=v1.0.0rc1#59d5ec14)
[INFO] [stderr]     Checking subtle v1.0.0
[INFO] [stderr]    Compiling num_cpus v1.10.0
[INFO] [stderr]    Compiling crossbeam-epoch v0.3.1
[INFO] [stderr]    Compiling quote v0.6.12
[INFO] [stderr]     Checking rand_os v0.1.3
[INFO] [stderr]     Checking rand v0.4.6
[INFO] [stderr]     Checking block-buffer v0.7.0
[INFO] [stderr]     Checking crypto-mac v0.7.0
[INFO] [stderr]    Compiling digest v0.8.0
[INFO] [stderr]     Checking sha2 v0.8.0
[INFO] [stderr]    Compiling crossbeam-deque v0.2.0
[INFO] [stderr]     Checking futures v0.1.26
[INFO] [stderr]    Compiling proc-macro-hack v0.4.1
[INFO] [stderr]    Compiling protobuf v2.4.2
[INFO] [stderr]    Compiling hex-literal-impl v0.1.2
[INFO] [stderr]     Checking spin v0.5.0
[INFO] [stderr]     Checking untrusted v0.6.2
[INFO] [stderr]     Checking iovec v0.1.2
[INFO] [stderr]    Compiling stable_deref_trait v1.1.1
[INFO] [stderr]    Compiling constant_time_eq v0.1.3
[INFO] [stderr]     Checking arrayref v0.3.5
[INFO] [stderr]     Checking bytes v0.4.12
[INFO] [stderr]     Checking tiny-keccak v1.4.2
[INFO] [stderr]    Compiling owning_ref v0.4.0
[INFO] [stderr]     Checking crossbeam-utils v0.6.5
[INFO] [stderr]    Compiling sr-io v1.0.0 (https://github.com/paritytech/substrate.git?tag=v1.0.0rc1#59d5ec14)
[INFO] [stderr]    Compiling lock_api v0.1.5
[INFO] [stderr]    Compiling blake2-rfc v0.2.18
[INFO] [stderr]     Checking rand v0.5.6
[INFO] [stderr]     Checking parking_lot_core v0.4.0
[INFO] [stderr]     Checking thread_local v0.3.6
[INFO] [stderr]    Compiling ryu v0.2.7
[INFO] [stderr]     Checking regex-syntax v0.6.6
[INFO] [stderr]     Checking aho-corasick v0.7.3
[INFO] [stderr]     Checking hmac v0.7.0
[INFO] [stderr]     Checking parking_lot v0.7.1
[INFO] [stderr]     Checking hash-db v0.12.2
[INFO] [stderr]     Checking rustc-hex v2.0.1
[INFO] [stderr]     Checking tokio-io v0.1.12
[INFO] [stderr]     Checking tokio-executor v0.1.7
[INFO] [stderr]     Checking keccak v0.1.0
[INFO] [stderr]    Compiling slab v0.4.2
[INFO] [stderr]    Compiling openssl v0.10.20
[INFO] [stderr]     Checking parity-wasm v0.31.3
[INFO] [stderr]     Checking static_assertions v0.2.5
[INFO] [stderr]     Checking sha3 v0.8.1
[INFO] [stderr]     Checking uint v0.6.1
[INFO] [stderr]     Checking once_cell v0.1.8
[INFO] [stderr]     Checking fixed-hash v0.3.0
[INFO] [stderr]     Checking tokio-codec v0.1.1
[INFO] [stderr]     Checking hashbrown v0.1.8
[INFO] [stderr]     Checking memory_units v0.3.0
[INFO] [stderr]     Checking hex-literal v0.1.4
[INFO] [stderr]     Checking hash256-std-hasher v0.12.2
[INFO] [stderr]     Checking twox-hash v1.1.2
[INFO] [stderr]     Checking generic-array v0.8.3
[INFO] [stderr]    Compiling fake-simd v0.1.2
[INFO] [stderr]     Checking hex v0.3.2
[INFO] [stderr]     Checking base58 v0.1.0
[INFO] [stderr]     Checking elastic-array v0.10.2
[INFO] [stderr]    Compiling quick-error v1.2.2
[INFO] [stderr]     Checking digest v0.6.2
[INFO] [stderr]    Compiling cc v1.0.26
[INFO] [stderr]     Checking tokio-timer v0.2.10
[INFO] [stderr]     Checking hashmap_core v0.1.10
[INFO] [stderr]     Checking crypto-mac v0.4.0
[INFO] [stderr]    Compiling fnv v1.0.6
[INFO] [stderr]     Checking byte-tools v0.2.0
[INFO] [stderr]     Checking trie-db v0.12.2
[INFO] [stderr]     Checking hmac v0.4.2
[INFO] [stderr]     Checking memory-db v0.12.2
[INFO] [stderr]     Checking block-buffer v0.2.0
[INFO] [stderr]     Checking trie-root v0.12.2
[INFO] [stderr]     Checking net2 v0.2.33
[INFO] [stderr]    Compiling memchr v2.2.0
[INFO] [stderr]     Checking sha1 v0.6.0
[INFO] [stderr]     Checking hmac-drbg v0.1.2
[INFO] [stderr]     Checking sha2 v0.6.0
[INFO] [stderr]     Checking impl-serde v0.1.1
[INFO] [stderr]     Checking wasmi v0.4.4
[INFO] [stderr]    Compiling num-integer v0.1.39
[INFO] [stderr]    Compiling openssl-src v111.2.1+1.1.1b
[INFO] [stderr]     Checking mio v0.6.16
[INFO] [stderr]    Compiling snow v0.5.2
[INFO] [stderr]     Checking environmental v1.0.1
[INFO] [stderr]     Checking libsecp256k1 v0.2.2
[INFO] [stderr]    Compiling toml v0.4.10
[INFO] [stderr]    Compiling ucd-util v0.1.3
[INFO] [stderr]     Checking integer-sqrt v0.1.2
[INFO] [stderr]    Compiling heck v0.3.1
[INFO] [stderr]     Checking unsigned-varint v0.2.2
[INFO] [stderr]    Compiling utf8-ranges v1.0.2
[INFO] [stderr]    Compiling slog v2.4.1
[INFO] [stderr]     Checking pbkdf2 v0.3.0
[INFO] [stderr]     Checking crossbeam-epoch v0.7.1
[INFO] [stderr]     Checking blake2 v0.8.0
[INFO] [stderr]     Checking tokio-sync v0.1.4
[INFO] [stderr]     Checking bs58 v0.2.2
[INFO] [stderr]    Compiling bitflags v1.0.4
[INFO] [stderr]    Compiling backtrace-sys v0.1.28
[INFO] [stderr]    Compiling clear_on_drop v0.2.3
[INFO] [stderr]    Compiling ring v0.14.6
[INFO] [stderr]    Compiling secp256k1 v0.12.2
[INFO] [stderr]    Compiling openssl-sys v0.9.43
[INFO] [stderr]     Checking parity-multihash v0.1.0
[INFO] [stderr]     Checking data-encoding v2.1.2
[INFO] [stderr]     Checking multistream-select v0.4.0
[INFO] [stderr]     Checking tokio-reactor v0.1.9
[INFO] [stderr]     Checking rw-stream-sink v0.1.1
[INFO] [stderr]     Checking zeroize v0.5.2
[INFO] [stderr]    Compiling proc-macro-crate v0.1.3
[INFO] [stderr]     Checking parity-multiaddr v0.2.0
[INFO] [stderr]     Checking merlin v1.0.3
[INFO] [stderr]    Compiling curve25519-dalek v1.1.3
[INFO] [stderr]    Compiling lazycell v1.2.1
[INFO] [stderr]     Checking crossbeam-deque v0.7.1
[INFO] [stderr]     Checking mio-uds v0.6.7
[INFO] [stderr]     Checking substrate-panic-handler v1.0.0 (https://github.com/paritytech/substrate.git?tag=v1.0.0rc1#59d5ec14)
[INFO] [stderr]     Checking crossbeam-queue v0.1.2
[INFO] [stderr]     Checking tokio-udp v0.1.3
[INFO] [stderr]     Checking tokio-uds v0.2.5
[INFO] [stderr]     Checking tokio-tcp v0.1.3
[INFO] [stderr]     Checking tokio-threadpool v0.1.13
[INFO] [stderr]    Compiling synstructure v0.10.1
[INFO] [stderr]     Checking tokio-current-thread v0.1.6
[INFO] [stderr]     Checking time v0.1.42
[INFO] [stderr]     Checking tokio-trace-core v0.1.0
[INFO] [stderr]     Checking tokio-fs v0.1.6
[INFO] [stderr]     Checking tokio v0.1.18
[INFO] [stderr]     Checking unicode-normalization v0.1.8
[INFO] [stderr]     Checking serde_json v1.0.39
[INFO] [stderr]    Compiling void v1.0.2
[INFO] [stderr]     Checking rand v0.3.23
[INFO] [stderr]     Checking idna v0.1.5
[INFO] [stderr]     Checking parking_lot_core v0.3.1
[INFO] [stderr]     Checking block-cipher-trait v0.6.2
[INFO] [stderr]     Checking futures-cpupool v0.1.8
[INFO] [stderr]     Checking log v0.3.9
[INFO] [stderr]    Compiling itoa v0.4.3
[INFO] [stderr]     Checking parking_lot v0.6.4
[INFO] [stderr]     Checking base64 v0.9.3
[INFO] [stderr]     Checking url v1.7.2
[INFO] [stderr]     Checking mime v0.2.6
[INFO] [stderr]     Checking parking_lot_core v0.2.14
[INFO] [stderr]    Compiling num-traits v0.2.6
[INFO] [stderr]     Checking stream-cipher v0.3.0
[INFO] [stderr]     Checking traitobject v0.1.0
[INFO] [stderr]     Checking typeable v0.1.2
[INFO] [stderr]     Checking ctr v0.3.2
[INFO] [stderr]     Checking parking_lot v0.5.5
[INFO] [stderr]     Checking aes-soft v0.3.3
[INFO] [stderr]     Checking error-chain v0.12.0
[INFO] [stderr]    Compiling serde_derive v1.0.90
[INFO] [stderr]    Compiling parity-codec-derive v3.3.0
[INFO] [stderr]    Compiling asn1_der_derive v0.1.1
[INFO] [stderr]    Compiling sr-api-macros v1.0.0 (https://github.com/paritytech/substrate.git?tag=v1.0.0rc1#59d5ec14)
[INFO] [stderr]    Compiling libp2p-core-derive v0.6.0
[INFO] [stderr]    Compiling strum_macros v0.14.0
[INFO] [stderr]     Checking hyper v0.10.15
[INFO] [stderr]     Checking base64 v0.10.1
[INFO] [stderr]     Checking strum v0.14.0
[INFO] [stderr]     Checking quick-error v0.1.4
[INFO] [stderr]     Checking static_slice v0.0.3
[INFO] [stderr]     Checking nohash-hasher v0.1.1
[INFO] [stderr]    Compiling matches v0.1.8
[INFO] [stderr]     Checking byteorder v0.5.3
[INFO] [stderr]    Compiling unicode-bidi v0.3.4
[INFO] [stderr]     Checking yamux v0.1.9
[INFO] [stderr]     Checking cuckoofilter v0.3.2
[INFO] [stderr]     Checking asn1_der v0.6.1
[INFO] [stderr]     Checking aio-limited v0.1.0
[INFO] [stderr]     Checking aes-ctr v0.3.0
[INFO] [stderr]     Checking failure v0.1.5
[INFO] [stderr]    Compiling srml-support-procedural-tools-derive v1.0.0 (https://github.com/paritytech/substrate.git?tag=v1.0.0rc1#59d5ec14)
[INFO] [stderr]    Compiling proc-macro-hack v0.5.4
[INFO] [stderr]     Checking ed25519-dalek v1.0.0-pre.1
[INFO] [stderr]     Checking tiny-bip39 v0.6.1
[INFO] [stderr]     Checking schnorrkel v0.1.1
[INFO] [stderr]     Checking libp2p-core v0.6.0
[INFO] [stderr]     Checking tokio-dns-unofficial v0.4.0
[INFO] [stderr]     Checking twofish v0.2.0
[INFO] [stderr]     Checking x25519-dalek v0.5.2
[INFO] [stderr]     Checking tk-listen v0.2.1
[INFO] [stderr]     Checking dns-parser v0.8.0
[INFO] [stderr]    Compiling httparse v1.3.3
[INFO] [stderr]     Checking substrate-bip39 v0.2.1 (https://github.com/paritytech/substrate-bip39#44307fda)
[INFO] [stderr]     Checking bigint v4.4.1
[INFO] [stderr]     Checking parity-codec v3.4.0
[INFO] [stderr]    Compiling paste-impl v0.1.5
[INFO] [stderr]    Compiling srml-support-procedural-tools v1.0.0 (https://github.com/paritytech/substrate.git?tag=v1.0.0rc1#59d5ec14)
[INFO] [stderr]     Checking mio-extras v2.0.5
[INFO] [stderr]     Checking impl-codec v0.2.0
[INFO] [stderr]     Checking substrate-trie v1.0.0 (https://github.com/paritytech/substrate.git?tag=v1.0.0rc1#59d5ec14)
[INFO] [stderr]     Checking libp2p-identify v0.6.0
[INFO] [stderr]     Checking libp2p-ping v0.6.0
[INFO] [stderr]     Checking primitive-types v0.2.1
[INFO] [stderr]     Checking libp2p-yamux v0.6.0
[INFO] [stderr]     Checking libp2p-plaintext v0.6.0
[INFO] [stderr]     Checking libp2p-mplex v0.6.0
[INFO] [stderr]     Checking libp2p-uds v0.6.0
[INFO] [stderr]     Checking libp2p-tcp v0.6.0
[INFO] [stderr]     Checking libp2p-kad v0.6.0
[INFO] [stderr]     Checking libp2p-mdns v0.6.0
[INFO] [stderr]     Checking libp2p-noise v0.4.0
[INFO] [stderr]     Checking libp2p-floodsub v0.6.0
[INFO] [stderr]     Checking libp2p-dns v0.6.0
[INFO] [stderr]     Checking libp2p-secio v0.6.0
[INFO] [stderr]     Checking libp2p-ratelimit v0.6.0
[INFO] [stderr]     Checking crossbeam-channel v0.3.8
[INFO] [stderr]    Compiling foreign-types-shared v0.1.1
[INFO] [stderr]    Compiling percent-encoding v1.0.1
[INFO] [stderr]    Compiling foreign-types v0.3.2
[INFO] [stderr]     Checking paste v0.1.5
[INFO] [stderr]     Checking crossbeam-deque v0.6.3
[INFO] [stderr]    Compiling safe-mix v1.0.0
[INFO] [stderr]     Checking bitmask v0.5.0
[INFO] [stderr]     Checking crossbeam v0.6.0
[INFO] [stderr]     Checking parity-bytes v0.1.0 (https://github.com/paritytech/parity-common?rev=b0317f649ab2c665b7987b8475878fc4d2e1f81d#b0317f64)
[INFO] [stderr]     Checking chrono v0.4.6
[INFO] [stderr]     Checking take_mut v0.2.2
[INFO] [stderr]    Compiling glob v0.2.11
[INFO] [stderr]     Checking kvdb v0.1.0 (https://github.com/paritytech/parity-common?rev=b0317f649ab2c665b7987b8475878fc4d2e1f81d#b0317f64)
[INFO] [stderr]     Checking slog-scope v4.1.1
[INFO] [stderr]     Checking slog-async v2.3.0
[INFO] [stderr]     Checking substrate-serializer v1.0.0 (https://github.com/paritytech/substrate.git?tag=v1.0.0rc1#59d5ec14)
[INFO] [stderr]    Compiling libloading v0.5.0
[INFO] [stderr]    Compiling nom v4.2.3
[INFO] [stderr]    Compiling atty v0.2.11
[INFO] [stderr]    Compiling unicode-width v0.1.5
[INFO] [stderr]    Compiling textwrap v0.10.0
[INFO] [stderr]    Compiling clang-sys v0.26.4
[INFO] [stderr]     Checking slog-json v2.3.0
[INFO] [stderr]    Compiling vec_map v0.8.1
[INFO] [stderr]    Compiling strsim v0.7.0
[INFO] [stderr]    Compiling ansi_term v0.11.0
[INFO] [stderr]    Compiling safemem v0.3.0
[INFO] [stderr]    Compiling openssl-probe v0.1.2
[INFO] [stderr]    Compiling clap v2.32.0
[INFO] [stderr]    Compiling humantime v1.2.0
[INFO] [stderr]    Compiling owning_ref v0.3.3
[INFO] [stderr]    Compiling bindgen v0.47.3
[INFO] [stderr]    Compiling language-tags v0.2.2
[INFO] [stderr]    Compiling termcolor v1.0.4
[INFO] [stderr]     Checking substrate-primitives v1.0.0 (https://github.com/paritytech/substrate.git?tag=v1.0.0rc1#59d5ec14)
[INFO] [stderr]    Compiling env_logger v0.6.1
[INFO] [stderr]    Compiling cexpr v0.3.5
[INFO] [stderr]    Compiling which v2.0.1
[INFO] [stderr]    Compiling unicase v2.3.0
[INFO] [stderr]     Checking substrate-state-machine v1.0.0 (https://github.com/paritytech/substrate.git?tag=v1.0.0rc1#59d5ec14)
[INFO] [stderr]     Checking substrate-keyring v1.0.0 (https://github.com/paritytech/substrate.git?tag=v1.0.0rc1#59d5ec14)
[INFO] [stderr]     Checking srml-metadata v1.0.0 (https://github.com/paritytech/substrate.git?tag=v1.0.0rc1#59d5ec14)
[INFO] [stderr]    Compiling peeking_take_while v0.1.2
[INFO] [stderr]     Checking sr-primitives v1.0.0 (https://github.com/paritytech/substrate.git?tag=v1.0.0rc1#59d5ec14)
[INFO] [stderr]    Compiling gcc v0.3.55
[INFO] [stderr]     Checking substrate-inherents v1.0.0 (https://github.com/paritytech/substrate.git?tag=v1.0.0rc1#59d5ec14)
[INFO] [stderr]     Checking sr-version v1.0.0 (https://github.com/paritytech/substrate.git?tag=v1.0.0rc1#59d5ec14)
[INFO] [stderr]    Compiling srml-support-procedural v1.0.0 (https://github.com/paritytech/substrate.git?tag=v1.0.0rc1#59d5ec14)
[INFO] [stderr]     Checking substrate-executor v1.0.0 (https://github.com/paritytech/substrate.git?tag=v1.0.0rc1#59d5ec14)
[INFO] [stderr]    Compiling jsonrpc-derive v10.1.0
[INFO] [stderr]    Compiling jsonrpc-core v10.1.0
[INFO] [stderr]    Compiling linked-hash-map v0.5.2
[INFO] [stderr]    Compiling aho-corasick v0.6.10
[INFO] [stderr]    Compiling lru-cache v0.1.2
[INFO] [stderr]    Compiling rust-crypto v0.2.36
[INFO] [stderr]    Compiling globset v0.4.2
[INFO] [stderr]     Checking substrate-transaction-graph v1.0.0 (https://github.com/paritytech/substrate.git?tag=v1.0.0rc1#59d5ec14)
[INFO] [stderr]    Compiling http v0.1.17
[INFO] [stderr]    Compiling indexmap v1.0.2
[INFO] [stderr]    Compiling string v0.1.3
[INFO] [stderr]    Compiling try-lock v0.2.2
[INFO] [stderr]    Compiling want v0.0.6
[INFO] [stderr]    Compiling jsonrpc-server-utils v10.1.0
[INFO] [stderr]    Compiling linked_hash_set v0.1.3
[INFO] [stderr]    Compiling fork-tree v1.0.0 (https://github.com/paritytech/substrate.git?tag=v1.0.0rc1#59d5ec14)
[INFO] [stderr]    Compiling rustc-serialize v0.3.24
[INFO] [stderr]    Compiling sysinfo v0.8.2
[INFO] [stderr]    Compiling names v0.11.0
[INFO] [stderr]    Compiling jsonrpc-pubsub v10.1.0
[INFO] [stderr]    Compiling parity-ws v0.8.0
[INFO] [stderr]    Compiling structopt-derive v0.2.15
[INFO] [stderr]    Compiling fs-swap v0.2.4
[INFO] [stderr]    Compiling interleaved-ordered v0.1.1
[INFO] [stderr]    Compiling substrate-state-db v1.0.0 (https://github.com/paritytech/substrate.git?tag=v1.0.0rc1#59d5ec14)
[INFO] [stderr]    Compiling sr-sandbox v1.0.0 (https://github.com/paritytech/substrate.git?tag=v1.0.0rc1#59d5ec14)
[INFO] [stderr]    Compiling exit-future v0.1.4
[INFO] [stderr]    Compiling jsonrpc-ws-server v10.1.0
[INFO] [stderr]    Compiling target_info v0.1.0
[INFO] [stderr]    Compiling xdg v2.2.0
[INFO] [stderr]    Compiling h2 v0.1.18
[INFO] [stderr]    Compiling app_dirs v1.2.1
[INFO] [stderr]     Checking srml-support v1.0.0 (https://github.com/paritytech/substrate.git?tag=v1.0.0rc1#59d5ec14)
[INFO] [stderr]    Compiling vergen v3.0.4
[INFO] [stderr]    Compiling structopt v0.2.15
[INFO] [stderr]     Checking pwasm-utils v0.6.2
[INFO] [stderr]    Compiling fdlimit v0.1.1
[INFO] [stderr]     Checking srml-system v1.0.0 (https://github.com/paritytech/substrate.git?tag=v1.0.0rc1#59d5ec14)
[INFO] [stderr]     Checking node-primitives v1.0.0 (/opt/rustwide/workdir/primitives)
[INFO] [stderr]     Checking finality-grandpa v0.6.0
[INFO] [stderr]     Checking nix v0.11.0
[INFO] [stderr]     Checking srml-timestamp v1.0.0 (https://github.com/paritytech/substrate.git?tag=v1.0.0rc1#59d5ec14)
[INFO] [stderr]     Checking srml-consensus v1.0.0 (https://github.com/paritytech/substrate.git?tag=v1.0.0rc1#59d5ec14)
[INFO] [stderr]     Checking srml-finality-tracker v1.0.0 (https://github.com/paritytech/substrate.git?tag=v1.0.0rc1#59d5ec14)
[INFO] [stderr]     Checking srml-democracy v1.0.0 (https://github.com/paritytech/substrate.git?tag=v1.0.0rc1#59d5ec14)
[INFO] [stderr]     Checking srml-balances v1.0.0 (https://github.com/paritytech/substrate.git?tag=v1.0.0rc1#59d5ec14)
[INFO] [stderr]     Checking srml-session v1.0.0 (https://github.com/paritytech/substrate.git?tag=v1.0.0rc1#59d5ec14)
[INFO] [stderr]     Checking srml-contract v1.0.0 (https://github.com/paritytech/substrate.git?tag=v1.0.0rc1#59d5ec14)
[INFO] [stderr]     Checking srml-indices v1.0.0 (https://github.com/paritytech/substrate.git?tag=v1.0.0rc1#59d5ec14)
[INFO] [stderr]     Checking srml-executive v1.0.0 (https://github.com/paritytech/substrate.git?tag=v1.0.0rc1#59d5ec14)
[INFO] [stderr]     Checking hyper v0.12.27
[INFO] [stderr]     Checking srml-sudo v1.0.0 (https://github.com/paritytech/substrate.git?tag=v1.0.0rc1#59d5ec14)
[INFO] [stdout] error[E0282]: type annotations needed
[INFO] [stdout]    --> /opt/rustwide/cargo-home/git/checkouts/substrate-7e08433d4c370a21/59d5ec1/srml/indices/src/lib.rs:127:7
[INFO] [stdout]     |
[INFO] [stdout] 127 |         let i = (try_index % enum_set_size).as_();
[INFO] [stdout]     |             ^
[INFO] [stdout]     |
[INFO] [stdout] help: consider giving `i` an explicit type
[INFO] [stdout]     |
[INFO] [stdout] 127 |         let i: /* Type */ = (try_index % enum_set_size).as_();
[INFO] [stdout]     |              ++++++++++++
[INFO] [stdout] 
[INFO] [stdout] 
[INFO] [stdout] error[E0282]: type annotations needed
[INFO] [stdout]    --> /opt/rustwide/cargo-home/git/checkouts/substrate-7e08433d4c370a21/59d5ec1/srml/indices/src/lib.rs:155:8
[INFO] [stdout]     |
[INFO] [stdout] 155 |             let item_index = (try_index % enum_set_size).as_();
[INFO] [stdout]     |                 ^^^^^^^^^^
[INFO] [stdout]     |
[INFO] [stdout] help: consider giving `item_index` an explicit type
[INFO] [stdout]     |
[INFO] [stdout] 155 |             let item_index: /* Type */ = (try_index % enum_set_size).as_();
[INFO] [stdout]     |                           ++++++++++++
[INFO] [stdout] 
[INFO] [stdout] 
[INFO] [stdout] error[E0283]: type annotations needed
[INFO] [stdout]    --> /opt/rustwide/cargo-home/git/checkouts/substrate-7e08433d4c370a21/59d5ec1/srml/indices/src/lib.rs:178:67
[INFO] [stdout]     |
[INFO] [stdout] 178 |         let index = T::AccountIndex::sa(set_index.as_() * ENUM_SET_SIZE + set.len());
[INFO] [stdout]     |                                                                         ^ cannot infer type
[INFO] [stdout]     |
[INFO] [stdout]     = note: multiple `impl`s satisfying `_: Add<usize>` found in the following crates: `core`, `primitive_types`:
[INFO] [stdout]             - impl Add for usize;
[INFO] [stdout]             - impl<'a, T> Add<T> for &'a primitive_types::U128
[INFO] [stdout]               where T: Into<primitive_types::U128>;
[INFO] [stdout]             - impl<'a, T> Add<T> for &'a primitive_types::U256
[INFO] [stdout]               where T: Into<primitive_types::U256>;
[INFO] [stdout]             - impl<'a, T> Add<T> for &'a primitive_types::U512
[INFO] [stdout]               where T: Into<primitive_types::U512>;
[INFO] [stdout]             - impl<'a> Add<usize> for &'a usize;
[INFO] [stdout]             - impl<T> Add<T> for primitive_types::U128
[INFO] [stdout]               where T: Into<primitive_types::U128>;
[INFO] [stdout]             - impl<T> Add<T> for primitive_types::U256
[INFO] [stdout]               where T: Into<primitive_types::U256>;
[INFO] [stdout]             - impl<T> Add<T> for primitive_types::U512
[INFO] [stdout]               where T: Into<primitive_types::U512>;
[INFO] [stdout] 
[INFO] [stdout] 
[INFO] [stdout] error: aborting due to 3 previous errors
[INFO] [stdout] 
[INFO] [stdout] 
[INFO] [stdout] Some errors have detailed explanations: E0282, E0283.
[INFO] [stdout] 
[INFO] [stdout] For more information about an error, try `rustc --explain E0282`.
[INFO] [stdout] 
[INFO] [stderr]     Checking bdevux-assets v1.0.0 (https://github.com/ibchain/srml-bdevux-assets.git?rev=ce65bc936ac6811ba77920934aeaa7cfddee78e8#ce65bc93)
[INFO] [stderr]    Compiling node-template v1.0.0 (/opt/rustwide/workdir)
[INFO] [stderr] error: could not compile `srml-indices` due to 4 previous errors
[INFO] [stderr] warning: build failed, waiting for other jobs to finish...
[INFO] [stdout] error[E0277]: the trait bound `<<T as Trait>::Currency as Currency<<T as srml_system::Trait>::AccountId>>::Balance: As<i32>` is not satisfied
[INFO] [stdout]    --> /opt/rustwide/cargo-home/git/checkouts/substrate-7e08433d4c370a21/59d5ec1/srml/contract/src/lib.rs:422:77
[INFO] [stdout]     |
[INFO] [stdout] 422 |         ContractFee get(contract_fee) config(): BalanceOf<T> = BalanceOf::<T>::sa(21);
[INFO] [stdout]     |                                                                ------------------ ^^ the trait `As<i32>` is not implemented for `<<T as Trait>::Currency as Currency<<T as srml_system::Trait>::AccountId>>::Balance`
[INFO] [stdout]     |                                                                |
[INFO] [stdout]     |                                                                required by a bound introduced by this call
[INFO] [stdout] 
[INFO] [stdout] 
[INFO] [stdout] error[E0277]: the trait bound `<T as Trait>::Gas: As<i32>` is not satisfied
[INFO] [stdout]    --> /opt/rustwide/cargo-home/git/checkouts/substrate-7e08433d4c370a21/59d5ec1/srml/contract/src/lib.rs:424:64
[INFO] [stdout]     |
[INFO] [stdout] 424 |         CallBaseFee get(call_base_fee) config(): T::Gas = T::Gas::sa(135);
[INFO] [stdout]     |                                                           ---------- ^^^ the trait `As<i32>` is not implemented for `<T as Trait>::Gas`
[INFO] [stdout]     |                                                           |
[INFO] [stdout]     |                                                           required by a bound introduced by this call
[INFO] [stdout] 
[INFO] [stdout] 
[INFO] [stdout] error[E0277]: the trait bound `<T as Trait>::Gas: As<i32>` is not satisfied
[INFO] [stdout]    --> /opt/rustwide/cargo-home/git/checkouts/substrate-7e08433d4c370a21/59d5ec1/srml/contract/src/lib.rs:426:68
[INFO] [stdout]     |
[INFO] [stdout] 426 |         CreateBaseFee get(create_base_fee) config(): T::Gas = T::Gas::sa(175);
[INFO] [stdout]     |                                                               ---------- ^^^ the trait `As<i32>` is not implemented for `<T as Trait>::Gas`
[INFO] [stdout]     |                                                               |
[INFO] [stdout]     |                                                               required by a bound introduced by this call
[INFO] [stdout] 
[INFO] [stdout] 
[INFO] [stdout] error[E0277]: the trait bound `<<T as Trait>::Currency as Currency<<T as srml_system::Trait>::AccountId>>::Balance: As<i32>` is not satisfied
[INFO] [stdout]    --> /opt/rustwide/cargo-home/git/checkouts/substrate-7e08433d4c370a21/59d5ec1/srml/contract/src/lib.rs:428:71
[INFO] [stdout]     |
[INFO] [stdout] 428 |         GasPrice get(gas_price) config(): BalanceOf<T> = BalanceOf::<T>::sa(1);
[INFO] [stdout]     |                                                          ------------------ ^ the trait `As<i32>` is not implemented for `<<T as Trait>::Currency as Currency<<T as srml_system::Trait>::AccountId>>::Balance`
[INFO] [stdout]     |                                                          |
[INFO] [stdout]     |                                                          required by a bound introduced by this call
[INFO] [stdout] 
[INFO] [stdout] 
[INFO] [stdout] error[E0277]: the trait bound `<T as Trait>::Gas: As<i32>` is not satisfied
[INFO] [stdout]    --> /opt/rustwide/cargo-home/git/checkouts/substrate-7e08433d4c370a21/59d5ec1/srml/contract/src/lib.rs:432:68
[INFO] [stdout]     |
[INFO] [stdout] 432 |         BlockGasLimit get(block_gas_limit) config(): T::Gas = T::Gas::sa(1_000_000);
[INFO] [stdout]     |                                                               ---------- ^^^^^^^^^ the trait `As<i32>` is not implemented for `<T as Trait>::Gas`
[INFO] [stdout]     |                                                               |
[INFO] [stdout]     |                                                               required by a bound introduced by this call
[INFO] [stdout] 
[INFO] [stdout] 
[INFO] [stdout] error: aborting due to 5 previous errors
[INFO] [stdout] 
[INFO] [stdout] 
[INFO] [stdout] For more information about this error, try `rustc --explain E0277`.
[INFO] [stdout] 
[INFO] [stderr] error: could not compile `srml-contract` due to 6 previous errors
[INFO] running `Command { std: "docker" "inspect" "e3d9a5acd22e534565ac7f42177c41d3f6f4e610545a70997fa1ab672aab7f47", kill_on_drop: false }`
[INFO] running `Command { std: "docker" "rm" "-f" "e3d9a5acd22e534565ac7f42177c41d3f6f4e610545a70997fa1ab672aab7f47", kill_on_drop: false }`
[INFO] [stdout] e3d9a5acd22e534565ac7f42177c41d3f6f4e610545a70997fa1ab672aab7f47
