[INFO] cloning repository https://github.com/barzamin/yubaba
[INFO] running `Command { std: "git" "-c" "credential.helper=" "-c" "credential.helper=/workspace/cargo-home/bin/git-credential-null" "clone" "--bare" "https://github.com/barzamin/yubaba" "/workspace/cache/git-repos/https%3A%2F%2Fgithub.com%2Fbarzamin%2Fyubaba", kill_on_drop: false }`
[INFO] [stderr] Cloning into bare repository '/workspace/cache/git-repos/https%3A%2F%2Fgithub.com%2Fbarzamin%2Fyubaba'...
[INFO] running `Command { std: "git" "rev-parse" "HEAD", kill_on_drop: false }`
[INFO] [stdout] 2ca196a59cca8f5c553231e6853f452d04d2afe9
[INFO] documenting barzamin/yubaba against 1.69.0 for beta-1.70-rustdoc-1
[INFO] running `Command { std: "git" "clone" "/workspace/cache/git-repos/https%3A%2F%2Fgithub.com%2Fbarzamin%2Fyubaba" "/workspace/builds/worker-0-tc1/source", kill_on_drop: false }`
[INFO] [stderr] Cloning into '/workspace/builds/worker-0-tc1/source'...
[INFO] [stderr] done.
[INFO] validating manifest of git repo https://github.com/barzamin/yubaba on toolchain 1.69.0
[INFO] running `Command { std: CARGO_HOME="/workspace/cargo-home" RUSTUP_HOME="/workspace/rustup-home" "/workspace/cargo-home/bin/cargo" "+1.69.0" "metadata" "--manifest-path" "Cargo.toml" "--no-deps", kill_on_drop: false }`
[INFO] started tweaking git repo https://github.com/barzamin/yubaba
[INFO] finished tweaking git repo https://github.com/barzamin/yubaba
[INFO] tweaked toml for git repo https://github.com/barzamin/yubaba written to /workspace/builds/worker-0-tc1/source/Cargo.toml
[INFO] crate git repo https://github.com/barzamin/yubaba already has a lockfile, it will not be regenerated
[INFO] running `Command { std: CARGO_HOME="/workspace/cargo-home" RUSTUP_HOME="/workspace/rustup-home" "/workspace/cargo-home/bin/cargo" "+1.69.0" "fetch" "--manifest-path" "Cargo.toml", kill_on_drop: false }`
[INFO] [stderr]     Blocking waiting for file lock on package cache
[INFO] [stderr]  Downloading crates ...
[INFO] [stderr]   Downloaded owo-colors v3.2.0
[INFO] [stderr]   Downloaded eyre v0.6.6
[INFO] [stderr]   Downloaded color-eyre v0.6.0
[INFO] [stderr]   Downloaded windows v0.33.0
[INFO] [stderr]   Downloaded exe v0.4.5
[INFO] running `Command { std: "docker" "create" "-v" "/var/lib/crater-agent-workspace/builds/worker-0-tc1/target:/opt/rustwide/target:rw,Z" "-v" "/var/lib/crater-agent-workspace/builds/worker-0-tc1/source:/opt/rustwide/workdir:ro,Z" "-v" "/var/lib/crater-agent-workspace/cargo-home:/opt/rustwide/cargo-home:ro,Z" "-v" "/var/lib/crater-agent-workspace/rustup-home:/opt/rustwide/rustup-home:ro,Z" "-e" "SOURCE_DIR=/opt/rustwide/workdir" "-e" "CARGO_TARGET_DIR=/opt/rustwide/target" "-e" "CARGO_HOME=/opt/rustwide/cargo-home" "-e" "RUSTUP_HOME=/opt/rustwide/rustup-home" "-w" "/opt/rustwide/workdir" "-m" "1610612736" "--user" "0:0" "--network" "none" "ghcr.io/rust-lang/crates-build-env/linux@sha256:5ff2268d62e97bff2cde7d5815dd6ed5b47097566f13b8d0ca110b04b60e07ed" "/opt/rustwide/cargo-home/bin/cargo" "+1.69.0" "metadata" "--no-deps" "--format-version=1", kill_on_drop: false }`
[INFO] [stdout] 13876b41511f2cb82730c734991a71d209f8670216c0f5f109326c8b98d590fe
[INFO] running `Command { std: "docker" "start" "-a" "13876b41511f2cb82730c734991a71d209f8670216c0f5f109326c8b98d590fe", kill_on_drop: false }`
[INFO] running `Command { std: "docker" "inspect" "13876b41511f2cb82730c734991a71d209f8670216c0f5f109326c8b98d590fe", kill_on_drop: false }`
[INFO] running `Command { std: "docker" "rm" "-f" "13876b41511f2cb82730c734991a71d209f8670216c0f5f109326c8b98d590fe", kill_on_drop: false }`
[INFO] [stdout] 13876b41511f2cb82730c734991a71d209f8670216c0f5f109326c8b98d590fe
[INFO] running `Command { std: "docker" "create" "-v" "/var/lib/crater-agent-workspace/builds/worker-0-tc1/target:/opt/rustwide/target:rw,Z" "-v" "/var/lib/crater-agent-workspace/builds/worker-0-tc1/source:/opt/rustwide/workdir:ro,Z" "-v" "/var/lib/crater-agent-workspace/cargo-home:/opt/rustwide/cargo-home:ro,Z" "-v" "/var/lib/crater-agent-workspace/rustup-home:/opt/rustwide/rustup-home:ro,Z" "-e" "SOURCE_DIR=/opt/rustwide/workdir" "-e" "CARGO_TARGET_DIR=/opt/rustwide/target" "-e" "CARGO_INCREMENTAL=0" "-e" "RUST_BACKTRACE=full" "-e" "RUSTFLAGS=--cap-lints=warn" "-e" "RUSTDOCFLAGS=--cap-lints=warn" "-e" "CARGO_HOME=/opt/rustwide/cargo-home" "-e" "RUSTUP_HOME=/opt/rustwide/rustup-home" "-w" "/opt/rustwide/workdir" "-m" "1610612736" "--user" "0:0" "--network" "none" "ghcr.io/rust-lang/crates-build-env/linux@sha256:5ff2268d62e97bff2cde7d5815dd6ed5b47097566f13b8d0ca110b04b60e07ed" "/opt/rustwide/cargo-home/bin/cargo" "+1.69.0" "doc" "--frozen" "--no-deps" "--document-private-items" "--message-format=json", kill_on_drop: false }`
[INFO] [stdout] 7080ea8019c5d73d364255e29588164bdad974e2af4b3d8880a848b41afc3a44
[INFO] running `Command { std: "docker" "start" "-a" "7080ea8019c5d73d364255e29588164bdad974e2af4b3d8880a848b41afc3a44", kill_on_drop: false }`
[INFO] [stderr]    Compiling version_check v0.9.4
[INFO] [stderr]    Compiling proc-macro2 v1.0.36
[INFO] [stderr]    Compiling unicode-xid v0.2.2
[INFO] [stderr]    Compiling libc v0.2.118
[INFO] [stderr]    Compiling syn v1.0.86
[INFO] [stderr]    Compiling autocfg v1.1.0
[INFO] [stderr]    Compiling log v0.4.14
[INFO] [stderr]    Compiling memchr v2.4.1
[INFO] [stderr]     Checking once_cell v1.9.0
[INFO] [stderr]    Compiling lazy_static v1.4.0
[INFO] [stderr]    Compiling cfg-if v1.0.0
[INFO] [stderr]    Compiling miniz_oxide v0.4.4
[INFO] [stderr]    Compiling typenum v1.15.0
[INFO] [stderr]    Compiling generic-array v0.14.5
[INFO] [stderr]    Compiling tracing-core v0.1.22
[INFO] [stderr]    Compiling cc v1.0.73
[INFO] [stderr]    Compiling eyre v0.6.6
[INFO] [stderr]    Compiling tracing-log v0.1.2
[INFO] [stderr]    Compiling quote v1.0.15
[INFO] [stderr]    Compiling thread_local v1.1.4
[INFO] [stderr]    Compiling sharded-slab v0.1.4
[INFO] [stderr]    Compiling ansi_term v0.12.1
[INFO] [stderr]    Compiling pin-project-lite v0.2.8
[INFO] [stderr]    Compiling smallvec v1.8.0
[INFO] [stderr]    Compiling proc-macro-error-attr v1.0.4
[INFO] [stderr]    Compiling ahash v0.7.6
[INFO] [stderr]    Compiling num-traits v0.2.14
[INFO] [stderr]    Compiling backtrace v0.3.64
[INFO] [stderr]    Compiling tracing-subscriber v0.3.9
[INFO] [stderr]    Compiling adler v1.0.2
[INFO] [stderr]     Checking ttf-parser v0.15.0
[INFO] [stderr]    Compiling gimli v0.26.1
[INFO] [stderr]     Checking block-buffer v0.9.0
[INFO] [stderr]     Checking digest v0.9.0
[INFO] [stderr]    Compiling object v0.27.1
[INFO] [stderr]     Checking getrandom v0.2.5
[INFO] [stderr]    Compiling proc-macro-error v1.0.4
[INFO] [stderr]    Compiling num-integer v0.1.44
[INFO] [stderr]     Checking owned_ttf_parser v0.15.0
[INFO] [stderr]    Compiling owo-colors v3.2.0
[INFO] [stderr]     Checking opaque-debug v0.3.0
[INFO] [stderr]     Checking ab_glyph_rasterizer v0.1.5
[INFO] [stderr]    Compiling rustc-demangle v0.1.21
[INFO] [stderr]    Compiling indenter v0.3.3
[INFO] [stderr]     Checking ab_glyph v0.2.15
[INFO] [stderr]    Compiling addr2line v0.17.0
[INFO] [stderr]     Checking unicode-width v0.1.9
[INFO] [stderr]     Checking cpufeatures v0.2.1
[INFO] [stderr]     Checking atomic_refcell v0.1.8
[INFO] [stderr]     Checking bitflags v1.3.2
[INFO] [stderr]    Compiling unicode-segmentation v1.9.0
[INFO] [stderr]     Checking nohash-hasher v0.2.0
[INFO] [stderr]     Checking emath v0.17.0
[INFO] [stderr]     Checking epaint v0.17.0
[INFO] [stderr]    Compiling heck v0.3.3
[INFO] [stderr]     Checking textwrap v0.11.0
[INFO] [stderr]     Checking time v0.1.44
[INFO] [stderr]     Checking atty v0.2.14
[INFO] [stderr]     Checking strsim v0.8.0
[INFO] [stderr]     Checking windows v0.32.0
[INFO] [stderr]     Checking vec_map v0.8.2
[INFO] [stderr]     Checking egui v0.17.0
[INFO] [stderr]     Checking clap v2.34.0
[INFO] [stderr]     Checking chrono v0.4.19
[INFO] [stderr]     Checking sha2 v0.9.9
[INFO] [stderr]     Checking sha-1 v0.9.8
[INFO] [stdout] error[E0433]: failed to resolve: could not find `windows` in `os`
[INFO] [stdout]     --> /opt/rustwide/cargo-home/registry/src/github.com-1ecc6299db9ec823/windows-0.32.0/src/Windows/Win32/Foundation/mod.rs:5992:22
[INFO] [stdout]      |
[INFO] [stdout] 5992 |         use std::os::windows::ffi::OsStrExt;
[INFO] [stdout]      |                      ^^^^^^^ could not find `windows` in `os`
[INFO] [stdout] 
[INFO] [stdout] 
[INFO] [stdout] error[E0433]: failed to resolve: could not find `windows` in `os`
[INFO] [stdout]     --> /opt/rustwide/cargo-home/registry/src/github.com-1ecc6299db9ec823/windows-0.32.0/src/core/bindings.rs:1517:22
[INFO] [stdout]      |
[INFO] [stdout] 1517 |         use std::os::windows::ffi::OsStrExt;
[INFO] [stdout]      |                      ^^^^^^^ could not find `windows` in `os`
[INFO] [stdout] 
[INFO] [stdout] 
[INFO] [stderr]     Checking md-5 v0.9.1
[INFO] [stderr]     Checking hex v0.4.3
[INFO] [stderr]     Checking byteorder v1.4.3
[INFO] [stderr]     Checking widestring v0.4.3
[INFO] [stderr]     Checking windows v0.33.0
[INFO] [stderr]  Documenting dril v0.1.0 (/opt/rustwide/workdir/dril)
[INFO] [stderr]     Checking exe v0.4.5
[INFO] [stdout] error[E0433]: failed to resolve: could not find `windows` in `os`
[INFO] [stdout]   --> /opt/rustwide/cargo-home/registry/src/github.com-1ecc6299db9ec823/windows-0.33.0/src/core/pcwstr.rs:59:24
[INFO] [stdout]    |
[INFO] [stdout] 59 |         use ::std::os::windows::ffi::OsStrExt;
[INFO] [stdout]    |                        ^^^^^^^ could not find `windows` in `os`
[INFO] [stdout] 
[INFO] [stdout] 
[INFO] [stderr]    Compiling tracing-attributes v0.1.20
[INFO] [stderr]    Compiling thiserror-impl v1.0.30
[INFO] [stderr]    Compiling structopt-derive v0.4.18
[INFO] [stderr]     Checking thiserror v1.0.30
[INFO] [stderr]     Checking structopt v0.3.26
[INFO] [stderr]    Compiling tracing v0.1.32
[INFO] [stderr]    Compiling tracing-error v0.2.0
[INFO] [stderr]     Checking epi v0.17.0
[INFO] [stderr]     Checking color-spantrace v0.2.0
[INFO] [stderr]     Checking color-eyre v0.6.0
[INFO] [stdout] error[E0599]: no method named `encode_wide` found for reference `&OsStr` in the current scope
[INFO] [stdout]   --> /opt/rustwide/cargo-home/registry/src/github.com-1ecc6299db9ec823/windows-0.33.0/src/core/pcwstr.rs:60:71
[INFO] [stdout]    |
[INFO] [stdout] 60 | ...   Param::Boxed(PCWSTR(alloc::boxed::Box::<[u16]>::into_raw(self.encode_wide().chain(::core::iter::once(0)).collect::<alloc::vec::Vec<...
[INFO] [stdout]    |                                                                     ^^^^^^^^^^^ method not found in `&OsStr`
[INFO] [stdout] 
[INFO] [stdout] 
[INFO] [stdout] error: aborting due to 2 previous errors
[INFO] [stdout] 
[INFO] [stdout] 
[INFO] [stdout] Some errors have detailed explanations: E0433, E0599.
[INFO] [stdout] 
[INFO] [stdout] For more information about an error, try `rustc --explain E0433`.
[INFO] [stdout] 
[INFO] [stderr] error: could not compile `windows` due to 3 previous errors
[INFO] [stderr] warning: build failed, waiting for other jobs to finish...
[INFO] [stdout] error[E0599]: no method named `encode_wide` found for reference `&OsStr` in the current scope
[INFO] [stdout]     --> /opt/rustwide/cargo-home/registry/src/github.com-1ecc6299db9ec823/windows-0.32.0/src/Windows/Win32/Foundation/mod.rs:5993:104
[INFO] [stdout]      |
[INFO] [stdout] 5993 | ...ore::alloc::boxed::Box::<[u16]>::into_raw(self.encode_wide().chain(::core::iter::once(0)).collect::<::windows::core::alloc::vec::Vec<u...
[INFO] [stdout]      |                                                   ^^^^^^^^^^^ method not found in `&OsStr`
[INFO] [stdout] 
[INFO] [stdout] 
[INFO] [stdout] error[E0599]: no method named `encode_wide` found for reference `&OsStr` in the current scope
[INFO] [stdout]     --> /opt/rustwide/cargo-home/registry/src/github.com-1ecc6299db9ec823/windows-0.32.0/src/core/bindings.rs:1518:104
[INFO] [stdout]      |
[INFO] [stdout] 1518 | ...ore::alloc::boxed::Box::<[u16]>::into_raw(self.encode_wide().chain(::core::iter::once(0)).collect::<::windows::core::alloc::vec::Vec<u...
[INFO] [stdout]      |                                                   ^^^^^^^^^^^ method not found in `&OsStr`
[INFO] [stdout] 
[INFO] [stdout] 
[INFO] [stdout] error: aborting due to 4 previous errors
[INFO] [stdout] 
[INFO] [stdout] 
[INFO] [stdout] Some errors have detailed explanations: E0433, E0599.
[INFO] [stdout] 
[INFO] [stdout] For more information about an error, try `rustc --explain E0433`.
[INFO] [stdout] 
[INFO] [stderr] error: could not compile `windows` due to 5 previous errors
[INFO] running `Command { std: "docker" "inspect" "7080ea8019c5d73d364255e29588164bdad974e2af4b3d8880a848b41afc3a44", kill_on_drop: false }`
[INFO] running `Command { std: "docker" "rm" "-f" "7080ea8019c5d73d364255e29588164bdad974e2af4b3d8880a848b41afc3a44", kill_on_drop: false }`
[INFO] [stdout] 7080ea8019c5d73d364255e29588164bdad974e2af4b3d8880a848b41afc3a44
