[INFO] cloning repository https://github.com/barzamin/hiv
[INFO] running `Command { std: "git" "-c" "credential.helper=" "-c" "credential.helper=/workspace/cargo-home/bin/git-credential-null" "clone" "--bare" "https://github.com/barzamin/hiv" "/workspace/cache/git-repos/https%3A%2F%2Fgithub.com%2Fbarzamin%2Fhiv", kill_on_drop: false }`
[INFO] [stderr] Cloning into bare repository '/workspace/cache/git-repos/https%3A%2F%2Fgithub.com%2Fbarzamin%2Fhiv'...
[INFO] running `Command { std: "git" "rev-parse" "HEAD", kill_on_drop: false }`
[INFO] [stdout] 445ce0b8807c2c7a7e4ad0209e9bc4ea36c4ce75
[INFO] documenting barzamin/hiv against beta-2023-04-20 for beta-1.70-rustdoc-1
[INFO] running `Command { std: "git" "clone" "/workspace/cache/git-repos/https%3A%2F%2Fgithub.com%2Fbarzamin%2Fhiv" "/workspace/builds/worker-4-tc2/source", kill_on_drop: false }`
[INFO] [stderr] Cloning into '/workspace/builds/worker-4-tc2/source'...
[INFO] [stderr] done.
[INFO] validating manifest of git repo https://github.com/barzamin/hiv on toolchain beta-2023-04-20
[INFO] running `Command { std: CARGO_HOME="/workspace/cargo-home" RUSTUP_HOME="/workspace/rustup-home" "/workspace/cargo-home/bin/cargo" "+beta-2023-04-20" "metadata" "--manifest-path" "Cargo.toml" "--no-deps", kill_on_drop: false }`
[INFO] removed /workspace/builds/worker-4-tc2/source/rust-toolchain
[INFO] started tweaking git repo https://github.com/barzamin/hiv
[INFO] finished tweaking git repo https://github.com/barzamin/hiv
[INFO] tweaked toml for git repo https://github.com/barzamin/hiv written to /workspace/builds/worker-4-tc2/source/Cargo.toml
[INFO] crate git repo https://github.com/barzamin/hiv already has a lockfile, it will not be regenerated
[INFO] running `Command { std: CARGO_HOME="/workspace/cargo-home" RUSTUP_HOME="/workspace/rustup-home" "/workspace/cargo-home/bin/cargo" "+beta-2023-04-20" "fetch" "--manifest-path" "Cargo.toml", kill_on_drop: false }`
[INFO] [stderr]     Updating crates.io index
[INFO] [stderr]  Downloading crates ...
[INFO] [stderr]   Downloaded jobserver v0.1.23
[INFO] [stderr]   Downloaded raw-string v0.3.5
[INFO] [stderr]   Downloaded kqueue v1.0.3
[INFO] [stderr]   Downloaded kqueue-sys v1.0.2
[INFO] [stderr]   Downloaded gfx-backend-dx12 v0.9.1
[INFO] [stderr]   Downloaded inotify v0.9.3
[INFO] [stderr]   Downloaded imgui-wgpu v0.16.0
[INFO] [stderr]   Downloaded num_enum_derive v0.5.3
[INFO] [stderr]   Downloaded num_enum v0.5.3
[INFO] [stderr]   Downloaded glam v0.16.0
[INFO] [stderr]   Downloaded spirv-tools v0.6.1
[INFO] [stderr]   Downloaded slotmap v0.4.2
[INFO] [stderr]   Downloaded bimap v0.6.1
[INFO] [stderr]   Downloaded wgpu-core v0.9.2
[INFO] [stderr]   Downloaded spirv-tools-sys v0.4.1
[INFO] running `Command { std: "docker" "create" "-v" "/var/lib/crater-agent-workspace/builds/worker-4-tc2/target:/opt/rustwide/target:rw,Z" "-v" "/var/lib/crater-agent-workspace/builds/worker-4-tc2/source:/opt/rustwide/workdir:ro,Z" "-v" "/var/lib/crater-agent-workspace/cargo-home:/opt/rustwide/cargo-home:ro,Z" "-v" "/var/lib/crater-agent-workspace/rustup-home:/opt/rustwide/rustup-home:ro,Z" "-e" "SOURCE_DIR=/opt/rustwide/workdir" "-e" "CARGO_TARGET_DIR=/opt/rustwide/target" "-e" "CARGO_HOME=/opt/rustwide/cargo-home" "-e" "RUSTUP_HOME=/opt/rustwide/rustup-home" "-w" "/opt/rustwide/workdir" "-m" "1610612736" "--user" "0:0" "--network" "none" "ghcr.io/rust-lang/crates-build-env/linux@sha256:5ff2268d62e97bff2cde7d5815dd6ed5b47097566f13b8d0ca110b04b60e07ed" "/opt/rustwide/cargo-home/bin/cargo" "+beta-2023-04-20" "metadata" "--no-deps" "--format-version=1", kill_on_drop: false }`
[INFO] [stdout] 55929bb7df49b6634d0a22c0d8c8887d722fcdc98e2f4d6e8d038c786771911f
[INFO] running `Command { std: "docker" "start" "-a" "55929bb7df49b6634d0a22c0d8c8887d722fcdc98e2f4d6e8d038c786771911f", kill_on_drop: false }`
[INFO] running `Command { std: "docker" "inspect" "55929bb7df49b6634d0a22c0d8c8887d722fcdc98e2f4d6e8d038c786771911f", kill_on_drop: false }`
[INFO] running `Command { std: "docker" "rm" "-f" "55929bb7df49b6634d0a22c0d8c8887d722fcdc98e2f4d6e8d038c786771911f", kill_on_drop: false }`
[INFO] [stdout] 55929bb7df49b6634d0a22c0d8c8887d722fcdc98e2f4d6e8d038c786771911f
[INFO] running `Command { std: "docker" "create" "-v" "/var/lib/crater-agent-workspace/builds/worker-4-tc2/target:/opt/rustwide/target:rw,Z" "-v" "/var/lib/crater-agent-workspace/builds/worker-4-tc2/source:/opt/rustwide/workdir:ro,Z" "-v" "/var/lib/crater-agent-workspace/cargo-home:/opt/rustwide/cargo-home:ro,Z" "-v" "/var/lib/crater-agent-workspace/rustup-home:/opt/rustwide/rustup-home:ro,Z" "-e" "SOURCE_DIR=/opt/rustwide/workdir" "-e" "CARGO_TARGET_DIR=/opt/rustwide/target" "-e" "CARGO_INCREMENTAL=0" "-e" "RUST_BACKTRACE=full" "-e" "RUSTFLAGS=--cap-lints=warn" "-e" "RUSTDOCFLAGS=--cap-lints=warn" "-e" "CARGO_HOME=/opt/rustwide/cargo-home" "-e" "RUSTUP_HOME=/opt/rustwide/rustup-home" "-w" "/opt/rustwide/workdir" "-m" "1610612736" "--user" "0:0" "--network" "none" "ghcr.io/rust-lang/crates-build-env/linux@sha256:5ff2268d62e97bff2cde7d5815dd6ed5b47097566f13b8d0ca110b04b60e07ed" "/opt/rustwide/cargo-home/bin/cargo" "+beta-2023-04-20" "doc" "--frozen" "--no-deps" "--document-private-items" "--message-format=json", kill_on_drop: false }`
[INFO] [stdout] 02a81f62cbaba70c8277502cf5ee9569342cf5bd88ee8aa1dcc3de948cfcac37
[INFO] running `Command { std: "docker" "start" "-a" "02a81f62cbaba70c8277502cf5ee9569342cf5bd88ee8aa1dcc3de948cfcac37", kill_on_drop: false }`
[INFO] [stderr]     Blocking waiting for file lock on package cache
[INFO] [stderr]    Compiling libc v0.2.98
[INFO] [stderr]    Compiling proc-macro2 v1.0.28
[INFO] [stderr]    Compiling syn v1.0.74
[INFO] [stderr]    Compiling libm v0.2.1
[INFO] [stderr]     Checking once_cell v1.8.0
[INFO] [stderr]    Compiling serde_derive v1.0.127
[INFO] [stderr]    Compiling serde v1.0.127
[INFO] [stderr]     Checking smallvec v1.6.1
[INFO] [stderr]     Checking scopeguard v1.1.0
[INFO] [stderr]    Compiling num-traits v0.2.14
[INFO] [stderr]    Compiling ahash v0.7.4
[INFO] [stderr]    Compiling indexmap v1.7.0
[INFO] [stderr]     Checking libloading v0.7.0
[INFO] [stderr]    Compiling pkg-config v0.3.19
[INFO] [stderr]    Compiling memchr v2.4.0
[INFO] [stderr]     Checking fxhash v0.2.1
[INFO] [stderr]    Compiling xml-rs v0.8.4
[INFO] [stderr]    Compiling crossbeam-utils v0.8.5
[INFO] [stderr]     Checking instant v0.1.10
[INFO] [stderr]     Checking fixedbitset v0.2.0
[INFO] [stderr]    Compiling drm-fourcc v2.1.1
[INFO] [stderr]    Compiling serde_json v1.0.66
[INFO] [stderr]     Checking lock_api v0.4.4
[INFO] [stderr]    Compiling convert_case v0.4.0
[INFO] [stderr]     Checking bit-vec v0.6.3
[INFO] [stderr]     Checking codespan-reporting v0.11.1
[INFO] [stderr]     Checking dlib v0.5.0
[INFO] [stderr]    Compiling memoffset v0.6.4
[INFO] [stderr]    Compiling nom v6.1.2
[INFO] [stderr]    Compiling wayland-sys v0.28.6
[INFO] [stderr]    Compiling crossbeam-epoch v0.9.5
[INFO] [stderr]     Checking bit-set v0.5.2
[INFO] [stderr]    Compiling bitflags v1.2.1
[INFO] [stderr]     Checking ttf-parser v0.6.2
[INFO] [stderr]     Checking same-file v1.0.6
[INFO] [stderr]    Compiling crossbeam-queue v0.3.2
[INFO] [stderr]    Compiling khronos-egl v4.1.0
[INFO] [stderr]     Checking downcast-rs v1.2.0
[INFO] [stderr]    Compiling quote v1.0.9
[INFO] [stderr]    Compiling nix v0.18.0
[INFO] [stderr]     Checking scoped-tls v1.0.0
[INFO] [stderr]    Compiling byteorder v1.4.3
[INFO] [stderr]     Checking walkdir v2.3.2
[INFO] [stderr]    Compiling regex v1.5.4
[INFO] [stderr]     Checking crossbeam-channel v0.5.1
[INFO] [stderr]    Compiling wayland-scanner v0.28.6
[INFO] [stderr]    Compiling ryu v1.0.5
[INFO] [stderr]     Checking arrayvec v0.5.2
[INFO] [stderr]     Checking renderdoc-sys v0.7.1
[INFO] [stderr]     Checking ahash v0.4.7
[INFO] [stderr]     Checking unicode-xid v0.2.2
[INFO] [stderr]    Compiling itoa v0.4.7
[INFO] [stderr]     Checking ab_glyph_rasterizer v0.1.4
[INFO] [stderr]    Compiling cfg_aliases v0.1.1
[INFO] [stderr]     Checking hashbrown v0.9.1
[INFO] [stderr]     Checking gfx-renderdoc v0.1.0
[INFO] [stderr]     Checking getrandom v0.2.3
[INFO] [stderr]     Checking raw-window-handle v0.3.3
[INFO] [stderr]     Checking parking_lot_core v0.8.3
[INFO] [stderr]     Checking spirv_headers v1.5.0
[INFO] [stderr]     Checking nix v0.20.0
[INFO] [stderr]    Compiling wgpu-core v0.9.2
[INFO] [stderr]    Compiling jobserver v0.1.23
[INFO] [stderr]     Checking owned_ttf_parser v0.6.0
[INFO] [stderr]     Checking parking_lot v0.11.1
[INFO] [stderr]    Compiling cc v1.0.69
[INFO] [stderr]    Compiling xattr v0.2.2
[INFO] [stderr]    Compiling spirv_headers v1.5.1 (https://github.com/gfx-rs/rspirv.git?rev=c2a11ba7961fa7c675800f50c1903f0e96c633f8#c2a11ba7)
[INFO] [stderr]     Checking hashbrown v0.11.2
[INFO] [stderr]    Compiling filetime v0.2.14
[INFO] [stderr]     Checking rusttype v0.9.2
[INFO] [stderr]    Compiling sanitize-filename v0.3.0
[INFO] [stderr]    Compiling tar v0.4.35
[INFO] [stderr]     Checking mio v0.7.13
[INFO] [stderr]     Checking crossbeam-deque v0.8.1
[INFO] [stderr]    Compiling x11-dl v2.18.5
[INFO] [stderr]     Checking ash v0.32.1
[INFO] [stderr]     Checking xcursor v0.3.3
[INFO] [stderr]    Compiling wayland-client v0.28.6
[INFO] [stderr]    Compiling wayland-protocols v0.28.6
[INFO] [stderr]     Checking gpu-descriptor-types v0.1.1
[INFO] [stderr]     Checking gpu-alloc-types v0.2.0
[INFO] [stderr]     Checking tracing-core v0.1.18
[INFO] [stderr]     Checking libloading v0.6.7
[INFO] [stderr]    Compiling num-integer v0.1.44
[INFO] [stderr]     Checking inplace_it v0.3.3
[INFO] [stderr]     Checking petgraph v0.5.1
[INFO] [stderr]     Checking xdg v2.2.0
[INFO] [stderr]    Compiling bimap v0.6.1
[INFO] [stderr]    Compiling topological-sort v0.1.0
[INFO] [stderr]    Compiling unicode-segmentation v1.8.0
[INFO] [stderr]     Checking chlorine v1.0.7
[INFO] [stderr]    Compiling rustc-demangle v0.1.20
[INFO] [stderr]     Checking glow v0.9.0
[INFO] [stderr]     Checking dlib v0.4.2
[INFO] [stderr]     Checking gpu-alloc v0.4.7
[INFO] [stderr]    Compiling spirv-tools-sys v0.4.1
[INFO] [stderr]    Compiling imgui-sys v0.7.0
[INFO] [stderr]     Checking andrew v0.3.1
[INFO] [stderr]    Compiling heck v0.3.3
[INFO] [stderr]     Checking gpu-descriptor v0.1.1
[INFO] [stderr]     Checking crossbeam v0.8.1
[INFO] [stderr]     Checking memmap2 v0.1.0
[INFO] [stderr]     Checking wgpu-types v0.9.0
[INFO] [stderr]     Checking profiling v1.0.3
[INFO] [stderr]    Compiling raw-string v0.3.5
[INFO] [stderr]    Compiling winit v0.25.0
[INFO] [stderr]    Compiling spirv-types v0.4.0-alpha.10 (https://github.com/EmbarkStudios/rust-gpu?rev=b9867d0e84d29d6e60ad62427f453b4829abda56#b9867d0e)
[INFO] [stderr]     Checking rose_tree v0.2.0
[INFO] [stderr]     Checking mio-misc v1.2.1
[INFO] [stderr]     Checking wayland-commons v0.28.6
[INFO] [stderr]     Checking glam v0.16.0
[INFO] [stderr]     Checking inotify-sys v0.1.5
[INFO] [stderr]     Checking regex-automata v0.1.10
[INFO] [stderr]     Checking calloop v0.6.5
[INFO] [stderr]    Compiling anyhow v1.0.42
[INFO] [stderr]     Checking pin-project-lite v0.2.7
[INFO] [stderr]     Checking chrono v0.4.19
[INFO] [stderr]     Checking inotify v0.9.3
[INFO] [stderr]     Checking tracing-log v0.1.2
[INFO] [stderr]     Checking thread_local v1.1.3
[INFO] [stderr]     Checking sharded-slab v0.1.3
[INFO] [stderr]     Checking ansi_term v0.12.1
[INFO] [stderr]     Checking matchers v0.0.1
[INFO] [stderr]     Checking notify v5.0.0-pre.11
[INFO] [stderr]     Checking pollster v0.2.4
[INFO] [stderr]     Checking wayland-cursor v0.28.6
[INFO] [stderr] error: could not compile `ash` (lib)
[INFO] [stderr] 
[INFO] [stderr] Caused by:
[INFO] [stderr]   process didn't exit successfully: `rustc --crate-name ash --edition=2018 /opt/rustwide/cargo-home/registry/src/index.crates.io-6f17d22bba15001f/ash-0.32.1/src/lib.rs --error-format=json --json=diagnostic-rendered-ansi,artifacts,future-incompat --crate-type lib --emit=dep-info,metadata -C embed-bitcode=no -C debuginfo=2 --cfg 'feature="default"' --cfg 'feature="libloading"' -C metadata=e03a8ffa0f3be069 -C extra-filename=-e03a8ffa0f3be069 --out-dir /opt/rustwide/target/debug/deps -L dependency=/opt/rustwide/target/debug/deps --extern libloading=/opt/rustwide/target/debug/deps/liblibloading-e7e39a514732ce9b.rmeta --cap-lints allow --cap-lints=warn` (signal: 9, SIGKILL: kill)
[INFO] [stderr] warning: build failed, waiting for other jobs to finish...
[INFO] [stderr] error: could not compile `syn` (lib)
[INFO] [stderr] 
[INFO] [stderr] Caused by:
[INFO] [stderr]   process didn't exit successfully: `rustc --crate-name syn --edition=2018 /opt/rustwide/cargo-home/registry/src/index.crates.io-6f17d22bba15001f/syn-1.0.74/src/lib.rs --error-format=json --json=diagnostic-rendered-ansi,artifacts,future-incompat --crate-type lib --emit=dep-info,metadata,link -C embed-bitcode=no --cfg 'feature="clone-impls"' --cfg 'feature="default"' --cfg 'feature="derive"' --cfg 'feature="extra-traits"' --cfg 'feature="full"' --cfg 'feature="parsing"' --cfg 'feature="printing"' --cfg 'feature="proc-macro"' --cfg 'feature="quote"' --cfg 'feature="visit"' --cfg 'feature="visit-mut"' -C metadata=3c19091c80bf5810 -C extra-filename=-3c19091c80bf5810 --out-dir /opt/rustwide/target/debug/deps -L dependency=/opt/rustwide/target/debug/deps --extern proc_macro2=/opt/rustwide/target/debug/deps/libproc_macro2-4ba08597ad30c6e6.rmeta --extern quote=/opt/rustwide/target/debug/deps/libquote-20dadb0dde0d63cb.rmeta --extern unicode_xid=/opt/rustwide/target/debug/deps/libunicode_xid-fb78da16da33d955.rmeta --cap-lints allow --cap-lints=warn --cfg syn_disable_nightly_tests` (signal: 9, SIGKILL: kill)
[INFO] [stderr] error: could not compile `syn` (lib)
[INFO] [stderr] 
[INFO] [stderr] Caused by:
[INFO] [stderr]   process didn't exit successfully: `rustc --crate-name syn --edition=2018 /opt/rustwide/cargo-home/registry/src/index.crates.io-6f17d22bba15001f/syn-1.0.74/src/lib.rs --error-format=json --json=diagnostic-rendered-ansi,artifacts,future-incompat --crate-type lib --emit=dep-info,metadata -C embed-bitcode=no -C debuginfo=2 --cfg 'feature="clone-impls"' --cfg 'feature="default"' --cfg 'feature="derive"' --cfg 'feature="extra-traits"' --cfg 'feature="full"' --cfg 'feature="parsing"' --cfg 'feature="printing"' --cfg 'feature="proc-macro"' --cfg 'feature="quote"' --cfg 'feature="visit"' --cfg 'feature="visit-mut"' -C metadata=f772624fef8b18e3 -C extra-filename=-f772624fef8b18e3 --out-dir /opt/rustwide/target/debug/deps -L dependency=/opt/rustwide/target/debug/deps --extern proc_macro2=/opt/rustwide/target/debug/deps/libproc_macro2-cd94edbf823c6831.rmeta --extern quote=/opt/rustwide/target/debug/deps/libquote-543713f6e034a95c.rmeta --extern unicode_xid=/opt/rustwide/target/debug/deps/libunicode_xid-54c6f52fa42f020a.rmeta --cap-lints allow --cap-lints=warn --cfg syn_disable_nightly_tests` (signal: 9, SIGKILL: kill)
[INFO] [stderr] The following warnings were emitted during compilation:
[INFO] [stderr] 
[INFO] [stderr] warning: c++: fatal error: Killed signal terminated program cc1plus
[INFO] [stderr] warning: compilation terminated.
[INFO] [stderr] 
[INFO] [stderr] error: failed to run custom build command for `imgui-sys v0.7.0`
[INFO] [stderr] note: To improve backtraces for build dependencies, set the CARGO_PROFILE_DEV_BUILD_OVERRIDE_DEBUG=true environment variable to enable debug information generation.
[INFO] [stderr] 
[INFO] [stderr] Caused by:
[INFO] [stderr]   process didn't exit successfully: `/opt/rustwide/target/debug/build/imgui-sys-8d15b90353db3da0/build-script-build` (exit status: 1)
[INFO] [stderr]   --- stdout
[INFO] [stderr]   cargo:THIRD_PARTY=/opt/rustwide/cargo-home/registry/src/index.crates.io-6f17d22bba15001f/imgui-sys-0.7.0/third-party
[INFO] [stderr]   cargo:DEFINE_CIMGUI_NO_EXPORT=
[INFO] [stderr]   cargo:DEFINE_IMGUI_DISABLE_WIN32_FUNCTIONS=
[INFO] [stderr]   cargo:DEFINE_IMGUI_DISABLE_OSX_FUNCTIONS=
[INFO] [stderr]   OPT_LEVEL = Some("0")
[INFO] [stderr]   TARGET = Some("x86_64-unknown-linux-gnu")
[INFO] [stderr]   HOST = Some("x86_64-unknown-linux-gnu")
[INFO] [stderr]   CXX_x86_64-unknown-linux-gnu = None
[INFO] [stderr]   CXX_x86_64_unknown_linux_gnu = None
[INFO] [stderr]   HOST_CXX = None
[INFO] [stderr]   CXX = None
[INFO] [stderr]   CXXFLAGS_x86_64-unknown-linux-gnu = None
[INFO] [stderr]   CXXFLAGS_x86_64_unknown_linux_gnu = None
[INFO] [stderr]   HOST_CXXFLAGS = None
[INFO] [stderr]   CXXFLAGS = None
[INFO] [stderr]   CRATE_CC_NO_DEFAULTS = None
[INFO] [stderr]   DEBUG = Some("true")
[INFO] [stderr]   CARGO_CFG_TARGET_FEATURE = Some("fxsr,sse,sse2")
[INFO] [stderr]   running: "c++" "-O0" "-ffunction-sections" "-fdata-sections" "-fPIC" "-g" "-fno-omit-frame-pointer" "-m64" "-fno-exceptions" "-fno-rtti" "-DCIMGUI_NO_EXPORT" "-DIMGUI_DISABLE_WIN32_FUNCTIONS" "-DIMGUI_DISABLE_OSX_FUNCTIONS" "-o" "/opt/rustwide/target/debug/build/imgui-sys-a9be6cea59481b55/out/include_all_imgui.o" "-c" "include_all_imgui.cpp"
[INFO] [stderr]   cargo:warning=c++: fatal error: Killed signal terminated program cc1plus
[INFO] [stderr]   cargo:warning=compilation terminated.
[INFO] [stderr]   exit status: 1
[INFO] [stderr] 
[INFO] [stderr]   --- stderr
[INFO] [stderr] 
[INFO] [stderr] 
[INFO] [stderr]   error occurred: Command "c++" "-O0" "-ffunction-sections" "-fdata-sections" "-fPIC" "-g" "-fno-omit-frame-pointer" "-m64" "-fno-exceptions" "-fno-rtti" "-DCIMGUI_NO_EXPORT" "-DIMGUI_DISABLE_WIN32_FUNCTIONS" "-DIMGUI_DISABLE_OSX_FUNCTIONS" "-o" "/opt/rustwide/target/debug/build/imgui-sys-a9be6cea59481b55/out/include_all_imgui.o" "-c" "include_all_imgui.cpp" with args "c++" did not execute successfully (status code exit status: 1).
[INFO] [stderr] 
[INFO] [stderr] 
[INFO] [stderr] The following warnings were emitted during compilation:
[INFO] [stderr] 
[INFO] [stderr] warning: c++: fatal error: Killed signal terminated program cc1plus
[INFO] [stderr] warning: compilation terminated.
[INFO] [stderr] warning: c++: fatal error: Killed signal terminated program cc1plus
[INFO] [stderr] warning: compilation terminated.
[INFO] [stderr] warning: c++: fatal error: Killed signal terminated program cc1plus
[INFO] [stderr] warning: compilation terminated.
[INFO] [stderr] warning: c++: fatal error: Killed signal terminated program cc1plus
[INFO] [stderr] warning: compilation terminated.
[INFO] [stderr] 
[INFO] [stderr] error: failed to run custom build command for `spirv-tools-sys v0.4.1`
[INFO] [stderr] note: To improve backtraces for build dependencies, set the CARGO_PROFILE_DEV_BUILD_OVERRIDE_DEBUG=true environment variable to enable debug information generation.
[INFO] [stderr] 
[INFO] [stderr] Caused by:
[INFO] [stderr]   process didn't exit successfully: `/opt/rustwide/target/debug/build/spirv-tools-sys-abc1093911dfba9f/build-script-build` (exit status: 1)
[INFO] [stderr]   --- stdout
[INFO] [stderr]   OPT_LEVEL = Some("0")
[INFO] [stderr]   TARGET = Some("x86_64-unknown-linux-gnu")
[INFO] [stderr]   HOST = Some("x86_64-unknown-linux-gnu")
[INFO] [stderr]   CC_x86_64-unknown-linux-gnu = None
[INFO] [stderr]   CC_x86_64_unknown_linux_gnu = None
[INFO] [stderr]   HOST_CC = None
[INFO] [stderr]   CC = None
[INFO] [stderr]   CFLAGS_x86_64-unknown-linux-gnu = None
[INFO] [stderr]   CFLAGS_x86_64_unknown_linux_gnu = None
[INFO] [stderr]   HOST_CFLAGS = None
[INFO] [stderr]   CFLAGS = None
[INFO] [stderr]   CRATE_CC_NO_DEFAULTS = None
[INFO] [stderr]   DEBUG = Some("true")
[INFO] [stderr]   CARGO_CFG_TARGET_FEATURE = Some("fxsr,sse,sse2")
[INFO] [stderr]   CXX_x86_64-unknown-linux-gnu = None
[INFO] [stderr]   CXX_x86_64_unknown_linux_gnu = None
[INFO] [stderr]   HOST_CXX = None
[INFO] [stderr]   CXX = None
[INFO] [stderr]   CXXFLAGS_x86_64-unknown-linux-gnu = None
[INFO] [stderr]   CXXFLAGS_x86_64_unknown_linux_gnu = None
[INFO] [stderr]   HOST_CXXFLAGS = None
[INFO] [stderr]   CXXFLAGS = None
[INFO] [stderr]   running: "c++" "-O0" "-ffunction-sections" "-fdata-sections" "-fPIC" "-g" "-fno-omit-frame-pointer" "-m64" "-I" "spirv-tools/" "-I" "spirv-tools/include" "-I" "generated/" "-I" "spirv-headers/include" "-I" "spirv-headers/include/spirv/unified1" "-Wall" "-Wextra" "-Wall" "-Wextra" "-Wnon-virtual-dtor" "-Wno-missing-field-initializers" "-Werror" "-std=c++11" "-fno-exceptions" "-fno-rtti" "-Wno-long-long" "-Wshadow" "-Wundef" "-Wconversion" "-Wno-sign-conversion" "-std=gnu++11" "-DSPIRV_CHECK_CONTEXT" "-DSPIRV_LINUX" "-o" "/opt/rustwide/target/debug/build/spirv-tools-sys-3df4b9bb29b43e39/out/spirv-tools/source/util/bit_vector.o" "-c" "spirv-tools/source/util/bit_vector.cpp"
[INFO] [stderr]   exit status: 0
[INFO] [stderr]   running: "c++" "-O0" "-ffunction-sections" "-fdata-sections" "-fPIC" "-g" "-fno-omit-frame-pointer" "-m64" "-I" "spirv-tools/" "-I" "spirv-tools/include" "-I" "generated/" "-I" "spirv-headers/include" "-I" "spirv-headers/include/spirv/unified1" "-Wall" "-Wextra" "-Wall" "-Wextra" "-Wnon-virtual-dtor" "-Wno-missing-field-initializers" "-Werror" "-std=c++11" "-fno-exceptions" "-fno-rtti" "-Wno-long-long" "-Wshadow" "-Wundef" "-Wconversion" "-Wno-sign-conversion" "-std=gnu++11" "-DSPIRV_CHECK_CONTEXT" "-DSPIRV_LINUX" "-o" "/opt/rustwide/target/debug/build/spirv-tools-sys-3df4b9bb29b43e39/out/spirv-tools/source/util/parse_number.o" "-c" "spirv-tools/source/util/parse_number.cpp"
[INFO] [stderr]   exit status: 0
[INFO] [stderr]   running: "c++" "-O0" "-ffunction-sections" "-fdata-sections" "-fPIC" "-g" "-fno-omit-frame-pointer" "-m64" "-I" "spirv-tools/" "-I" "spirv-tools/include" "-I" "generated/" "-I" "spirv-headers/include" "-I" "spirv-headers/include/spirv/unified1" "-Wall" "-Wextra" "-Wall" "-Wextra" "-Wnon-virtual-dtor" "-Wno-missing-field-initializers" "-Werror" "-std=c++11" "-fno-exceptions" "-fno-rtti" "-Wno-long-long" "-Wshadow" "-Wundef" "-Wconversion" "-Wno-sign-conversion" "-std=gnu++11" "-DSPIRV_CHECK_CONTEXT" "-DSPIRV_LINUX" "-o" "/opt/rustwide/target/debug/build/spirv-tools-sys-3df4b9bb29b43e39/out/spirv-tools/source/util/string_utils.o" "-c" "spirv-tools/source/util/string_utils.cpp"
[INFO] [stderr]   running: "c++" "-O0" "-ffunction-sections" "-fdata-sections" "-fPIC" "-g" "-fno-omit-frame-pointer" "-m64" "-I" "spirv-tools/" "-I" "spirv-tools/include" "-I" "generated/" "-I" "spirv-headers/include" "-I" "spirv-headers/include/spirv/unified1" "-Wall" "-Wextra" "-Wall" "-Wextra" "-Wnon-virtual-dtor" "-Wno-missing-field-initializers" "-Werror" "-std=c++11" "-fno-exceptions" "-fno-rtti" "-Wno-long-long" "-Wshadow" "-Wundef" "-Wconversion" "-Wno-sign-conversion" "-std=gnu++11" "-DSPIRV_CHECK_CONTEXT" "-DSPIRV_LINUX" "-o" "/opt/rustwide/target/debug/build/spirv-tools-sys-3df4b9bb29b43e39/out/spirv-tools/source/assembly_grammar.o" "-c" "spirv-tools/source/assembly_grammar.cpp"
[INFO] [stderr]   running: "c++" "-O0" "-ffunction-sections" "-fdata-sections" "-fPIC" "-g" "-fno-omit-frame-pointer" "-m64" "-I" "spirv-tools/" "-I" "spirv-tools/include" "-I" "generated/" "-I" "spirv-headers/include" "-I" "spirv-headers/include/spirv/unified1" "-Wall" "-Wextra" "-Wall" "-Wextra" "-Wnon-virtual-dtor" "-Wno-missing-field-initializers" "-Werror" "-std=c++11" "-fno-exceptions" "-fno-rtti" "-Wno-long-long" "-Wshadow" "-Wundef" "-Wconversion" "-Wno-sign-conversion" "-std=gnu++11" "-DSPIRV_CHECK_CONTEXT" "-DSPIRV_LINUX" "-o" "/opt/rustwide/target/debug/build/spirv-tools-sys-3df4b9bb29b43e39/out/spirv-tools/source/binary.o" "-c" "spirv-tools/source/binary.cpp"
[INFO] [stderr]   running: "c++" "-O0" "-ffunction-sections" "-fdata-sections" "-fPIC" "-g" "-fno-omit-frame-pointer" "-m64" "-I" "spirv-tools/" "-I" "spirv-tools/include" "-I" "generated/" "-I" "spirv-headers/include" "-I" "spirv-headers/include/spirv/unified1" "-Wall" "-Wextra" "-Wall" "-Wextra" "-Wnon-virtual-dtor" "-Wno-missing-field-initializers" "-Werror" "-std=c++11" "-fno-exceptions" "-fno-rtti" "-Wno-long-long" "-Wshadow" "-Wundef" "-Wconversion" "-Wno-sign-conversion" "-std=gnu++11" "-DSPIRV_CHECK_CONTEXT" "-DSPIRV_LINUX" "-o" "/opt/rustwide/target/debug/build/spirv-tools-sys-3df4b9bb29b43e39/out/spirv-tools/source/diagnostic.o" "-c" "spirv-tools/source/diagnostic.cpp"
[INFO] [stderr]   running: "c++" "-O0" "-ffunction-sections" "-fdata-sections" "-fPIC" "-g" "-fno-omit-frame-pointer" "-m64" "-I" "spirv-tools/" "-I" "spirv-tools/include" "-I" "generated/" "-I" "spirv-headers/include" "-I" "spirv-headers/include/spirv/unified1" "-Wall" "-Wextra" "-Wall" "-Wextra" "-Wnon-virtual-dtor" "-Wno-missing-field-initializers" "-Werror" "-std=c++11" "-fno-exceptions" "-fno-rtti" "-Wno-long-long" "-Wshadow" "-Wundef" "-Wconversion" "-Wno-sign-conversion" "-std=gnu++11" "-DSPIRV_CHECK_CONTEXT" "-DSPIRV_LINUX" "-o" "/opt/rustwide/target/debug/build/spirv-tools-sys-3df4b9bb29b43e39/out/spirv-tools/source/disassemble.o" "-c" "spirv-tools/source/disassemble.cpp"
[INFO] [stderr]   running: "c++" "-O0" "-ffunction-sections" "-fdata-sections" "-fPIC" "-g" "-fno-omit-frame-pointer" "-m64" "-I" "spirv-tools/" "-I" "spirv-tools/include" "-I" "generated/" "-I" "spirv-headers/include" "-I" "spirv-headers/include/spirv/unified1" "-Wall" "-Wextra" "-Wall" "-Wextra" "-Wnon-virtual-dtor" "-Wno-missing-field-initializers" "-Werror" "-std=c++11" "-fno-exceptions" "-fno-rtti" "-Wno-long-long" "-Wshadow" "-Wundef" "-Wconversion" "-Wno-sign-conversion" "-std=gnu++11" "-DSPIRV_CHECK_CONTEXT" "-DSPIRV_LINUX" "-o" "/opt/rustwide/target/debug/build/spirv-tools-sys-3df4b9bb29b43e39/out/spirv-tools/source/enum_string_mapping.o" "-c" "spirv-tools/source/enum_string_mapping.cpp"
[INFO] [stderr]   running: "c++" "-O0" "-ffunction-sections" "-fdata-sections" "-fPIC" "-g" "-fno-omit-frame-pointer" "-m64" "-I" "spirv-tools/" "-I" "spirv-tools/include" "-I" "generated/" "-I" "spirv-headers/include" "-I" "spirv-headers/include/spirv/unified1" "-Wall" "-Wextra" "-Wall" "-Wextra" "-Wnon-virtual-dtor" "-Wno-missing-field-initializers" "-Werror" "-std=c++11" "-fno-exceptions" "-fno-rtti" "-Wno-long-long" "-Wshadow" "-Wundef" "-Wconversion" "-Wno-sign-conversion" "-std=gnu++11" "-DSPIRV_CHECK_CONTEXT" "-DSPIRV_LINUX" "-o" "/opt/rustwide/target/debug/build/spirv-tools-sys-3df4b9bb29b43e39/out/spirv-tools/source/ext_inst.o" "-c" "spirv-tools/source/ext_inst.cpp"
[INFO] [stderr]   exit status: 0
[INFO] [stderr]   running: "c++" "-O0" "-ffunction-sections" "-fdata-sections" "-fPIC" "-g" "-fno-omit-frame-pointer" "-m64" "-I" "spirv-tools/" "-I" "spirv-tools/include" "-I" "generated/" "-I" "spirv-headers/include" "-I" "spirv-headers/include/spirv/unified1" "-Wall" "-Wextra" "-Wall" "-Wextra" "-Wnon-virtual-dtor" "-Wno-missing-field-initializers" "-Werror" "-std=c++11" "-fno-exceptions" "-fno-rtti" "-Wno-long-long" "-Wshadow" "-Wundef" "-Wconversion" "-Wno-sign-conversion" "-std=gnu++11" "-DSPIRV_CHECK_CONTEXT" "-DSPIRV_LINUX" "-o" "/opt/rustwide/target/debug/build/spirv-tools-sys-3df4b9bb29b43e39/out/spirv-tools/source/extensions.o" "-c" "spirv-tools/source/extensions.cpp"
[INFO] [stderr]   exit status: 0
[INFO] [stderr]   running: "c++" "-O0" "-ffunction-sections" "-fdata-sections" "-fPIC" "-g" "-fno-omit-frame-pointer" "-m64" "-I" "spirv-tools/" "-I" "spirv-tools/include" "-I" "generated/" "-I" "spirv-headers/include" "-I" "spirv-headers/include/spirv/unified1" "-Wall" "-Wextra" "-Wall" "-Wextra" "-Wnon-virtual-dtor" "-Wno-missing-field-initializers" "-Werror" "-std=c++11" "-fno-exceptions" "-fno-rtti" "-Wno-long-long" "-Wshadow" "-Wundef" "-Wconversion" "-Wno-sign-conversion" "-std=gnu++11" "-DSPIRV_CHECK_CONTEXT" "-DSPIRV_LINUX" "-o" "/opt/rustwide/target/debug/build/spirv-tools-sys-3df4b9bb29b43e39/out/spirv-tools/source/libspirv.o" "-c" "spirv-tools/source/libspirv.cpp"
[INFO] [stderr]   exit status: 0
[INFO] [stderr]   running: "c++" "-O0" "-ffunction-sections" "-fdata-sections" "-fPIC" "-g" "-fno-omit-frame-pointer" "-m64" "-I" "spirv-tools/" "-I" "spirv-tools/include" "-I" "generated/" "-I" "spirv-headers/include" "-I" "spirv-headers/include/spirv/unified1" "-Wall" "-Wextra" "-Wall" "-Wextra" "-Wnon-virtual-dtor" "-Wno-missing-field-initializers" "-Werror" "-std=c++11" "-fno-exceptions" "-fno-rtti" "-Wno-long-long" "-Wshadow" "-Wundef" "-Wconversion" "-Wno-sign-conversion" "-std=gnu++11" "-DSPIRV_CHECK_CONTEXT" "-DSPIRV_LINUX" "-o" "/opt/rustwide/target/debug/build/spirv-tools-sys-3df4b9bb29b43e39/out/spirv-tools/source/name_mapper.o" "-c" "spirv-tools/source/name_mapper.cpp"
[INFO] [stderr]   exit status: 0
[INFO] [stderr]   exit status: 0
[INFO] [stderr]   running: "c++" "-O0" "-ffunction-sections" "-fdata-sections" "-fPIC" "-g" "-fno-omit-frame-pointer" "-m64" "-I" "spirv-tools/" "-I" "spirv-tools/include" "-I" "generated/" "-I" "spirv-headers/include" "-I" "spirv-headers/include/spirv/unified1" "-Wall" "-Wextra" "-Wall" "-Wextra" "-Wnon-virtual-dtor" "-Wno-missing-field-initializers" "-Werror" "-std=c++11" "-fno-exceptions" "-fno-rtti" "-Wno-long-long" "-Wshadow" "-Wundef" "-Wconversion" "-Wno-sign-conversion" "-std=gnu++11" "-DSPIRV_CHECK_CONTEXT" "-DSPIRV_LINUX" "-o" "/opt/rustwide/target/debug/build/spirv-tools-sys-3df4b9bb29b43e39/out/spirv-tools/source/opcode.o" "-c" "spirv-tools/source/opcode.cpp"
[INFO] [stderr]   running: "c++" "-O0" "-ffunction-sections" "-fdata-sections" "-fPIC" "-g" "-fno-omit-frame-pointer" "-m64" "-I" "spirv-tools/" "-I" "spirv-tools/include" "-I" "generated/" "-I" "spirv-headers/include" "-I" "spirv-headers/include/spirv/unified1" "-Wall" "-Wextra" "-Wall" "-Wextra" "-Wnon-virtual-dtor" "-Wno-missing-field-initializers" "-Werror" "-std=c++11" "-fno-exceptions" "-fno-rtti" "-Wno-long-long" "-Wshadow" "-Wundef" "-Wconversion" "-Wno-sign-conversion" "-std=gnu++11" "-DSPIRV_CHECK_CONTEXT" "-DSPIRV_LINUX" "-o" "/opt/rustwide/target/debug/build/spirv-tools-sys-3df4b9bb29b43e39/out/spirv-tools/source/operand.o" "-c" "spirv-tools/source/operand.cpp"
[INFO] [stderr]   running: "c++" "-O0" "-ffunction-sections" "-fdata-sections" "-fPIC" "-g" "-fno-omit-frame-pointer" "-m64" "-I" "spirv-tools/" "-I" "spirv-tools/include" "-I" "generated/" "-I" "spirv-headers/include" "-I" "spirv-headers/include/spirv/unified1" "-Wall" "-Wextra" "-Wall" "-Wextra" "-Wnon-virtual-dtor" "-Wno-missing-field-initializers" "-Werror" "-std=c++11" "-fno-exceptions" "-fno-rtti" "-Wno-long-long" "-Wshadow" "-Wundef" "-Wconversion" "-Wno-sign-conversion" "-std=gnu++11" "-DSPIRV_CHECK_CONTEXT" "-DSPIRV_LINUX" "-o" "/opt/rustwide/target/debug/build/spirv-tools-sys-3df4b9bb29b43e39/out/spirv-tools/source/parsed_operand.o" "-c" "spirv-tools/source/parsed_operand.cpp"
[INFO] [stderr]   running: "c++" "-O0" "-ffunction-sections" "-fdata-sections" "-fPIC" "-g" "-fno-omit-frame-pointer" "-m64" "-I" "spirv-tools/" "-I" "spirv-tools/include" "-I" "generated/" "-I" "spirv-headers/include" "-I" "spirv-headers/include/spirv/unified1" "-Wall" "-Wextra" "-Wall" "-Wextra" "-Wnon-virtual-dtor" "-Wno-missing-field-initializers" "-Werror" "-std=c++11" "-fno-exceptions" "-fno-rtti" "-Wno-long-long" "-Wshadow" "-Wundef" "-Wconversion" "-Wno-sign-conversion" "-std=gnu++11" "-DSPIRV_CHECK_CONTEXT" "-DSPIRV_LINUX" "-o" "/opt/rustwide/target/debug/build/spirv-tools-sys-3df4b9bb29b43e39/out/spirv-tools/source/print.o" "-c" "spirv-tools/source/print.cpp"
[INFO] [stderr]   exit status: 0
[INFO] [stderr]   running: "c++" "-O0" "-ffunction-sections" "-fdata-sections" "-fPIC" "-g" "-fno-omit-frame-pointer" "-m64" "-I" "spirv-tools/" "-I" "spirv-tools/include" "-I" "generated/" "-I" "spirv-headers/include" "-I" "spirv-headers/include/spirv/unified1" "-Wall" "-Wextra" "-Wall" "-Wextra" "-Wnon-virtual-dtor" "-Wno-missing-field-initializers" "-Werror" "-std=c++11" "-fno-exceptions" "-fno-rtti" "-Wno-long-long" "-Wshadow" "-Wundef" "-Wconversion" "-Wno-sign-conversion" "-std=gnu++11" "-DSPIRV_CHECK_CONTEXT" "-DSPIRV_LINUX" "-o" "/opt/rustwide/target/debug/build/spirv-tools-sys-3df4b9bb29b43e39/out/spirv-tools/source/software_version.o" "-c" "spirv-tools/source/software_version.cpp"
[INFO] [stderr]   running: "c++" "-O0" "-ffunction-sections" "-fdata-sections" "-fPIC" "-g" "-fno-omit-frame-pointer" "-m64" "-I" "spirv-tools/" "-I" "spirv-tools/include" "-I" "generated/" "-I" "spirv-headers/include" "-I" "spirv-headers/include/spirv/unified1" "-Wall" "-Wextra" "-Wall" "-Wextra" "-Wnon-virtual-dtor" "-Wno-missing-field-initializers" "-Werror" "-std=c++11" "-fno-exceptions" "-fno-rtti" "-Wno-long-long" "-Wshadow" "-Wundef" "-Wconversion" "-Wno-sign-conversion" "-std=gnu++11" "-DSPIRV_CHECK_CONTEXT" "-DSPIRV_LINUX" "-o" "/opt/rustwide/target/debug/build/spirv-tools-sys-3df4b9bb29b43e39/out/spirv-tools/source/spirv_endian.o" "-c" "spirv-tools/source/spirv_endian.cpp"
[INFO] [stderr]   exit status: 0
[INFO] [stderr]   running: "c++" "-O0" "-ffunction-sections" "-fdata-sections" "-fPIC" "-g" "-fno-omit-frame-pointer" "-m64" "-I" "spirv-tools/" "-I" "spirv-tools/include" "-I" "generated/" "-I" "spirv-headers/include" "-I" "spirv-headers/include/spirv/unified1" "-Wall" "-Wextra" "-Wall" "-Wextra" "-Wnon-virtual-dtor" "-Wno-missing-field-initializers" "-Werror" "-std=c++11" "-fno-exceptions" "-fno-rtti" "-Wno-long-long" "-Wshadow" "-Wundef" "-Wconversion" "-Wno-sign-conversion" "-std=gnu++11" "-DSPIRV_CHECK_CONTEXT" "-DSPIRV_LINUX" "-o" "/opt/rustwide/target/debug/build/spirv-tools-sys-3df4b9bb29b43e39/out/spirv-tools/source/spirv_fuzzer_options.o" "-c" "spirv-tools/source/spirv_fuzzer_options.cpp"
[INFO] [stderr]   exit status: 0
[INFO] [stderr]   running: "c++" "-O0" "-ffunction-sections" "-fdata-sections" "-fPIC" "-g" "-fno-omit-frame-pointer" "-m64" "-I" "spirv-tools/" "-I" "spirv-tools/include" "-I" "generated/" "-I" "spirv-headers/include" "-I" "spirv-headers/include/spirv/unified1" "-Wall" "-Wextra" "-Wall" "-Wextra" "-Wnon-virtual-dtor" "-Wno-missing-field-initializers" "-Werror" "-std=c++11" "-fno-exceptions" "-fno-rtti" "-Wno-long-long" "-Wshadow" "-Wundef" "-Wconversion" "-Wno-sign-conversion" "-std=gnu++11" "-DSPIRV_CHECK_CONTEXT" "-DSPIRV_LINUX" "-o" "/opt/rustwide/target/debug/build/spirv-tools-sys-3df4b9bb29b43e39/out/spirv-tools/source/spirv_optimizer_options.o" "-c" "spirv-tools/source/spirv_optimizer_options.cpp"
[INFO] [stderr]   exit status: 0
[INFO] [stderr]   running: "c++" "-O0" "-ffunction-sections" "-fdata-sections" "-fPIC" "-g" "-fno-omit-frame-pointer" "-m64" "-I" "spirv-tools/" "-I" "spirv-tools/include" "-I" "generated/" "-I" "spirv-headers/include" "-I" "spirv-headers/include/spirv/unified1" "-Wall" "-Wextra" "-Wall" "-Wextra" "-Wnon-virtual-dtor" "-Wno-missing-field-initializers" "-Werror" "-std=c++11" "-fno-exceptions" "-fno-rtti" "-Wno-long-long" "-Wshadow" "-Wundef" "-Wconversion" "-Wno-sign-conversion" "-std=gnu++11" "-DSPIRV_CHECK_CONTEXT" "-DSPIRV_LINUX" "-o" "/opt/rustwide/target/debug/build/spirv-tools-sys-3df4b9bb29b43e39/out/spirv-tools/source/spirv_reducer_options.o" "-c" "spirv-tools/source/spirv_reducer_options.cpp"
[INFO] [stderr]   exit status: 0
[INFO] [stderr]   exit status: 0
[INFO] [stderr]   running: "c++" "-O0" "-ffunction-sections" "-fdata-sections" "-fPIC" "-g" "-fno-omit-frame-pointer" "-m64" "-I" "spirv-tools/" "-I" "spirv-tools/include" "-I" "generated/" "-I" "spirv-headers/include" "-I" "spirv-headers/include/spirv/unified1" "-Wall" "-Wextra" "-Wall" "-Wextra" "-Wnon-virtual-dtor" "-Wno-missing-field-initializers" "-Werror" "-std=c++11" "-fno-exceptions" "-fno-rtti" "-Wno-long-long" "-Wshadow" "-Wundef" "-Wconversion" "-Wno-sign-conversion" "-std=gnu++11" "-DSPIRV_CHECK_CONTEXT" "-DSPIRV_LINUX" "-o" "/opt/rustwide/target/debug/build/spirv-tools-sys-3df4b9bb29b43e39/out/spirv-tools/source/spirv_target_env.o" "-c" "spirv-tools/source/spirv_target_env.cpp"
[INFO] [stderr]   running: "c++" "-O0" "-ffunction-sections" "-fdata-sections" "-fPIC" "-g" "-fno-omit-frame-pointer" "-m64" "-I" "spirv-tools/" "-I" "spirv-tools/include" "-I" "generated/" "-I" "spirv-headers/include" "-I" "spirv-headers/include/spirv/unified1" "-Wall" "-Wextra" "-Wall" "-Wextra" "-Wnon-virtual-dtor" "-Wno-missing-field-initializers" "-Werror" "-std=c++11" "-fno-exceptions" "-fno-rtti" "-Wno-long-long" "-Wshadow" "-Wundef" "-Wconversion" "-Wno-sign-conversion" "-std=gnu++11" "-DSPIRV_CHECK_CONTEXT" "-DSPIRV_LINUX" "-o" "/opt/rustwide/target/debug/build/spirv-tools-sys-3df4b9bb29b43e39/out/spirv-tools/source/spirv_validator_options.o" "-c" "spirv-tools/source/spirv_validator_options.cpp"
[INFO] [stderr]   exit status: 0
[INFO] [stderr]   running: "c++" "-O0" "-ffunction-sections" "-fdata-sections" "-fPIC" "-g" "-fno-omit-frame-pointer" "-m64" "-I" "spirv-tools/" "-I" "spirv-tools/include" "-I" "generated/" "-I" "spirv-headers/include" "-I" "spirv-headers/include/spirv/unified1" "-Wall" "-Wextra" "-Wall" "-Wextra" "-Wnon-virtual-dtor" "-Wno-missing-field-initializers" "-Werror" "-std=c++11" "-fno-exceptions" "-fno-rtti" "-Wno-long-long" "-Wshadow" "-Wundef" "-Wconversion" "-Wno-sign-conversion" "-std=gnu++11" "-DSPIRV_CHECK_CONTEXT" "-DSPIRV_LINUX" "-o" "/opt/rustwide/target/debug/build/spirv-tools-sys-3df4b9bb29b43e39/out/spirv-tools/source/table.o" "-c" "spirv-tools/source/table.cpp"
[INFO] [stderr]   exit status: 0
[INFO] [stderr]   running: "c++" "-O0" "-ffunction-sections" "-fdata-sections" "-fPIC" "-g" "-fno-omit-frame-pointer" "-m64" "-I" "spirv-tools/" "-I" "spirv-tools/include" "-I" "generated/" "-I" "spirv-headers/include" "-I" "spirv-headers/include/spirv/unified1" "-Wall" "-Wextra" "-Wall" "-Wextra" "-Wnon-virtual-dtor" "-Wno-missing-field-initializers" "-Werror" "-std=c++11" "-fno-exceptions" "-fno-rtti" "-Wno-long-long" "-Wshadow" "-Wundef" "-Wconversion" "-Wno-sign-conversion" "-std=gnu++11" "-DSPIRV_CHECK_CONTEXT" "-DSPIRV_LINUX" "-o" "/opt/rustwide/target/debug/build/spirv-tools-sys-3df4b9bb29b43e39/out/spirv-tools/source/text.o" "-c" "spirv-tools/source/text.cpp"
[INFO] [stderr]   exit status: 0
[INFO] [stderr]   running: "c++" "-O0" "-ffunction-sections" "-fdata-sections" "-fPIC" "-g" "-fno-omit-frame-pointer" "-m64" "-I" "spirv-tools/" "-I" "spirv-tools/include" "-I" "generated/" "-I" "spirv-headers/include" "-I" "spirv-headers/include/spirv/unified1" "-Wall" "-Wextra" "-Wall" "-Wextra" "-Wnon-virtual-dtor" "-Wno-missing-field-initializers" "-Werror" "-std=c++11" "-fno-exceptions" "-fno-rtti" "-Wno-long-long" "-Wshadow" "-Wundef" "-Wconversion" "-Wno-sign-conversion" "-std=gnu++11" "-DSPIRV_CHECK_CONTEXT" "-DSPIRV_LINUX" "-o" "/opt/rustwide/target/debug/build/spirv-tools-sys-3df4b9bb29b43e39/out/spirv-tools/source/text_handler.o" "-c" "spirv-tools/source/text_handler.cpp"
[INFO] [stderr]   exit status: 0
[INFO] [stderr]   running: "c++" "-O0" "-ffunction-sections" "-fdata-sections" "-fPIC" "-g" "-fno-omit-frame-pointer" "-m64" "-I" "spirv-tools/" "-I" "spirv-tools/include" "-I" "generated/" "-I" "spirv-headers/include" "-I" "spirv-headers/include/spirv/unified1" "-Wall" "-Wextra" "-Wall" "-Wextra" "-Wnon-virtual-dtor" "-Wno-missing-field-initializers" "-Werror" "-std=c++11" "-fno-exceptions" "-fno-rtti" "-Wno-long-long" "-Wshadow" "-Wundef" "-Wconversion" "-Wno-sign-conversion" "-std=gnu++11" "-DSPIRV_CHECK_CONTEXT" "-DSPIRV_LINUX" "-o" "/opt/rustwide/target/debug/build/spirv-tools-sys-3df4b9bb29b43e39/out/spirv-tools/source/val/validate.o" "-c" "spirv-tools/source/val/validate.cpp"
[INFO] [stderr]   exit status: 0
[INFO] [stderr]   running: "c++" "-O0" "-ffunction-sections" "-fdata-sections" "-fPIC" "-g" "-fno-omit-frame-pointer" "-m64" "-I" "spirv-tools/" "-I" "spirv-tools/include" "-I" "generated/" "-I" "spirv-headers/include" "-I" "spirv-headers/include/spirv/unified1" "-Wall" "-Wextra" "-Wall" "-Wextra" "-Wnon-virtual-dtor" "-Wno-missing-field-initializers" "-Werror" "-std=c++11" "-fno-exceptions" "-fno-rtti" "-Wno-long-long" "-Wshadow" "-Wundef" "-Wconversion" "-Wno-sign-conversion" "-std=gnu++11" "-DSPIRV_CHECK_CONTEXT" "-DSPIRV_LINUX" "-o" "/opt/rustwide/target/debug/build/spirv-tools-sys-3df4b9bb29b43e39/out/spirv-tools/source/val/validate_adjacency.o" "-c" "spirv-tools/source/val/validate_adjacency.cpp"
[INFO] [stderr]   exit status: 0
[INFO] [stderr]   exit status: 0
[INFO] [stderr]   running: "c++" "-O0" "-ffunction-sections" "-fdata-sections" "-fPIC" "-g" "-fno-omit-frame-pointer" "-m64" "-I" "spirv-tools/" "-I" "spirv-tools/include" "-I" "generated/" "-I" "spirv-headers/include" "-I" "spirv-headers/include/spirv/unified1" "-Wall" "-Wextra" "-Wall" "-Wextra" "-Wnon-virtual-dtor" "-Wno-missing-field-initializers" "-Werror" "-std=c++11" "-fno-exceptions" "-fno-rtti" "-Wno-long-long" "-Wshadow" "-Wundef" "-Wconversion" "-Wno-sign-conversion" "-std=gnu++11" "-DSPIRV_CHECK_CONTEXT" "-DSPIRV_LINUX" "-o" "/opt/rustwide/target/debug/build/spirv-tools-sys-3df4b9bb29b43e39/out/spirv-tools/source/val/validate_annotation.o" "-c" "spirv-tools/source/val/validate_annotation.cpp"
[INFO] [stderr]   exit status: 0
[INFO] [stderr]   running: "c++" "-O0" "-ffunction-sections" "-fdata-sections" "-fPIC" "-g" "-fno-omit-frame-pointer" "-m64" "-I" "spirv-tools/" "-I" "spirv-tools/include" "-I" "generated/" "-I" "spirv-headers/include" "-I" "spirv-headers/include/spirv/unified1" "-Wall" "-Wextra" "-Wall" "-Wextra" "-Wnon-virtual-dtor" "-Wno-missing-field-initializers" "-Werror" "-std=c++11" "-fno-exceptions" "-fno-rtti" "-Wno-long-long" "-Wshadow" "-Wundef" "-Wconversion" "-Wno-sign-conversion" "-std=gnu++11" "-DSPIRV_CHECK_CONTEXT" "-DSPIRV_LINUX" "-o" "/opt/rustwide/target/debug/build/spirv-tools-sys-3df4b9bb29b43e39/out/spirv-tools/source/val/validate_arithmetics.o" "-c" "spirv-tools/source/val/validate_arithmetics.cpp"
[INFO] [stderr]   exit status: 0
[INFO] [stderr]   running: "c++" "-O0" "-ffunction-sections" "-fdata-sections" "-fPIC" "-g" "-fno-omit-frame-pointer" "-m64" "-I" "spirv-tools/" "-I" "spirv-tools/include" "-I" "generated/" "-I" "spirv-headers/include" "-I" "spirv-headers/include/spirv/unified1" "-Wall" "-Wextra" "-Wall" "-Wextra" "-Wnon-virtual-dtor" "-Wno-missing-field-initializers" "-Werror" "-std=c++11" "-fno-exceptions" "-fno-rtti" "-Wno-long-long" "-Wshadow" "-Wundef" "-Wconversion" "-Wno-sign-conversion" "-std=gnu++11" "-DSPIRV_CHECK_CONTEXT" "-DSPIRV_LINUX" "-o" "/opt/rustwide/target/debug/build/spirv-tools-sys-3df4b9bb29b43e39/out/spirv-tools/source/val/validate_atomics.o" "-c" "spirv-tools/source/val/validate_atomics.cpp"
[INFO] [stderr]   exit status: 0
[INFO] [stderr]   exit status: 0
[INFO] [stderr]   running: "c++" "-O0" "-ffunction-sections" "-fdata-sections" "-fPIC" "-g" "-fno-omit-frame-pointer" "-m64" "-I" "spirv-tools/" "-I" "spirv-tools/include" "-I" "generated/" "-I" "spirv-headers/include" "-I" "spirv-headers/include/spirv/unified1" "-Wall" "-Wextra" "-Wall" "-Wextra" "-Wnon-virtual-dtor" "-Wno-missing-field-initializers" "-Werror" "-std=c++11" "-fno-exceptions" "-fno-rtti" "-Wno-long-long" "-Wshadow" "-Wundef" "-Wconversion" "-Wno-sign-conversion" "-std=gnu++11" "-DSPIRV_CHECK_CONTEXT" "-DSPIRV_LINUX" "-o" "/opt/rustwide/target/debug/build/spirv-tools-sys-3df4b9bb29b43e39/out/spirv-tools/source/val/validate_barriers.o" "-c" "spirv-tools/source/val/validate_barriers.cpp"
[INFO] [stderr]   running: "c++" "-O0" "-ffunction-sections" "-fdata-sections" "-fPIC" "-g" "-fno-omit-frame-pointer" "-m64" "-I" "spirv-tools/" "-I" "spirv-tools/include" "-I" "generated/" "-I" "spirv-headers/include" "-I" "spirv-headers/include/spirv/unified1" "-Wall" "-Wextra" "-Wall" "-Wextra" "-Wnon-virtual-dtor" "-Wno-missing-field-initializers" "-Werror" "-std=c++11" "-fno-exceptions" "-fno-rtti" "-Wno-long-long" "-Wshadow" "-Wundef" "-Wconversion" "-Wno-sign-conversion" "-std=gnu++11" "-DSPIRV_CHECK_CONTEXT" "-DSPIRV_LINUX" "-o" "/opt/rustwide/target/debug/build/spirv-tools-sys-3df4b9bb29b43e39/out/spirv-tools/source/val/validate_bitwise.o" "-c" "spirv-tools/source/val/validate_bitwise.cpp"
[INFO] [stderr]   running: "c++" "-O0" "-ffunction-sections" "-fdata-sections" "-fPIC" "-g" "-fno-omit-frame-pointer" "-m64" "-I" "spirv-tools/" "-I" "spirv-tools/include" "-I" "generated/" "-I" "spirv-headers/include" "-I" "spirv-headers/include/spirv/unified1" "-Wall" "-Wextra" "-Wall" "-Wextra" "-Wnon-virtual-dtor" "-Wno-missing-field-initializers" "-Werror" "-std=c++11" "-fno-exceptions" "-fno-rtti" "-Wno-long-long" "-Wshadow" "-Wundef" "-Wconversion" "-Wno-sign-conversion" "-std=gnu++11" "-DSPIRV_CHECK_CONTEXT" "-DSPIRV_LINUX" "-o" "/opt/rustwide/target/debug/build/spirv-tools-sys-3df4b9bb29b43e39/out/spirv-tools/source/val/validate_builtins.o" "-c" "spirv-tools/source/val/validate_builtins.cpp"
[INFO] [stderr]   running: "c++" "-O0" "-ffunction-sections" "-fdata-sections" "-fPIC" "-g" "-fno-omit-frame-pointer" "-m64" "-I" "spirv-tools/" "-I" "spirv-tools/include" "-I" "generated/" "-I" "spirv-headers/include" "-I" "spirv-headers/include/spirv/unified1" "-Wall" "-Wextra" "-Wall" "-Wextra" "-Wnon-virtual-dtor" "-Wno-missing-field-initializers" "-Werror" "-std=c++11" "-fno-exceptions" "-fno-rtti" "-Wno-long-long" "-Wshadow" "-Wundef" "-Wconversion" "-Wno-sign-conversion" "-std=gnu++11" "-DSPIRV_CHECK_CONTEXT" "-DSPIRV_LINUX" "-o" "/opt/rustwide/target/debug/build/spirv-tools-sys-3df4b9bb29b43e39/out/spirv-tools/source/val/validate_capability.o" "-c" "spirv-tools/source/val/validate_capability.cpp"
[INFO] [stderr]   running: "c++" "-O0" "-ffunction-sections" "-fdata-sections" "-fPIC" "-g" "-fno-omit-frame-pointer" "-m64" "-I" "spirv-tools/" "-I" "spirv-tools/include" "-I" "generated/" "-I" "spirv-headers/include" "-I" "spirv-headers/include/spirv/unified1" "-Wall" "-Wextra" "-Wall" "-Wextra" "-Wnon-virtual-dtor" "-Wno-missing-field-initializers" "-Werror" "-std=c++11" "-fno-exceptions" "-fno-rtti" "-Wno-long-long" "-Wshadow" "-Wundef" "-Wconversion" "-Wno-sign-conversion" "-std=gnu++11" "-DSPIRV_CHECK_CONTEXT" "-DSPIRV_LINUX" "-o" "/opt/rustwide/target/debug/build/spirv-tools-sys-3df4b9bb29b43e39/out/spirv-tools/source/val/validate_cfg.o" "-c" "spirv-tools/source/val/validate_cfg.cpp"
[INFO] [stderr]   running: "c++" "-O0" "-ffunction-sections" "-fdata-sections" "-fPIC" "-g" "-fno-omit-frame-pointer" "-m64" "-I" "spirv-tools/" "-I" "spirv-tools/include" "-I" "generated/" "-I" "spirv-headers/include" "-I" "spirv-headers/include/spirv/unified1" "-Wall" "-Wextra" "-Wall" "-Wextra" "-Wnon-virtual-dtor" "-Wno-missing-field-initializers" "-Werror" "-std=c++11" "-fno-exceptions" "-fno-rtti" "-Wno-long-long" "-Wshadow" "-Wundef" "-Wconversion" "-Wno-sign-conversion" "-std=gnu++11" "-DSPIRV_CHECK_CONTEXT" "-DSPIRV_LINUX" "-o" "/opt/rustwide/target/debug/build/spirv-tools-sys-3df4b9bb29b43e39/out/spirv-tools/source/val/validate_composites.o" "-c" "spirv-tools/source/val/validate_composites.cpp"
[INFO] [stderr]   running: "c++" "-O0" "-ffunction-sections" "-fdata-sections" "-fPIC" "-g" "-fno-omit-frame-pointer" "-m64" "-I" "spirv-tools/" "-I" "spirv-tools/include" "-I" "generated/" "-I" "spirv-headers/include" "-I" "spirv-headers/include/spirv/unified1" "-Wall" "-Wextra" "-Wall" "-Wextra" "-Wnon-virtual-dtor" "-Wno-missing-field-initializers" "-Werror" "-std=c++11" "-fno-exceptions" "-fno-rtti" "-Wno-long-long" "-Wshadow" "-Wundef" "-Wconversion" "-Wno-sign-conversion" "-std=gnu++11" "-DSPIRV_CHECK_CONTEXT" "-DSPIRV_LINUX" "-o" "/opt/rustwide/target/debug/build/spirv-tools-sys-3df4b9bb29b43e39/out/spirv-tools/source/val/validate_debug.o" "-c" "spirv-tools/source/val/validate_debug.cpp"
[INFO] [stderr]   running: "c++" "-O0" "-ffunction-sections" "-fdata-sections" "-fPIC" "-g" "-fno-omit-frame-pointer" "-m64" "-I" "spirv-tools/" "-I" "spirv-tools/include" "-I" "generated/" "-I" "spirv-headers/include" "-I" "spirv-headers/include/spirv/unified1" "-Wall" "-Wextra" "-Wall" "-Wextra" "-Wnon-virtual-dtor" "-Wno-missing-field-initializers" "-Werror" "-std=c++11" "-fno-exceptions" "-fno-rtti" "-Wno-long-long" "-Wshadow" "-Wundef" "-Wconversion" "-Wno-sign-conversion" "-std=gnu++11" "-DSPIRV_CHECK_CONTEXT" "-DSPIRV_LINUX" "-o" "/opt/rustwide/target/debug/build/spirv-tools-sys-3df4b9bb29b43e39/out/spirv-tools/source/val/validate_constants.o" "-c" "spirv-tools/source/val/validate_constants.cpp"
[INFO] [stderr]   running: "c++" "-O0" "-ffunction-sections" "-fdata-sections" "-fPIC" "-g" "-fno-omit-frame-pointer" "-m64" "-I" "spirv-tools/" "-I" "spirv-tools/include" "-I" "generated/" "-I" "spirv-headers/include" "-I" "spirv-headers/include/spirv/unified1" "-Wall" "-Wextra" "-Wall" "-Wextra" "-Wnon-virtual-dtor" "-Wno-missing-field-initializers" "-Werror" "-std=c++11" "-fno-exceptions" "-fno-rtti" "-Wno-long-long" "-Wshadow" "-Wundef" "-Wconversion" "-Wno-sign-conversion" "-std=gnu++11" "-DSPIRV_CHECK_CONTEXT" "-DSPIRV_LINUX" "-o" "/opt/rustwide/target/debug/build/spirv-tools-sys-3df4b9bb29b43e39/out/spirv-tools/source/val/validate_conversion.o" "-c" "spirv-tools/source/val/validate_conversion.cpp"
[INFO] [stderr]   exit status: 0
[INFO] [stderr]   running: "c++" "-O0" "-ffunction-sections" "-fdata-sections" "-fPIC" "-g" "-fno-omit-frame-pointer" "-m64" "-I" "spirv-tools/" "-I" "spirv-tools/include" "-I" "generated/" "-I" "spirv-headers/include" "-I" "spirv-headers/include/spirv/unified1" "-Wall" "-Wextra" "-Wall" "-Wextra" "-Wnon-virtual-dtor" "-Wno-missing-field-initializers" "-Werror" "-std=c++11" "-fno-exceptions" "-fno-rtti" "-Wno-long-long" "-Wshadow" "-Wundef" "-Wconversion" "-Wno-sign-conversion" "-std=gnu++11" "-DSPIRV_CHECK_CONTEXT" "-DSPIRV_LINUX" "-o" "/opt/rustwide/target/debug/build/spirv-tools-sys-3df4b9bb29b43e39/out/spirv-tools/source/val/validate_decorations.o" "-c" "spirv-tools/source/val/validate_decorations.cpp"
[INFO] [stderr]   cargo:warning=c++: fatal error: Killed signal terminated program cc1plus
[INFO] [stderr]   cargo:warning=compilation terminated.
[INFO] [stderr]   exit status: 1
[INFO] [stderr]   running: "c++" "-O0" "-ffunction-sections" "-fdata-sections" "-fPIC" "-g" "-fno-omit-frame-pointer" "-m64" "-I" "spirv-tools/" "-I" "spirv-tools/include" "-I" "generated/" "-I" "spirv-headers/include" "-I" "spirv-headers/include/spirv/unified1" "-Wall" "-Wextra" "-Wall" "-Wextra" "-Wnon-virtual-dtor" "-Wno-missing-field-initializers" "-Werror" "-std=c++11" "-fno-exceptions" "-fno-rtti" "-Wno-long-long" "-Wshadow" "-Wundef" "-Wconversion" "-Wno-sign-conversion" "-std=gnu++11" "-DSPIRV_CHECK_CONTEXT" "-DSPIRV_LINUX" "-o" "/opt/rustwide/target/debug/build/spirv-tools-sys-3df4b9bb29b43e39/out/spirv-tools/source/val/validate_derivatives.o" "-c" "spirv-tools/source/val/validate_derivatives.cpp"
[INFO] [stderr]   cargo:warning=c++: fatal error: Killed signal terminated program cc1plus
[INFO] [stderr]   cargo:warning=compilation terminated.
[INFO] [stderr]   exit status: 1
[INFO] [stderr]   exit status: 0
[INFO] [stderr]   cargo:warning=c++: fatal error: Killed signal terminated program cc1plus
[INFO] [stderr]   cargo:warning=compilation terminated.
[INFO] [stderr]   exit status: 1
[INFO] [stderr]   exit status: 0
[INFO] [stderr]   exit status: 0
[INFO] [stderr]   exit status: 0
[INFO] [stderr]   cargo:warning=c++: fatal error: Killed signal terminated program cc1plus
[INFO] [stderr]   cargo:warning=compilation terminated.
[INFO] [stderr]   exit status: 1
[INFO] [stderr]   exit status: 0
[INFO] [stderr]   exit status: 0
[INFO] [stderr]   exit status: 0
[INFO] [stderr]   exit status: 0
[INFO] [stderr]   exit status: 0
[INFO] [stderr]   exit status: 0
[INFO] [stderr]   exit status: 0
[INFO] [stderr]   exit status: 0
[INFO] [stderr]   exit status: 0
[INFO] [stderr] 
[INFO] [stderr]   --- stderr
[INFO] [stderr] 
[INFO] [stderr] 
[INFO] [stderr]   error occurred: Command "c++" "-O0" "-ffunction-sections" "-fdata-sections" "-fPIC" "-g" "-fno-omit-frame-pointer" "-m64" "-I" "spirv-tools/" "-I" "spirv-tools/include" "-I" "generated/" "-I" "spirv-headers/include" "-I" "spirv-headers/include/spirv/unified1" "-Wall" "-Wextra" "-Wall" "-Wextra" "-Wnon-virtual-dtor" "-Wno-missing-field-initializers" "-Werror" "-std=c++11" "-fno-exceptions" "-fno-rtti" "-Wno-long-long" "-Wshadow" "-Wundef" "-Wconversion" "-Wno-sign-conversion" "-std=gnu++11" "-DSPIRV_CHECK_CONTEXT" "-DSPIRV_LINUX" "-o" "/opt/rustwide/target/debug/build/spirv-tools-sys-3df4b9bb29b43e39/out/spirv-tools/source/val/validate.o" "-c" "spirv-tools/source/val/validate.cpp" with args "c++" did not execute successfully (status code exit status: 1).
[INFO] [stderr] 
[INFO] [stderr] 
[INFO] running `Command { std: "docker" "inspect" "02a81f62cbaba70c8277502cf5ee9569342cf5bd88ee8aa1dcc3de948cfcac37", kill_on_drop: false }`
[INFO] running `Command { std: "docker" "rm" "-f" "02a81f62cbaba70c8277502cf5ee9569342cf5bd88ee8aa1dcc3de948cfcac37", kill_on_drop: false }`
[INFO] [stdout] 02a81f62cbaba70c8277502cf5ee9569342cf5bd88ee8aa1dcc3de948cfcac37
