[INFO] cloning repository https://github.com/barrettclark/language-comparison-client-rust
[INFO] running `Command { std: "git" "-c" "credential.helper=" "-c" "credential.helper=/workspace/cargo-home/bin/git-credential-null" "clone" "--bare" "https://github.com/barrettclark/language-comparison-client-rust" "/workspace/cache/git-repos/https%3A%2F%2Fgithub.com%2Fbarrettclark%2Flanguage-comparison-client-rust", kill_on_drop: false }`
[INFO] [stderr] Cloning into bare repository '/workspace/cache/git-repos/https%3A%2F%2Fgithub.com%2Fbarrettclark%2Flanguage-comparison-client-rust'...
[INFO] running `Command { std: "git" "rev-parse" "HEAD", kill_on_drop: false }`
[INFO] [stdout] f3ddf6dde86b3da8de00a5ef8542106881127a4f
[INFO] documenting barrettclark/language-comparison-client-rust against 1.69.0 for beta-1.70-rustdoc-1
[INFO] running `Command { std: "git" "clone" "/workspace/cache/git-repos/https%3A%2F%2Fgithub.com%2Fbarrettclark%2Flanguage-comparison-client-rust" "/workspace/builds/worker-5-tc1/source", kill_on_drop: false }`
[INFO] [stderr] Cloning into '/workspace/builds/worker-5-tc1/source'...
[INFO] [stderr] done.
[INFO] validating manifest of git repo https://github.com/barrettclark/language-comparison-client-rust on toolchain 1.69.0
[INFO] running `Command { std: CARGO_HOME="/workspace/cargo-home" RUSTUP_HOME="/workspace/rustup-home" "/workspace/cargo-home/bin/cargo" "+1.69.0" "metadata" "--manifest-path" "Cargo.toml" "--no-deps", kill_on_drop: false }`
[INFO] started tweaking git repo https://github.com/barrettclark/language-comparison-client-rust
[INFO] finished tweaking git repo https://github.com/barrettclark/language-comparison-client-rust
[INFO] tweaked toml for git repo https://github.com/barrettclark/language-comparison-client-rust written to /workspace/builds/worker-5-tc1/source/Cargo.toml
[INFO] crate git repo https://github.com/barrettclark/language-comparison-client-rust already has a lockfile, it will not be regenerated
[INFO] running `Command { std: CARGO_HOME="/workspace/cargo-home" RUSTUP_HOME="/workspace/rustup-home" "/workspace/cargo-home/bin/cargo" "+1.69.0" "fetch" "--manifest-path" "Cargo.toml", kill_on_drop: false }`
[INFO] [stderr]  Downloading crates ...
[INFO] [stderr]   Downloaded tempdir v0.3.4
[INFO] [stderr]   Downloaded openssl v0.6.4
[INFO] [stderr]   Downloaded url v0.2.36
[INFO] [stderr]   Downloaded lazy_static v0.1.11
[INFO] [stderr]   Downloaded num_cpus v0.2.6
[INFO] [stderr]   Downloaded mime v0.0.12
[INFO] [stderr]   Downloaded gcc v0.3.8
[INFO] [stderr]   Downloaded httparse v0.1.5
[INFO] [stderr]   Downloaded hyper v0.6.4
[INFO] [stderr]   Downloaded kernel32-sys v0.1.2
[INFO] [stderr]   Downloaded solicit v0.4.0
[INFO] [stderr]   Downloaded pkg-config v0.3.5
[INFO] [stderr]   Downloaded openssl-sys v0.6.4
[INFO] [stderr]   Downloaded bitflags v0.3.2
[INFO] [stderr]   Downloaded pnacl-build-helper v1.4.5
[INFO] [stderr]   Downloaded winapi v0.2.0
[INFO] [stderr]   Downloaded unicase v0.1.0
[INFO] [stderr]   Downloaded matches v0.1.2
[INFO] running `Command { std: "docker" "create" "-v" "/var/lib/crater-agent-workspace/builds/worker-5-tc1/target:/opt/rustwide/target:rw,Z" "-v" "/var/lib/crater-agent-workspace/builds/worker-5-tc1/source:/opt/rustwide/workdir:ro,Z" "-v" "/var/lib/crater-agent-workspace/cargo-home:/opt/rustwide/cargo-home:ro,Z" "-v" "/var/lib/crater-agent-workspace/rustup-home:/opt/rustwide/rustup-home:ro,Z" "-e" "SOURCE_DIR=/opt/rustwide/workdir" "-e" "CARGO_TARGET_DIR=/opt/rustwide/target" "-e" "CARGO_HOME=/opt/rustwide/cargo-home" "-e" "RUSTUP_HOME=/opt/rustwide/rustup-home" "-w" "/opt/rustwide/workdir" "-m" "1610612736" "--user" "0:0" "--network" "none" "ghcr.io/rust-lang/crates-build-env/linux@sha256:5ff2268d62e97bff2cde7d5815dd6ed5b47097566f13b8d0ca110b04b60e07ed" "/opt/rustwide/cargo-home/bin/cargo" "+1.69.0" "metadata" "--no-deps" "--format-version=1", kill_on_drop: false }`
[INFO] [stdout] f2d87487e8de1868d3079699e34089417f3f3e784a0ba6de738ee25d696c0b74
[INFO] running `Command { std: "docker" "start" "-a" "f2d87487e8de1868d3079699e34089417f3f3e784a0ba6de738ee25d696c0b74", kill_on_drop: false }`
[INFO] running `Command { std: "docker" "inspect" "f2d87487e8de1868d3079699e34089417f3f3e784a0ba6de738ee25d696c0b74", kill_on_drop: false }`
[INFO] running `Command { std: "docker" "rm" "-f" "f2d87487e8de1868d3079699e34089417f3f3e784a0ba6de738ee25d696c0b74", kill_on_drop: false }`
[INFO] [stdout] f2d87487e8de1868d3079699e34089417f3f3e784a0ba6de738ee25d696c0b74
[INFO] running `Command { std: "docker" "create" "-v" "/var/lib/crater-agent-workspace/builds/worker-5-tc1/target:/opt/rustwide/target:rw,Z" "-v" "/var/lib/crater-agent-workspace/builds/worker-5-tc1/source:/opt/rustwide/workdir:ro,Z" "-v" "/var/lib/crater-agent-workspace/cargo-home:/opt/rustwide/cargo-home:ro,Z" "-v" "/var/lib/crater-agent-workspace/rustup-home:/opt/rustwide/rustup-home:ro,Z" "-e" "SOURCE_DIR=/opt/rustwide/workdir" "-e" "CARGO_TARGET_DIR=/opt/rustwide/target" "-e" "CARGO_INCREMENTAL=0" "-e" "RUST_BACKTRACE=full" "-e" "RUSTFLAGS=--cap-lints=warn" "-e" "RUSTDOCFLAGS=--cap-lints=warn" "-e" "CARGO_HOME=/opt/rustwide/cargo-home" "-e" "RUSTUP_HOME=/opt/rustwide/rustup-home" "-w" "/opt/rustwide/workdir" "-m" "1610612736" "--user" "0:0" "--network" "none" "ghcr.io/rust-lang/crates-build-env/linux@sha256:5ff2268d62e97bff2cde7d5815dd6ed5b47097566f13b8d0ca110b04b60e07ed" "/opt/rustwide/cargo-home/bin/cargo" "+1.69.0" "doc" "--frozen" "--no-deps" "--document-private-items" "--message-format=json", kill_on_drop: false }`
[INFO] [stdout] f83f08f3f05055e03634452c32ec89e10a1bf1b228656752c393bf0cb0eda630
[INFO] running `Command { std: "docker" "start" "-a" "f83f08f3f05055e03634452c32ec89e10a1bf1b228656752c393bf0cb0eda630", kill_on_drop: false }`
[INFO] [stderr]    Compiling pkg-config v0.3.5
[INFO] [stderr]    Compiling winapi-build v0.1.0
[INFO] [stderr]    Compiling gcc v0.3.8
[INFO] [stderr]     Checking winapi v0.2.0
[INFO] [stderr]     Checking bitflags v0.3.2
[INFO] [stderr]     Checking matches v0.1.2
[INFO] [stderr]     Checking lazy_static v0.1.11
[INFO] [stderr]     Checking rustc-serialize v0.3.15
[INFO] [stderr]     Checking hpack v0.2.0
[INFO] [stderr]     Checking mime v0.0.12
[INFO] [stderr]     Checking num_cpus v0.2.6
[INFO] [stderr]     Checking httparse v0.1.5
[INFO] [stdout] error[E0642]: patterns aren't allowed in functions without bodies
[INFO] [stdout]    --> /opt/rustwide/cargo-home/registry/src/github.com-1ecc6299db9ec823/rustc-serialize-0.3.15/src/serialize.rs:145:45
[INFO] [stdout]     |
[INFO] [stdout] 145 | ...                   &f_name: &str,
[INFO] [stdout]     |                       ^^^^^^^ pattern not allowed in function without body
[INFO] [stdout] 
[INFO] [stdout] 
[INFO] [stderr]    Compiling kernel32-sys v0.1.2
[INFO] [stderr]     Checking unicase v0.1.0
[INFO] [stderr]     Checking traitobject v0.0.1
[INFO] [stderr]     Checking typeable v0.1.2
[INFO] [stderr]     Checking language-tags v0.0.7
[INFO] [stdout] error[E0277]: the size for values of type `Self` cannot be known at compilation time
[INFO] [stdout]    --> /opt/rustwide/cargo-home/registry/src/github.com-1ecc6299db9ec823/rustc-serialize-0.3.15/src/serialize.rs:201:41
[INFO] [stdout]     |
[INFO] [stdout] 201 |     fn decode<D: Decoder>(d: &mut D) -> Result<Self, D::Error>;
[INFO] [stdout]     |                                         ^^^^^^^^^^^^^^^^^^^^^^ doesn't have a size known at compile-time
[INFO] [stdout]     |
[INFO] [stdout] note: required by a bound in `Result`
[INFO] [stdout]    --> /rustc/84c898d65adf2f39a5a98507f1fe0ce10a2b8dbc/library/core/src/result.rs:503:1
[INFO] [stdout] help: consider further restricting `Self`
[INFO] [stdout]     |
[INFO] [stdout] 201 |     fn decode<D: Decoder>(d: &mut D) -> Result<Self, D::Error> where Self: Sized;
[INFO] [stdout]     |                                                                +++++++++++++++++
[INFO] [stdout] 
[INFO] [stdout] 
[INFO] [stderr]     Checking solicit v0.4.0
[INFO] [stdout] error: aborting due to 2 previous errors
[INFO] [stdout] 
[INFO] [stdout] 
[INFO] [stdout] Some errors have detailed explanations: E0277, E0642.
[INFO] [stdout] 
[INFO] [stdout] For more information about an error, try `rustc --explain E0277`.
[INFO] [stdout] 
[INFO] [stderr] error: could not compile `rustc-serialize` due to 3 previous errors
[INFO] [stderr] warning: build failed, waiting for other jobs to finish...
[INFO] [stdout] error[E0277]: the size for values of type `Self` cannot be known at compilation time
[INFO] [stdout]    --> /opt/rustwide/cargo-home/registry/src/github.com-1ecc6299db9ec823/solicit-0.4.0/src/http/frame/mod.rs:134:41
[INFO] [stdout]     |
[INFO] [stdout] 134 |     fn from_raw(raw_frame: RawFrame) -> Option<Self>;
[INFO] [stdout]     |                                         ^^^^^^^^^^^^ doesn't have a size known at compile-time
[INFO] [stdout]     |
[INFO] [stdout] note: required by a bound in `Option`
[INFO] [stdout]    --> /rustc/84c898d65adf2f39a5a98507f1fe0ce10a2b8dbc/library/core/src/option.rs:563:1
[INFO] [stdout] help: consider further restricting `Self`
[INFO] [stdout]     |
[INFO] [stdout] 134 |     fn from_raw(raw_frame: RawFrame) -> Option<Self> where Self: Sized;
[INFO] [stdout]     |                                                      +++++++++++++++++
[INFO] [stdout] 
[INFO] [stdout] 
[INFO] [stdout] error[E0277]: the size for values of type `Self` cannot be known at compilation time
[INFO] [stdout]   --> /opt/rustwide/cargo-home/registry/src/github.com-1ecc6299db9ec823/solicit-0.4.0/src/http/transport.rs:60:28
[INFO] [stdout]    |
[INFO] [stdout] 60 |     fn try_split(&self) -> Result<Self, io::Error>;
[INFO] [stdout]    |                            ^^^^^^^^^^^^^^^^^^^^^^^ doesn't have a size known at compile-time
[INFO] [stdout]    |
[INFO] [stdout] note: required by a bound in `Result`
[INFO] [stdout]   --> /rustc/84c898d65adf2f39a5a98507f1fe0ce10a2b8dbc/library/core/src/result.rs:503:1
[INFO] [stdout] help: consider further restricting `Self`
[INFO] [stdout]    |
[INFO] [stdout] 60 |     fn try_split(&self) -> Result<Self, io::Error> where Self: Sized;
[INFO] [stdout]    |                                                    +++++++++++++++++
[INFO] [stdout] 
[INFO] [stdout] 
[INFO] [stdout] error: aborting due to 2 previous errors
[INFO] [stdout] 
[INFO] [stdout] 
[INFO] [stdout] For more information about this error, try `rustc --explain E0277`.
[INFO] [stdout] 
[INFO] [stderr] error: could not compile `solicit` due to 3 previous errors
[INFO] running `Command { std: "docker" "inspect" "f83f08f3f05055e03634452c32ec89e10a1bf1b228656752c393bf0cb0eda630", kill_on_drop: false }`
[INFO] running `Command { std: "docker" "rm" "-f" "f83f08f3f05055e03634452c32ec89e10a1bf1b228656752c393bf0cb0eda630", kill_on_drop: false }`
[INFO] [stdout] f83f08f3f05055e03634452c32ec89e10a1bf1b228656752c393bf0cb0eda630
