[INFO] cloning repository https://github.com/awsomearvinder/ATinyHorseHeartBeatThing
[INFO] running `Command { std: "git" "-c" "credential.helper=" "-c" "credential.helper=/workspace/cargo-home/bin/git-credential-null" "clone" "--bare" "https://github.com/awsomearvinder/ATinyHorseHeartBeatThing" "/workspace/cache/git-repos/https%3A%2F%2Fgithub.com%2Fawsomearvinder%2FATinyHorseHeartBeatThing", kill_on_drop: false }`
[INFO] [stderr] Cloning into bare repository '/workspace/cache/git-repos/https%3A%2F%2Fgithub.com%2Fawsomearvinder%2FATinyHorseHeartBeatThing'...
[INFO] running `Command { std: "git" "rev-parse" "HEAD", kill_on_drop: false }`
[INFO] [stdout] 2646c5748a30c71a33756b699a9e715e13b13139
[INFO] documenting awsomearvinder/ATinyHorseHeartBeatThing against beta-2023-04-20 for beta-1.70-rustdoc-1
[INFO] running `Command { std: "git" "clone" "/workspace/cache/git-repos/https%3A%2F%2Fgithub.com%2Fawsomearvinder%2FATinyHorseHeartBeatThing" "/workspace/builds/worker-1-tc2/source", kill_on_drop: false }`
[INFO] [stderr] Cloning into '/workspace/builds/worker-1-tc2/source'...
[INFO] [stderr] done.
[INFO] validating manifest of git repo https://github.com/awsomearvinder/ATinyHorseHeartBeatThing on toolchain beta-2023-04-20
[INFO] running `Command { std: CARGO_HOME="/workspace/cargo-home" RUSTUP_HOME="/workspace/rustup-home" "/workspace/cargo-home/bin/cargo" "+beta-2023-04-20" "metadata" "--manifest-path" "Cargo.toml" "--no-deps", kill_on_drop: false }`
[INFO] started tweaking git repo https://github.com/awsomearvinder/ATinyHorseHeartBeatThing
[INFO] finished tweaking git repo https://github.com/awsomearvinder/ATinyHorseHeartBeatThing
[INFO] tweaked toml for git repo https://github.com/awsomearvinder/ATinyHorseHeartBeatThing written to /workspace/builds/worker-1-tc2/source/Cargo.toml
[INFO] crate git repo https://github.com/awsomearvinder/ATinyHorseHeartBeatThing already has a lockfile, it will not be regenerated
[INFO] running `Command { std: CARGO_HOME="/workspace/cargo-home" RUSTUP_HOME="/workspace/rustup-home" "/workspace/cargo-home/bin/cargo" "+beta-2023-04-20" "fetch" "--manifest-path" "Cargo.toml", kill_on_drop: false }`
[INFO] running `Command { std: "docker" "create" "-v" "/var/lib/crater-agent-workspace/builds/worker-1-tc2/target:/opt/rustwide/target:rw,Z" "-v" "/var/lib/crater-agent-workspace/builds/worker-1-tc2/source:/opt/rustwide/workdir:ro,Z" "-v" "/var/lib/crater-agent-workspace/cargo-home:/opt/rustwide/cargo-home:ro,Z" "-v" "/var/lib/crater-agent-workspace/rustup-home:/opt/rustwide/rustup-home:ro,Z" "-e" "SOURCE_DIR=/opt/rustwide/workdir" "-e" "CARGO_TARGET_DIR=/opt/rustwide/target" "-e" "CARGO_HOME=/opt/rustwide/cargo-home" "-e" "RUSTUP_HOME=/opt/rustwide/rustup-home" "-w" "/opt/rustwide/workdir" "-m" "1610612736" "--user" "0:0" "--network" "none" "ghcr.io/rust-lang/crates-build-env/linux@sha256:5ff2268d62e97bff2cde7d5815dd6ed5b47097566f13b8d0ca110b04b60e07ed" "/opt/rustwide/cargo-home/bin/cargo" "+beta-2023-04-20" "metadata" "--no-deps" "--format-version=1", kill_on_drop: false }`
[INFO] [stdout] ee5052e2e4660cbdc6cfd48f6dbcce6e1cd446a1b4434b0d461df08cc0ebb38e
[INFO] running `Command { std: "docker" "start" "-a" "ee5052e2e4660cbdc6cfd48f6dbcce6e1cd446a1b4434b0d461df08cc0ebb38e", kill_on_drop: false }`
[INFO] running `Command { std: "docker" "inspect" "ee5052e2e4660cbdc6cfd48f6dbcce6e1cd446a1b4434b0d461df08cc0ebb38e", kill_on_drop: false }`
[INFO] running `Command { std: "docker" "rm" "-f" "ee5052e2e4660cbdc6cfd48f6dbcce6e1cd446a1b4434b0d461df08cc0ebb38e", kill_on_drop: false }`
[INFO] [stdout] ee5052e2e4660cbdc6cfd48f6dbcce6e1cd446a1b4434b0d461df08cc0ebb38e
[INFO] running `Command { std: "docker" "create" "-v" "/var/lib/crater-agent-workspace/builds/worker-1-tc2/target:/opt/rustwide/target:rw,Z" "-v" "/var/lib/crater-agent-workspace/builds/worker-1-tc2/source:/opt/rustwide/workdir:ro,Z" "-v" "/var/lib/crater-agent-workspace/cargo-home:/opt/rustwide/cargo-home:ro,Z" "-v" "/var/lib/crater-agent-workspace/rustup-home:/opt/rustwide/rustup-home:ro,Z" "-e" "SOURCE_DIR=/opt/rustwide/workdir" "-e" "CARGO_TARGET_DIR=/opt/rustwide/target" "-e" "CARGO_INCREMENTAL=0" "-e" "RUST_BACKTRACE=full" "-e" "RUSTFLAGS=--cap-lints=warn" "-e" "RUSTDOCFLAGS=--cap-lints=warn" "-e" "CARGO_HOME=/opt/rustwide/cargo-home" "-e" "RUSTUP_HOME=/opt/rustwide/rustup-home" "-w" "/opt/rustwide/workdir" "-m" "1610612736" "--user" "0:0" "--network" "none" "ghcr.io/rust-lang/crates-build-env/linux@sha256:5ff2268d62e97bff2cde7d5815dd6ed5b47097566f13b8d0ca110b04b60e07ed" "/opt/rustwide/cargo-home/bin/cargo" "+beta-2023-04-20" "doc" "--frozen" "--no-deps" "--document-private-items" "--message-format=json", kill_on_drop: false }`
[INFO] [stdout] d20888299d42aefc4adc9545f8712e76101a037cc6e88453898abc68870fb3ee
[INFO] running `Command { std: "docker" "start" "-a" "d20888299d42aefc4adc9545f8712e76101a037cc6e88453898abc68870fb3ee", kill_on_drop: false }`
[INFO] [stderr]    Compiling winapi v0.3.9
[INFO] [stderr]     Checking winapi_wrapper v0.1.0 (/opt/rustwide/workdir/winapi_wrapper)
[INFO] [stderr]  Documenting winapi_wrapper v0.1.0 (/opt/rustwide/workdir/winapi_wrapper)
[INFO] [stdout] error[E0432]: unresolved import `winapi::ctypes`
[INFO] [stdout]  --> winapi_wrapper/src/error.rs:2:13
[INFO] [stdout]   |
[INFO] [stdout] 2 | use winapi::ctypes::c_int;
[INFO] [stdout]   |             ^^^^^^ could not find `ctypes` in `winapi`
[INFO] [stdout] 
[INFO] [stdout] 
[INFO] [stdout] error[E0432]: unresolved import `winapi::ctypes`
[INFO] [stdout]  --> winapi_wrapper/src/error.rs:2:13
[INFO] [stdout]   |
[INFO] [stdout] 2 | use winapi::ctypes::c_int;
[INFO] [stdout]   |             ^^^^^^ could not find `ctypes` in `winapi`
[INFO] [stdout] 
[INFO] [stdout] 
[INFO] [stdout] error[E0433]: failed to resolve: could not find `shared` in `winapi`
[INFO] [stdout]  --> winapi_wrapper/src/window.rs:2:13
[INFO] [stdout]   |
[INFO] [stdout] 2 | use winapi::shared::windef::HWND;
[INFO] [stdout]   |             ^^^^^^ could not find `shared` in `winapi`
[INFO] [stdout] 
[INFO] [stdout] 
[INFO] [stdout] error[E0433]: failed to resolve: could not find `shared` in `winapi`
[INFO] [stdout]  --> winapi_wrapper/src/window.rs:2:13
[INFO] [stdout]   |
[INFO] [stdout] 2 | use winapi::shared::windef::HWND;
[INFO] [stdout]   |             ^^^^^^ could not find `shared` in `winapi`
[INFO] [stdout] 
[INFO] [stdout] 
[INFO] [stdout] error[E0432]: unresolved import `winapi::ctypes`
[INFO] [stdout]  --> winapi_wrapper/src/window.rs:1:13
[INFO] [stdout]   |
[INFO] [stdout] 1 | use winapi::ctypes::c_int;
[INFO] [stdout]   |             ^^^^^^ could not find `ctypes` in `winapi`
[INFO] [stdout] 
[INFO] [stdout] 
[INFO] [stdout] error[E0432]: unresolved import `winapi::ctypes`
[INFO] [stdout]  --> winapi_wrapper/src/window.rs:1:13
[INFO] [stdout]   |
[INFO] [stdout] 1 | use winapi::ctypes::c_int;
[INFO] [stdout]   |             ^^^^^^ could not find `ctypes` in `winapi`
[INFO] [stdout] 
[INFO] [stdout] 
[INFO] [stdout] error[E0433]: failed to resolve: could not find `um` in `winapi`
[INFO] [stdout]  --> winapi_wrapper/src/window.rs:3:13
[INFO] [stdout]   |
[INFO] [stdout] 3 | use winapi::um::winuser::{self, CS_HREDRAW, CS_OWNDC, CS_VREDRAW};
[INFO] [stdout]   |             ^^ could not find `um` in `winapi`
[INFO] [stdout] 
[INFO] [stdout] 
[INFO] [stdout] error[E0433]: failed to resolve: could not find `um` in `winapi`
[INFO] [stdout]  --> winapi_wrapper/src/window.rs:3:13
[INFO] [stdout]   |
[INFO] [stdout] 3 | use winapi::um::winuser::{self, CS_HREDRAW, CS_OWNDC, CS_VREDRAW};
[INFO] [stdout]   |             ^^ could not find `um` in `winapi`
[INFO] [stdout] 
[INFO] [stdout] 
[INFO] [stdout] error[E0433]: failed to resolve: could not find `windows` in `os`
[INFO] [stdout]  --> winapi_wrapper/src/window.rs:6:14
[INFO] [stdout]   |
[INFO] [stdout] 6 | use std::os::windows::ffi::OsStrExt;
[INFO] [stdout]   |              ^^^^^^^ could not find `windows` in `os`
[INFO] [stdout] 
[INFO] [stdout] 
[INFO] [stdout] error[E0433]: failed to resolve: could not find `windows` in `os`
[INFO] [stdout]  --> winapi_wrapper/src/window.rs:6:14
[INFO] [stdout]   |
[INFO] [stdout] 6 | use std::os::windows::ffi::OsStrExt;
[INFO] [stdout]   |              ^^^^^^^ could not find `windows` in `os`
[INFO] [stdout] 
[INFO] [stdout] 
[INFO] [stdout] error[E0432]: unresolved import `winapi::um`
[INFO] [stdout]  --> winapi_wrapper/src/window.rs:3:13
[INFO] [stdout]   |
[INFO] [stdout] 3 | use winapi::um::winuser::{self, CS_HREDRAW, CS_OWNDC, CS_VREDRAW};
[INFO] [stdout]   |             ^^ could not find `um` in `winapi`
[INFO] [stdout] 
[INFO] [stdout] 
[INFO] [stdout] error[E0432]: unresolved import `winapi::um`
[INFO] [stdout]  --> winapi_wrapper/src/window.rs:3:13
[INFO] [stdout]   |
[INFO] [stdout] 3 | use winapi::um::winuser::{self, CS_HREDRAW, CS_OWNDC, CS_VREDRAW};
[INFO] [stdout]   |             ^^ could not find `um` in `winapi`
[INFO] [stdout] 
[INFO] [stdout] 
[INFO] [stdout] error[E0433]: failed to resolve: could not find `um` in `winapi`
[INFO] [stdout]   --> winapi_wrapper/src/window.rs:57:37
[INFO] [stdout]    |
[INFO] [stdout] 57 |             let hinstance = winapi::um::libloaderapi::GetModuleHandleW(ZERO as *const u16);
[INFO] [stdout]    |                                     ^^ could not find `um` in `winapi`
[INFO] [stdout] 
[INFO] [stdout] 
[INFO] [stdout] error[E0433]: failed to resolve: could not find `um` in `winapi`
[INFO] [stdout]   --> winapi_wrapper/src/window.rs:58:37
[INFO] [stdout]    |
[INFO] [stdout] 58 |             let wnd_class = winapi::um::winuser::WNDCLASSW {
[INFO] [stdout]    |                                     ^^ could not find `um` in `winapi`
[INFO] [stdout] 
[INFO] [stdout] 
[INFO] [stdout] error[E0433]: failed to resolve: could not find `um` in `winapi`
[INFO] [stdout]   --> winapi_wrapper/src/window.rs:89:40
[INFO] [stdout]    |
[INFO] [stdout] 89 |                 let last_err = winapi::um::errhandlingapi::GetLastError();
[INFO] [stdout]    |                                        ^^ could not find `um` in `winapi`
[INFO] [stdout] 
[INFO] [stdout] 
[INFO] [stdout] error[E0433]: failed to resolve: could not find `shared` in `winapi`
[INFO] [stdout]    --> winapi_wrapper/src/window.rs:144:32
[INFO] [stdout]     |
[INFO] [stdout] 144 |         let mut rect = winapi::shared::windef::RECT {
[INFO] [stdout]     |                                ^^^^^^ could not find `shared` in `winapi`
[INFO] [stdout] 
[INFO] [stdout] 
[INFO] [stdout] error[E0433]: failed to resolve: could not find `shared` in `winapi`
[INFO] [stdout]    --> winapi_wrapper/src/window.rs:151:76
[INFO] [stdout]     |
[INFO] [stdout] 151 |             if winuser::GetWindowRect(self.hwnd, &mut rect as *mut winapi::shared::windef::RECT)
[INFO] [stdout]     |                                                                            ^^^^^^ could not find `shared` in `winapi`
[INFO] [stdout] 
[INFO] [stdout] 
[INFO] [stdout] warning: variant `FailedToSetGWL_Style` should have an upper camel case name
[INFO] [stdout]   --> winapi_wrapper/src/error.rs:10:5
[INFO] [stdout]    |
[INFO] [stdout] 10 |     FailedToSetGWL_Style,
[INFO] [stdout]    |     ^^^^^^^^^^^^^^^^^^^^ help: convert the identifier to upper camel case: `FailedToSetGwlStyle`
[INFO] [stdout]    |
[INFO] [stdout]    = note: `#[warn(non_camel_case_types)]` on by default
[INFO] [stdout] 
[INFO] [stdout] 
[INFO] [stdout] warning: variant `FailedToSetGWL_Style` should have an upper camel case name
[INFO] [stdout]   --> winapi_wrapper/src/error.rs:10:5
[INFO] [stdout]    |
[INFO] [stdout] 10 |     FailedToSetGWL_Style,
[INFO] [stdout]    |     ^^^^^^^^^^^^^^^^^^^^ help: convert the identifier to upper camel case: `FailedToSetGwlStyle`
[INFO] [stdout]    |
[INFO] [stdout]    = note: `#[warn(non_camel_case_types)]` on by default
[INFO] [stdout] 
[INFO] [stdout] 
[INFO] [stdout] error: aborting due to 6 previous errors; 1 warning emitted
[INFO] [stdout] 
[INFO] [stdout] 
[INFO] [stdout] Some errors have detailed explanations: E0432, E0433.
[INFO] [stdout] 
[INFO] [stdout] For more information about an error, try `rustc --explain E0432`.
[INFO] [stdout] 
[INFO] [stderr] error: could not document `winapi_wrapper`
[INFO] [stderr] 
[INFO] [stderr] Caused by:
[INFO] [stderr]   process didn't exit successfully: `rustdoc --edition=2018 --crate-type lib --crate-name winapi_wrapper winapi_wrapper/src/lib.rs -o /opt/rustwide/target/doc --error-format=json --json=diagnostic-rendered-ansi,artifacts,future-incompat --document-private-items -C metadata=f6bac8b69c959d18 -L dependency=/opt/rustwide/target/debug/deps --extern winapi=/opt/rustwide/target/debug/deps/libwinapi-b63705d3737dfebc.rmeta --cap-lints=warn --crate-version 0.1.0` (exit status: 1)
[INFO] [stderr] warning: build failed, waiting for other jobs to finish...
[INFO] [stdout] error[E0599]: no method named `encode_wide` found for reference `&OsStr` in the current scope
[INFO] [stdout]    --> winapi_wrapper/src/window.rs:168:10
[INFO] [stdout]     |
[INFO] [stdout] 167 | /     OsStr::new(value)
[INFO] [stdout] 168 | |         .encode_wide()
[INFO] [stdout]     | |         -^^^^^^^^^^^ method not found in `&OsStr`
[INFO] [stdout]     | |_________|
[INFO] [stdout]     | 
[INFO] [stdout] 
[INFO] [stdout] 
[INFO] [stdout] error: aborting due to 12 previous errors; 1 warning emitted
[INFO] [stdout] 
[INFO] [stdout] 
[INFO] [stdout] Some errors have detailed explanations: E0432, E0433, E0599.
[INFO] [stdout] 
[INFO] [stdout] For more information about an error, try `rustc --explain E0432`.
[INFO] [stdout] 
[INFO] [stderr] error: could not compile `winapi_wrapper` (lib) due to 13 previous errors; 1 warning emitted
[INFO] running `Command { std: "docker" "inspect" "d20888299d42aefc4adc9545f8712e76101a037cc6e88453898abc68870fb3ee", kill_on_drop: false }`
[INFO] running `Command { std: "docker" "rm" "-f" "d20888299d42aefc4adc9545f8712e76101a037cc6e88453898abc68870fb3ee", kill_on_drop: false }`
[INFO] [stdout] d20888299d42aefc4adc9545f8712e76101a037cc6e88453898abc68870fb3ee
