[INFO] cloning repository https://github.com/autrilla/advent-of-code-2016
[INFO] running `Command { std: "git" "-c" "credential.helper=" "-c" "credential.helper=/workspace/cargo-home/bin/git-credential-null" "clone" "--bare" "https://github.com/autrilla/advent-of-code-2016" "/workspace/cache/git-repos/https%3A%2F%2Fgithub.com%2Fautrilla%2Fadvent-of-code-2016", kill_on_drop: false }`
[INFO] [stderr] Cloning into bare repository '/workspace/cache/git-repos/https%3A%2F%2Fgithub.com%2Fautrilla%2Fadvent-of-code-2016'...
[INFO] running `Command { std: "git" "rev-parse" "HEAD", kill_on_drop: false }`
[INFO] [stdout] 86b00578d23cf419732b8397e03c16b08cf9fb35
[INFO] documenting autrilla/advent-of-code-2016 against beta-2023-04-20 for beta-1.70-rustdoc-1
[INFO] running `Command { std: "git" "clone" "/workspace/cache/git-repos/https%3A%2F%2Fgithub.com%2Fautrilla%2Fadvent-of-code-2016" "/workspace/builds/worker-4-tc2/source", kill_on_drop: false }`
[INFO] [stderr] Cloning into '/workspace/builds/worker-4-tc2/source'...
[INFO] [stderr] done.
[INFO] validating manifest of git repo https://github.com/autrilla/advent-of-code-2016 on toolchain beta-2023-04-20
[INFO] running `Command { std: CARGO_HOME="/workspace/cargo-home" RUSTUP_HOME="/workspace/rustup-home" "/workspace/cargo-home/bin/cargo" "+beta-2023-04-20" "metadata" "--manifest-path" "Cargo.toml" "--no-deps", kill_on_drop: false }`
[INFO] started tweaking git repo https://github.com/autrilla/advent-of-code-2016
[INFO] finished tweaking git repo https://github.com/autrilla/advent-of-code-2016
[INFO] tweaked toml for git repo https://github.com/autrilla/advent-of-code-2016 written to /workspace/builds/worker-4-tc2/source/Cargo.toml
[INFO] crate git repo https://github.com/autrilla/advent-of-code-2016 already has a lockfile, it will not be regenerated
[INFO] running `Command { std: CARGO_HOME="/workspace/cargo-home" RUSTUP_HOME="/workspace/rustup-home" "/workspace/cargo-home/bin/cargo" "+beta-2023-04-20" "fetch" "--manifest-path" "Cargo.toml", kill_on_drop: false }`
[INFO] [stderr] warning: An explicit [[bin]] section is specified in Cargo.toml which currently
[INFO] [stderr] disables Cargo from automatically inferring other binary targets.
[INFO] [stderr] This inference behavior will change in the Rust 2018 edition and the following
[INFO] [stderr] files will be included as a binary target:
[INFO] [stderr] 
[INFO] [stderr] * /workspace/builds/worker-4-tc2/source/src/main.rs
[INFO] [stderr] 
[INFO] [stderr] This is likely to break cargo build or cargo test as these files may not be
[INFO] [stderr] ready to be compiled as a binary target today. You can future-proof yourself
[INFO] [stderr] and disable this warning by adding `autobins = false` to your [package]
[INFO] [stderr] section. You may also move the files to a location where Cargo would not
[INFO] [stderr] automatically infer them to be a target, such as in subfolders.
[INFO] [stderr] 
[INFO] [stderr] For more information on this warning you can consult
[INFO] [stderr] https://github.com/rust-lang/cargo/issues/5330
[INFO] [stderr]  Downloading crates ...
[INFO] [stderr]   Downloaded nom v2.0.1
[INFO] [stderr]   Downloaded num-complex v0.1.35
[INFO] [stderr]   Downloaded ndarray v0.7.1
[INFO] [stderr]   Downloaded either v1.0.2
[INFO] [stderr]   Downloaded itertools v0.5.6
[INFO] [stderr]   Downloaded matrixmultiply v0.1.12
[INFO] running `Command { std: "docker" "create" "-v" "/var/lib/crater-agent-workspace/builds/worker-4-tc2/target:/opt/rustwide/target:rw,Z" "-v" "/var/lib/crater-agent-workspace/builds/worker-4-tc2/source:/opt/rustwide/workdir:ro,Z" "-v" "/var/lib/crater-agent-workspace/cargo-home:/opt/rustwide/cargo-home:ro,Z" "-v" "/var/lib/crater-agent-workspace/rustup-home:/opt/rustwide/rustup-home:ro,Z" "-e" "SOURCE_DIR=/opt/rustwide/workdir" "-e" "CARGO_TARGET_DIR=/opt/rustwide/target" "-e" "CARGO_HOME=/opt/rustwide/cargo-home" "-e" "RUSTUP_HOME=/opt/rustwide/rustup-home" "-w" "/opt/rustwide/workdir" "-m" "1610612736" "--user" "0:0" "--network" "none" "ghcr.io/rust-lang/crates-build-env/linux@sha256:5ff2268d62e97bff2cde7d5815dd6ed5b47097566f13b8d0ca110b04b60e07ed" "/opt/rustwide/cargo-home/bin/cargo" "+beta-2023-04-20" "metadata" "--no-deps" "--format-version=1", kill_on_drop: false }`
[INFO] [stdout] 87f1be486478338091922111d0e3858c29226c40cdc21e80caa2c1f4fdb9d23c
[INFO] running `Command { std: "docker" "start" "-a" "87f1be486478338091922111d0e3858c29226c40cdc21e80caa2c1f4fdb9d23c", kill_on_drop: false }`
[INFO] running `Command { std: "docker" "inspect" "87f1be486478338091922111d0e3858c29226c40cdc21e80caa2c1f4fdb9d23c", kill_on_drop: false }`
[INFO] running `Command { std: "docker" "rm" "-f" "87f1be486478338091922111d0e3858c29226c40cdc21e80caa2c1f4fdb9d23c", kill_on_drop: false }`
[INFO] [stdout] 87f1be486478338091922111d0e3858c29226c40cdc21e80caa2c1f4fdb9d23c
[INFO] running `Command { std: "docker" "create" "-v" "/var/lib/crater-agent-workspace/builds/worker-4-tc2/target:/opt/rustwide/target:rw,Z" "-v" "/var/lib/crater-agent-workspace/builds/worker-4-tc2/source:/opt/rustwide/workdir:ro,Z" "-v" "/var/lib/crater-agent-workspace/cargo-home:/opt/rustwide/cargo-home:ro,Z" "-v" "/var/lib/crater-agent-workspace/rustup-home:/opt/rustwide/rustup-home:ro,Z" "-e" "SOURCE_DIR=/opt/rustwide/workdir" "-e" "CARGO_TARGET_DIR=/opt/rustwide/target" "-e" "CARGO_INCREMENTAL=0" "-e" "RUST_BACKTRACE=full" "-e" "RUSTFLAGS=--cap-lints=warn" "-e" "RUSTDOCFLAGS=--cap-lints=warn" "-e" "CARGO_HOME=/opt/rustwide/cargo-home" "-e" "RUSTUP_HOME=/opt/rustwide/rustup-home" "-w" "/opt/rustwide/workdir" "-m" "1610612736" "--user" "0:0" "--network" "none" "ghcr.io/rust-lang/crates-build-env/linux@sha256:5ff2268d62e97bff2cde7d5815dd6ed5b47097566f13b8d0ca110b04b60e07ed" "/opt/rustwide/cargo-home/bin/cargo" "+beta-2023-04-20" "doc" "--frozen" "--no-deps" "--document-private-items" "--message-format=json", kill_on_drop: false }`
[INFO] [stdout] 67fe98ba887f0f02df973ca64199d6addd6228efc9511bd2ec3eafedfc696959
[INFO] running `Command { std: "docker" "start" "-a" "67fe98ba887f0f02df973ca64199d6addd6228efc9511bd2ec3eafedfc696959", kill_on_drop: false }`
[INFO] [stderr] warning: An explicit [[bin]] section is specified in Cargo.toml which currently
[INFO] [stderr] disables Cargo from automatically inferring other binary targets.
[INFO] [stderr] This inference behavior will change in the Rust 2018 edition and the following
[INFO] [stderr] files will be included as a binary target:
[INFO] [stderr] 
[INFO] [stderr] * /opt/rustwide/workdir/src/main.rs
[INFO] [stderr] 
[INFO] [stderr] This is likely to break cargo build or cargo test as these files may not be
[INFO] [stderr] ready to be compiled as a binary target today. You can future-proof yourself
[INFO] [stderr] and disable this warning by adding `autobins = false` to your [package]
[INFO] [stderr] section. You may also move the files to a location where Cargo would not
[INFO] [stderr] automatically infer them to be a target, such as in subfolders.
[INFO] [stderr] 
[INFO] [stderr] For more information on this warning you can consult
[INFO] [stderr] https://github.com/rust-lang/cargo/issues/5330
[INFO] [stderr]    Compiling winapi-build v0.1.1
[INFO] [stderr]     Checking winapi v0.2.8
[INFO] [stderr]     Checking libc v0.2.18
[INFO] [stderr]    Compiling gcc v0.3.39
[INFO] [stderr]    Compiling ndarray v0.7.1
[INFO] [stderr]     Checking num-traits v0.1.36
[INFO] [stderr]     Checking either v1.0.2
[INFO] [stderr]     Checking rustc-serialize v0.3.22
[INFO] [stderr]     Checking matrixmultiply v0.1.12
[INFO] [stderr]     Checking itertools v0.4.19
[INFO] [stderr]     Checking lazy_static v0.2.2
[INFO] [stderr]     Checking nom v2.0.1
[INFO] [stderr]     Checking itertools v0.5.6
[INFO] [stderr]    Compiling kernel32-sys v0.2.2
[INFO] [stderr]     Checking rand v0.3.15
[INFO] [stderr]     Checking num-complex v0.1.35
[INFO] [stderr]    Compiling rust-crypto v0.2.36
[INFO] [stderr]     Checking time v0.1.35
[INFO] [stderr]  Documenting advent-of-code v0.1.0 (/opt/rustwide/workdir)
[INFO] [stdout] error[E0437]: type `Err` is not a member of trait `TryFrom`
[INFO] [stdout]   --> src/4.rs:21:5
[INFO] [stdout]    |
[INFO] [stdout] 21 |     type Err = String;
[INFO] [stdout]    |     ^^^^^^^^^^^^^^^^^^ not a member of trait `TryFrom`
[INFO] [stdout] 
[INFO] [stdout] 
[INFO] [stdout] warning: `...` range patterns are deprecated
[INFO] [stdout]   --> src/2.rs:13:19
[INFO] [stdout]    |
[INFO] [stdout] 13 |             n @ 1 ... 3 => n,
[INFO] [stdout]    |                   ^^^ help: use `..=` for an inclusive range
[INFO] [stdout]    |
[INFO] [stdout]    = warning: this is accepted in the current edition (Rust 2015) but is a hard error in Rust 2021!
[INFO] [stdout]    = note: for more information, see <https://doc.rust-lang.org/nightly/edition-guide/rust-2021/warnings-promoted-to-error.html>
[INFO] [stdout]    = note: `#[warn(ellipsis_inclusive_range_patterns)]` on by default
[INFO] [stdout] 
[INFO] [stdout] 
[INFO] [stdout] error[E0554]: `#![feature]` may not be used on the beta release channel
[INFO] [stdout]  --> src/4.rs:1:1
[INFO] [stdout]   |
[INFO] [stdout] 1 | #![feature(try_from)]
[INFO] [stdout]   | ^^^^^^^^^^^^^^^^^^^^^
[INFO] [stdout] 
[INFO] [stdout] 
[INFO] [stdout] warning: `...` range patterns are deprecated
[INFO] [stdout]   --> src/2.rs:20:19
[INFO] [stdout]    |
[INFO] [stdout] 20 |             n @ 7 ... 9 => n,
[INFO] [stdout]    |                   ^^^ help: use `..=` for an inclusive range
[INFO] [stdout]    |
[INFO] [stdout]    = warning: this is accepted in the current edition (Rust 2015) but is a hard error in Rust 2021!
[INFO] [stdout]    = note: for more information, see <https://doc.rust-lang.org/nightly/edition-guide/rust-2021/warnings-promoted-to-error.html>
[INFO] [stdout] 
[INFO] [stdout] 
[INFO] [stdout] error[E0554]: `#![feature]` may not be used on the beta release channel
[INFO] [stdout]  --> src/4.rs:2:1
[INFO] [stdout]   |
[INFO] [stdout] 2 | #![feature(static_in_const)]
[INFO] [stdout]   | ^^^^^^^^^^^^^^^^^^^^^^^^^^^^ help: remove the attribute
[INFO] [stdout]   |
[INFO] [stdout]   = help: the feature `static_in_const` has been stable since `1.17.0` and no longer requires an attribute to enable
[INFO] [stdout] 
[INFO] [stdout] 
[INFO] [stdout] error[E0220]: associated type `Err` not found for `Self`
[INFO] [stdout]   --> src/4.rs:22:50
[INFO] [stdout]    |
[INFO] [stdout] 22 |     fn try_from(s: String) -> Result<Self, Self::Err> {
[INFO] [stdout]    |                                                  ^^^ there is a similarly named associated type `Err` in the trait `std::str::FromStr`
[INFO] [stdout] 
[INFO] [stdout] 
[INFO] [stdout] error[E0046]: not all trait items implemented, missing: `Error`
[INFO] [stdout]   --> src/4.rs:20:1
[INFO] [stdout]    |
[INFO] [stdout] 20 | impl TryFrom<String> for Room {
[INFO] [stdout]    | ^^^^^^^^^^^^^^^^^^^^^^^^^^^^^ missing `Error` in implementation
[INFO] [stdout]    |
[INFO] [stdout]    = help: implement the missing item: `type Error = Type;`
[INFO] [stdout] 
[INFO] [stdout] 
[INFO] [stdout] error: aborting due to 5 previous errors
[INFO] [stdout] 
[INFO] [stdout] 
[INFO] [stdout] Some errors have detailed explanations: E0046, E0220, E0437, E0554.
[INFO] [stdout] 
[INFO] [stdout] For more information about an error, try `rustc --explain E0046`.
[INFO] [stdout] 
[INFO] [stderr] error: could not document `advent-of-code`
[INFO] [stderr] 
[INFO] [stderr] Caused by:
[INFO] [stderr]   process didn't exit successfully: `rustdoc --crate-type bin --crate-name 4 src/4.rs -o /opt/rustwide/target/doc --error-format=json --json=diagnostic-rendered-ansi,artifacts,future-incompat --document-private-items '-Arustdoc::private-intra-doc-links' -C metadata=9f906750ec1250e0 -L dependency=/opt/rustwide/target/debug/deps --extern itertools=/opt/rustwide/target/debug/deps/libitertools-7a1286d016e4ad6e.rmeta --extern lazy_static=/opt/rustwide/target/debug/deps/liblazy_static-4702fb4e03172de4.rmeta --extern ndarray=/opt/rustwide/target/debug/deps/libndarray-e6accafe7b6315ad.rmeta --extern nom=/opt/rustwide/target/debug/deps/libnom-db4ea6e10ad3a479.rmeta --extern crypto=/opt/rustwide/target/debug/deps/libcrypto-17bc724c7d31231e.rmeta --extern rustc_serialize=/opt/rustwide/target/debug/deps/librustc_serialize-3257144856b1945d.rmeta --cap-lints=warn --crate-version 0.1.0` (exit status: 1)
[INFO] [stderr] warning: build failed, waiting for other jobs to finish...
[INFO] [stdout] warning: 2 warnings emitted
[INFO] [stdout] 
[INFO] [stdout] 
[INFO] running `Command { std: "docker" "inspect" "67fe98ba887f0f02df973ca64199d6addd6228efc9511bd2ec3eafedfc696959", kill_on_drop: false }`
[INFO] running `Command { std: "docker" "rm" "-f" "67fe98ba887f0f02df973ca64199d6addd6228efc9511bd2ec3eafedfc696959", kill_on_drop: false }`
[INFO] [stdout] 67fe98ba887f0f02df973ca64199d6addd6228efc9511bd2ec3eafedfc696959
