[INFO] cloning repository https://github.com/aur3l14no/handle-bot-rust
[INFO] running `Command { std: "git" "-c" "credential.helper=" "-c" "credential.helper=/workspace/cargo-home/bin/git-credential-null" "clone" "--bare" "https://github.com/aur3l14no/handle-bot-rust" "/workspace/cache/git-repos/https%3A%2F%2Fgithub.com%2Faur3l14no%2Fhandle-bot-rust", kill_on_drop: false }`
[INFO] [stderr] Cloning into bare repository '/workspace/cache/git-repos/https%3A%2F%2Fgithub.com%2Faur3l14no%2Fhandle-bot-rust'...
[INFO] running `Command { std: "git" "rev-parse" "HEAD", kill_on_drop: false }`
[INFO] [stdout] 50bc86c008b31f7ecdbb3690b3638fa1a8d75e9d
[INFO] documenting aur3l14no/handle-bot-rust against beta-2023-04-20 for beta-1.70-rustdoc-1
[INFO] running `Command { std: "git" "clone" "/workspace/cache/git-repos/https%3A%2F%2Fgithub.com%2Faur3l14no%2Fhandle-bot-rust" "/workspace/builds/worker-2-tc2/source", kill_on_drop: false }`
[INFO] [stderr] Cloning into '/workspace/builds/worker-2-tc2/source'...
[INFO] [stderr] done.
[INFO] validating manifest of git repo https://github.com/aur3l14no/handle-bot-rust on toolchain beta-2023-04-20
[INFO] running `Command { std: CARGO_HOME="/workspace/cargo-home" RUSTUP_HOME="/workspace/rustup-home" "/workspace/cargo-home/bin/cargo" "+beta-2023-04-20" "metadata" "--manifest-path" "Cargo.toml" "--no-deps", kill_on_drop: false }`
[INFO] started tweaking git repo https://github.com/aur3l14no/handle-bot-rust
[INFO] finished tweaking git repo https://github.com/aur3l14no/handle-bot-rust
[INFO] tweaked toml for git repo https://github.com/aur3l14no/handle-bot-rust written to /workspace/builds/worker-2-tc2/source/Cargo.toml
[INFO] crate git repo https://github.com/aur3l14no/handle-bot-rust already has a lockfile, it will not be regenerated
[INFO] running `Command { std: CARGO_HOME="/workspace/cargo-home" RUSTUP_HOME="/workspace/rustup-home" "/workspace/cargo-home/bin/cargo" "+beta-2023-04-20" "fetch" "--manifest-path" "Cargo.toml", kill_on_drop: false }`
[INFO] [stderr]     Updating crates.io index
[INFO] [stderr]  Downloading crates ...
[INFO] [stderr]   Downloaded ndarray-npy v0.8.1
[INFO] [stderr]   Downloaded py_literal v0.4.0
[INFO] [stderr]   Downloaded priority-queue v1.2.1
[INFO] [stderr]   Downloaded pinyin v0.9.0
[INFO] running `Command { std: "docker" "create" "-v" "/var/lib/crater-agent-workspace/builds/worker-2-tc2/target:/opt/rustwide/target:rw,Z" "-v" "/var/lib/crater-agent-workspace/builds/worker-2-tc2/source:/opt/rustwide/workdir:ro,Z" "-v" "/var/lib/crater-agent-workspace/cargo-home:/opt/rustwide/cargo-home:ro,Z" "-v" "/var/lib/crater-agent-workspace/rustup-home:/opt/rustwide/rustup-home:ro,Z" "-e" "SOURCE_DIR=/opt/rustwide/workdir" "-e" "CARGO_TARGET_DIR=/opt/rustwide/target" "-e" "CARGO_HOME=/opt/rustwide/cargo-home" "-e" "RUSTUP_HOME=/opt/rustwide/rustup-home" "-w" "/opt/rustwide/workdir" "-m" "1610612736" "--user" "0:0" "--network" "none" "ghcr.io/rust-lang/crates-build-env/linux@sha256:5ff2268d62e97bff2cde7d5815dd6ed5b47097566f13b8d0ca110b04b60e07ed" "/opt/rustwide/cargo-home/bin/cargo" "+beta-2023-04-20" "metadata" "--no-deps" "--format-version=1", kill_on_drop: false }`
[INFO] [stdout] d6cb7427d78cdb801f6175d0d92a15abbc6303d48f0fe0109f50733844f15a81
[INFO] running `Command { std: "docker" "start" "-a" "d6cb7427d78cdb801f6175d0d92a15abbc6303d48f0fe0109f50733844f15a81", kill_on_drop: false }`
[INFO] running `Command { std: "docker" "inspect" "d6cb7427d78cdb801f6175d0d92a15abbc6303d48f0fe0109f50733844f15a81", kill_on_drop: false }`
[INFO] running `Command { std: "docker" "rm" "-f" "d6cb7427d78cdb801f6175d0d92a15abbc6303d48f0fe0109f50733844f15a81", kill_on_drop: false }`
[INFO] [stdout] d6cb7427d78cdb801f6175d0d92a15abbc6303d48f0fe0109f50733844f15a81
[INFO] running `Command { std: "docker" "create" "-v" "/var/lib/crater-agent-workspace/builds/worker-2-tc2/target:/opt/rustwide/target:rw,Z" "-v" "/var/lib/crater-agent-workspace/builds/worker-2-tc2/source:/opt/rustwide/workdir:ro,Z" "-v" "/var/lib/crater-agent-workspace/cargo-home:/opt/rustwide/cargo-home:ro,Z" "-v" "/var/lib/crater-agent-workspace/rustup-home:/opt/rustwide/rustup-home:ro,Z" "-e" "SOURCE_DIR=/opt/rustwide/workdir" "-e" "CARGO_TARGET_DIR=/opt/rustwide/target" "-e" "CARGO_INCREMENTAL=0" "-e" "RUST_BACKTRACE=full" "-e" "RUSTFLAGS=--cap-lints=warn" "-e" "RUSTDOCFLAGS=--cap-lints=warn" "-e" "CARGO_HOME=/opt/rustwide/cargo-home" "-e" "RUSTUP_HOME=/opt/rustwide/rustup-home" "-w" "/opt/rustwide/workdir" "-m" "1610612736" "--user" "0:0" "--network" "none" "ghcr.io/rust-lang/crates-build-env/linux@sha256:5ff2268d62e97bff2cde7d5815dd6ed5b47097566f13b8d0ca110b04b60e07ed" "/opt/rustwide/cargo-home/bin/cargo" "+beta-2023-04-20" "doc" "--frozen" "--no-deps" "--document-private-items" "--message-format=json", kill_on_drop: false }`
[INFO] [stdout] 6a3b27cf7629093a408c899a3158650c490b71a8dbcf4415e0a307d6195a29d3
[INFO] running `Command { std: "docker" "start" "-a" "6a3b27cf7629093a408c899a3158650c490b71a8dbcf4415e0a307d6195a29d3", kill_on_drop: false }`
[INFO] [stderr]    Compiling syn v1.0.90
[INFO] [stderr]    Compiling num-traits v0.2.14
[INFO] [stderr]    Compiling libc v0.2.121
[INFO] [stderr]    Compiling num-integer v0.1.44
[INFO] [stderr]    Compiling miniz_oxide v0.4.4
[INFO] [stderr]    Compiling crc32fast v1.3.2
[INFO] [stderr]    Compiling quote v1.0.17
[INFO] [stderr]    Compiling num-bigint v0.4.3
[INFO] [stderr]    Compiling serde_derive v1.0.136
[INFO] [stderr]    Compiling indexmap v1.8.1
[INFO] [stderr]    Compiling serde v1.0.136
[INFO] [stderr]     Checking matrixmultiply v0.3.2
[INFO] [stderr]    Compiling priority-queue v1.2.1
[INFO] [stderr]    Compiling serde_json v1.0.79
[INFO] [stderr]    Compiling pinyin v0.9.0
[INFO] [stderr]     Checking once_cell v1.10.0
[INFO] [stderr]     Checking terminal_size v0.1.17
[INFO] [stderr]     Checking flate2 v1.0.22
[INFO] [stderr]     Checking regex v1.5.5
[INFO] [stderr]     Checking console v0.15.0
[INFO] [stderr]     Checking num-complex v0.4.0
[INFO] [stderr]     Checking ryu v1.0.9
[INFO] [stderr]     Checking number_prefix v0.4.0
[INFO] [stderr]     Checking ordered-float v2.10.0
[INFO] [stderr]     Checking ndarray v0.15.4
[INFO] [stderr]     Checking indicatif v0.16.2
[INFO] [stderr]    Compiling pest_generator v2.1.3
[INFO] [stderr]    Compiling thiserror-impl v1.0.30
[INFO] [stderr]    Compiling pest_derive v2.1.0
[INFO] [stderr]     Checking py_literal v0.4.0
[INFO] [stderr]     Checking thiserror v1.0.30
[INFO] [stderr]     Checking zip v0.5.13
[INFO] [stderr]     Checking ndarray-npy v0.8.1
[INFO] [stderr]  Documenting handle-bot-rust v0.1.0 (/opt/rustwide/workdir)
[INFO] [stderr]     Checking handle-bot-rust v0.1.0 (/opt/rustwide/workdir)
[INFO] [stdout] error[E0554]: `#![feature]` may not be used on the beta release channel
[INFO] [stdout]  --> src/lib.rs:1:12
[INFO] [stdout]   |
[INFO] [stdout] 1 | #![feature(binary_heap_into_iter_sorted)]
[INFO] [stdout]   |            ^^^^^^^^^^^^^^^^^^^^^^^^^^^^
[INFO] [stdout] 
[INFO] [stdout] 
[INFO] [stdout] error[E0554]: `#![feature]` may not be used on the beta release channel
[INFO] [stdout]  --> src/lib.rs:2:12
[INFO] [stdout]   |
[INFO] [stdout] 2 | #![feature(drain_filter)]
[INFO] [stdout]   |            ^^^^^^^^^^^^
[INFO] [stdout] 
[INFO] [stdout] 
[INFO] [stdout] error: aborting due to 2 previous errors
[INFO] [stdout] 
[INFO] [stdout] 
[INFO] [stdout] For more information about this error, try `rustc --explain E0554`.
[INFO] [stdout] 
[INFO] [stderr] error: could not compile `handle-bot-rust` (lib) due to 3 previous errors
[INFO] [stderr] warning: build failed, waiting for other jobs to finish...
[INFO] [stdout] error[E0554]: `#![feature]` may not be used on the beta release channel
[INFO] [stdout]  --> src/lib.rs:1:12
[INFO] [stdout]   |
[INFO] [stdout] 1 | #![feature(binary_heap_into_iter_sorted)]
[INFO] [stdout]   |            ^^^^^^^^^^^^^^^^^^^^^^^^^^^^
[INFO] [stdout] 
[INFO] [stdout] 
[INFO] [stdout] error[E0554]: `#![feature]` may not be used on the beta release channel
[INFO] [stdout]  --> src/lib.rs:2:12
[INFO] [stdout]   |
[INFO] [stdout] 2 | #![feature(drain_filter)]
[INFO] [stdout]   |            ^^^^^^^^^^^^
[INFO] [stdout] 
[INFO] [stdout] 
[INFO] [stdout] error: aborting due to 2 previous errors
[INFO] [stdout] 
[INFO] [stdout] 
[INFO] [stdout] For more information about this error, try `rustc --explain E0554`.
[INFO] [stdout] 
[INFO] [stderr] error: could not document `handle-bot-rust`
[INFO] [stderr] 
[INFO] [stderr] Caused by:
[INFO] [stderr]   process didn't exit successfully: `rustdoc --edition=2021 --crate-type lib --crate-name handle_bot_rust src/lib.rs -o /opt/rustwide/target/doc --error-format=json --json=diagnostic-rendered-ansi,artifacts,future-incompat --document-private-items -C metadata=c90173e0bf72d485 -L dependency=/opt/rustwide/target/debug/deps --extern indicatif=/opt/rustwide/target/debug/deps/libindicatif-105b39f5bcc4ddf0.rmeta --extern lazy_static=/opt/rustwide/target/debug/deps/liblazy_static-701e134f05ff346a.rmeta --extern ndarray=/opt/rustwide/target/debug/deps/libndarray-00dab72df51d9168.rmeta --extern ndarray_npy=/opt/rustwide/target/debug/deps/libndarray_npy-9b304d3097b83021.rmeta --extern ordered_float=/opt/rustwide/target/debug/deps/libordered_float-14bdab1811cedcf7.rmeta --extern pinyin=/opt/rustwide/target/debug/deps/libpinyin-186ef60575cb84b4.rmeta --extern priority_queue=/opt/rustwide/target/debug/deps/libpriority_queue-647c243428539ec6.rmeta --extern regex=/opt/rustwide/target/debug/deps/libregex-ac7b824f466be6db.rmeta --extern serde=/opt/rustwide/target/debug/deps/libserde-39591288d9cd90f4.rmeta --extern serde_json=/opt/rustwide/target/debug/deps/libserde_json-2a6f6ad026b96654.rmeta --cap-lints=warn --crate-version 0.1.0` (exit status: 1)
[INFO] running `Command { std: "docker" "inspect" "6a3b27cf7629093a408c899a3158650c490b71a8dbcf4415e0a307d6195a29d3", kill_on_drop: false }`
[INFO] running `Command { std: "docker" "rm" "-f" "6a3b27cf7629093a408c899a3158650c490b71a8dbcf4415e0a307d6195a29d3", kill_on_drop: false }`
[INFO] [stdout] 6a3b27cf7629093a408c899a3158650c490b71a8dbcf4415e0a307d6195a29d3
