[INFO] cloning repository https://github.com/asonix/telegram-event-bot
[INFO] running `Command { std: "git" "-c" "credential.helper=" "-c" "credential.helper=/workspace/cargo-home/bin/git-credential-null" "clone" "--bare" "https://github.com/asonix/telegram-event-bot" "/workspace/cache/git-repos/https%3A%2F%2Fgithub.com%2Fasonix%2Ftelegram-event-bot", kill_on_drop: false }`
[INFO] [stderr] Cloning into bare repository '/workspace/cache/git-repos/https%3A%2F%2Fgithub.com%2Fasonix%2Ftelegram-event-bot'...
[INFO] running `Command { std: "git" "rev-parse" "HEAD", kill_on_drop: false }`
[INFO] [stdout] 658121875696bd2161b22752c17bbdc13a7fb347
[INFO] documenting asonix/telegram-event-bot against 1.69.0 for beta-1.70-rustdoc-1
[INFO] running `Command { std: "git" "clone" "/workspace/cache/git-repos/https%3A%2F%2Fgithub.com%2Fasonix%2Ftelegram-event-bot" "/workspace/builds/worker-1-tc1/source", kill_on_drop: false }`
[INFO] [stderr] Cloning into '/workspace/builds/worker-1-tc1/source'...
[INFO] [stderr] done.
[INFO] validating manifest of git repo https://github.com/asonix/telegram-event-bot on toolchain 1.69.0
[INFO] running `Command { std: CARGO_HOME="/workspace/cargo-home" RUSTUP_HOME="/workspace/rustup-home" "/workspace/cargo-home/bin/cargo" "+1.69.0" "metadata" "--manifest-path" "Cargo.toml" "--no-deps", kill_on_drop: false }`
[INFO] started tweaking git repo https://github.com/asonix/telegram-event-bot
[INFO] finished tweaking git repo https://github.com/asonix/telegram-event-bot
[INFO] tweaked toml for git repo https://github.com/asonix/telegram-event-bot written to /workspace/builds/worker-1-tc1/source/Cargo.toml
[INFO] crate git repo https://github.com/asonix/telegram-event-bot already has a lockfile, it will not be regenerated
[INFO] running `Command { std: CARGO_HOME="/workspace/cargo-home" RUSTUP_HOME="/workspace/rustup-home" "/workspace/cargo-home/bin/cargo" "+1.69.0" "fetch" "--manifest-path" "Cargo.toml", kill_on_drop: false }`
[INFO] [stderr]  Downloading crates ...
[INFO] [stderr]   Downloaded erased-serde v0.3.3
[INFO] [stderr]   Downloaded hyper-multipart-rfc7578 v0.1.0-alpha3
[INFO] [stderr]   Downloaded tokio-dns-unofficial v0.1.1
[INFO] [stderr]   Downloaded backtrace v0.3.7
[INFO] [stderr]   Downloaded base64 v0.9.1
[INFO] [stderr]   Downloaded cc v1.0.15
[INFO] [stderr]   Downloaded lru-cache v0.1.1
[INFO] [stderr]   Downloaded block-cipher-trait v0.5.0
[INFO] [stderr]   Downloaded winreg v0.5.0
[INFO] [stderr]   Downloaded opaque-debug v0.1.1
[INFO] [stderr]   Downloaded linked-hash-map v0.4.2
[INFO] [stderr]   Downloaded error-chain v0.1.12
[INFO] [stderr]   Downloaded serde_derive v1.0.57
[INFO] [stderr]   Downloaded bcrypt v0.2.0
[INFO] [stderr]   Downloaded maud_htmlescape v0.17.0
[INFO] [stderr]   Downloaded maud v0.17.4
[INFO] [stderr]   Downloaded futures-state-stream v0.2.0
[INFO] [stderr]   Downloaded postgres-shared v0.4.1
[INFO] [stderr]   Downloaded telebot-derive v0.0.11
[INFO] [stderr]   Downloaded resolv-conf v0.6.0
[INFO] [stderr]   Downloaded syntex_fmt_macros v0.5.0
[INFO] [stderr]   Downloaded derive-error-chain v0.11.1
[INFO] [stderr]   Downloaded memoffset v0.1.0
[INFO] [stderr]   Downloaded hostname v0.1.4
[INFO] [stderr]   Downloaded base-x v0.2.2
[INFO] [stderr]   Downloaded skeptic v0.13.3
[INFO] [stderr]   Downloaded bytecount v0.3.1
[INFO] [stderr]   Downloaded fallible-iterator v0.1.4
[INFO] [stderr]   Downloaded actix_derive v0.2.0
[INFO] [stderr]   Downloaded same-file v1.0.2
[INFO] [stderr]   Downloaded http-range v0.1.1
[INFO] [stderr]   Downloaded literalext v0.1.1
[INFO] [stderr]   Downloaded maud_macros v0.17.4
[INFO] [stderr]   Downloaded mio-uds v0.6.6
[INFO] [stderr]   Downloaded blowfish v0.3.0
[INFO] [stderr]   Downloaded socket2 v0.3.5
[INFO] [stderr]   Downloaded parse-zoneinfo v0.1.1
[INFO] [stderr]   Downloaded uuid v0.6.3
[INFO] [stderr]   Downloaded telebot v0.2.9
[INFO] [stderr]   Downloaded dotenv v0.12.0
[INFO] [stderr]   Downloaded crossbeam-epoch v0.2.0
[INFO] [stderr]   Downloaded backtrace v0.2.3
[INFO] [stderr]   Downloaded postgres-protocol v0.3.2
[INFO] [stderr]   Downloaded crossbeam-channel v0.1.2
[INFO] [stderr]   Downloaded tokio-postgres v0.3.0
[INFO] [stderr]   Downloaded bytes v0.4.7
[INFO] [stderr]   Downloaded openssl-sys v0.9.30
[INFO] [stderr]   Downloaded trust-dns-resolver v0.8.2
[INFO] [stderr]   Downloaded serde v1.0.57
[INFO] [stderr]   Downloaded http v0.1.5
[INFO] [stderr]   Downloaded actix v0.5.7
[INFO] [stderr]   Downloaded cookie v0.10.1
[INFO] [stderr]   Downloaded syn v0.13.10
[INFO] [stderr]   Downloaded trust-dns-proto v0.3.3
[INFO] [stderr]   Downloaded actix-web v0.6.7
[INFO] [stderr]   Downloaded chrono-tz v0.4.1
[INFO] [stderr]   Downloaded walkdir v2.1.4
[INFO] [stderr]   Downloaded h2 v0.1.7
[INFO] [stderr]   Downloaded tokio-signal v0.1.5
[INFO] [stderr]   Downloaded ipconfig v0.1.6
[INFO] running `Command { std: "docker" "create" "-v" "/var/lib/crater-agent-workspace/builds/worker-1-tc1/target:/opt/rustwide/target:rw,Z" "-v" "/var/lib/crater-agent-workspace/builds/worker-1-tc1/source:/opt/rustwide/workdir:ro,Z" "-v" "/var/lib/crater-agent-workspace/cargo-home:/opt/rustwide/cargo-home:ro,Z" "-v" "/var/lib/crater-agent-workspace/rustup-home:/opt/rustwide/rustup-home:ro,Z" "-e" "SOURCE_DIR=/opt/rustwide/workdir" "-e" "CARGO_TARGET_DIR=/opt/rustwide/target" "-e" "CARGO_HOME=/opt/rustwide/cargo-home" "-e" "RUSTUP_HOME=/opt/rustwide/rustup-home" "-w" "/opt/rustwide/workdir" "-m" "1610612736" "--user" "0:0" "--network" "none" "ghcr.io/rust-lang/crates-build-env/linux@sha256:5ff2268d62e97bff2cde7d5815dd6ed5b47097566f13b8d0ca110b04b60e07ed" "/opt/rustwide/cargo-home/bin/cargo" "+1.69.0" "metadata" "--no-deps" "--format-version=1", kill_on_drop: false }`
[INFO] [stdout] 7033f000f503b8e8e42b460ee83513c6052184bb66e162ecd8b14f2676d725e3
[INFO] running `Command { std: "docker" "start" "-a" "7033f000f503b8e8e42b460ee83513c6052184bb66e162ecd8b14f2676d725e3", kill_on_drop: false }`
[INFO] running `Command { std: "docker" "inspect" "7033f000f503b8e8e42b460ee83513c6052184bb66e162ecd8b14f2676d725e3", kill_on_drop: false }`
[INFO] running `Command { std: "docker" "rm" "-f" "7033f000f503b8e8e42b460ee83513c6052184bb66e162ecd8b14f2676d725e3", kill_on_drop: false }`
[INFO] [stdout] 7033f000f503b8e8e42b460ee83513c6052184bb66e162ecd8b14f2676d725e3
[INFO] running `Command { std: "docker" "create" "-v" "/var/lib/crater-agent-workspace/builds/worker-1-tc1/target:/opt/rustwide/target:rw,Z" "-v" "/var/lib/crater-agent-workspace/builds/worker-1-tc1/source:/opt/rustwide/workdir:ro,Z" "-v" "/var/lib/crater-agent-workspace/cargo-home:/opt/rustwide/cargo-home:ro,Z" "-v" "/var/lib/crater-agent-workspace/rustup-home:/opt/rustwide/rustup-home:ro,Z" "-e" "SOURCE_DIR=/opt/rustwide/workdir" "-e" "CARGO_TARGET_DIR=/opt/rustwide/target" "-e" "CARGO_INCREMENTAL=0" "-e" "RUST_BACKTRACE=full" "-e" "RUSTFLAGS=--cap-lints=warn" "-e" "RUSTDOCFLAGS=--cap-lints=warn" "-e" "CARGO_HOME=/opt/rustwide/cargo-home" "-e" "RUSTUP_HOME=/opt/rustwide/rustup-home" "-w" "/opt/rustwide/workdir" "-m" "1610612736" "--user" "0:0" "--network" "none" "ghcr.io/rust-lang/crates-build-env/linux@sha256:5ff2268d62e97bff2cde7d5815dd6ed5b47097566f13b8d0ca110b04b60e07ed" "/opt/rustwide/cargo-home/bin/cargo" "+1.69.0" "doc" "--frozen" "--no-deps" "--document-private-items" "--message-format=json", kill_on_drop: false }`
[INFO] [stdout] 6684ef741ba55b9c8b388e08b7a0e30e0a2cf4f96d5940c7a7d67ae31d87426a
[INFO] running `Command { std: "docker" "start" "-a" "6684ef741ba55b9c8b388e08b7a0e30e0a2cf4f96d5940c7a7d67ae31d87426a", kill_on_drop: false }`
[INFO] [stderr]     Checking libc v0.2.40
[INFO] [stderr]     Checking cfg-if v0.1.3
[INFO] [stderr]    Compiling cc v1.0.15
[INFO] [stderr]     Checking byteorder v1.2.3
[INFO] [stderr]     Checking futures v0.1.21
[INFO] [stderr]     Checking lazy_static v1.0.0
[INFO] [stderr]     Checking nodrop v0.1.12
[INFO] [stderr]     Checking lazycell v0.6.0
[INFO] [stderr]    Compiling serde v1.0.57
[INFO] [stderr]    Compiling winapi-build v0.1.1
[INFO] [stderr]     Checking encoding_index_tests v0.1.4
[INFO] [stderr]    Compiling proc-macro2 v0.3.8
[INFO] [stderr]     Checking unicode-normalization v0.1.7
[INFO] [stderr]     Checking log v0.4.1
[INFO] [stderr]     Checking crossbeam-utils v0.3.2
[INFO] [stderr]     Checking arrayvec v0.4.7
[INFO] [stderr]     Checking lazy_static v0.2.11
[INFO] [stderr]     Checking rustc-demangle v0.1.8
[INFO] [stderr]     Checking generic-array v0.9.0
[INFO] [stderr]    Compiling crossbeam-utils v0.2.2
[INFO] [stderr]    Compiling scopeguard v0.3.3
[INFO] [stderr]    Compiling dbghelp-sys v0.2.0
[INFO] [stderr]    Compiling memoffset v0.2.1
[INFO] [stderr]    Compiling syn v0.11.11
[INFO] [stderr]    Compiling kernel32-sys v0.2.2
[INFO] [stderr]     Checking iovec v0.1.2
[INFO] [stderr]     Checking rand v0.4.2
[INFO] [stderr]     Checking net2 v0.2.32
[INFO] [stderr]     Checking crossbeam-epoch v0.4.1
[INFO] [stderr]     Checking bytes v0.4.7
[INFO] [stderr]     Checking num_cpus v1.8.0
[INFO] [stderr]    Compiling quote v0.5.2
[INFO] [stderr]     Checking time v0.1.40
[INFO] [stderr]    Compiling crossbeam-epoch v0.3.1
[INFO] [stderr]     Checking mio v0.6.14
[INFO] [stderr]     Checking encoding-index-simpchinese v1.20141219.5
[INFO] [stderr]     Checking encoding-index-tradchinese v1.20141219.5
[INFO] [stderr]     Checking crossbeam-deque v0.3.1
[INFO] [stderr]    Compiling syn v0.13.10
[INFO] [stderr]     Checking encoding-index-japanese v1.20141219.5
[INFO] [stderr]     Checking encoding-index-korean v1.20141219.5
[INFO] [stderr]     Checking encoding-index-singlebyte v1.20141219.5
[INFO] [stderr]     Checking winapi v0.2.8
[INFO] [stderr]    Compiling pkg-config v0.3.11
[INFO] [stderr]    Compiling rayon-core v1.4.0
[INFO] [stderr]     Checking rand v0.3.22
[INFO] [stderr]    Compiling crossbeam-deque v0.2.0
[INFO] [stderr]     Checking idna v0.1.4
[INFO] [stderr]    Compiling backtrace-sys v0.1.16
[INFO] [stderr]     Checking byte-tools v0.2.0
[INFO] [stderr]     Checking encoding v0.2.33
[INFO] [stderr]     Checking tokio-executor v0.1.2
[INFO] [stderr]     Checking tokio-io v0.1.6
[INFO] [stderr]     Checking futures-cpupool v0.1.8
[INFO] [stderr]    Compiling dtoa v0.4.2
[INFO] [stderr]    Compiling num-traits v0.2.4
[INFO] [stderr]    Compiling backtrace v0.2.3
[INFO] [stderr]    Compiling pulldown-cmark v0.1.2
[INFO] [stderr]     Checking tokio-threadpool v0.1.3
[INFO] [stderr]     Checking tokio-timer v0.2.3
[INFO] [stderr]    Compiling void v1.0.2
[INFO] [stderr]    Compiling itoa v0.4.1
[INFO] [stderr]     Checking tokio-reactor v0.1.1
[INFO] [stderr]    Compiling openssl-sys v0.9.30
[INFO] [stderr]    Compiling unreachable v1.0.0
[INFO] [stderr]     Checking mime v0.3.7
[INFO] [stderr]    Compiling memchr v2.0.1
[INFO] [stderr]     Checking log v0.3.9
[INFO] [stderr]     Checking base64 v0.9.1
[INFO] [stderr]    Compiling remove_dir_all v0.5.1
[INFO] [stderr]    Compiling num-integer v0.1.38
[INFO] [stderr]    Compiling regex v0.2.11
[INFO] [stderr]    Compiling ucd-util v0.1.1
[INFO] [stderr]     Checking quick-error v1.2.1
[INFO] [stderr]     Checking tokio-udp v0.1.0
[INFO] [stderr]     Checking tokio-tcp v0.1.0
[INFO] [stderr]    Compiling same-file v1.0.2
[INFO] [stderr]    Compiling bitflags v0.9.1
[INFO] [stderr]    Compiling regex-syntax v0.5.6
[INFO] [stderr]    Compiling walkdir v2.1.4
[INFO] [stderr]    Compiling synstructure v0.6.1
[INFO] [stderr]    Compiling rayon v0.8.2
[INFO] [stderr]    Compiling tempdir v0.3.7
[INFO] [stderr]     Checking url v1.7.0
[INFO] [stderr]     Checking tokio-fs v0.1.0
[INFO] [stderr]     Checking tokio v0.1.6
[INFO] [stderr] The following warnings were emitted during compilation:
[INFO] [stderr] 
[INFO] [stderr] warning: /opt/rustwide/target/debug/build/openssl-sys-5bc051991b69af3d/out/expando.c:4:24: error: pasting "RUST_VERSION_OPENSSL_" and "(" does not give a valid preprocessing token
[INFO] [stderr] warning:     4 | #define VERSION2(n, v) RUST_VERSION_ ## n ## _ ## v
[INFO] [stderr] warning:       |                        ^~~~~~~~~~~~~
[INFO] [stderr] warning: /opt/rustwide/target/debug/build/openssl-sys-5bc051991b69af3d/out/expando.c:5:23: note: in expansion of macro 'VERSION2'
[INFO] [stderr] warning:     5 | #define VERSION(n, v) VERSION2(n, v)
[INFO] [stderr] warning:       |                       ^~~~~~~~
[INFO] [stderr] warning: /opt/rustwide/target/debug/build/openssl-sys-5bc051991b69af3d/out/expando.c:7:1: note: in expansion of macro 'VERSION'
[INFO] [stderr] warning:     7 | VERSION(OPENSSL, OPENSSL_VERSION_NUMBER)
[INFO] [stderr] warning:       | ^~~~~~~
[INFO] [stderr] 
[INFO] [stderr] error: failed to run custom build command for `openssl-sys v0.9.30`
[INFO] [stderr] note: To improve backtraces for build dependencies, set the CARGO_PROFILE_DEV_BUILD_OVERRIDE_DEBUG=true environment variable to enable debug information generation.
[INFO] [stderr] 
[INFO] [stderr] Caused by:
[INFO] [stderr]   process didn't exit successfully: `/opt/rustwide/target/debug/build/openssl-sys-e73585d94ceaee3f/build-script-build` (exit status: 101)
[INFO] [stderr]   --- stdout
[INFO] [stderr]   cargo:rerun-if-env-changed=X86_64_UNKNOWN_LINUX_GNU_OPENSSL_LIB_DIR
[INFO] [stderr]   cargo:rerun-if-env-changed=OPENSSL_LIB_DIR
[INFO] [stderr]   cargo:rerun-if-env-changed=X86_64_UNKNOWN_LINUX_GNU_OPENSSL_INCLUDE_DIR
[INFO] [stderr]   cargo:rerun-if-env-changed=OPENSSL_INCLUDE_DIR
[INFO] [stderr]   cargo:rerun-if-env-changed=X86_64_UNKNOWN_LINUX_GNU_OPENSSL_DIR
[INFO] [stderr]   cargo:rerun-if-env-changed=OPENSSL_DIR
[INFO] [stderr]   cargo:rustc-link-lib=ssl
[INFO] [stderr]   cargo:rustc-link-lib=crypto
[INFO] [stderr]   OPT_LEVEL = Some("0")
[INFO] [stderr]   TARGET = Some("x86_64-unknown-linux-gnu")
[INFO] [stderr]   HOST = Some("x86_64-unknown-linux-gnu")
[INFO] [stderr]   TARGET = Some("x86_64-unknown-linux-gnu")
[INFO] [stderr]   TARGET = Some("x86_64-unknown-linux-gnu")
[INFO] [stderr]   HOST = Some("x86_64-unknown-linux-gnu")
[INFO] [stderr]   CC_x86_64-unknown-linux-gnu = None
[INFO] [stderr]   CC_x86_64_unknown_linux_gnu = None
[INFO] [stderr]   HOST_CC = None
[INFO] [stderr]   CC = None
[INFO] [stderr]   HOST = Some("x86_64-unknown-linux-gnu")
[INFO] [stderr]   TARGET = Some("x86_64-unknown-linux-gnu")
[INFO] [stderr]   HOST = Some("x86_64-unknown-linux-gnu")
[INFO] [stderr]   CFLAGS_x86_64-unknown-linux-gnu = None
[INFO] [stderr]   CFLAGS_x86_64_unknown_linux_gnu = None
[INFO] [stderr]   HOST_CFLAGS = None
[INFO] [stderr]   CFLAGS = None
[INFO] [stderr]   DEBUG = Some("true")
[INFO] [stderr]   running: "cc" "-O0" "-ffunction-sections" "-fdata-sections" "-fPIC" "-g" "-m64" "-Wall" "-Wextra" "-E" "/opt/rustwide/target/debug/build/openssl-sys-5bc051991b69af3d/out/expando.c"
[INFO] [stderr]   cargo:warning=/opt/rustwide/target/debug/build/openssl-sys-5bc051991b69af3d/out/expando.c:4:24: error: pasting "RUST_VERSION_OPENSSL_" and "(" does not give a valid preprocessing token
[INFO] [stderr]   cargo:warning=    4 | #define VERSION2(n, v) RUST_VERSION_ ## n ## _ ## v
[INFO] [stderr]   cargo:warning=      |                        ^~~~~~~~~~~~~
[INFO] [stderr]   cargo:warning=/opt/rustwide/target/debug/build/openssl-sys-5bc051991b69af3d/out/expando.c:5:23: note: in expansion of macro 'VERSION2'
[INFO] [stderr]   cargo:warning=    5 | #define VERSION(n, v) VERSION2(n, v)
[INFO] [stderr]   cargo:warning=      |                       ^~~~~~~~
[INFO] [stderr]   cargo:warning=/opt/rustwide/target/debug/build/openssl-sys-5bc051991b69af3d/out/expando.c:7:1: note: in expansion of macro 'VERSION'
[INFO] [stderr]   cargo:warning=    7 | VERSION(OPENSSL, OPENSSL_VERSION_NUMBER)
[INFO] [stderr]   cargo:warning=      | ^~~~~~~
[INFO] [stderr]   exit status: 1
[INFO] [stderr] 
[INFO] [stderr]   --- stderr
[INFO] [stderr]   thread 'main' panicked at '
[INFO] [stderr]   Header expansion error:
[INFO] [stderr]   Error { kind: ToolExecError, message: "Command \"cc\" \"-O0\" \"-ffunction-sections\" \"-fdata-sections\" \"-fPIC\" \"-g\" \"-m64\" \"-Wall\" \"-Wextra\" \"-E\" \"/opt/rustwide/target/debug/build/openssl-sys-5bc051991b69af3d/out/expando.c\" with args \"cc\" did not execute successfully (status code exit status: 1)." }
[INFO] [stderr] 
[INFO] [stderr]   Failed to find OpenSSL development headers.
[INFO] [stderr] 
[INFO] [stderr]   You can try fixing this setting the `OPENSSL_DIR` environment variable
[INFO] [stderr]   pointing to your OpenSSL installation or installing OpenSSL headers package
[INFO] [stderr]   specific to your distribution:
[INFO] [stderr] 
[INFO] [stderr]       # On Ubuntu
[INFO] [stderr]       sudo apt-get install libssl-dev
[INFO] [stderr]       # On Arch Linux
[INFO] [stderr]       sudo pacman -S openssl
[INFO] [stderr]       # On Fedora
[INFO] [stderr]       sudo dnf install openssl-devel
[INFO] [stderr] 
[INFO] [stderr]   See rust-openssl README for more information:
[INFO] [stderr] 
[INFO] [stderr]       https://github.com/sfackler/rust-openssl#linux
[INFO] [stderr]   ', /opt/rustwide/cargo-home/registry/src/github.com-1ecc6299db9ec823/openssl-sys-0.9.30/build.rs:359:13
[INFO] [stderr]   stack backtrace:
[INFO] [stderr]      0:     0x5613206e626a - std::backtrace_rs::backtrace::libunwind::trace::ha9053a9a07ca49cb
[INFO] [stderr]                                  at /rustc/84c898d65adf2f39a5a98507f1fe0ce10a2b8dbc/library/std/src/../../backtrace/src/backtrace/libunwind.rs:93:5
[INFO] [stderr]      1:     0x5613206e626a - std::backtrace_rs::backtrace::trace_unsynchronized::h9c2852a457ad564e
[INFO] [stderr]                                  at /rustc/84c898d65adf2f39a5a98507f1fe0ce10a2b8dbc/library/std/src/../../backtrace/src/backtrace/mod.rs:66:5
[INFO] [stderr]      2:     0x5613206e626a - std::sys_common::backtrace::_print_fmt::h457936fbfaa0070f
[INFO] [stderr]                                  at /rustc/84c898d65adf2f39a5a98507f1fe0ce10a2b8dbc/library/std/src/sys_common/backtrace.rs:65:5
[INFO] [stderr]      3:     0x5613206e626a - <std::sys_common::backtrace::_print::DisplayBacktrace as core::fmt::Display>::fmt::h5779d7bf7f70cb0c
[INFO] [stderr]                                  at /rustc/84c898d65adf2f39a5a98507f1fe0ce10a2b8dbc/library/std/src/sys_common/backtrace.rs:44:22
[INFO] [stderr]      4:     0x56132070637e - core::fmt::write::h5a4baaff1bcd3eb5
[INFO] [stderr]                                  at /rustc/84c898d65adf2f39a5a98507f1fe0ce10a2b8dbc/library/core/src/fmt/mod.rs:1232:17
[INFO] [stderr]      5:     0x5613206e3745 - std::io::Write::write_fmt::h4bc1f301cb9e9cce
[INFO] [stderr]                                  at /rustc/84c898d65adf2f39a5a98507f1fe0ce10a2b8dbc/library/std/src/io/mod.rs:1684:15
[INFO] [stderr]      6:     0x5613206e6035 - std::sys_common::backtrace::_print::h5fcdc36060f177e8
[INFO] [stderr]                                  at /rustc/84c898d65adf2f39a5a98507f1fe0ce10a2b8dbc/library/std/src/sys_common/backtrace.rs:47:5
[INFO] [stderr]      7:     0x5613206e6035 - std::sys_common::backtrace::print::h54ca9458b876c8bf
[INFO] [stderr]                                  at /rustc/84c898d65adf2f39a5a98507f1fe0ce10a2b8dbc/library/std/src/sys_common/backtrace.rs:34:9
[INFO] [stderr]      8:     0x5613206e7a0f - std::panicking::default_hook::{{closure}}::hbe471161c7664ed6
[INFO] [stderr]                                  at /rustc/84c898d65adf2f39a5a98507f1fe0ce10a2b8dbc/library/std/src/panicking.rs:271:22
[INFO] [stderr]      9:     0x5613206e774b - std::panicking::default_hook::ha3500da57aa4ac4f
[INFO] [stderr]                                  at /rustc/84c898d65adf2f39a5a98507f1fe0ce10a2b8dbc/library/std/src/panicking.rs:290:9
[INFO] [stderr]     10:     0x5613206e7fb8 - std::panicking::rust_panic_with_hook::h50c09d000dc561d2
[INFO] [stderr]                                  at /rustc/84c898d65adf2f39a5a98507f1fe0ce10a2b8dbc/library/std/src/panicking.rs:692:13
[INFO] [stderr]     11:     0x5613206e7eb9 - std::panicking::begin_panic_handler::{{closure}}::h9e2b2176e00e0d9c
[INFO] [stderr]                                  at /rustc/84c898d65adf2f39a5a98507f1fe0ce10a2b8dbc/library/std/src/panicking.rs:583:13
[INFO] [stderr]     12:     0x5613206e66d6 - std::sys_common::backtrace::__rust_end_short_backtrace::h5739b8e512c09d02
[INFO] [stderr]                                  at /rustc/84c898d65adf2f39a5a98507f1fe0ce10a2b8dbc/library/std/src/sys_common/backtrace.rs:150:18
[INFO] [stderr]     13:     0x5613206e7bc2 - rust_begin_unwind
[INFO] [stderr]                                  at /rustc/84c898d65adf2f39a5a98507f1fe0ce10a2b8dbc/library/std/src/panicking.rs:579:5
[INFO] [stderr]     14:     0x5613206677c3 - core::panicking::panic_fmt::hf33a1475b4dc5c3e
[INFO] [stderr]                                  at /rustc/84c898d65adf2f39a5a98507f1fe0ce10a2b8dbc/library/core/src/panicking.rs:64:14
[INFO] [stderr]     15:     0x56132066c1df - build_script_build::validate_headers::h3d11846dc948ee3d
[INFO] [stderr]     16:     0x56132066b8b0 - build_script_build::try_pkg_config::h254b6a96e84d078d
[INFO] [stderr]     17:     0x56132066a8f6 - build_script_build::find_openssl_dir::h256cbaa34cb05971
[INFO] [stderr]     18:     0x56132066a718 - build_script_build::main::{{closure}}::h318d911c8bd20d5b
[INFO] [stderr]     19:     0x56132067309a - core::option::Option<T>::unwrap_or_else::hf2cef39c8dadffb1
[INFO] [stderr]     20:     0x5613206697d4 - build_script_build::main::hac76a773e2a52912
[INFO] [stderr]     21:     0x56132066ff03 - core::ops::function::FnOnce::call_once::h7918d79aab718c52
[INFO] [stderr]     22:     0x5613206754d9 - std::sys_common::backtrace::__rust_begin_short_backtrace::hec50cf894a16145a
[INFO] [stderr]     23:     0x561320672d49 - std::rt::lang_start::{{closure}}::h9e00e21d6bc00032
[INFO] [stderr]     24:     0x5613206e022c - core::ops::function::impls::<impl core::ops::function::FnOnce<A> for &F>::call_once::hd6efcd3bec896f2c
[INFO] [stderr]                                  at /rustc/84c898d65adf2f39a5a98507f1fe0ce10a2b8dbc/library/core/src/ops/function.rs:287:13
[INFO] [stderr]     25:     0x5613206e022c - std::panicking::try::do_call::hce04e543bb1f4cbb
[INFO] [stderr]                                  at /rustc/84c898d65adf2f39a5a98507f1fe0ce10a2b8dbc/library/std/src/panicking.rs:487:40
[INFO] [stderr]     26:     0x5613206e022c - std::panicking::try::h3342dd4e1f680968
[INFO] [stderr]                                  at /rustc/84c898d65adf2f39a5a98507f1fe0ce10a2b8dbc/library/std/src/panicking.rs:451:19
[INFO] [stderr]     27:     0x5613206e022c - std::panic::catch_unwind::h148ce1e59ac0cee7
[INFO] [stderr]                                  at /rustc/84c898d65adf2f39a5a98507f1fe0ce10a2b8dbc/library/std/src/panic.rs:140:14
[INFO] [stderr]     28:     0x5613206e022c - std::rt::lang_start_internal::{{closure}}::h25f9dda2057a67fe
[INFO] [stderr]                                  at /rustc/84c898d65adf2f39a5a98507f1fe0ce10a2b8dbc/library/std/src/rt.rs:148:48
[INFO] [stderr]     29:     0x5613206e022c - std::panicking::try::do_call::h7caaaeaf9401650b
[INFO] [stderr]                                  at /rustc/84c898d65adf2f39a5a98507f1fe0ce10a2b8dbc/library/std/src/panicking.rs:487:40
[INFO] [stderr]     30:     0x5613206e022c - std::panicking::try::he7d15285746cbbc2
[INFO] [stderr]                                  at /rustc/84c898d65adf2f39a5a98507f1fe0ce10a2b8dbc/library/std/src/panicking.rs:451:19
[INFO] [stderr]     31:     0x5613206e022c - std::panic::catch_unwind::h89fb4f50c0301fe0
[INFO] [stderr]                                  at /rustc/84c898d65adf2f39a5a98507f1fe0ce10a2b8dbc/library/std/src/panic.rs:140:14
[INFO] [stderr]     32:     0x5613206e022c - std::rt::lang_start_internal::h078acd489417d3c1
[INFO] [stderr]                                  at /rustc/84c898d65adf2f39a5a98507f1fe0ce10a2b8dbc/library/std/src/rt.rs:148:20
[INFO] [stderr]     33:     0x561320672d27 - std::rt::lang_start::h33de85d91a32d58c
[INFO] [stderr]     34:     0x56132066de75 - main
[INFO] [stderr]     35:     0x7f1be12e9d90 - <unknown>
[INFO] [stderr]     36:     0x7f1be12e9e40 - __libc_start_main
[INFO] [stderr]     37:     0x561320667d45 - _start
[INFO] [stderr]     38:                0x0 - <unknown>
[INFO] [stderr] warning: build failed, waiting for other jobs to finish...
[INFO] [stdout] error[E0713]: borrow may still be in use when destructor runs
[INFO] [stdout]    --> /opt/rustwide/cargo-home/registry/src/github.com-1ecc6299db9ec823/url-1.7.0/src/form_urlencoded.rs:261:40
[INFO] [stdout]     |
[INFO] [stdout] 259 | impl<'a> Target for ::UrlQuery<'a> {
[INFO] [stdout]     |      -- lifetime `'a` defined here
[INFO] [stdout] 260 |     fn as_mut_string(&mut self) -> &mut String { &mut self.url.serialization }
[INFO] [stdout] 261 |     fn finish(self) -> &'a mut ::Url { self.url }
[INFO] [stdout]     |                                        ^^^^^^^^ - here, drop of `self` needs exclusive access to `*self.url`, because the type `UrlQuery<'_>` implements the `Drop` trait
[INFO] [stdout]     |                                        |
[INFO] [stdout]     |                                        returning this value requires that `*self.url` is borrowed for `'a`
[INFO] [stdout] 
[INFO] [stdout] 
[INFO] [stdout] error: aborting due to previous error
[INFO] [stdout] 
[INFO] [stdout] 
[INFO] [stdout] For more information about this error, try `rustc --explain E0713`.
[INFO] [stdout] 
[INFO] [stderr] error: could not compile `url` due to 2 previous errors
[INFO] running `Command { std: "docker" "inspect" "6684ef741ba55b9c8b388e08b7a0e30e0a2cf4f96d5940c7a7d67ae31d87426a", kill_on_drop: false }`
[INFO] running `Command { std: "docker" "rm" "-f" "6684ef741ba55b9c8b388e08b7a0e30e0a2cf4f96d5940c7a7d67ae31d87426a", kill_on_drop: false }`
[INFO] [stdout] 6684ef741ba55b9c8b388e08b7a0e30e0a2cf4f96d5940c7a7d67ae31d87426a
