[INFO] cloning repository https://github.com/archerfeel/azeroth-vm
[INFO] running `Command { std: "git" "-c" "credential.helper=" "-c" "credential.helper=/workspace/cargo-home/bin/git-credential-null" "clone" "--bare" "https://github.com/archerfeel/azeroth-vm" "/workspace/cache/git-repos/https%3A%2F%2Fgithub.com%2Farcherfeel%2Fazeroth-vm", kill_on_drop: false }`
[INFO] [stderr] Cloning into bare repository '/workspace/cache/git-repos/https%3A%2F%2Fgithub.com%2Farcherfeel%2Fazeroth-vm'...
[INFO] running `Command { std: "git" "rev-parse" "HEAD", kill_on_drop: false }`
[INFO] [stdout] 30a4cbabf144cec914b5b5aa15bfa78d34da6af4
[INFO] documenting archerfeel/azeroth-vm against beta-2023-04-20 for beta-1.70-rustdoc-1
[INFO] running `Command { std: "git" "clone" "/workspace/cache/git-repos/https%3A%2F%2Fgithub.com%2Farcherfeel%2Fazeroth-vm" "/workspace/builds/worker-5-tc2/source", kill_on_drop: false }`
[INFO] [stderr] Cloning into '/workspace/builds/worker-5-tc2/source'...
[INFO] [stderr] done.
[INFO] validating manifest of git repo https://github.com/archerfeel/azeroth-vm on toolchain beta-2023-04-20
[INFO] running `Command { std: CARGO_HOME="/workspace/cargo-home" RUSTUP_HOME="/workspace/rustup-home" "/workspace/cargo-home/bin/cargo" "+beta-2023-04-20" "metadata" "--manifest-path" "Cargo.toml" "--no-deps", kill_on_drop: false }`
[INFO] started tweaking git repo https://github.com/archerfeel/azeroth-vm
[INFO] finished tweaking git repo https://github.com/archerfeel/azeroth-vm
[INFO] tweaked toml for git repo https://github.com/archerfeel/azeroth-vm written to /workspace/builds/worker-5-tc2/source/Cargo.toml
[INFO] running `Command { std: CARGO_HOME="/workspace/cargo-home" RUSTUP_HOME="/workspace/rustup-home" __CARGO_TEST_CHANNEL_OVERRIDE_DO_NOT_USE_THIS="nightly" "/workspace/cargo-home/bin/cargo" "+beta-2023-04-20" "generate-lockfile" "--manifest-path" "Cargo.toml" "-Zno-index-update", kill_on_drop: false }`
[INFO] running `Command { std: CARGO_HOME="/workspace/cargo-home" RUSTUP_HOME="/workspace/rustup-home" "/workspace/cargo-home/bin/cargo" "+beta-2023-04-20" "fetch" "--manifest-path" "Cargo.toml", kill_on_drop: false }`
[INFO] [stderr]     Blocking waiting for file lock on package cache
[INFO] [stderr]  Downloading crates ...
[INFO] [stderr]   Downloaded chashmap v2.2.2
[INFO] [stderr]   Downloaded ucd-util v0.1.10
[INFO] [stderr]   Downloaded zip v0.3.3
[INFO] running `Command { std: "docker" "create" "-v" "/var/lib/crater-agent-workspace/builds/worker-5-tc2/target:/opt/rustwide/target:rw,Z" "-v" "/var/lib/crater-agent-workspace/builds/worker-5-tc2/source:/opt/rustwide/workdir:ro,Z" "-v" "/var/lib/crater-agent-workspace/cargo-home:/opt/rustwide/cargo-home:ro,Z" "-v" "/var/lib/crater-agent-workspace/rustup-home:/opt/rustwide/rustup-home:ro,Z" "-e" "SOURCE_DIR=/opt/rustwide/workdir" "-e" "CARGO_TARGET_DIR=/opt/rustwide/target" "-e" "CARGO_HOME=/opt/rustwide/cargo-home" "-e" "RUSTUP_HOME=/opt/rustwide/rustup-home" "-w" "/opt/rustwide/workdir" "-m" "1610612736" "--user" "0:0" "--network" "none" "ghcr.io/rust-lang/crates-build-env/linux@sha256:5ff2268d62e97bff2cde7d5815dd6ed5b47097566f13b8d0ca110b04b60e07ed" "/opt/rustwide/cargo-home/bin/cargo" "+beta-2023-04-20" "metadata" "--no-deps" "--format-version=1", kill_on_drop: false }`
[INFO] [stdout] c4287c0cd8fc8f29e84f53d0f4f0ac8945971a96eb00936e90dfc6900a8cc011
[INFO] running `Command { std: "docker" "start" "-a" "c4287c0cd8fc8f29e84f53d0f4f0ac8945971a96eb00936e90dfc6900a8cc011", kill_on_drop: false }`
[INFO] running `Command { std: "docker" "inspect" "c4287c0cd8fc8f29e84f53d0f4f0ac8945971a96eb00936e90dfc6900a8cc011", kill_on_drop: false }`
[INFO] running `Command { std: "docker" "rm" "-f" "c4287c0cd8fc8f29e84f53d0f4f0ac8945971a96eb00936e90dfc6900a8cc011", kill_on_drop: false }`
[INFO] [stdout] c4287c0cd8fc8f29e84f53d0f4f0ac8945971a96eb00936e90dfc6900a8cc011
[INFO] running `Command { std: "docker" "create" "-v" "/var/lib/crater-agent-workspace/builds/worker-5-tc2/target:/opt/rustwide/target:rw,Z" "-v" "/var/lib/crater-agent-workspace/builds/worker-5-tc2/source:/opt/rustwide/workdir:ro,Z" "-v" "/var/lib/crater-agent-workspace/cargo-home:/opt/rustwide/cargo-home:ro,Z" "-v" "/var/lib/crater-agent-workspace/rustup-home:/opt/rustwide/rustup-home:ro,Z" "-e" "SOURCE_DIR=/opt/rustwide/workdir" "-e" "CARGO_TARGET_DIR=/opt/rustwide/target" "-e" "CARGO_INCREMENTAL=0" "-e" "RUST_BACKTRACE=full" "-e" "RUSTFLAGS=--cap-lints=warn" "-e" "RUSTDOCFLAGS=--cap-lints=warn" "-e" "CARGO_HOME=/opt/rustwide/cargo-home" "-e" "RUSTUP_HOME=/opt/rustwide/rustup-home" "-w" "/opt/rustwide/workdir" "-m" "1610612736" "--user" "0:0" "--network" "none" "ghcr.io/rust-lang/crates-build-env/linux@sha256:5ff2268d62e97bff2cde7d5815dd6ed5b47097566f13b8d0ca110b04b60e07ed" "/opt/rustwide/cargo-home/bin/cargo" "+beta-2023-04-20" "doc" "--frozen" "--no-deps" "--document-private-items" "--message-format=json", kill_on_drop: false }`
[INFO] [stdout] a1ad223f7e5ab9e925c378c3a43f749ec6461d9992081305be7aec38f8386405
[INFO] running `Command { std: "docker" "start" "-a" "a1ad223f7e5ab9e925c378c3a43f749ec6461d9992081305be7aec38f8386405", kill_on_drop: false }`
[INFO] [stderr]    Compiling libc v0.2.142
[INFO] [stderr]    Compiling cc v1.0.79
[INFO] [stderr]    Compiling pkg-config v0.3.26
[INFO] [stderr]    Compiling memchr v2.5.0
[INFO] [stderr]     Checking stable_deref_trait v1.2.0
[INFO] [stderr]    Compiling regex v0.2.11
[INFO] [stderr]    Compiling log v0.4.17
[INFO] [stderr]     Checking ucd-util v0.1.10
[INFO] [stderr]     Checking utf8-ranges v1.0.5
[INFO] [stderr]     Checking podio v0.1.7
[INFO] [stderr]     Checking base64 v0.11.0
[INFO] [stderr]     Checking miniz_oxide v0.7.1
[INFO] [stderr]     Checking azeroth-jni v0.1.0 (/opt/rustwide/workdir/jni)
[INFO] [stderr]     Checking argparse v0.2.2
[INFO] [stderr]     Checking smallvec v0.6.14
[INFO] [stderr]     Checking owning_ref v0.3.3
[INFO] [stderr]     Checking regex-syntax v0.5.6
[INFO] [stderr]     Checking flate2 v1.0.26
[INFO] [stderr]     Checking aho-corasick v0.6.10
[INFO] [stderr]    Compiling bzip2-sys v0.1.11+1.0.8
[INFO] [stderr]    Compiling libloading v0.5.2
[INFO] [stderr]     Checking rand v0.4.6
[INFO] [stderr]     Checking time v0.1.45
[INFO] [stderr]     Checking msdos_time v0.1.6
[INFO] [stderr]     Checking parking_lot_core v0.2.14
[INFO] [stderr]     Checking parking_lot v0.4.8
[INFO] [stderr]     Checking bzip2 v0.3.3
[INFO] [stderr]     Checking chashmap v2.2.2
[INFO] [stderr]     Checking zip v0.3.3
[INFO] [stderr]  Documenting azeroth-vm v0.1.0 (/opt/rustwide/workdir)
[INFO] [stderr]     Checking azeroth-vm v0.1.0 (/opt/rustwide/workdir)
[INFO] [stdout] warning: unused import: `crate::gc`
[INFO] [stdout]  --> src/mem/heap.rs:1:5
[INFO] [stdout]   |
[INFO] [stdout] 1 | use crate::gc;
[INFO] [stdout]   |     ^^^^^^^^^
[INFO] [stdout]   |
[INFO] [stdout]   = note: `#[warn(unused_imports)]` on by default
[INFO] [stdout] 
[INFO] [stdout] 
[INFO] [stdout] warning: unused import: `std::thread::Thread`
[INFO] [stdout]   --> src/interpreter/mod.rs:11:5
[INFO] [stdout]    |
[INFO] [stdout] 11 | use std::thread::Thread;
[INFO] [stdout]    |     ^^^^^^^^^^^^^^^^^^^
[INFO] [stdout] 
[INFO] [stdout] 
[INFO] [stdout] error[E0554]: `#![feature]` may not be used on the beta release channel
[INFO] [stdout]  --> src/lib.rs:1:12
[INFO] [stdout]   |
[INFO] [stdout] 1 | #![feature(weak_into_raw)]
[INFO] [stdout]   |            ^^^^^^^^^^^^^
[INFO] [stdout] 
[INFO] [stdout] 
[INFO] [stdout] error[E0554]: `#![feature]` may not be used on the beta release channel
[INFO] [stdout]  --> src/lib.rs:2:12
[INFO] [stdout]   |
[INFO] [stdout] 2 | #![feature(map_first_last)]
[INFO] [stdout]   |            ^^^^^^^^^^^^^^
[INFO] [stdout] 
[INFO] [stdout] 
[INFO] [stdout] warning: the feature `map_first_last` has been stable since 1.66.0 and no longer requires an attribute to enable
[INFO] [stdout]  --> src/lib.rs:2:12
[INFO] [stdout]   |
[INFO] [stdout] 2 | #![feature(map_first_last)]
[INFO] [stdout]   |            ^^^^^^^^^^^^^^
[INFO] [stdout]   |
[INFO] [stdout]   = note: `#[warn(stable_features)]` on by default
[INFO] [stdout] 
[INFO] [stdout] 
[INFO] [stdout] warning: the feature `weak_into_raw` has been stable since 1.45.0 and no longer requires an attribute to enable
[INFO] [stdout]  --> src/lib.rs:1:12
[INFO] [stdout]   |
[INFO] [stdout] 1 | #![feature(weak_into_raw)]
[INFO] [stdout]   |            ^^^^^^^^^^^^^
[INFO] [stdout] 
[INFO] [stdout] 
[INFO] [stdout] error[E0554]: `#![feature]` may not be used on the beta release channel
[INFO] [stdout]  --> src/lib.rs:1:12
[INFO] [stdout]   |
[INFO] [stdout] 1 | #![feature(weak_into_raw)]
[INFO] [stdout]   |            ^^^^^^^^^^^^^
[INFO] [stdout] 
[INFO] [stdout] 
[INFO] [stdout] error[E0554]: `#![feature]` may not be used on the beta release channel
[INFO] [stdout]  --> src/lib.rs:2:12
[INFO] [stdout]   |
[INFO] [stdout] 2 | #![feature(map_first_last)]
[INFO] [stdout]   |            ^^^^^^^^^^^^^^
[INFO] [stdout] 
[INFO] [stdout] 
[INFO] [stdout] error: aborting due to 2 previous errors
[INFO] [stdout] 
[INFO] [stdout] 
[INFO] [stdout] For more information about this error, try `rustc --explain E0554`.
[INFO] [stdout] 
[INFO] [stderr] error: could not document `azeroth-vm`
[INFO] [stderr] 
[INFO] [stderr] Caused by:
[INFO] [stderr]   process didn't exit successfully: `rustdoc --edition=2018 --crate-type lib --crate-name azerothvm src/lib.rs -o /opt/rustwide/target/doc --error-format=json --json=diagnostic-rendered-ansi,artifacts,future-incompat --document-private-items -C metadata=2b0b960eb5f9f176 -L dependency=/opt/rustwide/target/debug/deps --extern argparse=/opt/rustwide/target/debug/deps/libargparse-20e69d72cb965c25.rmeta --extern azeroth_jni=/opt/rustwide/target/debug/deps/libazeroth_jni-95952e3a89b7ccc7.rmeta --extern base64=/opt/rustwide/target/debug/deps/libbase64-57b702fe8d7b773a.rmeta --extern chashmap=/opt/rustwide/target/debug/deps/libchashmap-a2665a123d847df3.rmeta --extern lazy_static=/opt/rustwide/target/debug/deps/liblazy_static-701e134f05ff346a.rmeta --extern libloading=/opt/rustwide/target/debug/deps/liblibloading-c88a4cf049fdc55c.rmeta --extern log=/opt/rustwide/target/debug/deps/liblog-3e075563a9423780.rmeta --extern regex=/opt/rustwide/target/debug/deps/libregex-3d9ec37857617634.rmeta --extern zip=/opt/rustwide/target/debug/deps/libzip-ed18fa738746c680.rmeta --cap-lints=warn --crate-version 0.1.0` (exit status: 1)
[INFO] [stderr] warning: build failed, waiting for other jobs to finish...
[INFO] [stdout] error: aborting due to 2 previous errors; 4 warnings emitted
[INFO] [stdout] 
[INFO] [stdout] 
[INFO] [stdout] For more information about this error, try `rustc --explain E0554`.
[INFO] [stdout] 
[INFO] [stderr] error: could not compile `azeroth-vm` (lib) due to 3 previous errors; 4 warnings emitted
[INFO] running `Command { std: "docker" "inspect" "a1ad223f7e5ab9e925c378c3a43f749ec6461d9992081305be7aec38f8386405", kill_on_drop: false }`
[INFO] running `Command { std: "docker" "rm" "-f" "a1ad223f7e5ab9e925c378c3a43f749ec6461d9992081305be7aec38f8386405", kill_on_drop: false }`
[INFO] [stdout] a1ad223f7e5ab9e925c378c3a43f749ec6461d9992081305be7aec38f8386405
