[INFO] cloning repository https://github.com/archer884/rbench
[INFO] running `Command { std: "git" "-c" "credential.helper=" "-c" "credential.helper=/workspace/cargo-home/bin/git-credential-null" "clone" "--bare" "https://github.com/archer884/rbench" "/workspace/cache/git-repos/https%3A%2F%2Fgithub.com%2Farcher884%2Frbench", kill_on_drop: false }`
[INFO] [stderr] Cloning into bare repository '/workspace/cache/git-repos/https%3A%2F%2Fgithub.com%2Farcher884%2Frbench'...
[INFO] running `Command { std: "git" "rev-parse" "HEAD", kill_on_drop: false }`
[INFO] [stdout] 1e263b9bd6e15560e7a6f4ceb50150a84589f94e
[INFO] documenting archer884/rbench against 1.69.0 for beta-1.70-rustdoc-1
[INFO] running `Command { std: "git" "clone" "/workspace/cache/git-repos/https%3A%2F%2Fgithub.com%2Farcher884%2Frbench" "/workspace/builds/worker-2-tc1/source", kill_on_drop: false }`
[INFO] [stderr] Cloning into '/workspace/builds/worker-2-tc1/source'...
[INFO] [stderr] done.
[INFO] validating manifest of git repo https://github.com/archer884/rbench on toolchain 1.69.0
[INFO] running `Command { std: CARGO_HOME="/workspace/cargo-home" RUSTUP_HOME="/workspace/rustup-home" "/workspace/cargo-home/bin/cargo" "+1.69.0" "metadata" "--manifest-path" "Cargo.toml" "--no-deps", kill_on_drop: false }`
[INFO] started tweaking git repo https://github.com/archer884/rbench
[INFO] finished tweaking git repo https://github.com/archer884/rbench
[INFO] tweaked toml for git repo https://github.com/archer884/rbench written to /workspace/builds/worker-2-tc1/source/Cargo.toml
[INFO] crate git repo https://github.com/archer884/rbench already has a lockfile, it will not be regenerated
[INFO] running `Command { std: CARGO_HOME="/workspace/cargo-home" RUSTUP_HOME="/workspace/rustup-home" "/workspace/cargo-home/bin/cargo" "+1.69.0" "fetch" "--manifest-path" "Cargo.toml", kill_on_drop: false }`
[INFO] [stderr]  Downloading crates ...
[INFO] [stderr]   Downloaded serde v0.3.0
[INFO] running `Command { std: "docker" "create" "-v" "/var/lib/crater-agent-workspace/builds/worker-2-tc1/target:/opt/rustwide/target:rw,Z" "-v" "/var/lib/crater-agent-workspace/builds/worker-2-tc1/source:/opt/rustwide/workdir:ro,Z" "-v" "/var/lib/crater-agent-workspace/cargo-home:/opt/rustwide/cargo-home:ro,Z" "-v" "/var/lib/crater-agent-workspace/rustup-home:/opt/rustwide/rustup-home:ro,Z" "-e" "SOURCE_DIR=/opt/rustwide/workdir" "-e" "CARGO_TARGET_DIR=/opt/rustwide/target" "-e" "CARGO_HOME=/opt/rustwide/cargo-home" "-e" "RUSTUP_HOME=/opt/rustwide/rustup-home" "-w" "/opt/rustwide/workdir" "-m" "1610612736" "--user" "0:0" "--network" "none" "ghcr.io/rust-lang/crates-build-env/linux@sha256:5ff2268d62e97bff2cde7d5815dd6ed5b47097566f13b8d0ca110b04b60e07ed" "/opt/rustwide/cargo-home/bin/cargo" "+1.69.0" "metadata" "--no-deps" "--format-version=1", kill_on_drop: false }`
[INFO] [stdout] ebcc9187192fce911f189169dca4895806e6ab90f17cfa5171585667b05b68ec
[INFO] running `Command { std: "docker" "start" "-a" "ebcc9187192fce911f189169dca4895806e6ab90f17cfa5171585667b05b68ec", kill_on_drop: false }`
[INFO] running `Command { std: "docker" "inspect" "ebcc9187192fce911f189169dca4895806e6ab90f17cfa5171585667b05b68ec", kill_on_drop: false }`
[INFO] running `Command { std: "docker" "rm" "-f" "ebcc9187192fce911f189169dca4895806e6ab90f17cfa5171585667b05b68ec", kill_on_drop: false }`
[INFO] [stdout] ebcc9187192fce911f189169dca4895806e6ab90f17cfa5171585667b05b68ec
[INFO] running `Command { std: "docker" "create" "-v" "/var/lib/crater-agent-workspace/builds/worker-2-tc1/target:/opt/rustwide/target:rw,Z" "-v" "/var/lib/crater-agent-workspace/builds/worker-2-tc1/source:/opt/rustwide/workdir:ro,Z" "-v" "/var/lib/crater-agent-workspace/cargo-home:/opt/rustwide/cargo-home:ro,Z" "-v" "/var/lib/crater-agent-workspace/rustup-home:/opt/rustwide/rustup-home:ro,Z" "-e" "SOURCE_DIR=/opt/rustwide/workdir" "-e" "CARGO_TARGET_DIR=/opt/rustwide/target" "-e" "CARGO_INCREMENTAL=0" "-e" "RUST_BACKTRACE=full" "-e" "RUSTFLAGS=--cap-lints=warn" "-e" "RUSTDOCFLAGS=--cap-lints=warn" "-e" "CARGO_HOME=/opt/rustwide/cargo-home" "-e" "RUSTUP_HOME=/opt/rustwide/rustup-home" "-w" "/opt/rustwide/workdir" "-m" "1610612736" "--user" "0:0" "--network" "none" "ghcr.io/rust-lang/crates-build-env/linux@sha256:5ff2268d62e97bff2cde7d5815dd6ed5b47097566f13b8d0ca110b04b60e07ed" "/opt/rustwide/cargo-home/bin/cargo" "+1.69.0" "doc" "--frozen" "--no-deps" "--document-private-items" "--message-format=json", kill_on_drop: false }`
[INFO] [stdout] 3e80c76a7aa370ba379dda6990593c11e741f3dd08dda32e93a51f80a1b0dcb8
[INFO] running `Command { std: "docker" "start" "-a" "3e80c76a7aa370ba379dda6990593c11e741f3dd08dda32e93a51f80a1b0dcb8", kill_on_drop: false }`
[INFO] [stderr]     Checking serde v0.3.0
[INFO] [stdout] error[E0463]: can't find crate for `unicode`
[INFO] [stdout]  --> /opt/rustwide/cargo-home/registry/src/github.com-1ecc6299db9ec823/serde-0.3.0/src/lib.rs:3:1
[INFO] [stdout]   |
[INFO] [stdout] 3 | extern crate unicode;
[INFO] [stdout]   | ^^^^^^^^^^^^^^^^^^^^^ can't find crate
[INFO] [stdout] 
[INFO] [stdout] 
[INFO] [stdout] error[E0432]: unresolved import `std::collections::hash_state`
[INFO] [stdout]  --> /opt/rustwide/cargo-home/registry/src/github.com-1ecc6299db9ec823/serde-0.3.0/src/ser/impls.rs:1:23
[INFO] [stdout]   |
[INFO] [stdout] 1 | use std::collections::hash_state::HashState;
[INFO] [stdout]   |                       ^^^^^^^^^^ could not find `hash_state` in `collections`
[INFO] [stdout] 
[INFO] [stdout] 
[INFO] [stdout] error[E0432]: unresolved import `std::collections::VecMap`
[INFO] [stdout]  --> /opt/rustwide/cargo-home/registry/src/github.com-1ecc6299db9ec823/serde-0.3.0/src/ser/impls.rs:2:62
[INFO] [stdout]   |
[INFO] [stdout] 2 | use std::collections::{BTreeMap, BTreeSet, HashMap, HashSet, VecMap};
[INFO] [stdout]   |                                                              ^^^^^^ no `VecMap` in `collections`
[INFO] [stdout] 
[INFO] [stdout] 
[INFO] [stdout] error[E0432]: unresolved import `std::collections::VecMap`
[INFO] [stdout]  --> /opt/rustwide/cargo-home/registry/src/github.com-1ecc6299db9ec823/serde-0.3.0/src/de/impls.rs:1:62
[INFO] [stdout]   |
[INFO] [stdout] 1 | use std::collections::{BTreeMap, BTreeSet, HashMap, HashSet, VecMap};
[INFO] [stdout]   |                                                              ^^^^^^ no `VecMap` in `collections`
[INFO] [stdout] 
[INFO] [stdout] 
[INFO] [stdout] error[E0432]: unresolved import `std::num::FromPrimitive`
[INFO] [stdout]  --> /opt/rustwide/cargo-home/registry/src/github.com-1ecc6299db9ec823/serde-0.3.0/src/de/impls.rs:4:5
[INFO] [stdout]   |
[INFO] [stdout] 4 | use std::num::FromPrimitive;
[INFO] [stdout]   |     ^^^^^^^^^^^^^^^^^^^^^^^ no `FromPrimitive` in `num`
[INFO] [stdout] 
[INFO] [stdout] 
[INFO] [stdout] error[E0432]: unresolved import `std::num::Float`
[INFO] [stdout]  --> /opt/rustwide/cargo-home/registry/src/github.com-1ecc6299db9ec823/serde-0.3.0/src/json/de.rs:3:5
[INFO] [stdout]   |
[INFO] [stdout] 3 | use std::num::Float;
[INFO] [stdout]   |     ^^^^^^^^^^^^^^^ no `Float` in `num`
[INFO] [stdout] 
[INFO] [stdout] 
[INFO] [stdout] error[E0432]: unresolved import `std::num::Float`
[INFO] [stdout]  --> /opt/rustwide/cargo-home/registry/src/github.com-1ecc6299db9ec823/serde-0.3.0/src/json/ser.rs:3:16
[INFO] [stdout]   |
[INFO] [stdout] 3 | use std::num::{Float, FpCategory};
[INFO] [stdout]   |                ^^^^^ no `Float` in `num`
[INFO] [stdout] 
[INFO] [stdout] 
[INFO] [stdout] error[E0405]: cannot find trait `FromError` in module `error`
[INFO] [stdout]    --> /opt/rustwide/cargo-home/registry/src/github.com-1ecc6299db9ec823/serde-0.3.0/src/json/error.rs:142:13
[INFO] [stdout]     |
[INFO] [stdout] 142 | impl error::FromError<io::Error> for Error {
[INFO] [stdout]     |             ^^^^^^^^^ not found in `error`
[INFO] [stdout] 
[INFO] [stdout] 
[INFO] [stdout] error[E0405]: cannot find trait `FromError` in module `error`
[INFO] [stdout]    --> /opt/rustwide/cargo-home/registry/src/github.com-1ecc6299db9ec823/serde-0.3.0/src/json/error.rs:148:13
[INFO] [stdout]     |
[INFO] [stdout] 148 | impl error::FromError<de::value::Error> for Error {
[INFO] [stdout]     |             ^^^^^^^^^ not found in `error`
[INFO] [stdout] 
[INFO] [stdout] 
[INFO] [stdout] error[E0425]: cannot find function `cast` in module `num`
[INFO] [stdout]    --> /opt/rustwide/cargo-home/registry/src/github.com-1ecc6299db9ec823/serde-0.3.0/src/json/value.rs:168:35
[INFO] [stdout]     |
[INFO] [stdout] 168 |             Value::U64(n) => num::cast(n),
[INFO] [stdout]     |                                   ^^^^ not found in `num`
[INFO] [stdout] 
[INFO] [stdout] 
[INFO] [stdout] error[E0425]: cannot find function `cast` in module `num`
[INFO] [stdout]    --> /opt/rustwide/cargo-home/registry/src/github.com-1ecc6299db9ec823/serde-0.3.0/src/json/value.rs:177:35
[INFO] [stdout]     |
[INFO] [stdout] 177 |             Value::I64(n) => num::cast(n),
[INFO] [stdout]     |                                   ^^^^ not found in `num`
[INFO] [stdout] 
[INFO] [stdout] 
[INFO] [stdout] error[E0425]: cannot find function `cast` in module `num`
[INFO] [stdout]    --> /opt/rustwide/cargo-home/registry/src/github.com-1ecc6299db9ec823/serde-0.3.0/src/json/value.rs:187:35
[INFO] [stdout]     |
[INFO] [stdout] 187 |             Value::I64(n) => num::cast(n),
[INFO] [stdout]     |                                   ^^^^ not found in `num`
[INFO] [stdout] 
[INFO] [stdout] 
[INFO] [stdout] error[E0425]: cannot find function `cast` in module `num`
[INFO] [stdout]    --> /opt/rustwide/cargo-home/registry/src/github.com-1ecc6299db9ec823/serde-0.3.0/src/json/value.rs:188:35
[INFO] [stdout]     |
[INFO] [stdout] 188 |             Value::U64(n) => num::cast(n),
[INFO] [stdout]     |                                   ^^^^ not found in `num`
[INFO] [stdout] 
[INFO] [stdout] 
[INFO] [stdout] error[E0554]: `#![feature]` may not be used on the stable release channel
[INFO] [stdout]  --> /opt/rustwide/cargo-home/registry/src/github.com-1ecc6299db9ec823/serde-0.3.0/src/lib.rs:1:12
[INFO] [stdout]   |
[INFO] [stdout] 1 | #![feature(collections, convert, core, std_misc, unicode)]
[INFO] [stdout]   |            ^^^^^^^^^^^
[INFO] [stdout] 
[INFO] [stdout] 
[INFO] [stdout] error[E0554]: `#![feature]` may not be used on the stable release channel
[INFO] [stdout]  --> /opt/rustwide/cargo-home/registry/src/github.com-1ecc6299db9ec823/serde-0.3.0/src/lib.rs:1:25
[INFO] [stdout]   |
[INFO] [stdout] 1 | #![feature(collections, convert, core, std_misc, unicode)]
[INFO] [stdout]   |                         ^^^^^^^
[INFO] [stdout] 
[INFO] [stdout] 
[INFO] [stdout] error[E0554]: `#![feature]` may not be used on the stable release channel
[INFO] [stdout]  --> /opt/rustwide/cargo-home/registry/src/github.com-1ecc6299db9ec823/serde-0.3.0/src/lib.rs:1:34
[INFO] [stdout]   |
[INFO] [stdout] 1 | #![feature(collections, convert, core, std_misc, unicode)]
[INFO] [stdout]   |                                  ^^^^
[INFO] [stdout] 
[INFO] [stdout] 
[INFO] [stdout] error[E0554]: `#![feature]` may not be used on the stable release channel
[INFO] [stdout]  --> /opt/rustwide/cargo-home/registry/src/github.com-1ecc6299db9ec823/serde-0.3.0/src/lib.rs:1:40
[INFO] [stdout]   |
[INFO] [stdout] 1 | #![feature(collections, convert, core, std_misc, unicode)]
[INFO] [stdout]   |                                        ^^^^^^^^
[INFO] [stdout] 
[INFO] [stdout] 
[INFO] [stdout] error[E0554]: `#![feature]` may not be used on the stable release channel
[INFO] [stdout]  --> /opt/rustwide/cargo-home/registry/src/github.com-1ecc6299db9ec823/serde-0.3.0/src/lib.rs:1:50
[INFO] [stdout]   |
[INFO] [stdout] 1 | #![feature(collections, convert, core, std_misc, unicode)]
[INFO] [stdout]   |                                                  ^^^^^^^
[INFO] [stdout] 
[INFO] [stdout] 
[INFO] [stdout] error[E0635]: unknown feature `collections`
[INFO] [stdout]  --> /opt/rustwide/cargo-home/registry/src/github.com-1ecc6299db9ec823/serde-0.3.0/src/lib.rs:1:12
[INFO] [stdout]   |
[INFO] [stdout] 1 | #![feature(collections, convert, core, std_misc, unicode)]
[INFO] [stdout]   |            ^^^^^^^^^^^
[INFO] [stdout] 
[INFO] [stdout] 
[INFO] [stdout] error[E0635]: unknown feature `convert`
[INFO] [stdout]  --> /opt/rustwide/cargo-home/registry/src/github.com-1ecc6299db9ec823/serde-0.3.0/src/lib.rs:1:25
[INFO] [stdout]   |
[INFO] [stdout] 1 | #![feature(collections, convert, core, std_misc, unicode)]
[INFO] [stdout]   |                         ^^^^^^^
[INFO] [stdout] 
[INFO] [stdout] 
[INFO] [stdout] error[E0635]: unknown feature `unicode`
[INFO] [stdout]  --> /opt/rustwide/cargo-home/registry/src/github.com-1ecc6299db9ec823/serde-0.3.0/src/lib.rs:1:50
[INFO] [stdout]   |
[INFO] [stdout] 1 | #![feature(collections, convert, core, std_misc, unicode)]
[INFO] [stdout]   |                                                  ^^^^^^^
[INFO] [stdout] 
[INFO] [stdout] 
[INFO] [stdout] error[E0635]: unknown feature `std_misc`
[INFO] [stdout]  --> /opt/rustwide/cargo-home/registry/src/github.com-1ecc6299db9ec823/serde-0.3.0/src/lib.rs:1:40
[INFO] [stdout]   |
[INFO] [stdout] 1 | #![feature(collections, convert, core, std_misc, unicode)]
[INFO] [stdout]   |                                        ^^^^^^^^
[INFO] [stdout] 
[INFO] [stdout] 
[INFO] [stdout] error: aborting due to 22 previous errors
[INFO] [stdout] 
[INFO] [stdout] 
[INFO] [stdout] Some errors have detailed explanations: E0405, E0425, E0432, E0463, E0554, E0635.
[INFO] [stdout] 
[INFO] [stdout] For more information about an error, try `rustc --explain E0405`.
[INFO] [stdout] 
[INFO] [stderr] error: could not compile `serde` due to 23 previous errors
[INFO] running `Command { std: "docker" "inspect" "3e80c76a7aa370ba379dda6990593c11e741f3dd08dda32e93a51f80a1b0dcb8", kill_on_drop: false }`
[INFO] running `Command { std: "docker" "rm" "-f" "3e80c76a7aa370ba379dda6990593c11e741f3dd08dda32e93a51f80a1b0dcb8", kill_on_drop: false }`
[INFO] [stdout] 3e80c76a7aa370ba379dda6990593c11e741f3dd08dda32e93a51f80a1b0dcb8
