[INFO] cloning repository https://github.com/apmasell/puzzleverse
[INFO] running `Command { std: "git" "-c" "credential.helper=" "-c" "credential.helper=/workspace/cargo-home/bin/git-credential-null" "clone" "--bare" "https://github.com/apmasell/puzzleverse" "/workspace/cache/git-repos/https%3A%2F%2Fgithub.com%2Fapmasell%2Fpuzzleverse", kill_on_drop: false }`
[INFO] [stderr] Cloning into bare repository '/workspace/cache/git-repos/https%3A%2F%2Fgithub.com%2Fapmasell%2Fpuzzleverse'...
[INFO] running `Command { std: "git" "rev-parse" "HEAD", kill_on_drop: false }`
[INFO] [stdout] 53c472c81084f6dff1aafc6581e38d65fdeca3af
[INFO] documenting apmasell/puzzleverse against 1.69.0 for beta-1.70-rustdoc-1
[INFO] running `Command { std: "git" "clone" "/workspace/cache/git-repos/https%3A%2F%2Fgithub.com%2Fapmasell%2Fpuzzleverse" "/workspace/builds/worker-7-tc1/source", kill_on_drop: false }`
[INFO] [stderr] Cloning into '/workspace/builds/worker-7-tc1/source'...
[INFO] [stderr] done.
[INFO] validating manifest of git repo https://github.com/apmasell/puzzleverse on toolchain 1.69.0
[INFO] running `Command { std: CARGO_HOME="/workspace/cargo-home" RUSTUP_HOME="/workspace/rustup-home" "/workspace/cargo-home/bin/cargo" "+1.69.0" "metadata" "--manifest-path" "Cargo.toml" "--no-deps", kill_on_drop: false }`
[INFO] started tweaking git repo https://github.com/apmasell/puzzleverse
[INFO] finished tweaking git repo https://github.com/apmasell/puzzleverse
[INFO] tweaked toml for git repo https://github.com/apmasell/puzzleverse written to /workspace/builds/worker-7-tc1/source/Cargo.toml
[INFO] crate git repo https://github.com/apmasell/puzzleverse already has a lockfile, it will not be regenerated
[INFO] running `Command { std: CARGO_HOME="/workspace/cargo-home" RUSTUP_HOME="/workspace/rustup-home" "/workspace/cargo-home/bin/cargo" "+1.69.0" "fetch" "--manifest-path" "Cargo.toml", kill_on_drop: false }`
[INFO] [stderr]  Downloading crates ...
[INFO] [stderr]   Downloaded serde_with_macros v2.2.0
[INFO] [stderr]   Downloaded minidom v0.15.1
[INFO] [stderr]   Downloaded openidconnect v2.5.0
[INFO] [stderr]   Downloaded diesel_json v0.2.0
[INFO] [stderr]   Downloaded pq-sys v0.4.7
[INFO] [stderr]   Downloaded horrorshow v0.8.4
[INFO] [stderr]   Downloaded ldap3 v0.11.1
[INFO] [stderr]   Downloaded concat-arrays v0.1.2
[INFO] [stderr]   Downloaded aws-creds v0.30.0
[INFO] [stderr]   Downloaded phpbb-pwhash v0.1.1
[INFO] [stderr]   Downloaded aws-region v0.25.1
[INFO] [stderr]   Downloaded diesel_derives v2.0.1
[INFO] [stderr]   Downloaded otpauth v0.4.1
[INFO] [stderr]   Downloaded iso8601 v0.6.1
[INFO] [stderr]   Downloaded libgssapi v0.6.3
[INFO] [stderr]   Downloaded cross-krb5 v0.3.0
[INFO] [stderr]   Downloaded read-restrict v0.3.0
[INFO] [stderr]   Downloaded lru v0.10.0
[INFO] [stderr]   Downloaded maybe-async v0.2.7
[INFO] [stderr]   Downloaded lber v0.4.0
[INFO] [stderr]   Downloaded cooked-waker v5.0.0
[INFO] [stderr]   Downloaded jsonwebtoken v8.2.0
[INFO] [stderr]   Downloaded attohttpc v0.19.1
[INFO] [stderr]   Downloaded wildmatch v2.1.1
[INFO] [stderr]   Downloaded addr v0.15.6
[INFO] [stderr]   Downloaded serde_with v2.2.0
[INFO] [stderr]   Downloaded pathfinding v4.2.1
[INFO] [stderr]   Downloaded cloud-storage v0.11.1
[INFO] [stderr]   Downloaded icalendar v0.15.4
[INFO] [stderr]   Downloaded serde_path_to_error v0.1.10
[INFO] [stderr]   Downloaded zstd-safe v6.0.4+zstd.1.5.4
[INFO] [stderr]   Downloaded rust-s3 v0.32.3
[INFO] [stderr]   Downloaded alerts v0.1.1
[INFO] [stderr]   Downloaded bdays v0.1.3
[INFO] running `Command { std: "docker" "create" "-v" "/var/lib/crater-agent-workspace/builds/worker-7-tc1/target:/opt/rustwide/target:rw,Z" "-v" "/var/lib/crater-agent-workspace/builds/worker-7-tc1/source:/opt/rustwide/workdir:ro,Z" "-v" "/var/lib/crater-agent-workspace/cargo-home:/opt/rustwide/cargo-home:ro,Z" "-v" "/var/lib/crater-agent-workspace/rustup-home:/opt/rustwide/rustup-home:ro,Z" "-e" "SOURCE_DIR=/opt/rustwide/workdir" "-e" "CARGO_TARGET_DIR=/opt/rustwide/target" "-e" "CARGO_HOME=/opt/rustwide/cargo-home" "-e" "RUSTUP_HOME=/opt/rustwide/rustup-home" "-w" "/opt/rustwide/workdir" "-m" "1610612736" "--user" "0:0" "--network" "none" "ghcr.io/rust-lang/crates-build-env/linux@sha256:5ff2268d62e97bff2cde7d5815dd6ed5b47097566f13b8d0ca110b04b60e07ed" "/opt/rustwide/cargo-home/bin/cargo" "+1.69.0" "metadata" "--no-deps" "--format-version=1", kill_on_drop: false }`
[INFO] [stdout] 0f2d4ef03216c1d5be091b9f4a2d7a5689f805152f90e5c114dd517745cbed9a
[INFO] running `Command { std: "docker" "start" "-a" "0f2d4ef03216c1d5be091b9f4a2d7a5689f805152f90e5c114dd517745cbed9a", kill_on_drop: false }`
[INFO] running `Command { std: "docker" "inspect" "0f2d4ef03216c1d5be091b9f4a2d7a5689f805152f90e5c114dd517745cbed9a", kill_on_drop: false }`
[INFO] running `Command { std: "docker" "rm" "-f" "0f2d4ef03216c1d5be091b9f4a2d7a5689f805152f90e5c114dd517745cbed9a", kill_on_drop: false }`
[INFO] [stdout] 0f2d4ef03216c1d5be091b9f4a2d7a5689f805152f90e5c114dd517745cbed9a
[INFO] running `Command { std: "docker" "create" "-v" "/var/lib/crater-agent-workspace/builds/worker-7-tc1/target:/opt/rustwide/target:rw,Z" "-v" "/var/lib/crater-agent-workspace/builds/worker-7-tc1/source:/opt/rustwide/workdir:ro,Z" "-v" "/var/lib/crater-agent-workspace/cargo-home:/opt/rustwide/cargo-home:ro,Z" "-v" "/var/lib/crater-agent-workspace/rustup-home:/opt/rustwide/rustup-home:ro,Z" "-e" "SOURCE_DIR=/opt/rustwide/workdir" "-e" "CARGO_TARGET_DIR=/opt/rustwide/target" "-e" "CARGO_INCREMENTAL=0" "-e" "RUST_BACKTRACE=full" "-e" "RUSTFLAGS=--cap-lints=warn" "-e" "RUSTDOCFLAGS=--cap-lints=warn" "-e" "CARGO_HOME=/opt/rustwide/cargo-home" "-e" "RUSTUP_HOME=/opt/rustwide/rustup-home" "-w" "/opt/rustwide/workdir" "-m" "1610612736" "--user" "0:0" "--network" "none" "ghcr.io/rust-lang/crates-build-env/linux@sha256:5ff2268d62e97bff2cde7d5815dd6ed5b47097566f13b8d0ca110b04b60e07ed" "/opt/rustwide/cargo-home/bin/cargo" "+1.69.0" "doc" "--frozen" "--no-deps" "--document-private-items" "--message-format=json", kill_on_drop: false }`
[INFO] [stdout] 1e34cc7ee762daf1e8c15d4e87ac234fdd33a7c99ee14edd0abcd47573aa4b92
[INFO] running `Command { std: "docker" "start" "-a" "1e34cc7ee762daf1e8c15d4e87ac234fdd33a7c99ee14edd0abcd47573aa4b92", kill_on_drop: false }`
[INFO] [stderr]    Compiling proc-macro2 v1.0.51
[INFO] [stderr]    Compiling quote v1.0.23
[INFO] [stderr]    Compiling unicode-ident v1.0.8
[INFO] [stderr]    Compiling syn v1.0.109
[INFO] [stderr]    Compiling libc v0.2.139
[INFO] [stderr]    Compiling autocfg v1.1.0
[INFO] [stderr]     Checking cfg-if v1.0.0
[INFO] [stderr]    Compiling memchr v2.5.0
[INFO] [stderr]    Compiling version_check v0.9.4
[INFO] [stderr]    Compiling serde_derive v1.0.154
[INFO] [stderr]    Compiling serde v1.0.154
[INFO] [stderr]     Checking once_cell v1.17.1
[INFO] [stderr]    Compiling log v0.4.17
[INFO] [stderr]    Compiling pkg-config v0.3.26
[INFO] [stderr]    Compiling lock_api v0.4.9
[INFO] [stderr]    Compiling parking_lot_core v0.9.7
[INFO] [stderr]     Checking scopeguard v1.1.0
[INFO] [stderr]     Checking smallvec v1.10.0
[INFO] [stderr]    Compiling libm v0.2.6
[INFO] [stderr]     Checking itoa v1.0.6
[INFO] [stderr]    Compiling jobserver v0.1.26
[INFO] [stderr]    Compiling num-traits v0.2.15
[INFO] [stderr]     Checking bytes v1.4.0
[INFO] [stderr]    Compiling cc v1.0.79
[INFO] [stderr]     Checking pin-project-lite v0.2.9
[INFO] [stderr]     Checking bitflags v1.3.2
[INFO] [stderr]    Compiling tokio v1.26.0
[INFO] [stderr]    Compiling futures-core v0.3.26
[INFO] [stderr]     Checking getrandom v0.2.8
[INFO] [stderr]     Checking mio v0.8.6
[INFO] [stderr]     Checking parking_lot v0.12.1
[INFO] [stderr]     Checking socket2 v0.4.9
[INFO] [stderr]     Checking signal-hook-registry v1.4.1
[INFO] [stderr]     Checking num_cpus v1.15.0
[INFO] [stderr]    Compiling num-integer v0.1.45
[INFO] [stderr]    Compiling ahash v0.7.6
[INFO] [stderr]     Checking futures-sink v0.3.26
[INFO] [stderr]     Checking tinyvec_macros v0.1.1
[INFO] [stderr]    Compiling slab v0.4.8
[INFO] [stderr]     Checking tinyvec v1.6.0
[INFO] [stderr]    Compiling serde_json v1.0.94
[INFO] [stderr]     Checking percent-encoding v2.2.0
[INFO] [stderr]    Compiling futures-task v0.3.26
[INFO] [stderr]     Checking ryu v1.0.13
[INFO] [stderr]    Compiling futures-channel v0.3.26
[INFO] [stderr]     Checking form_urlencoded v1.1.0
[INFO] [stderr]     Checking unicode-bidi v0.3.11
[INFO] [stderr]    Compiling futures-util v0.3.26
[INFO] [stderr]     Checking fnv v1.0.7
[INFO] [stderr]    Compiling ring v0.16.20
[INFO] [stderr]     Checking unicode-normalization v0.1.22
[INFO] [stderr]     Checking hashbrown v0.12.3
[INFO] [stderr]     Checking futures-io v0.3.26
[INFO] [stderr]    Compiling thiserror v1.0.39
[INFO] [stderr]     Checking pin-utils v0.1.0
[INFO] [stderr]     Checking http v0.2.9
[INFO] [stderr]    Compiling openssl-sys v0.9.80
[INFO] [stderr]    Compiling typenum v1.16.0
[INFO] [stderr]     Checking tracing-core v0.1.30
[INFO] [stderr]     Checking idna v0.3.0
[INFO] [stderr]    Compiling generic-array v0.14.6
[INFO] [stderr]     Checking spin v0.5.2
[INFO] [stderr]     Checking untrusted v0.7.1
[INFO] [stderr]     Checking tracing v0.1.37
[INFO] [stderr]    Compiling indexmap v1.9.2
[INFO] [stderr]     Checking byteorder v1.4.3
[INFO] [stderr]    Compiling httparse v1.8.0
[INFO] [stderr]     Checking time v0.1.45
[INFO] [stderr]     Checking foreign-types-shared v0.1.1
[INFO] [stderr]    Compiling openssl v0.10.45
[INFO] [stderr]     Checking foreign-types v0.3.2
[INFO] [stderr]    Compiling strsim v0.10.0
[INFO] [stderr]    Compiling native-tls v0.2.11
[INFO] [stderr]    Compiling ident_case v1.0.1
[INFO] [stderr]     Checking iana-time-zone v0.1.53
[INFO] [stderr]     Checking base64 v0.13.1
[INFO] [stderr]     Checking try-lock v0.2.4
[INFO] [stderr]     Checking openssl-probe v0.1.5
[INFO] [stderr]     Checking subtle v2.4.1
[INFO] [stderr]     Checking http-body v0.4.5
[INFO] [stderr]     Checking block-buffer v0.10.3
[INFO] [stderr]     Checking crypto-common v0.1.6
[INFO] [stderr]     Checking want v0.3.0
[INFO] [stderr]     Checking tower-service v0.3.2
[INFO] [stderr]     Checking digest v0.10.6
[INFO] [stderr]    Compiling crc32fast v1.3.2
[INFO] [stderr]     Checking httpdate v1.0.2
[INFO] [stderr]     Checking lazy_static v1.4.0
[INFO] [stderr]     Checking adler v1.0.2
[INFO] [stderr]    Compiling rustls v0.20.8
[INFO] [stderr]    Compiling glob v0.3.1
[INFO] [stderr]     Checking miniz_oxide v0.6.2
[INFO] [stderr]     Checking rand_core v0.6.4
[INFO] [stderr]     Checking ppv-lite86 v0.2.17
[INFO] [stderr]     Checking cpufeatures v0.2.5
[INFO] [stderr]     Checking flate2 v1.0.25
[INFO] [stderr]    Compiling aho-corasick v0.7.20
[INFO] [stderr]    Compiling clang-sys v1.6.0
[INFO] [stderr]    Compiling atty v0.2.14
[INFO] [stderr]     Checking webpki v0.22.0
[INFO] [stderr]     Checking sct v0.7.0
[INFO] [stderr]     Checking rand_chacha v0.3.1
[INFO] [stderr]    Compiling minimal-lexical v0.2.1
[INFO] [stderr]    Compiling time-core v0.1.0
[INFO] [stderr]    Compiling async-trait v0.1.66
[INFO] [stderr]    Compiling regex-syntax v0.6.28
[INFO] [stderr]    Compiling unicode-width v0.1.10
[INFO] [stderr]    Compiling nom v7.1.3
[INFO] [stderr]    Compiling textwrap v0.11.0
[INFO] [stderr]     Checking rand v0.8.5
[INFO] [stderr]    Compiling time-macros v0.2.8
[INFO] [stderr]    Compiling libloading v0.7.4
[INFO] [stderr]    Compiling zstd-sys v2.0.7+zstd.1.5.4
[INFO] [stderr]    Compiling termcolor v1.2.0
[INFO] [stderr]    Compiling humantime v2.1.0
[INFO] [stderr]    Compiling regex v1.7.1
[INFO] [stderr]     Checking base64 v0.21.0
[INFO] [stderr]    Compiling vec_map v0.8.2
[INFO] [stderr]    Compiling ansi_term v0.12.1
[INFO] [stderr]    Compiling tokio-macros v1.8.2
[INFO] [stderr]    Compiling futures-macro v0.3.26
[INFO] [stderr]    Compiling thiserror-impl v1.0.39
[INFO] [stderr]    Compiling openssl-macros v0.1.0
[INFO] [stderr]    Compiling bindgen v0.59.2
[INFO] [stderr]    Compiling strsim v0.8.0
[INFO] [stderr]    Compiling either v1.8.1
[INFO] [stderr]    Compiling clap v2.34.0
[INFO] [stderr]    Compiling which v4.4.0
[INFO] [stderr]    Compiling env_logger v0.9.3
[INFO] [stderr]     Checking rustls-pemfile v1.0.2
[INFO] [stderr]    Compiling cexpr v0.6.0
[INFO] [stderr]     Checking webpki-roots v0.22.6
[INFO] [stderr]    Compiling darling_core v0.14.3
[INFO] [stderr]    Compiling num-rational v0.4.1
[INFO] [stderr]     Checking encoding_rs v0.8.32
[INFO] [stderr]     Checking mime v0.3.16
[INFO] [stderr]    Compiling peeking_take_while v0.1.2
[INFO] [stderr]    Compiling paste v1.0.12
[INFO] [stderr]    Compiling rustc-hash v1.1.0
[INFO] [stderr]     Checking ipnet v2.7.1
[INFO] [stderr]     Checking tokio-util v0.7.7
[INFO] [stderr]     Checking tokio-native-tls v0.3.1
[INFO] [stderr]     Checking tokio-rustls v0.23.4
[INFO] [stderr]    Compiling shlex v1.1.0
[INFO] [stderr]    Compiling lazycell v1.3.0
[INFO] [stderr]     Checking dirs-sys v0.3.7
[INFO] [stderr]     Checking h2 v0.3.16
[INFO] [stderr]    Compiling inflections v1.1.1
[INFO] [stderr]    Compiling zstd-safe v6.0.4+zstd.1.5.4
[INFO] [stderr]    Compiling gltf-derive v1.1.0
[INFO] [stderr]     Checking futures-executor v0.3.26
[INFO] [stderr]     Checking png v0.17.7
[INFO] [stderr]     Checking sha1 v0.10.5
[INFO] [stderr]    Compiling proc-macro-error-attr v1.0.4
[INFO] [stderr]    Compiling ahash v0.8.3
[INFO] [stderr]     Checking psl-types v2.0.11
[INFO] [stderr]     Checking urlencoding v2.1.2
[INFO] [stderr]    Compiling io-lifetimes v1.0.6
[INFO] [stderr]     Checking bytemuck v1.13.1
[INFO] [stderr]    Compiling darling_macro v0.14.3
[INFO] [stderr]     Checking url v2.3.1
[INFO] [stderr]     Checking chrono v0.4.23
[INFO] [stderr]     Checking serde_urlencoded v0.7.1
[INFO] [stderr]     Checking time v0.3.20
[INFO] [stderr]     Checking hyper v0.14.24
[INFO] [stderr]     Checking jpeg-decoder v0.3.0
[INFO] [stderr]    Compiling darling v0.14.3
[INFO] [stderr]     Checking utf-8 v0.7.6
[INFO] [stderr]     Checking color_quant v1.1.0
[INFO] [stderr]     Checking hex v0.4.3
[INFO] [stderr]     Checking tungstenite v0.18.0
[INFO] [stderr]    Compiling serde_with_macros v2.2.0
[INFO] [stderr]     Checking image v0.24.5
[INFO] [stderr]     Checking gltf-json v1.1.0
[INFO] [stderr]     Checking psl v2.1.3
[INFO] [stderr]     Checking rmp v0.8.11
[INFO] [stderr]     Checking futures v0.3.26
[INFO] [stderr]     Checking dirs v4.0.0
[INFO] [stderr]    Compiling pin-project-internal v1.0.12
[INFO] [stderr]    Compiling proc-macro-error v1.0.4
[INFO] [stderr]    Compiling anyhow v1.0.69
[INFO] [stderr]     Checking keccak v0.1.3
[INFO] [stderr]    Compiling rustix v0.36.9
[INFO] [stderr]    Compiling portable-atomic v0.3.19
[INFO] [stderr]     Checking sha3 v0.10.6
[INFO] [stderr]     Checking gltf v1.1.0
[INFO] [stderr]     Checking serde_with v2.2.0
[INFO] [stderr]     Checking rmp-serde v1.1.1
[INFO] [stderr]     Checking pin-project v1.0.12
[INFO] [stderr]     Checking hyper-rustls v0.23.2
[INFO] [stderr]     Checking hyper-tls v0.5.0
[INFO] [stderr]     Checking tokio-tungstenite v0.18.0
[INFO] [stderr]     Checking rand_distr v0.4.3
[INFO] [stderr]    Compiling darling_core v0.13.4
[INFO] [stderr]     Checking reqwest v0.11.14
[INFO] [stderr]    Compiling mysqlclient-sys v0.2.5
[INFO] [stderr]    Compiling num-bigint v0.4.3
[INFO] [stderr]    Compiling num-bigint v0.2.6
[INFO] [stderr]     Checking linux-raw-sys v0.1.4
[INFO] [stderr]     Checking read-restrict v0.3.0
[INFO] [stderr]    Compiling semver v1.0.16
[INFO] [stderr]    Compiling pq-sys v0.4.7
[INFO] [stderr]     Checking itertools v0.10.5
[INFO] [stderr]    Compiling libgssapi-sys v0.2.4
[INFO] [stderr]     Checking console v0.15.5
[INFO] [stderr]     Checking addr v0.15.6
[INFO] [stderr]     Checking hashbrown v0.13.2
[INFO] [stderr]    Compiling bzip2-sys v0.1.11+1.0.8
[INFO] [stderr]     Checking scheduled-thread-pool v0.2.7
[INFO] [stderr]    Compiling proc-macro-hack v0.5.20+deprecated
[INFO] [stderr]     Checking fastrand v1.9.0
[INFO] [stderr]    Compiling self_update v0.36.0
[INFO] [stderr]    Compiling crossbeam-utils v0.8.15
[INFO] [stderr]    Compiling darling_macro v0.13.4
[INFO] [stderr]     Checking dlv-list v0.3.0
[INFO] [stderr]     Checking number_prefix v0.4.0
[INFO] [stderr]     Checking static_assertions v1.1.0
[INFO] [stderr]     Checking smartstring v0.2.10
[INFO] [stderr]     Checking ordered-multimap v0.4.3
[INFO] [stderr]     Checking indicatif v0.17.3
[INFO] [stderr]     Checking tempfile v3.4.0
[INFO] [stderr]     Checking r2d2 v0.8.10
[INFO] [stderr]     Checking lru v0.10.0
[INFO] [stderr]    Compiling diesel_derives v2.0.1
[INFO] [stderr]    Compiling darling v0.13.4
[INFO] [stderr]     Checking zip v0.6.4
[INFO] [stderr]     Checking sha2 v0.10.6
[INFO] [stderr]     Checking integer-sqrt v0.1.5
[INFO] [stderr]     Checking quick-xml v0.23.1
[INFO] [stderr]     Checking argparse v0.2.2
[INFO] [stderr]     Checking rxml_validation v0.8.2
[INFO] [stderr]    Compiling protobuf v2.28.0
[INFO] [stderr]     Checking fixedbitset v0.4.2
[INFO] [stderr]     Checking wildmatch v2.1.1
[INFO] [stderr]     Checking xml-rs v0.8.4
[INFO] [stderr]     Checking base64 v0.12.3
[INFO] [stderr]     Checking attohttpc v0.19.1
[INFO] [stderr]     Checking pathfinding v4.2.1
[INFO] [stderr]     Checking simple_asn1 v0.4.1
[INFO] [stderr]     Checking rxml v0.8.2
[INFO] [stderr]    Compiling serde_with_macros v1.5.2
[INFO] [stderr]     Checking serde-xml-rs v0.5.1
[INFO] [stderr]     Checking rust-ini v0.18.0
[INFO] [stderr]     Checking webbrowser v0.8.7
[INFO] [stderr]     Checking toml v0.5.11
[INFO] [stderr]     Checking serde_path_to_error v0.1.10
[INFO] [stderr]     Checking directories v4.0.1
[INFO] [stderr]     Checking tokio-stream v0.1.12
[INFO] [stderr]     Checking pem v0.8.3
[INFO] [stderr]    Compiling derivative v2.2.0
[INFO] [stderr]     Checking ordered-float v2.10.0
[INFO] [stderr]     Checking inotify-sys v0.1.5
[INFO] [stderr]     Checking md5 v0.7.0
[INFO] [stderr]     Checking alerts v0.1.1
[INFO] [stderr]     Checking replace_with v0.1.7
[INFO] [stderr]     Checking same-file v1.0.6
[INFO] [stderr]    Compiling prometheus v0.13.3
[INFO] [stderr]     Checking migrations_internals v2.0.0
[INFO] [stderr]     Checking serde-value v0.7.0
[INFO] [stderr]     Checking walkdir v2.3.2
[INFO] [stderr]     Checking inotify v0.9.6
[INFO] [stderr]     Checking jsonwebtoken v7.2.0
[INFO] [stderr]     Checking oauth2 v4.3.0
[INFO] [stderr]     Checking serde_with v1.14.0
[INFO] [stderr]    Compiling git-version-macro v0.3.5
[INFO] [stderr]     Checking libgssapi v0.6.3
[INFO] [stderr]     Checking crossbeam-channel v0.5.7
[INFO] [stderr]     Checking cross-krb5 v0.3.0
[INFO] [stderr]     Checking minidom v0.15.1
[INFO] [stderr]     Checking aws-creds v0.30.0
[INFO] [stderr]     Checking simple_asn1 v0.6.2
[INFO] [stderr]     Checking lber v0.4.0
[INFO] [stderr]    Compiling migrations_macros v2.0.0
[INFO] [stderr]     Checking iso8601 v0.6.1
[INFO] [stderr]     Checking serde_plain v1.0.1
[INFO] [stderr]     Checking aws-region v0.25.1
[INFO] [stderr]    Compiling maybe-async v0.2.7
[INFO] [stderr]     Checking hmac v0.12.1
[INFO] [stderr]     Checking pem v1.1.1
[INFO] [stderr]     Checking uuid v1.3.0
[INFO] [stderr]     Checking filetime v0.2.20
[INFO] [stderr]     Checking dotenv v0.15.0
[INFO] [stderr]     Checking base32 v0.4.0
[INFO] [stderr]     Checking openidconnect v2.5.0
[INFO] [stderr]     Checking cloud-storage v0.11.1
[INFO] [stderr]     Checking icalendar v0.15.4
[INFO] [stderr]     Checking otpauth v0.4.1
[INFO] [stderr]     Checking notify v5.1.0
[INFO] [stderr]     Checking diesel v2.0.3
[INFO] [stderr]     Checking jsonwebtoken v8.2.0
[INFO] [stderr]     Checking ldap3 v0.11.1
[INFO] [stderr]     Checking git-version v0.3.5
[INFO] [stderr]     Checking phpbb-pwhash v0.1.1
[INFO] [stderr]     Checking bdays v0.1.3
[INFO] [stderr]     Checking rust-s3 v0.32.3
[INFO] [stderr]     Checking bb8 v0.8.0
[INFO] [stderr]    Compiling concat-arrays v0.1.2
[INFO] [stderr]     Checking dashmap v5.4.0
[INFO] [stderr]     Checking horrorshow v0.8.4
[INFO] [stderr]     Checking base16ct v0.2.0
[INFO] [stderr]     Checking cooked-waker v5.0.0
[INFO] [stderr]     Checking bzip2 v0.4.4
[INFO] [stderr]     Checking zip v0.5.13
[INFO] [stderr]     Checking zstd v0.12.3+zstd.1.5.2
[INFO] [stderr]     Checking spadina-core v0.1.0 (/opt/rustwide/workdir/core)
[INFO] [stderr]  Documenting spadina-core v0.1.0 (/opt/rustwide/workdir/core)
[INFO] [stdout] warning: unused variable: `asset`
[INFO] [stdout]     --> core/src/asset/mod.rs:1949:52
[INFO] [stdout]      |
[INFO] [stdout] 1949 |   pub async fn load<S: AsRef<str>, R>(_mapper: &R, asset: Asset) -> Result<AssetAnyAudio, crate::AssetError>
[INFO] [stdout]      |                                                    ^^^^^ help: if this is intentional, prefix it with an underscore: `_asset`
[INFO] [stdout]      |
[INFO] [stdout]      = note: `#[warn(unused_variables)]` on by default
[INFO] [stdout] 
[INFO] [stdout] 
[INFO] [stdout] warning: unused variable: `assets`
[INFO] [stdout]     --> core/src/asset/mod.rs:1957:37
[INFO] [stdout]      |
[INFO] [stdout] 1957 |   fn extract_children<'a>(&'a self, assets: &mut std::collections::BTreeSet<S>) {
[INFO] [stdout]      |                                     ^^^^^^ help: if this is intentional, prefix it with an underscore: `_assets`
[INFO] [stdout] 
[INFO] [stdout] 
[INFO] [stdout] warning: 2 warnings emitted
[INFO] [stdout] 
[INFO] [stdout] 
[INFO] [stderr]     Checking spadina-client v0.1.0 (/opt/rustwide/workdir/client)
[INFO] [stderr]  Documenting spadina-client v0.1.0 (/opt/rustwide/workdir/client)
[INFO] [stdout] error[E0583]: file not found for module `world`
[INFO] [stdout]  --> client/src/lib.rs:9:1
[INFO] [stdout]   |
[INFO] [stdout] 9 | pub mod world;
[INFO] [stdout]   | ^^^^^^^^^^^^^^
[INFO] [stdout]   |
[INFO] [stdout]   = help: to create the module `world`, create file "client/src/world.rs" or "client/src/world/mod.rs"
[INFO] [stdout] 
[INFO] [stdout] 
[INFO] [stdout] error[E0583]: file not found for module `world`
[INFO] [stdout]  --> client/src/lib.rs:9:1
[INFO] [stdout]   |
[INFO] [stdout] 9 | pub mod world;
[INFO] [stdout]   | ^^^^^^^^^^^^^^
[INFO] [stdout]   |
[INFO] [stdout]   = help: to create the module `world`, create file "client/src/world.rs" or "client/src/world/mod.rs"
[INFO] [stdout] 
[INFO] [stdout] 
[INFO] [stdout] error[E0554]: `#![feature]` may not be used on the stable release channel
[INFO] [stdout]  --> client/src/lib.rs:1:12
[INFO] [stdout]   |
[INFO] [stdout] 1 | #![feature(iter_intersperse)]
[INFO] [stdout]   |            ^^^^^^^^^^^^^^^^
[INFO] [stdout] 
[INFO] [stdout] 
[INFO] [stdout] error: aborting due to previous error
[INFO] [stdout] 
[INFO] [stdout] 
[INFO] [stdout] For more information about this error, try `rustc --explain E0583`.
[INFO] [stdout] 
[INFO] [stderr] error: could not document `spadina-client`
[INFO] [stderr] 
[INFO] [stderr] Caused by:
[INFO] [stderr]   process didn't exit successfully: `rustdoc --edition=2021 --crate-type lib --crate-name spadina_client client/src/lib.rs -o /opt/rustwide/target/doc --cfg 'feature="cross-krb5"' --cfg 'feature="default"' --cfg 'feature="kerberos"' --error-format=json --json=diagnostic-rendered-ansi,artifacts,future-incompat --document-private-items -C metadata=17b637525a2fcfaa -L dependency=/opt/rustwide/target/debug/deps --extern addr=/opt/rustwide/target/debug/deps/libaddr-e1d7619e78ca072d.rmeta --extern alert=/opt/rustwide/target/debug/deps/libalert-5ad3fe9b5e4b03f1.rmeta --extern argparse=/opt/rustwide/target/debug/deps/libargparse-754cb4726745c19c.rmeta --extern async_trait=/opt/rustwide/target/debug/deps/libasync_trait-7f12e1de07bc38e8.so --extern bytes=/opt/rustwide/target/debug/deps/libbytes-cdba088f09c8631e.rmeta --extern chrono=/opt/rustwide/target/debug/deps/libchrono-045d1eb52c15e239.rmeta --extern cross_krb5=/opt/rustwide/target/debug/deps/libcross_krb5-242909db0b5c3fe9.rmeta --extern derivative=/opt/rustwide/target/debug/deps/libderivative-c104781b1e0dc374.so --extern directories=/opt/rustwide/target/debug/deps/libdirectories-28605acb0d64a381.rmeta --extern form_urlencoded=/opt/rustwide/target/debug/deps/libform_urlencoded-5ea283653e4f8efc.rmeta --extern futures=/opt/rustwide/target/debug/deps/libfutures-39aa3852d7bc5c3c.rmeta --extern futures_sink=/opt/rustwide/target/debug/deps/libfutures_sink-af5ef7f0f410daa6.rmeta --extern hex=/opt/rustwide/target/debug/deps/libhex-7658a505e7fe0549.rmeta --extern http=/opt/rustwide/target/debug/deps/libhttp-6487c86610e0c55c.rmeta --extern hyper=/opt/rustwide/target/debug/deps/libhyper-a211213c1e261f87.rmeta --extern hyper_tls=/opt/rustwide/target/debug/deps/libhyper_tls-34500762bf3cfced.rmeta --extern itertools=/opt/rustwide/target/debug/deps/libitertools-578991b5e0b8e761.rmeta --extern lru=/opt/rustwide/target/debug/deps/liblru-39e41620e305ace1.rmeta --extern openssl=/opt/rustwide/target/debug/deps/libopenssl-6bc648ca95bdeba8.rmeta --extern parking_lot=/opt/rustwide/target/debug/deps/libparking_lot-e037fb1c0bb182f3.rmeta --extern pathfinding=/opt/rustwide/target/debug/deps/libpathfinding-19f491faae5a7696.rmeta --extern pin_project=/opt/rustwide/target/debug/deps/libpin_project-b67a63bbd49466e1.rmeta --extern rand=/opt/rustwide/target/debug/deps/librand-9e34c1776aa8c6d3.rmeta --extern replace_with=/opt/rustwide/target/debug/deps/libreplace_with-0b675111e497bf24.rmeta --extern rmp=/opt/rustwide/target/debug/deps/librmp-290fb81258c61f7d.rmeta --extern rmp_serde=/opt/rustwide/target/debug/deps/librmp_serde-c510189934ff05e5.rmeta --extern self_update=/opt/rustwide/target/debug/deps/libself_update-df91c0f860fb4898.rmeta --extern serde=/opt/rustwide/target/debug/deps/libserde-8ad24eeaf43ef7c2.rmeta --extern serde_json=/opt/rustwide/target/debug/deps/libserde_json-4cc5c0ffe108d063.rmeta --extern sha3=/opt/rustwide/target/debug/deps/libsha3-3f6f57ede36b31f9.rmeta --extern spadina_core=/opt/rustwide/target/debug/deps/libspadina_core-528066ca6cad11c7.rmeta --extern tokio=/opt/rustwide/target/debug/deps/libtokio-4b52c60debd78a49.rmeta --extern tokio_tungstenite=/opt/rustwide/target/debug/deps/libtokio_tungstenite-76679d6de0163cff.rmeta --extern webbrowser=/opt/rustwide/target/debug/deps/libwebbrowser-45a9bd589d10e9cd.rmeta --cap-lints=warn --crate-version 0.1.0` (exit status: 1)
[INFO] [stderr] warning: build failed, waiting for other jobs to finish...
[INFO] [stdout] error: aborting due to 2 previous errors
[INFO] [stdout] 
[INFO] [stdout] 
[INFO] [stdout] Some errors have detailed explanations: E0554, E0583.
[INFO] [stdout] 
[INFO] [stdout] For more information about an error, try `rustc --explain E0554`.
[INFO] [stdout] 
[INFO] [stderr] error: could not compile `spadina-client` due to 3 previous errors
[INFO] running `Command { std: "docker" "inspect" "1e34cc7ee762daf1e8c15d4e87ac234fdd33a7c99ee14edd0abcd47573aa4b92", kill_on_drop: false }`
[INFO] running `Command { std: "docker" "rm" "-f" "1e34cc7ee762daf1e8c15d4e87ac234fdd33a7c99ee14edd0abcd47573aa4b92", kill_on_drop: false }`
[INFO] [stdout] 1e34cc7ee762daf1e8c15d4e87ac234fdd33a7c99ee14edd0abcd47573aa4b92
