[INFO] cloning repository https://github.com/anotherhollow1125/next-client-win
[INFO] running `Command { std: "git" "-c" "credential.helper=" "-c" "credential.helper=/workspace/cargo-home/bin/git-credential-null" "clone" "--bare" "https://github.com/anotherhollow1125/next-client-win" "/workspace/cache/git-repos/https%3A%2F%2Fgithub.com%2Fanotherhollow1125%2Fnext-client-win", kill_on_drop: false }`
[INFO] [stderr] Cloning into bare repository '/workspace/cache/git-repos/https%3A%2F%2Fgithub.com%2Fanotherhollow1125%2Fnext-client-win'...
[INFO] running `Command { std: "git" "rev-parse" "HEAD", kill_on_drop: false }`
[INFO] [stdout] 9ebf7b7a562d96787c41fc49366e6352ed2f9e7a
[INFO] documenting anotherhollow1125/next-client-win against beta-2023-04-20 for beta-1.70-rustdoc-1
[INFO] running `Command { std: "git" "clone" "/workspace/cache/git-repos/https%3A%2F%2Fgithub.com%2Fanotherhollow1125%2Fnext-client-win" "/workspace/builds/worker-0-tc2/source", kill_on_drop: false }`
[INFO] [stderr] Cloning into '/workspace/builds/worker-0-tc2/source'...
[INFO] [stderr] done.
[INFO] validating manifest of git repo https://github.com/anotherhollow1125/next-client-win on toolchain beta-2023-04-20
[INFO] running `Command { std: CARGO_HOME="/workspace/cargo-home" RUSTUP_HOME="/workspace/rustup-home" "/workspace/cargo-home/bin/cargo" "+beta-2023-04-20" "metadata" "--manifest-path" "Cargo.toml" "--no-deps", kill_on_drop: false }`
[INFO] started tweaking git repo https://github.com/anotherhollow1125/next-client-win
[INFO] finished tweaking git repo https://github.com/anotherhollow1125/next-client-win
[INFO] tweaked toml for git repo https://github.com/anotherhollow1125/next-client-win written to /workspace/builds/worker-0-tc2/source/Cargo.toml
[INFO] crate git repo https://github.com/anotherhollow1125/next-client-win already has a lockfile, it will not be regenerated
[INFO] running `Command { std: CARGO_HOME="/workspace/cargo-home" RUSTUP_HOME="/workspace/rustup-home" "/workspace/cargo-home/bin/cargo" "+beta-2023-04-20" "fetch" "--manifest-path" "Cargo.toml", kill_on_drop: false }`
[INFO] [stderr]     Updating crates.io index
[INFO] [stderr]  Downloading crates ...
[INFO] [stderr]   Downloaded embed-resource v1.6.3
[INFO] [stderr]   Downloaded winreg v0.9.0
[INFO] [stderr]   Downloaded ordered-float v2.7.0
[INFO] [stderr]   Downloaded xml v0.0.1
[INFO] [stderr]   Downloaded serde_yaml v0.8.19
[INFO] [stderr]   Downloaded vswhom-sys v0.1.0
[INFO] [stderr]   Downloaded windows_x86_64_gnu v0.27.0
[INFO] [stderr]   Downloaded windows_aarch64_msvc v0.27.0
[INFO] [stderr]   Downloaded windows_x86_64_msvc v0.27.0
[INFO] [stderr]   Downloaded windows_i686_gnu v0.27.0
[INFO] [stderr]   Downloaded windows_i686_msvc v0.27.0
[INFO] [stderr]   Downloaded windows v0.27.0
[INFO] [stderr]   Downloaded windows-sys v0.27.0
[INFO] running `Command { std: "docker" "create" "-v" "/var/lib/crater-agent-workspace/builds/worker-0-tc2/target:/opt/rustwide/target:rw,Z" "-v" "/var/lib/crater-agent-workspace/builds/worker-0-tc2/source:/opt/rustwide/workdir:ro,Z" "-v" "/var/lib/crater-agent-workspace/cargo-home:/opt/rustwide/cargo-home:ro,Z" "-v" "/var/lib/crater-agent-workspace/rustup-home:/opt/rustwide/rustup-home:ro,Z" "-e" "SOURCE_DIR=/opt/rustwide/workdir" "-e" "CARGO_TARGET_DIR=/opt/rustwide/target" "-e" "CARGO_HOME=/opt/rustwide/cargo-home" "-e" "RUSTUP_HOME=/opt/rustwide/rustup-home" "-w" "/opt/rustwide/workdir" "-m" "1610612736" "--user" "0:0" "--network" "none" "ghcr.io/rust-lang/crates-build-env/linux@sha256:5ff2268d62e97bff2cde7d5815dd6ed5b47097566f13b8d0ca110b04b60e07ed" "/opt/rustwide/cargo-home/bin/cargo" "+beta-2023-04-20" "metadata" "--no-deps" "--format-version=1", kill_on_drop: false }`
[INFO] [stdout] dd0cc6682ed94075965f83c8adc49710b361dcb4dc08ddb79f453d2ae65d567a
[INFO] running `Command { std: "docker" "start" "-a" "dd0cc6682ed94075965f83c8adc49710b361dcb4dc08ddb79f453d2ae65d567a", kill_on_drop: false }`
[INFO] running `Command { std: "docker" "inspect" "dd0cc6682ed94075965f83c8adc49710b361dcb4dc08ddb79f453d2ae65d567a", kill_on_drop: false }`
[INFO] running `Command { std: "docker" "rm" "-f" "dd0cc6682ed94075965f83c8adc49710b361dcb4dc08ddb79f453d2ae65d567a", kill_on_drop: false }`
[INFO] [stdout] dd0cc6682ed94075965f83c8adc49710b361dcb4dc08ddb79f453d2ae65d567a
[INFO] running `Command { std: "docker" "create" "-v" "/var/lib/crater-agent-workspace/builds/worker-0-tc2/target:/opt/rustwide/target:rw,Z" "-v" "/var/lib/crater-agent-workspace/builds/worker-0-tc2/source:/opt/rustwide/workdir:ro,Z" "-v" "/var/lib/crater-agent-workspace/cargo-home:/opt/rustwide/cargo-home:ro,Z" "-v" "/var/lib/crater-agent-workspace/rustup-home:/opt/rustwide/rustup-home:ro,Z" "-e" "SOURCE_DIR=/opt/rustwide/workdir" "-e" "CARGO_TARGET_DIR=/opt/rustwide/target" "-e" "CARGO_INCREMENTAL=0" "-e" "RUST_BACKTRACE=full" "-e" "RUSTFLAGS=--cap-lints=warn" "-e" "RUSTDOCFLAGS=--cap-lints=warn" "-e" "CARGO_HOME=/opt/rustwide/cargo-home" "-e" "RUSTUP_HOME=/opt/rustwide/rustup-home" "-w" "/opt/rustwide/workdir" "-m" "1610612736" "--user" "0:0" "--network" "none" "ghcr.io/rust-lang/crates-build-env/linux@sha256:5ff2268d62e97bff2cde7d5815dd6ed5b47097566f13b8d0ca110b04b60e07ed" "/opt/rustwide/cargo-home/bin/cargo" "+beta-2023-04-20" "doc" "--frozen" "--no-deps" "--document-private-items" "--message-format=json", kill_on_drop: false }`
[INFO] [stdout] fc4d7bd84efe379c43cc38365036ee31f59092f097c370c1035c7244281e64fe
[INFO] running `Command { std: "docker" "start" "-a" "fc4d7bd84efe379c43cc38365036ee31f59092f097c370c1035c7244281e64fe", kill_on_drop: false }`
[INFO] [stderr]    Compiling libc v0.2.100
[INFO] [stderr]    Compiling autocfg v1.0.1
[INFO] [stderr]    Compiling proc-macro2 v1.0.28
[INFO] [stderr]    Compiling syn v1.0.75
[INFO] [stderr]    Compiling serde_derive v1.0.127
[INFO] [stderr]    Compiling serde v1.0.127
[INFO] [stderr]    Compiling log v0.4.14
[INFO] [stderr]    Compiling cc v1.0.69
[INFO] [stderr]    Compiling memchr v2.4.1
[INFO] [stderr]     Checking scopeguard v1.1.0
[INFO] [stderr]     Checking pin-project-lite v0.2.7
[INFO] [stderr]    Compiling pkg-config v0.3.19
[INFO] [stderr]     Checking smallvec v1.6.1
[INFO] [stderr]    Compiling futures-core v0.3.16
[INFO] [stderr]     Checking instant v0.1.10
[INFO] [stderr]     Checking itoa v0.4.7
[INFO] [stderr]     Checking lock_api v0.4.4
[INFO] [stderr]     Checking bytes v1.0.1
[INFO] [stderr]     Checking once_cell v1.8.0
[INFO] [stderr]     Checking slab v0.4.4
[INFO] [stderr]     Checking fnv v1.0.7
[INFO] [stderr]    Compiling futures-task v0.3.16
[INFO] [stderr]     Checking hashbrown v0.11.2
[INFO] [stderr]    Compiling openssl v0.10.36
[INFO] [stderr]     Checking foreign-types-shared v0.1.1
[INFO] [stderr]    Compiling ryu v1.0.5
[INFO] [stderr]     Checking tracing-core v0.1.19
[INFO] [stderr]     Checking foreign-types v0.3.2
[INFO] [stderr]    Compiling httparse v1.5.1
[INFO] [stderr]    Compiling indexmap v1.7.0
[INFO] [stderr]    Compiling tokio v1.12.0
[INFO] [stderr]    Compiling num-traits v0.2.14
[INFO] [stderr]    Compiling futures-util v0.3.16
[INFO] [stderr]     Checking http v0.2.4
[INFO] [stderr]     Checking futures-sink v0.3.16
[INFO] [stderr]    Compiling futures-channel v0.3.16
[INFO] [stderr]    Compiling native-tls v0.2.8
[INFO] [stderr]     Checking matches v0.1.9
[INFO] [stderr]     Checking tinyvec_macros v0.1.0
[INFO] [stderr]     Checking tracing v0.1.26
[INFO] [stderr]    Compiling num-integer v0.1.44
[INFO] [stderr]     Checking try-lock v0.2.3
[INFO] [stderr]     Checking tinyvec v1.3.1
[INFO] [stderr]     Checking percent-encoding v2.1.0
[INFO] [stderr]    Compiling quote v1.0.9
[INFO] [stderr]     Checking openssl-probe v0.1.4
[INFO] [stderr]     Checking ppv-lite86 v0.2.10
[INFO] [stderr]     Checking cfg-if v0.1.10
[INFO] [stderr]     Checking form_urlencoded v1.0.1
[INFO] [stderr]     Checking aho-corasick v0.7.18
[INFO] [stderr]     Checking httpdate v1.0.1
[INFO] [stderr]     Checking parking_lot_core v0.8.3
[INFO] [stderr]     Checking num_cpus v1.13.0
[INFO] [stderr]     Checking signal-hook-registry v1.4.0
[INFO] [stderr]     Checking getrandom v0.2.3
[INFO] [stderr]     Checking iovec v0.1.4
[INFO] [stderr]    Compiling openssl-sys v0.9.66
[INFO] [stderr]     Checking net2 v0.2.37
[INFO] [stderr]     Checking socket2 v0.4.1
[INFO] [stderr]     Checking tower-service v0.3.1
[INFO] [stderr]     Checking parking_lot v0.11.1
[INFO] [stderr]    Compiling serde_json v1.0.66
[INFO] [stderr]    Compiling anyhow v1.0.43
[INFO] [stderr]     Checking unicode-bidi v0.3.6
[INFO] [stderr]     Checking regex-syntax v0.6.25
[INFO] [stderr]     Checking rand_core v0.6.3
[INFO] [stderr]    Compiling encoding_rs v0.8.28
[INFO] [stderr]     Checking time v0.1.44
[INFO] [stderr]     Checking inotify-sys v0.1.5
[INFO] [stderr]     Checking ahash v0.4.7
[INFO] [stderr]     Checking unicode-normalization v0.1.19
[INFO] [stderr]     Checking rand_chacha v0.3.1
[INFO] [stderr]     Checking linked-hash-map v0.5.4
[INFO] [stderr]     Checking humantime v2.1.0
[INFO] [stderr]     Checking traitobject v0.1.0
[INFO] [stderr]     Checking lazycell v1.3.0
[INFO] [stderr]     Checking same-file v1.0.6
[INFO] [stderr]     Checking hashbrown v0.9.1
[INFO] [stderr]     Checking unsafe-any v0.4.2
[INFO] [stderr]     Checking yaml-rust v0.4.5
[INFO] [stderr]     Checking inotify v0.7.1
[INFO] [stderr]     Checking ordered-float v2.7.0
[INFO] [stderr]     Checking rand v0.8.4
[INFO] [stderr]     Checking walkdir v2.3.2
[INFO] [stderr]     Checking atty v0.2.14
[INFO] [stderr]     Checking http-body v0.4.3
[INFO] [stderr]     Checking filetime v0.2.15
[INFO] [stderr]    Compiling embed-resource v1.6.3
[INFO] [stderr]     Checking xmlparser v0.13.3
[INFO] [stderr]     Checking dtoa v0.4.8
[INFO] [stderr]     Checking chrono v0.4.19
[INFO] [stderr]     Checking termcolor v1.1.2
[INFO] [stderr]     Checking base64 v0.13.0
[INFO] [stderr]     Checking mime v0.3.16
[INFO] [stderr]     Checking ipnet v2.3.1
[INFO] [stderr]     Checking typemap v0.3.3
[INFO] [stderr]     Checking thread-id v3.3.0
[INFO] [stderr]     Checking xml v0.0.1
[INFO] [stderr]     Checking dotenv v0.15.0
[INFO] [stderr]     Checking arc-swap v0.4.8
[INFO] [stderr]     Checking log-mdc v0.1.0
[INFO] [stderr]     Checking urlencoding v2.1.0
[INFO] [stderr]     Checking idna v0.2.3
[INFO] [stderr]     Checking windows-sys v0.27.0
[INFO] [stderr]    Compiling next_client_win v0.1.19 (/opt/rustwide/workdir)
[INFO] [stderr]     Checking fs_extra v1.2.0
[INFO] [stderr]     Checking roxmltree v0.14.1
[INFO] [stderr]     Checking if_chain v1.0.1
[INFO] [stderr]     Checking windows v0.27.0
[INFO] [stderr]     Checking rpassword v5.0.1
[INFO] [stderr]     Checking dlv-list v0.2.3
[INFO] [stderr]     Checking ordered-multimap v0.3.1
[INFO] [stderr]     Checking url v2.2.2
[INFO] [stderr]     Checking rust-ini v0.17.0
[INFO] [stderr]     Checking regex v1.5.4
[INFO] [stdout] error[E0433]: failed to resolve: could not find `windows` in `os`
[INFO] [stdout]     --> /opt/rustwide/cargo-home/registry/src/index.crates.io-6f17d22bba15001f/windows-0.27.0/src/Windows/Win32/Foundation/mod.rs:3306:22
[INFO] [stdout]      |
[INFO] [stdout] 3306 |         use std::os::windows::ffi::OsStrExt;
[INFO] [stdout]      |                      ^^^^^^^ could not find `windows` in `os`
[INFO] [stdout] 
[INFO] [stdout] 
[INFO] [stdout] error[E0433]: failed to resolve: could not find `windows` in `os`
[INFO] [stdout]     --> /opt/rustwide/cargo-home/registry/src/index.crates.io-6f17d22bba15001f/windows-0.27.0/src/core/bindings.rs:1591:34
[INFO] [stdout]      |
[INFO] [stdout] 1591 |                     use std::os::windows::ffi::OsStrExt;
[INFO] [stdout]      |                                  ^^^^^^^ could not find `windows` in `os`
[INFO] [stdout] 
[INFO] [stdout] 
[INFO] [stderr]    Compiling tokio-macros v1.3.0
[INFO] [stderr]    Compiling thiserror-impl v1.0.26
[INFO] [stderr]    Compiling derivative v2.2.0
[INFO] [stderr]    Compiling async-recursion v0.3.2
[INFO] [stderr]     Checking thiserror v1.0.26
[INFO] [stdout] error[E0599]: no method named `encode_wide` found for reference `&OsStr` in the current scope
[INFO] [stdout]     --> /opt/rustwide/cargo-home/registry/src/index.crates.io-6f17d22bba15001f/windows-0.27.0/src/Windows/Win32/Foundation/mod.rs:3307:104
[INFO] [stdout]      |
[INFO] [stdout] 3307 | ...ore::alloc::boxed::Box::<[u16]>::into_raw(self.encode_wide().chain(::core::iter::once(0)).collect::<::windows::core::alloc::vec::Vec<u...
[INFO] [stdout]      |                                                   ^^^^^^^^^^^ method not found in `&OsStr`
[INFO] [stdout] 
[INFO] [stdout] 
[INFO] [stdout] error[E0599]: no method named `encode_wide` found for reference `&OsStr` in the current scope
[INFO] [stdout]     --> /opt/rustwide/cargo-home/registry/src/index.crates.io-6f17d22bba15001f/windows-0.27.0/src/core/bindings.rs:1592:116
[INFO] [stdout]      |
[INFO] [stdout] 1592 | ...ore::alloc::boxed::Box::<[u16]>::into_raw(self.encode_wide().chain(::core::iter::once(0)).collect::<::windows::core::alloc::vec::Vec<u...
[INFO] [stdout]      |                                                   ^^^^^^^^^^^ method not found in `&OsStr`
[INFO] [stdout] 
[INFO] [stdout] 
[INFO] [stdout] error: aborting due to 4 previous errors
[INFO] [stdout] 
[INFO] [stdout] 
[INFO] [stdout] Some errors have detailed explanations: E0433, E0599.
[INFO] [stdout] 
[INFO] [stdout] For more information about an error, try `rustc --explain E0433`.
[INFO] [stdout] 
[INFO] [stderr] error: could not compile `windows` (lib) due to 5 previous errors
[INFO] [stderr] warning: build failed, waiting for other jobs to finish...
[INFO] running `Command { std: "docker" "inspect" "fc4d7bd84efe379c43cc38365036ee31f59092f097c370c1035c7244281e64fe", kill_on_drop: false }`
[INFO] running `Command { std: "docker" "rm" "-f" "fc4d7bd84efe379c43cc38365036ee31f59092f097c370c1035c7244281e64fe", kill_on_drop: false }`
[INFO] [stdout] fc4d7bd84efe379c43cc38365036ee31f59092f097c370c1035c7244281e64fe
