[INFO] cloning repository https://github.com/andyyu2004/cir
[INFO] running `Command { std: "git" "-c" "credential.helper=" "-c" "credential.helper=/workspace/cargo-home/bin/git-credential-null" "clone" "--bare" "https://github.com/andyyu2004/cir" "/workspace/cache/git-repos/https%3A%2F%2Fgithub.com%2Fandyyu2004%2Fcir", kill_on_drop: false }`
[INFO] [stderr] Cloning into bare repository '/workspace/cache/git-repos/https%3A%2F%2Fgithub.com%2Fandyyu2004%2Fcir'...
[INFO] running `Command { std: "git" "rev-parse" "HEAD", kill_on_drop: false }`
[INFO] [stdout] 0c6afa11d1c8ac15c10399df691917f48d7ca34b
[INFO] documenting andyyu2004/cir against 1.69.0 for beta-1.70-rustdoc-1
[INFO] running `Command { std: "git" "clone" "/workspace/cache/git-repos/https%3A%2F%2Fgithub.com%2Fandyyu2004%2Fcir" "/workspace/builds/worker-3-tc1/source", kill_on_drop: false }`
[INFO] [stderr] Cloning into '/workspace/builds/worker-3-tc1/source'...
[INFO] [stderr] done.
[INFO] validating manifest of git repo https://github.com/andyyu2004/cir on toolchain 1.69.0
[INFO] running `Command { std: CARGO_HOME="/workspace/cargo-home" RUSTUP_HOME="/workspace/rustup-home" "/workspace/cargo-home/bin/cargo" "+1.69.0" "metadata" "--manifest-path" "Cargo.toml" "--no-deps", kill_on_drop: false }`
[INFO] started tweaking git repo https://github.com/andyyu2004/cir
[INFO] finished tweaking git repo https://github.com/andyyu2004/cir
[INFO] tweaked toml for git repo https://github.com/andyyu2004/cir written to /workspace/builds/worker-3-tc1/source/Cargo.toml
[INFO] crate git repo https://github.com/andyyu2004/cir already has a lockfile, it will not be regenerated
[INFO] running `Command { std: CARGO_HOME="/workspace/cargo-home" RUSTUP_HOME="/workspace/rustup-home" "/workspace/cargo-home/bin/cargo" "+1.69.0" "fetch" "--manifest-path" "Cargo.toml", kill_on_drop: false }`
[INFO] [stderr]  Downloading crates ...
[INFO] [stderr]   Downloaded expect-test v1.2.1
[INFO] [stderr]   Downloaded smol_str v0.1.21
[INFO] [stderr]   Downloaded peg-macros v0.7.0
[INFO] [stderr]   Downloaded dissimilar v1.0.3
[INFO] [stderr]   Downloaded peg-runtime v0.7.0
[INFO] [stderr]   Downloaded la-arena v0.2.1
[INFO] [stderr]   Downloaded peg v0.7.0
[INFO] running `Command { std: "docker" "create" "-v" "/var/lib/crater-agent-workspace/builds/worker-3-tc1/target:/opt/rustwide/target:rw,Z" "-v" "/var/lib/crater-agent-workspace/builds/worker-3-tc1/source:/opt/rustwide/workdir:ro,Z" "-v" "/var/lib/crater-agent-workspace/cargo-home:/opt/rustwide/cargo-home:ro,Z" "-v" "/var/lib/crater-agent-workspace/rustup-home:/opt/rustwide/rustup-home:ro,Z" "-e" "SOURCE_DIR=/opt/rustwide/workdir" "-e" "CARGO_TARGET_DIR=/opt/rustwide/target" "-e" "CARGO_HOME=/opt/rustwide/cargo-home" "-e" "RUSTUP_HOME=/opt/rustwide/rustup-home" "-w" "/opt/rustwide/workdir" "-m" "1610612736" "--user" "0:0" "--network" "none" "ghcr.io/rust-lang/crates-build-env/linux@sha256:5ff2268d62e97bff2cde7d5815dd6ed5b47097566f13b8d0ca110b04b60e07ed" "/opt/rustwide/cargo-home/bin/cargo" "+1.69.0" "metadata" "--no-deps" "--format-version=1", kill_on_drop: false }`
[INFO] [stdout] b5a83ed7dcf0ff2d3f8124ab52d84869a6986762204713f58ba7eb6755f66942
[INFO] running `Command { std: "docker" "start" "-a" "b5a83ed7dcf0ff2d3f8124ab52d84869a6986762204713f58ba7eb6755f66942", kill_on_drop: false }`
[INFO] running `Command { std: "docker" "inspect" "b5a83ed7dcf0ff2d3f8124ab52d84869a6986762204713f58ba7eb6755f66942", kill_on_drop: false }`
[INFO] running `Command { std: "docker" "rm" "-f" "b5a83ed7dcf0ff2d3f8124ab52d84869a6986762204713f58ba7eb6755f66942", kill_on_drop: false }`
[INFO] [stdout] b5a83ed7dcf0ff2d3f8124ab52d84869a6986762204713f58ba7eb6755f66942
[INFO] running `Command { std: "docker" "create" "-v" "/var/lib/crater-agent-workspace/builds/worker-3-tc1/target:/opt/rustwide/target:rw,Z" "-v" "/var/lib/crater-agent-workspace/builds/worker-3-tc1/source:/opt/rustwide/workdir:ro,Z" "-v" "/var/lib/crater-agent-workspace/cargo-home:/opt/rustwide/cargo-home:ro,Z" "-v" "/var/lib/crater-agent-workspace/rustup-home:/opt/rustwide/rustup-home:ro,Z" "-e" "SOURCE_DIR=/opt/rustwide/workdir" "-e" "CARGO_TARGET_DIR=/opt/rustwide/target" "-e" "CARGO_INCREMENTAL=0" "-e" "RUST_BACKTRACE=full" "-e" "RUSTFLAGS=--cap-lints=warn" "-e" "RUSTDOCFLAGS=--cap-lints=warn" "-e" "CARGO_HOME=/opt/rustwide/cargo-home" "-e" "RUSTUP_HOME=/opt/rustwide/rustup-home" "-w" "/opt/rustwide/workdir" "-m" "1610612736" "--user" "0:0" "--network" "none" "ghcr.io/rust-lang/crates-build-env/linux@sha256:5ff2268d62e97bff2cde7d5815dd6ed5b47097566f13b8d0ca110b04b60e07ed" "/opt/rustwide/cargo-home/bin/cargo" "+1.69.0" "doc" "--frozen" "--no-deps" "--document-private-items" "--message-format=json", kill_on_drop: false }`
[INFO] [stdout] 5059cb0240c64fd15fc307d643b22ffcd7bb79fb195457a91690c9af71cfc85d
[INFO] running `Command { std: "docker" "start" "-a" "5059cb0240c64fd15fc307d643b22ffcd7bb79fb195457a91690c9af71cfc85d", kill_on_drop: false }`
[INFO] [stderr]     Blocking waiting for file lock on package cache
[INFO] [stderr]    Compiling proc-macro2 v1.0.34
[INFO] [stderr]    Compiling unicode-xid v0.2.2
[INFO] [stderr]    Compiling libc v0.2.112
[INFO] [stderr]     Checking unicode-width v0.1.9
[INFO] [stderr]     Checking termcolor v1.1.2
[INFO] [stderr]    Compiling syn v1.0.84
[INFO] [stderr]     Checking la-arena v0.2.1
[INFO] [stderr]     Checking smol_str v0.1.21
[INFO] [stderr]     Checking smallvec v1.7.0
[INFO] [stderr]    Compiling anyhow v1.0.51
[INFO] [stderr]    Compiling peg-runtime v0.7.0
[INFO] [stderr]     Checking codespan-reporting v0.11.1
[INFO] [stderr]     Checking codespan v0.11.1
[INFO] [stderr]    Compiling quote v1.0.10
[INFO] [stderr]     Checking num_cpus v1.13.1
[INFO] [stderr]     Checking dashmap v4.0.2
[INFO] [stderr]    Compiling peg-macros v0.7.0
[INFO] [stderr]     Checking cir v0.1.0 (/opt/rustwide/workdir/src/cir)
[INFO] [stderr]  Documenting cir v0.1.0 (/opt/rustwide/workdir/src/cir)
[INFO] [stdout] error[E0432]: unresolved import `std::lazy`
[INFO] [stdout]  --> src/cir/src/intern.rs:3:10
[INFO] [stdout]   |
[INFO] [stdout] 3 | use std::lazy::SyncOnceCell;
[INFO] [stdout]   |          ^^^^ could not find `lazy` in `std`
[INFO] [stdout] 
[INFO] [stdout] 
[INFO] [stdout] error[E0432]: unresolved import `std::lazy`
[INFO] [stdout]  --> src/cir/src/intern.rs:3:10
[INFO] [stdout]   |
[INFO] [stdout] 3 | use std::lazy::SyncOnceCell;
[INFO] [stdout]   |          ^^^^ could not find `lazy` in `std`
[INFO] [stdout] 
[INFO] [stdout] 
[INFO] [stdout] error[E0554]: `#![feature]` may not be used on the stable release channel
[INFO] [stdout]  --> src/cir/src/lib.rs:1:12
[INFO] [stdout]   |
[INFO] [stdout] 1 | #![feature(once_cell)]
[INFO] [stdout]   |            ^^^^^^^^^
[INFO] [stdout] 
[INFO] [stdout] 
[INFO] [stdout] error[E0282]: type annotations needed
[INFO] [stdout]   --> src/cir/src/intern.rs:91:45
[INFO] [stdout]    |
[INFO] [stdout] 91 |         static INTERNER: Interner<TyData> = Interner::new();
[INFO] [stdout]    |                                             ^^^^^^^^^^^^^ cannot infer type of the type parameter `T` declared on the struct `Interner`
[INFO] [stdout]    |
[INFO] [stdout] help: consider specifying the generic argument
[INFO] [stdout]    |
[INFO] [stdout] 91 |         static INTERNER: Interner<TyData> = Interner::<T>::new();
[INFO] [stdout]    |                                                     +++++
[INFO] [stdout] 
[INFO] [stdout] 
[INFO] [stdout] error[E0282]: type annotations needed
[INFO] [stdout]   --> src/cir/src/intern.rs:91:45
[INFO] [stdout]    |
[INFO] [stdout] 91 |         static INTERNER: Interner<TyData> = Interner::new();
[INFO] [stdout]    |                                             ^^^^^^^^^^^^^ cannot infer type of the type parameter `T` declared on the struct `Interner`
[INFO] [stdout]    |
[INFO] [stdout] help: consider specifying the generic argument
[INFO] [stdout]    |
[INFO] [stdout] 91 |         static INTERNER: Interner<TyData> = Interner::<T>::new();
[INFO] [stdout]    |                                                     +++++
[INFO] [stdout] 
[INFO] [stdout] 
[INFO] [stdout] error: aborting due to 2 previous errors
[INFO] [stdout] 
[INFO] [stdout] 
[INFO] [stdout] Some errors have detailed explanations: E0282, E0432.
[INFO] [stdout] 
[INFO] [stdout] For more information about an error, try `rustc --explain E0282`.
[INFO] [stdout] 
[INFO] [stderr] error: could not document `cir`
[INFO] [stderr] 
[INFO] [stderr] Caused by:
[INFO] [stderr]   process didn't exit successfully: `rustdoc --edition=2021 --crate-type lib --crate-name cir src/cir/src/lib.rs -o /opt/rustwide/target/doc --error-format=json --json=diagnostic-rendered-ansi,artifacts,future-incompat --document-private-items -C metadata=b8783f56c15de3cb -L dependency=/opt/rustwide/target/debug/deps --extern codespan=/opt/rustwide/target/debug/deps/libcodespan-a7ce03736274243e.rmeta --extern dashmap=/opt/rustwide/target/debug/deps/libdashmap-ef577ca86a389c4c.rmeta --extern la_arena=/opt/rustwide/target/debug/deps/libla_arena-6255a949290dc4cd.rmeta --extern rustc_hash=/opt/rustwide/target/debug/deps/librustc_hash-1904cd8478c1b0ae.rmeta --extern smallvec=/opt/rustwide/target/debug/deps/libsmallvec-345fc9dc4417bd45.rmeta --extern smol_str=/opt/rustwide/target/debug/deps/libsmol_str-695b8b9bd74c25cd.rmeta --cap-lints=warn --crate-version 0.1.0` (exit status: 1)
[INFO] [stderr] warning: build failed, waiting for other jobs to finish...
[INFO] [stdout] error: aborting due to 3 previous errors
[INFO] [stdout] 
[INFO] [stdout] 
[INFO] [stdout] Some errors have detailed explanations: E0282, E0432, E0554.
[INFO] [stdout] 
[INFO] [stdout] For more information about an error, try `rustc --explain E0282`.
[INFO] [stdout] 
[INFO] [stderr] error: could not compile `cir` due to 4 previous errors
[INFO] running `Command { std: "docker" "inspect" "5059cb0240c64fd15fc307d643b22ffcd7bb79fb195457a91690c9af71cfc85d", kill_on_drop: false }`
[INFO] running `Command { std: "docker" "rm" "-f" "5059cb0240c64fd15fc307d643b22ffcd7bb79fb195457a91690c9af71cfc85d", kill_on_drop: false }`
[INFO] [stdout] 5059cb0240c64fd15fc307d643b22ffcd7bb79fb195457a91690c9af71cfc85d
