[INFO] cloning repository https://github.com/andrewhickman/ecs-demo
[INFO] running `Command { std: "git" "-c" "credential.helper=" "-c" "credential.helper=/workspace/cargo-home/bin/git-credential-null" "clone" "--bare" "https://github.com/andrewhickman/ecs-demo" "/workspace/cache/git-repos/https%3A%2F%2Fgithub.com%2Fandrewhickman%2Fecs-demo", kill_on_drop: false }`
[INFO] [stderr] Cloning into bare repository '/workspace/cache/git-repos/https%3A%2F%2Fgithub.com%2Fandrewhickman%2Fecs-demo'...
[INFO] running `Command { std: "git" "rev-parse" "HEAD", kill_on_drop: false }`
[INFO] [stdout] 701dd495d79e1af2a330b92830d50cdc84f5f2af
[INFO] documenting andrewhickman/ecs-demo against 1.69.0 for beta-1.70-rustdoc-1
[INFO] running `Command { std: "git" "clone" "/workspace/cache/git-repos/https%3A%2F%2Fgithub.com%2Fandrewhickman%2Fecs-demo" "/workspace/builds/worker-2-tc1/source", kill_on_drop: false }`
[INFO] [stderr] Cloning into '/workspace/builds/worker-2-tc1/source'...
[INFO] [stderr] done.
[INFO] validating manifest of git repo https://github.com/andrewhickman/ecs-demo on toolchain 1.69.0
[INFO] running `Command { std: CARGO_HOME="/workspace/cargo-home" RUSTUP_HOME="/workspace/rustup-home" "/workspace/cargo-home/bin/cargo" "+1.69.0" "metadata" "--manifest-path" "Cargo.toml" "--no-deps", kill_on_drop: false }`
[INFO] started tweaking git repo https://github.com/andrewhickman/ecs-demo
[INFO] finished tweaking git repo https://github.com/andrewhickman/ecs-demo
[INFO] tweaked toml for git repo https://github.com/andrewhickman/ecs-demo written to /workspace/builds/worker-2-tc1/source/Cargo.toml
[INFO] crate git repo https://github.com/andrewhickman/ecs-demo already has a lockfile, it will not be regenerated
[INFO] running `Command { std: CARGO_HOME="/workspace/cargo-home" RUSTUP_HOME="/workspace/rustup-home" "/workspace/cargo-home/bin/cargo" "+1.69.0" "fetch" "--manifest-path" "Cargo.toml", kill_on_drop: false }`
[INFO] [stderr]     Updating git repository `https://github.com/andrewhickman/lime`
[INFO] [stderr]     Updating git repository `https://github.com/vulkano-rs/vulkano/`
[INFO] [stderr]     Updating git submodule `https://github.com/KhronosGroup/glslang`
[INFO] [stderr]  Downloading crates ...
[INFO] [stderr]   Downloaded wayland-scanner v0.20.10
[INFO] [stderr]   Downloaded specs v0.12.0
[INFO] [stderr]   Downloaded shred v0.7.0
[INFO] [stderr]   Downloaded objc_id v0.1.0
[INFO] [stderr]   Downloaded arrayref v0.3.4
[INFO] [stderr]   Downloaded crossbeam v0.3.2
[INFO] [stderr]   Downloaded parking_lot v0.6.2
[INFO] [stderr]   Downloaded shrev v1.0.1
[INFO] [stderr]   Downloaded regex v1.0.1
[INFO] [stderr]   Downloaded console v0.6.1
[INFO] [stderr]   Downloaded regex-syntax v0.6.1
[INFO] [stderr]   Downloaded shred-derive v0.5.0
[INFO] [stderr]   Downloaded specs-derive v0.2.0
[INFO] [stderr]   Downloaded objc v0.2.3
[INFO] [stderr]   Downloaded wayland-protocols v0.20.10
[INFO] [stderr]   Downloaded wayland-commons v0.20.10
[INFO] [stderr]   Downloaded wayland-sys v0.20.10
[INFO] [stderr]   Downloaded env_logger v0.5.10
[INFO] [stderr]   Downloaded approx v0.2.0
[INFO] [stderr]   Downloaded hibitset v0.5.0
[INFO] [stderr]   Downloaded half v1.1.2
[INFO] [stderr]   Downloaded wayland-client v0.20.10
[INFO] [stderr]   Downloaded tuple_utils v0.2.0
[INFO] running `Command { std: "docker" "create" "-v" "/var/lib/crater-agent-workspace/builds/worker-2-tc1/target:/opt/rustwide/target:rw,Z" "-v" "/var/lib/crater-agent-workspace/builds/worker-2-tc1/source:/opt/rustwide/workdir:ro,Z" "-v" "/var/lib/crater-agent-workspace/cargo-home:/opt/rustwide/cargo-home:ro,Z" "-v" "/var/lib/crater-agent-workspace/rustup-home:/opt/rustwide/rustup-home:ro,Z" "-e" "SOURCE_DIR=/opt/rustwide/workdir" "-e" "CARGO_TARGET_DIR=/opt/rustwide/target" "-e" "CARGO_HOME=/opt/rustwide/cargo-home" "-e" "RUSTUP_HOME=/opt/rustwide/rustup-home" "-w" "/opt/rustwide/workdir" "-m" "1610612736" "--user" "0:0" "--network" "none" "ghcr.io/rust-lang/crates-build-env/linux@sha256:5ff2268d62e97bff2cde7d5815dd6ed5b47097566f13b8d0ca110b04b60e07ed" "/opt/rustwide/cargo-home/bin/cargo" "+1.69.0" "metadata" "--no-deps" "--format-version=1", kill_on_drop: false }`
[INFO] [stdout] 183590db2ef8148062f55a802ae2ddf3f52fc6e5f0abd8b7473dc88f4ca3a11f
[INFO] running `Command { std: "docker" "start" "-a" "183590db2ef8148062f55a802ae2ddf3f52fc6e5f0abd8b7473dc88f4ca3a11f", kill_on_drop: false }`
[INFO] running `Command { std: "docker" "inspect" "183590db2ef8148062f55a802ae2ddf3f52fc6e5f0abd8b7473dc88f4ca3a11f", kill_on_drop: false }`
[INFO] running `Command { std: "docker" "rm" "-f" "183590db2ef8148062f55a802ae2ddf3f52fc6e5f0abd8b7473dc88f4ca3a11f", kill_on_drop: false }`
[INFO] [stdout] 183590db2ef8148062f55a802ae2ddf3f52fc6e5f0abd8b7473dc88f4ca3a11f
[INFO] running `Command { std: "docker" "create" "-v" "/var/lib/crater-agent-workspace/builds/worker-2-tc1/target:/opt/rustwide/target:rw,Z" "-v" "/var/lib/crater-agent-workspace/builds/worker-2-tc1/source:/opt/rustwide/workdir:ro,Z" "-v" "/var/lib/crater-agent-workspace/cargo-home:/opt/rustwide/cargo-home:ro,Z" "-v" "/var/lib/crater-agent-workspace/rustup-home:/opt/rustwide/rustup-home:ro,Z" "-e" "SOURCE_DIR=/opt/rustwide/workdir" "-e" "CARGO_TARGET_DIR=/opt/rustwide/target" "-e" "CARGO_INCREMENTAL=0" "-e" "RUST_BACKTRACE=full" "-e" "RUSTFLAGS=--cap-lints=warn" "-e" "RUSTDOCFLAGS=--cap-lints=warn" "-e" "CARGO_HOME=/opt/rustwide/cargo-home" "-e" "RUSTUP_HOME=/opt/rustwide/rustup-home" "-w" "/opt/rustwide/workdir" "-m" "1610612736" "--user" "0:0" "--network" "none" "ghcr.io/rust-lang/crates-build-env/linux@sha256:5ff2268d62e97bff2cde7d5815dd6ed5b47097566f13b8d0ca110b04b60e07ed" "/opt/rustwide/cargo-home/bin/cargo" "+1.69.0" "doc" "--frozen" "--no-deps" "--document-private-items" "--message-format=json", kill_on_drop: false }`
[INFO] [stdout] e5e2dfd823cc696da3c2fea1241d9c3ae9dba60118f4d722ebc6121100c84cd8
[INFO] running `Command { std: "docker" "start" "-a" "e5e2dfd823cc696da3c2fea1241d9c3ae9dba60118f4d722ebc6121100c84cd8", kill_on_drop: false }`
[INFO] [stderr]     Checking libc v0.2.42
[INFO] [stderr]    Compiling cc v1.0.18
[INFO] [stderr]     Checking lazy_static v1.0.2
[INFO] [stderr]     Checking cfg-if v0.1.4
[INFO] [stderr]     Checking scopeguard v0.3.3
[INFO] [stderr]    Compiling bitflags v1.0.3
[INFO] [stderr]     Checking smallvec v0.6.2
[INFO] [stderr]     Checking stable_deref_trait v1.1.0
[INFO] [stderr]    Compiling typenum v1.10.0
[INFO] [stderr]     Checking nodrop v0.1.12
[INFO] [stderr]     Checking memoffset v0.2.1
[INFO] [stderr]     Checking downcast-rs v1.0.3
[INFO] [stderr]    Compiling byte-tools v0.2.0
[INFO] [stderr]    Compiling arrayref v0.3.4
[INFO] [stderr]    Compiling fake-simd v0.1.2
[INFO] [stderr]    Compiling xml-rs v0.7.0
[INFO] [stderr]     Checking owning_ref v0.3.3
[INFO] [stderr]     Checking crossbeam-utils v0.2.2
[INFO] [stderr]     Checking log v0.4.3
[INFO] [stderr]    Compiling nix v0.11.0
[INFO] [stderr]    Compiling rayon-core v1.4.0
[INFO] [stderr]    Compiling x11-dl v2.18.0
[INFO] [stderr]     Checking ucd-util v0.1.1
[INFO] [stderr]     Checking arrayvec v0.4.7
[INFO] [stderr]    Compiling num-traits v0.2.5
[INFO] [stderr]    Compiling block-buffer v0.3.3
[INFO] [stderr]     Checking remove_dir_all v0.5.1
[INFO] [stderr]    Compiling proc-macro2 v0.4.6
[INFO] [stderr]     Checking lock_api v0.1.3
[INFO] [stderr]     Checking unreachable v1.0.0
[INFO] [stderr]    Compiling either v1.5.0
[INFO] [stderr]    Compiling syn v0.10.8
[INFO] [stderr]     Checking thread_local v0.3.5
[INFO] [stderr]    Compiling itertools v0.5.10
[INFO] [stderr]     Checking utf8-ranges v1.0.0
[INFO] [stderr]     Checking crossbeam-epoch v0.3.1
[INFO] [stderr]     Checking crossbeam v0.3.2
[INFO] [stderr]     Checking percent-encoding v1.0.1
[INFO] [stderr]    Compiling cmake v0.1.31
[INFO] [stderr]     Checking rand v0.4.2
[INFO] [stderr]     Checking num_cpus v1.8.0
[INFO] [stderr]     Checking memmap v0.6.2
[INFO] [stderr]     Checking memchr v2.0.1
[INFO] [stderr]     Checking crossbeam-deque v0.2.0
[INFO] [stderr]    Compiling quote v0.6.3
[INFO] [stderr]     Checking aho-corasick v0.6.6
[INFO] [stderr]    Compiling vulkano v0.9.0 (https://github.com/vulkano-rs/vulkano/#67ace6b1)
[INFO] [stderr]    Compiling wayland-scanner v0.20.10
[INFO] [stderr]    Compiling syn v0.14.4
[INFO] [stderr]     Checking shared_library v0.1.9
[INFO] [stderr]     Checking fxhash v0.2.1
[INFO] [stderr]    Compiling regex v0.2.11
[INFO] [stderr]     Checking vk-sys v0.3.3 (https://github.com/vulkano-rs/vulkano/#67ace6b1)
[INFO] [stderr]     Checking half v1.1.2
[INFO] [stderr]     Checking parking_lot_core v0.2.14
[INFO] [stderr]    Compiling libloading v0.5.0
[INFO] [stderr]    Compiling backtrace-sys v0.1.23
[INFO] [stderr]     Checking tempfile v3.0.2
[INFO] [stderr]    Compiling generic-array v0.9.0
[INFO] [stderr]     Checking parking_lot v0.6.2
[INFO] [stderr]     Checking parking_lot v0.5.5
[INFO] [stderr]    Compiling serde v1.0.70
[INFO] [stderr]     Checking mopa v0.2.2
[INFO] [stderr]     Checking atom v0.3.5
[INFO] [stderr]     Checking rayon v1.0.1
[INFO] [stderr]    Compiling regex v1.0.1
[INFO] [stderr]    Compiling wayland-client v0.20.10
[INFO] [stderr]    Compiling wayland-protocols v0.20.10
[INFO] [stderr]    Compiling digest v0.7.5
[INFO] [stderr]     Checking regex-syntax v0.6.1
[INFO] [stderr]    Compiling sha2 v0.7.1
[INFO] [stderr]     Checking dlib v0.4.1
[INFO] [stderr]     Checking regex-syntax v0.5.6
[INFO] [stderr]     Checking wayland-sys v0.20.10
[INFO] [stderr]    Compiling shred-derive v0.5.0
[INFO] [stderr]     Checking wayland-commons v0.20.10
[INFO] [stderr]     Checking lazy_static v0.2.11
[INFO] [stderr]     Checking tuple_utils v0.2.0
[INFO] [stderr]     Checking quick-error v1.2.2
[INFO] [stderr]    Compiling lime-render v0.1.0 (https://github.com/andrewhickman/lime#8d8e2b9d)
[INFO] [stderr]    Compiling glsl-to-spirv v0.1.6 (https://github.com/vulkano-rs/vulkano/#67ace6b1)
[INFO] [stderr]    Compiling cgmath v0.16.1
[INFO] [stderr]     Checking humantime v1.1.1
[INFO] [stderr]     Checking clicolors-control v0.2.0
[INFO] [stderr]     Checking backtrace v0.3.9
[INFO] [stderr]    Compiling syn v0.12.15
[INFO] [stderr]     Checking num-traits v0.1.43
[INFO] [stderr]     Checking approx v0.2.0
[INFO] [stderr]     Checking atty v0.2.10
[INFO] [stderr]     Checking failure v0.1.1
[INFO] [stderr]     Checking termios v0.2.2
[INFO] [stderr]     Checking approx v0.1.1
[INFO] [stderr]     Checking rand_core v0.2.1
[INFO] [stderr]     Checking hibitset v0.5.0
[INFO] [stderr]     Checking shred v0.7.0
[INFO] [stderr]     Checking lime-utils v0.1.0 (https://github.com/andrewhickman/lime#8d8e2b9d)
[INFO] [stderr]     Checking unicode-width v0.1.5
[INFO] [stderr]     Checking termcolor v0.3.6
[INFO] [stderr]     Checking rand v0.5.4
[INFO] [stderr]    Compiling serde_derive v1.0.70
[INFO] [stderr]    Compiling derivative v1.0.0
[INFO] [stderr]     Checking env_logger v0.5.10
[INFO] [stderr]     Checking console v0.6.1
[INFO] [stderr]     Checking smithay-client-toolkit v0.2.6
[INFO] [stderr]    Compiling specs-derive v0.2.0
[INFO] [stderr] error: could not compile `vulkano`
[INFO] [stderr] 
[INFO] [stderr] Caused by:
[INFO] [stderr]   process didn't exit successfully: `rustc --crate-name vulkano /opt/rustwide/cargo-home/git/checkouts/vulkano-cb672043253a6e8d/67ace6b/vulkano/src/lib.rs --error-format=json --json=diagnostic-rendered-ansi,artifacts,future-incompat --crate-type lib --emit=dep-info,metadata -C embed-bitcode=no -C debuginfo=2 -C metadata=ce2f2615ea462397 -C extra-filename=-ce2f2615ea462397 --out-dir /opt/rustwide/target/debug/deps -L dependency=/opt/rustwide/target/debug/deps --extern crossbeam=/opt/rustwide/target/debug/deps/libcrossbeam-8f95c7566d87bab9.rmeta --extern fnv=/opt/rustwide/target/debug/deps/libfnv-e03969fcb7504c40.rmeta --extern half=/opt/rustwide/target/debug/deps/libhalf-cede8d1c1b11243d.rmeta --extern lazy_static=/opt/rustwide/target/debug/deps/liblazy_static-c80f8af23cbd639d.rmeta --extern shared_library=/opt/rustwide/target/debug/deps/libshared_library-68a413ce2e9a2c6c.rmeta --extern smallvec=/opt/rustwide/target/debug/deps/libsmallvec-f2ba4b62400e9e57.rmeta --extern vk_sys=/opt/rustwide/target/debug/deps/libvk_sys-92f44293e2980388.rmeta --cap-lints allow --cap-lints=warn` (signal: 9, SIGKILL: kill)
[INFO] [stderr] warning: build failed, waiting for other jobs to finish...
[INFO] [stderr] error: failed to run custom build command for `glsl-to-spirv v0.1.6 (https://github.com/vulkano-rs/vulkano/#67ace6b1)`
[INFO] [stderr] note: To improve backtraces for build dependencies, set the CARGO_PROFILE_DEV_BUILD_OVERRIDE_DEBUG=true environment variable to enable debug information generation.
[INFO] [stderr] 
[INFO] [stderr] Caused by:
[INFO] [stderr]   process didn't exit successfully: `/opt/rustwide/target/debug/build/glsl-to-spirv-c0d225ad311755ee/build-script-build` (exit status: 101)
[INFO] [stderr]   --- stdout
[INFO] [stderr]   cargo:rerun-if-changed=build/glslangValidator.exe
[INFO] [stderr]   running: cd "/opt/rustwide/target/debug/build/glsl-to-spirv-2a5159ea27521da3/out/build" && CMAKE_PREFIX_PATH="" "cmake" "/opt/rustwide/cargo-home/git/checkouts/vulkano-cb672043253a6e8d/67ace6b/glsl-to-spirv/glslang" "-DCMAKE_INSTALL_PREFIX=/opt/rustwide/target/debug/build/glsl-to-spirv-2a5159ea27521da3/out" "-DCMAKE_C_FLAGS= -ffunction-sections -fdata-sections -fPIC -m64" "-DCMAKE_C_COMPILER=/usr/bin/cc" "-DCMAKE_CXX_FLAGS= -ffunction-sections -fdata-sections -fPIC -m64" "-DCMAKE_CXX_COMPILER=/usr/bin/c++" "-DCMAKE_BUILD_TYPE=Debug"
[INFO] [stderr]   -- The C compiler identification is GNU 11.3.0
[INFO] [stderr]   -- The CXX compiler identification is GNU 11.3.0
[INFO] [stderr]   -- Detecting C compiler ABI info
[INFO] [stderr]   -- Detecting C compiler ABI info - done
[INFO] [stderr]   -- Check for working C compiler: /usr/bin/cc - skipped
[INFO] [stderr]   -- Detecting C compile features
[INFO] [stderr]   -- Detecting C compile features - done
[INFO] [stderr]   -- Detecting CXX compiler ABI info
[INFO] [stderr]   -- Detecting CXX compiler ABI info - done
[INFO] [stderr]   -- Check for working CXX compiler: /usr/bin/c++ - skipped
[INFO] [stderr]   -- Detecting CXX compile features
[INFO] [stderr]   -- Detecting CXX compile features - done
[INFO] [stderr]   -- Google Mock was not found - tests based on that will not build
[INFO] [stderr]   -- Configuring done
[INFO] [stderr]   -- Generating done
[INFO] [stderr]   -- Build files have been written to: /opt/rustwide/target/debug/build/glsl-to-spirv-2a5159ea27521da3/out/build
[INFO] [stderr]   running: cd "/opt/rustwide/target/debug/build/glsl-to-spirv-2a5159ea27521da3/out/build" && MAKEFLAGS="-j --jobserver-fds=12,13 --jobserver-auth=12,13" "cmake" "--build" "." "--target" "install" "--config" "Debug" "--"
[INFO] [stderr]   [  1%] Building CXX object StandAlone/CMakeFiles/glslang-default-resource-limits.dir/ResourceLimits.cpp.o
[INFO] [stderr]   [  3%] Building CXX object hlsl/CMakeFiles/HLSL.dir/hlslAttributes.cpp.o
[INFO] [stderr]   [  5%] Building CXX object glslang/OSDependent/Unix/CMakeFiles/OSDependent.dir/ossource.cpp.o
[INFO] [stderr]   [  7%] Building CXX object hlsl/CMakeFiles/HLSL.dir/hlslParseHelper.cpp.o
[INFO] [stderr]   [  8%] Building CXX object OGLCompilersDLL/CMakeFiles/OGLCompiler.dir/InitializeDll.cpp.o
[INFO] [stderr]   [ 10%] Building CXX object SPIRV/CMakeFiles/SPVRemapper.dir/SPVRemapper.cpp.o
[INFO] [stderr]   [ 12%] Linking CXX static library libOSDependent.a
[INFO] [stderr]   [ 14%] Building CXX object SPIRV/CMakeFiles/SPVRemapper.dir/doc.cpp.o
[INFO] [stderr]   [ 14%] Built target OSDependent
[INFO] [stderr]   [ 15%] Linking CXX static library libOGLCompiler.a
[INFO] [stderr]   [ 17%] Building CXX object hlsl/CMakeFiles/HLSL.dir/hlslScanContext.cpp.o
[INFO] [stderr]   [ 19%] Linking CXX static library libglslang-default-resource-limits.a
[INFO] [stderr]   [ 19%] Built target OGLCompiler
[INFO] [stderr]   [ 21%] Building CXX object hlsl/CMakeFiles/HLSL.dir/hlslOpMap.cpp.o
[INFO] [stderr]   [ 21%] Built target glslang-default-resource-limits
[INFO] [stderr]   [ 22%] Building CXX object hlsl/CMakeFiles/HLSL.dir/hlslTokenStream.cpp.o
[INFO] [stderr]   [ 24%] Building CXX object hlsl/CMakeFiles/HLSL.dir/hlslGrammar.cpp.o
[INFO] [stderr]   [ 26%] Building CXX object hlsl/CMakeFiles/HLSL.dir/hlslParseables.cpp.o
[INFO] [stderr]   [ 28%] Linking CXX static library libSPVRemapper.a
[INFO] [stderr]   [ 28%] Built target SPVRemapper
[INFO] [stderr]   [ 29%] Linking CXX static library libHLSL.a
[INFO] [stderr]   [ 29%] Built target HLSL
[INFO] [stderr]   [ 38%] Building CXX object glslang/CMakeFiles/glslang.dir/MachineIndependent/Intermediate.cpp.o
[INFO] [stderr]   [ 38%] Building CXX object glslang/CMakeFiles/glslang.dir/MachineIndependent/IntermTraverse.cpp.o
[INFO] [stderr]   [ 38%] Building CXX object glslang/CMakeFiles/glslang.dir/MachineIndependent/iomapper.cpp.o
[INFO] [stderr]   [ 38%] Building CXX object glslang/CMakeFiles/glslang.dir/MachineIndependent/InfoSink.cpp.o
[INFO] [stderr]   [ 38%] Building CXX object glslang/CMakeFiles/glslang.dir/MachineIndependent/ParseContextBase.cpp.o
[INFO] [stderr]   [ 40%] Building CXX object glslang/CMakeFiles/glslang.dir/MachineIndependent/Constant.cpp.o
[INFO] [stderr]   [ 42%] Building CXX object glslang/CMakeFiles/glslang.dir/MachineIndependent/ParseHelper.cpp.o
[INFO] [stderr]   [ 45%] Building CXX object glslang/CMakeFiles/glslang.dir/MachineIndependent/glslang_tab.cpp.o
[INFO] [stderr]   [ 45%] Building CXX object glslang/CMakeFiles/glslang.dir/MachineIndependent/Initialize.cpp.o
[INFO] [stderr]   [ 47%] Building CXX object glslang/CMakeFiles/glslang.dir/MachineIndependent/ShaderLang.cpp.o
[INFO] [stderr]   [ 50%] Building CXX object glslang/CMakeFiles/glslang.dir/MachineIndependent/SymbolTable.cpp.o
[INFO] [stderr]   [ 50%] Building CXX object glslang/CMakeFiles/glslang.dir/MachineIndependent/Scan.cpp.o
[INFO] [stderr]   [ 52%] Building CXX object glslang/CMakeFiles/glslang.dir/MachineIndependent/Versions.cpp.o
[INFO] [stderr]   [ 54%] Building CXX object glslang/CMakeFiles/glslang.dir/MachineIndependent/PoolAlloc.cpp.o
[INFO] [stderr]   [ 56%] Building CXX object glslang/CMakeFiles/glslang.dir/MachineIndependent/RemoveTree.cpp.o
[INFO] [stderr]   [ 57%] Building CXX object glslang/CMakeFiles/glslang.dir/MachineIndependent/intermOut.cpp.o
[INFO] [stderr]   [ 59%] Building CXX object glslang/CMakeFiles/glslang.dir/MachineIndependent/limits.cpp.o
[INFO] [stderr]   [ 61%] Building CXX object glslang/CMakeFiles/glslang.dir/MachineIndependent/linkValidate.cpp.o
[INFO] [stderr]   [ 63%] Building CXX object glslang/CMakeFiles/glslang.dir/MachineIndependent/parseConst.cpp.o
[INFO] [stderr] 
[INFO] [stderr]   --- stderr
[INFO] [stderr]   CMake Warning (dev) at /usr/share/cmake-3.22/Modules/GNUInstallDirs.cmake:239 (message):
[INFO] [stderr]     Unable to determine default CMAKE_INSTALL_LIBDIR directory because no
[INFO] [stderr]     target architecture is known.  Please enable at least one language before
[INFO] [stderr]     including GNUInstallDirs.
[INFO] [stderr]   Call Stack (most recent call first):
[INFO] [stderr]     CMakeLists.txt:7 (include)
[INFO] [stderr]   This warning is for project developers.  Use -Wno-dev to suppress it.
[INFO] [stderr] 
[INFO] [stderr]   c++: fatal error: Killed signal terminated program cc1plus
[INFO] [stderr]   compilation terminated.
[INFO] [stderr]   gmake[2]: *** [glslang/CMakeFiles/glslang.dir/build.make:230: glslang/CMakeFiles/glslang.dir/MachineIndependent/Scan.cpp.o] Error 1
[INFO] [stderr]   gmake[2]: *** Waiting for unfinished jobs....
[INFO] [stderr]   c++: fatal error: Killed signal terminated program cc1plus
[INFO] [stderr]   compilation terminated.
[INFO] [stderr]   gmake[2]: *** [glslang/CMakeFiles/glslang.dir/build.make:104: glslang/CMakeFiles/glslang.dir/MachineIndependent/iomapper.cpp.o] Error 1
[INFO] [stderr]   c++: fatal error: Killed signal terminated program cc1plus
[INFO] [stderr]   compilation terminated.
[INFO] [stderr]   gmake[2]: *** [glslang/CMakeFiles/glslang.dir/build.make:244: glslang/CMakeFiles/glslang.dir/MachineIndependent/ShaderLang.cpp.o] Error 1
[INFO] [stderr]   gmake[1]: *** [CMakeFiles/Makefile2:987: glslang/CMakeFiles/glslang.dir/all] Error 2
[INFO] [stderr]   gmake: *** [Makefile:146: all] Error 2
[INFO] [stderr]   thread 'main' panicked at '
[INFO] [stderr]   command did not execute successfully, got: exit status: 2
[INFO] [stderr] 
[INFO] [stderr]   build script failed, must exit now', /opt/rustwide/cargo-home/registry/src/github.com-1ecc6299db9ec823/cmake-0.1.31/src/lib.rs:643:5
[INFO] [stderr]   stack backtrace:
[INFO] [stderr]      0:     0x562dc9e2f9da - std::backtrace_rs::backtrace::libunwind::trace::ha9053a9a07ca49cb
[INFO] [stderr]                                  at /rustc/84c898d65adf2f39a5a98507f1fe0ce10a2b8dbc/library/std/src/../../backtrace/src/backtrace/libunwind.rs:93:5
[INFO] [stderr]      1:     0x562dc9e2f9da - std::backtrace_rs::backtrace::trace_unsynchronized::h9c2852a457ad564e
[INFO] [stderr]                                  at /rustc/84c898d65adf2f39a5a98507f1fe0ce10a2b8dbc/library/std/src/../../backtrace/src/backtrace/mod.rs:66:5
[INFO] [stderr]      2:     0x562dc9e2f9da - std::sys_common::backtrace::_print_fmt::h457936fbfaa0070f
[INFO] [stderr]                                  at /rustc/84c898d65adf2f39a5a98507f1fe0ce10a2b8dbc/library/std/src/sys_common/backtrace.rs:65:5
[INFO] [stderr]      3:     0x562dc9e2f9da - <std::sys_common::backtrace::_print::DisplayBacktrace as core::fmt::Display>::fmt::h5779d7bf7f70cb0c
[INFO] [stderr]                                  at /rustc/84c898d65adf2f39a5a98507f1fe0ce10a2b8dbc/library/std/src/sys_common/backtrace.rs:44:22
[INFO] [stderr]      4:     0x562dc9e4f8de - core::fmt::write::h5a4baaff1bcd3eb5
[INFO] [stderr]                                  at /rustc/84c898d65adf2f39a5a98507f1fe0ce10a2b8dbc/library/core/src/fmt/mod.rs:1232:17
[INFO] [stderr]      5:     0x562dc9e2ce95 - std::io::Write::write_fmt::h4bc1f301cb9e9cce
[INFO] [stderr]                                  at /rustc/84c898d65adf2f39a5a98507f1fe0ce10a2b8dbc/library/std/src/io/mod.rs:1684:15
[INFO] [stderr]      6:     0x562dc9e2f7a5 - std::sys_common::backtrace::_print::h5fcdc36060f177e8
[INFO] [stderr]                                  at /rustc/84c898d65adf2f39a5a98507f1fe0ce10a2b8dbc/library/std/src/sys_common/backtrace.rs:47:5
[INFO] [stderr]      7:     0x562dc9e2f7a5 - std::sys_common::backtrace::print::h54ca9458b876c8bf
[INFO] [stderr]                                  at /rustc/84c898d65adf2f39a5a98507f1fe0ce10a2b8dbc/library/std/src/sys_common/backtrace.rs:34:9
[INFO] [stderr]      8:     0x562dc9e3101f - std::panicking::default_hook::{{closure}}::hbe471161c7664ed6
[INFO] [stderr]                                  at /rustc/84c898d65adf2f39a5a98507f1fe0ce10a2b8dbc/library/std/src/panicking.rs:271:22
[INFO] [stderr]      9:     0x562dc9e30d5b - std::panicking::default_hook::ha3500da57aa4ac4f
[INFO] [stderr]                                  at /rustc/84c898d65adf2f39a5a98507f1fe0ce10a2b8dbc/library/std/src/panicking.rs:290:9
[INFO] [stderr]     10:     0x562dc9e315c8 - std::panicking::rust_panic_with_hook::h50c09d000dc561d2
[INFO] [stderr]                                  at /rustc/84c898d65adf2f39a5a98507f1fe0ce10a2b8dbc/library/std/src/panicking.rs:692:13
[INFO] [stderr]     11:     0x562dc9e314c9 - std::panicking::begin_panic_handler::{{closure}}::h9e2b2176e00e0d9c
[INFO] [stderr]                                  at /rustc/84c898d65adf2f39a5a98507f1fe0ce10a2b8dbc/library/std/src/panicking.rs:583:13
[INFO] [stderr]     12:     0x562dc9e2fe46 - std::sys_common::backtrace::__rust_end_short_backtrace::h5739b8e512c09d02
[INFO] [stderr]                                  at /rustc/84c898d65adf2f39a5a98507f1fe0ce10a2b8dbc/library/std/src/sys_common/backtrace.rs:150:18
[INFO] [stderr]     13:     0x562dc9e311d2 - rust_begin_unwind
[INFO] [stderr]                                  at /rustc/84c898d65adf2f39a5a98507f1fe0ce10a2b8dbc/library/std/src/panicking.rs:579:5
[INFO] [stderr]     14:     0x562dc9dcd753 - core::panicking::panic_fmt::hf33a1475b4dc5c3e
[INFO] [stderr]                                  at /rustc/84c898d65adf2f39a5a98507f1fe0ce10a2b8dbc/library/core/src/panicking.rs:64:14
[INFO] [stderr]     15:     0x562dc9ddcbff - cmake::fail::h718d3c462e96dcf7
[INFO] [stderr]     16:     0x562dc9ddc663 - cmake::run::h97ddb97ad1357c5b
[INFO] [stderr]     17:     0x562dc9dda57c - cmake::Config::build::hade4f1bda7f6c193
[INFO] [stderr]     18:     0x562dc9dd0063 - cmake::build::h3ac1c80a95c77021
[INFO] [stderr]     19:     0x562dc9dceecc - build_script_build::main::he90e56bdd28f3acb
[INFO] [stderr]     20:     0x562dc9dcf103 - core::ops::function::FnOnce::call_once::h873a948bb1199da0
[INFO] [stderr]     21:     0x562dc9dcf6f9 - std::sys_common::backtrace::__rust_begin_short_backtrace::hcb8abefd5b200c28
[INFO] [stderr]     22:     0x562dc9dcf4a9 - std::rt::lang_start::{{closure}}::hb2ccac9a127055de
[INFO] [stderr]     23:     0x562dc9e293dc - core::ops::function::impls::<impl core::ops::function::FnOnce<A> for &F>::call_once::hd6efcd3bec896f2c
[INFO] [stderr]                                  at /rustc/84c898d65adf2f39a5a98507f1fe0ce10a2b8dbc/library/core/src/ops/function.rs:287:13
[INFO] [stderr]     24:     0x562dc9e293dc - std::panicking::try::do_call::hce04e543bb1f4cbb
[INFO] [stderr]                                  at /rustc/84c898d65adf2f39a5a98507f1fe0ce10a2b8dbc/library/std/src/panicking.rs:487:40
[INFO] [stderr]     25:     0x562dc9e293dc - std::panicking::try::h3342dd4e1f680968
[INFO] [stderr]                                  at /rustc/84c898d65adf2f39a5a98507f1fe0ce10a2b8dbc/library/std/src/panicking.rs:451:19
[INFO] [stderr]     26:     0x562dc9e293dc - std::panic::catch_unwind::h148ce1e59ac0cee7
[INFO] [stderr]                                  at /rustc/84c898d65adf2f39a5a98507f1fe0ce10a2b8dbc/library/std/src/panic.rs:140:14
[INFO] [stderr]     27:     0x562dc9e293dc - std::rt::lang_start_internal::{{closure}}::h25f9dda2057a67fe
[INFO] [stderr]                                  at /rustc/84c898d65adf2f39a5a98507f1fe0ce10a2b8dbc/library/std/src/rt.rs:148:48
[INFO] [stderr]     28:     0x562dc9e293dc - std::panicking::try::do_call::h7caaaeaf9401650b
[INFO] [stderr]                                  at /rustc/84c898d65adf2f39a5a98507f1fe0ce10a2b8dbc/library/std/src/panicking.rs:487:40
[INFO] [stderr]     29:     0x562dc9e293dc - std::panicking::try::he7d15285746cbbc2
[INFO] [stderr]                                  at /rustc/84c898d65adf2f39a5a98507f1fe0ce10a2b8dbc/library/std/src/panicking.rs:451:19
[INFO] [stderr]     30:     0x562dc9e293dc - std::panic::catch_unwind::h89fb4f50c0301fe0
[INFO] [stderr]                                  at /rustc/84c898d65adf2f39a5a98507f1fe0ce10a2b8dbc/library/std/src/panic.rs:140:14
[INFO] [stderr]     31:     0x562dc9e293dc - std::rt::lang_start_internal::h078acd489417d3c1
[INFO] [stderr]                                  at /rustc/84c898d65adf2f39a5a98507f1fe0ce10a2b8dbc/library/std/src/rt.rs:148:20
[INFO] [stderr]     32:     0x562dc9dcf487 - std::rt::lang_start::h77abd0f2e63b18cb
[INFO] [stderr]     33:     0x562dc9dcf0e5 - main
[INFO] [stderr]     34:     0x7fd38ebcad90 - <unknown>
[INFO] [stderr]     35:     0x7fd38ebcae40 - __libc_start_main
[INFO] [stderr]     36:     0x562dc9dcdc85 - _start
[INFO] [stderr]     37:                0x0 - <unknown>
[INFO] running `Command { std: "docker" "inspect" "e5e2dfd823cc696da3c2fea1241d9c3ae9dba60118f4d722ebc6121100c84cd8", kill_on_drop: false }`
[INFO] running `Command { std: "docker" "rm" "-f" "e5e2dfd823cc696da3c2fea1241d9c3ae9dba60118f4d722ebc6121100c84cd8", kill_on_drop: false }`
[INFO] [stdout] e5e2dfd823cc696da3c2fea1241d9c3ae9dba60118f4d722ebc6121100c84cd8
