[INFO] cloning repository https://github.com/andrewhalle/ogs-notify
[INFO] running `Command { std: "git" "-c" "credential.helper=" "-c" "credential.helper=/workspace/cargo-home/bin/git-credential-null" "clone" "--bare" "https://github.com/andrewhalle/ogs-notify" "/workspace/cache/git-repos/https%3A%2F%2Fgithub.com%2Fandrewhalle%2Fogs-notify", kill_on_drop: false }`
[INFO] [stderr] Cloning into bare repository '/workspace/cache/git-repos/https%3A%2F%2Fgithub.com%2Fandrewhalle%2Fogs-notify'...
[INFO] running `Command { std: "git" "rev-parse" "HEAD", kill_on_drop: false }`
[INFO] [stdout] c1a74d15c13fada39c89b2b64021a343bf712f4c
[INFO] documenting andrewhalle/ogs-notify against beta-2023-04-20 for beta-1.70-rustdoc-1
[INFO] running `Command { std: "git" "clone" "/workspace/cache/git-repos/https%3A%2F%2Fgithub.com%2Fandrewhalle%2Fogs-notify" "/workspace/builds/worker-3-tc2/source", kill_on_drop: false }`
[INFO] [stderr] Cloning into '/workspace/builds/worker-3-tc2/source'...
[INFO] [stderr] done.
[INFO] validating manifest of git repo https://github.com/andrewhalle/ogs-notify on toolchain beta-2023-04-20
[INFO] running `Command { std: CARGO_HOME="/workspace/cargo-home" RUSTUP_HOME="/workspace/rustup-home" "/workspace/cargo-home/bin/cargo" "+beta-2023-04-20" "metadata" "--manifest-path" "Cargo.toml" "--no-deps", kill_on_drop: false }`
[INFO] started tweaking git repo https://github.com/andrewhalle/ogs-notify
[INFO] finished tweaking git repo https://github.com/andrewhalle/ogs-notify
[INFO] tweaked toml for git repo https://github.com/andrewhalle/ogs-notify written to /workspace/builds/worker-3-tc2/source/Cargo.toml
[INFO] crate git repo https://github.com/andrewhalle/ogs-notify already has a lockfile, it will not be regenerated
[INFO] running `Command { std: CARGO_HOME="/workspace/cargo-home" RUSTUP_HOME="/workspace/rustup-home" "/workspace/cargo-home/bin/cargo" "+beta-2023-04-20" "fetch" "--manifest-path" "Cargo.toml", kill_on_drop: false }`
[INFO] [stderr]     Blocking waiting for file lock on package cache
[INFO] [stderr]     Updating crates.io index
[INFO] [stderr]     Blocking waiting for file lock on package cache
[INFO] [stderr]  Downloading crates ...
[INFO] [stderr]   Downloaded publicsuffix v2.1.1
[INFO] [stderr]   Downloaded ksni v0.2.0
[INFO] [stderr]   Downloaded windows_x86_64_msvc v0.24.0
[INFO] [stderr]   Downloaded dbus-codegen v0.9.1
[INFO] [stderr]   Downloaded dbus-tree v0.9.2
[INFO] [stderr]   Downloaded winrt-notification v0.5.1
[INFO] [stderr]   Downloaded enumflags2 v0.7.4
[INFO] [stderr]   Downloaded notify-rust v4.5.8
[INFO] [stderr]   Downloaded mac-notification-sys v0.5.0
[INFO] [stderr]   Downloaded cpp_core v0.6.0
[INFO] [stderr]   Downloaded pathdiff v0.1.0
[INFO] [stderr]   Downloaded ritual_common v0.4.0
[INFO] [stderr]   Downloaded psl-types v2.0.10
[INFO] [stderr]   Downloaded ureq v2.4.0
[INFO] [stderr]   Downloaded qt_ritual_build v0.5.0
[INFO] [stderr]   Downloaded qt_macros v0.1.1
[INFO] [stderr]   Downloaded qt_ritual_common v0.4.0
[INFO] [stderr]   Downloaded windows_i686_msvc v0.24.0
[INFO] [stderr]   Downloaded shell-words v0.1.0
[INFO] [stderr]   Downloaded windows_i686_gnu v0.24.0
[INFO] [stderr]   Downloaded term-painter v0.2.4
[INFO] [stderr]   Downloaded rpassword v6.0.1
[INFO] [stderr]   Downloaded ritual_build v0.4.0
[INFO] [stderr]   Downloaded cookie_store v0.15.1
[INFO] [stderr]   Downloaded windows_x86_64_gnu v0.24.0
[INFO] [stderr]   Downloaded qt_gui v0.5.0
[INFO] [stderr]   Downloaded qt_widgets v0.5.0
[INFO] [stderr]   Downloaded windows v0.24.0
[INFO] [stderr]   Downloaded qt_core v0.5.0
[INFO] running `Command { std: "docker" "create" "-v" "/var/lib/crater-agent-workspace/builds/worker-3-tc2/target:/opt/rustwide/target:rw,Z" "-v" "/var/lib/crater-agent-workspace/builds/worker-3-tc2/source:/opt/rustwide/workdir:ro,Z" "-v" "/var/lib/crater-agent-workspace/cargo-home:/opt/rustwide/cargo-home:ro,Z" "-v" "/var/lib/crater-agent-workspace/rustup-home:/opt/rustwide/rustup-home:ro,Z" "-e" "SOURCE_DIR=/opt/rustwide/workdir" "-e" "CARGO_TARGET_DIR=/opt/rustwide/target" "-e" "CARGO_HOME=/opt/rustwide/cargo-home" "-e" "RUSTUP_HOME=/opt/rustwide/rustup-home" "-w" "/opt/rustwide/workdir" "-m" "1610612736" "--user" "0:0" "--network" "none" "ghcr.io/rust-lang/crates-build-env/linux@sha256:5ff2268d62e97bff2cde7d5815dd6ed5b47097566f13b8d0ca110b04b60e07ed" "/opt/rustwide/cargo-home/bin/cargo" "+beta-2023-04-20" "metadata" "--no-deps" "--format-version=1", kill_on_drop: false }`
[INFO] [stdout] d74d64b708e2a916f4c79f459214c5fa80f656a0e9441c2be1f426837489bda4
[INFO] running `Command { std: "docker" "start" "-a" "d74d64b708e2a916f4c79f459214c5fa80f656a0e9441c2be1f426837489bda4", kill_on_drop: false }`
[INFO] running `Command { std: "docker" "inspect" "d74d64b708e2a916f4c79f459214c5fa80f656a0e9441c2be1f426837489bda4", kill_on_drop: false }`
[INFO] running `Command { std: "docker" "rm" "-f" "d74d64b708e2a916f4c79f459214c5fa80f656a0e9441c2be1f426837489bda4", kill_on_drop: false }`
[INFO] [stdout] d74d64b708e2a916f4c79f459214c5fa80f656a0e9441c2be1f426837489bda4
[INFO] running `Command { std: "docker" "create" "-v" "/var/lib/crater-agent-workspace/builds/worker-3-tc2/target:/opt/rustwide/target:rw,Z" "-v" "/var/lib/crater-agent-workspace/builds/worker-3-tc2/source:/opt/rustwide/workdir:ro,Z" "-v" "/var/lib/crater-agent-workspace/cargo-home:/opt/rustwide/cargo-home:ro,Z" "-v" "/var/lib/crater-agent-workspace/rustup-home:/opt/rustwide/rustup-home:ro,Z" "-e" "SOURCE_DIR=/opt/rustwide/workdir" "-e" "CARGO_TARGET_DIR=/opt/rustwide/target" "-e" "CARGO_INCREMENTAL=0" "-e" "RUST_BACKTRACE=full" "-e" "RUSTFLAGS=--cap-lints=warn" "-e" "RUSTDOCFLAGS=--cap-lints=warn" "-e" "CARGO_HOME=/opt/rustwide/cargo-home" "-e" "RUSTUP_HOME=/opt/rustwide/rustup-home" "-w" "/opt/rustwide/workdir" "-m" "1610612736" "--user" "0:0" "--network" "none" "ghcr.io/rust-lang/crates-build-env/linux@sha256:5ff2268d62e97bff2cde7d5815dd6ed5b47097566f13b8d0ca110b04b60e07ed" "/opt/rustwide/cargo-home/bin/cargo" "+beta-2023-04-20" "doc" "--frozen" "--no-deps" "--document-private-items" "--message-format=json", kill_on_drop: false }`
[INFO] [stdout] fe12fda75be8a2ea22bce1708050cb13a827372a8aa56369392e76913b39b84a
[INFO] running `Command { std: "docker" "start" "-a" "fe12fda75be8a2ea22bce1708050cb13a827372a8aa56369392e76913b39b84a", kill_on_drop: false }`
[INFO] [stderr]    Compiling proc-macro2 v1.0.36
[INFO] [stderr]    Compiling syn v1.0.90
[INFO] [stderr]    Compiling libc v0.2.121
[INFO] [stderr]    Compiling cc v1.0.73
[INFO] [stderr]    Compiling serde v1.0.136
[INFO] [stderr]    Compiling serde_derive v1.0.136
[INFO] [stderr]    Compiling serde_json v1.0.79
[INFO] [stderr]    Compiling adler v1.0.2
[INFO] [stderr]    Compiling miniz_oxide v0.4.4
[INFO] [stderr]    Compiling gimli v0.26.1
[INFO] [stderr]    Compiling log v0.4.16
[INFO] [stderr]    Compiling rustc-demangle v0.1.21
[INFO] [stderr]    Compiling term v0.4.6
[INFO] [stderr]    Compiling ryu v1.0.9
[INFO] [stderr]    Compiling regex v1.5.5
[INFO] [stderr]    Compiling object v0.27.1
[INFO] [stderr]    Compiling either v1.6.1
[INFO] [stderr]    Compiling itoa v1.0.1
[INFO] [stderr]    Compiling itertools v0.8.2
[INFO] [stderr]    Compiling term-painter v0.2.4
[INFO] [stderr]    Compiling pathdiff v0.1.0
[INFO] [stderr]    Compiling dunce v1.0.2
[INFO] [stderr]    Compiling shell-words v0.1.0
[INFO] [stderr]    Compiling quick-error v1.2.3
[INFO] [stderr]    Compiling proc-macro-hack v0.5.19
[INFO] [stderr]    Compiling humantime v1.3.0
[INFO] [stderr]    Compiling pkg-config v0.3.25
[INFO] [stderr]    Compiling futures-core v0.3.21
[INFO] [stderr]    Compiling termcolor v1.1.3
[INFO] [stderr]    Compiling quote v1.0.17
[INFO] [stderr]    Compiling atty v0.2.14
[INFO] [stderr]    Compiling num_cpus v1.13.1
[INFO] [stderr]    Compiling env_logger v0.7.1
[INFO] [stderr]     Checking once_cell v1.10.0
[INFO] [stderr]    Compiling backtrace v0.3.64
[INFO] [stderr]    Compiling ring v0.16.20
[INFO] [stderr]    Compiling standback v0.2.17
[INFO] [stderr]     Checking pin-project-lite v0.2.8
[INFO] [stderr]     Checking tinyvec v1.5.1
[INFO] [stderr]    Compiling libdbus-sys v0.2.2
[INFO] [stderr]    Compiling const_fn v0.4.9
[INFO] [stderr]    Compiling unicode-width v0.1.9
[INFO] [stderr]     Checking matches v0.1.9
[INFO] [stderr]     Checking cache-padded v1.2.0
[INFO] [stderr]    Compiling textwrap v0.11.0
[INFO] [stderr]     Checking concurrent-queue v1.2.2
[INFO] [stderr]     Checking getrandom v0.2.6
[INFO] [stderr]    Compiling addr2line v0.17.0
[INFO] [stderr]    Compiling indexmap v1.8.1
[INFO] [stderr]    Compiling memoffset v0.6.5
[INFO] [stderr]    Compiling time v0.2.27
[INFO] [stderr]    Compiling proc-macro-error-attr v1.0.4
[INFO] [stderr]    Compiling ansi_term v0.12.1
[INFO] [stderr]     Checking slab v0.4.6
[INFO] [stderr]     Checking fastrand v1.7.0
[INFO] [stderr]     Checking hashbrown v0.11.2
[INFO] [stderr]     Checking futures-io v0.3.21
[INFO] [stderr]     Checking unicode-normalization v0.1.19
[INFO] [stderr]     Checking parking v2.0.0
[INFO] [stderr]    Compiling bitflags v1.3.2
[INFO] [stderr]     Checking waker-fn v1.1.0
[INFO] [stderr]    Compiling vec_map v0.8.2
[INFO] [stderr]    Compiling futures-task v0.3.21
[INFO] [stderr]     Checking unicode-bidi v0.3.7
[INFO] [stderr]    Compiling strsim v0.8.0
[INFO] [stderr]     Checking event-listener v2.5.2
[INFO] [stderr]     Checking futures-lite v1.12.0
[INFO] [stderr]    Compiling clap v2.34.0
[INFO] [stderr]     Checking rand_core v0.6.3
[INFO] [stderr]    Compiling dbus v0.9.5
[INFO] [stderr]    Compiling cookie v0.15.1
[INFO] [stderr]    Compiling proc-macro-error v1.0.4
[INFO] [stderr]    Compiling async-trait v0.1.53
[INFO] [stderr]    Compiling crc32fast v1.3.2
[INFO] [stderr]     Checking ppv-lite86 v0.2.16
[INFO] [stderr]    Compiling futures-util v0.3.21
[INFO] [stderr]    Compiling xml-rs v0.8.4
[INFO] [stderr]     Checking idna v0.2.3
[INFO] [stderr]     Checking form_urlencoded v1.0.1
[INFO] [stderr]     Checking polling v2.2.0
[INFO] [stderr]     Checking cpp_core v0.6.0
[INFO] [stderr]     Checking socket2 v0.4.4
[INFO] [stderr]     Checking async-task v4.2.0
[INFO] [stderr]     Checking rand_chacha v0.3.1
[INFO] [stderr]    Compiling rustls v0.20.4
[INFO] [stderr]     Checking easy-parallel v3.2.0
[INFO] [stderr]     Checking sha1_smol v1.0.0
[INFO] [stderr]     Checking futures-sink v0.3.21
[INFO] [stderr]     Checking psl-types v2.0.10
[INFO] [stderr]     Checking publicsuffix v2.1.1
[INFO] [stderr]     Checking async-io v1.6.0
[INFO] [stderr]     Checking rand v0.8.5
[INFO] [stderr]     Checking sha1 v0.6.1
[INFO] [stderr]     Checking async-executor v1.4.1
[INFO] [stderr]     Checking async-broadcast v0.3.4
[INFO] [stderr]     Checking url v2.2.2
[INFO] [stderr]     Checking nix v0.23.1
[INFO] [stderr]     Checking async-channel v1.6.1
[INFO] [stderr]     Checking async-lock v2.5.0
[INFO] [stderr]     Checking ordered-stream v0.0.1
[INFO] [stderr]    Compiling heck v0.4.0
[INFO] [stderr]    Compiling anyhow v1.0.56
[INFO] [stderr]    Compiling bincode v1.3.3
[INFO] [stderr]    Compiling toml v0.4.10
[INFO] [stderr]    Compiling toml v0.5.8
[INFO] [stderr]     Checking flate2 v1.0.22
[INFO] [stderr]     Checking os_str_bytes v6.0.0
[INFO] [stderr]     Checking dirs-sys v0.3.7
[INFO] [stderr]     Checking chunked_transfer v1.4.0
[INFO] [stderr]     Checking textwrap v0.15.0
[INFO] [stderr]     Checking webpki v0.22.0
[INFO] [stderr]     Checking sct v0.7.0
[INFO] [stderr]     Checking strsim v0.10.0
[INFO] [stderr]    Compiling dbus-codegen v0.9.1
[INFO] [stderr]     Checking directories v4.0.1
[INFO] [stderr]     Checking webpki-roots v0.22.2
[INFO] [stderr]     Checking dbus-tree v0.9.2
[INFO] [stderr]    Compiling synstructure v0.12.6
[INFO] [stderr]    Compiling ksni v0.2.0
[INFO] [stderr]    Compiling failure_derive v0.1.8
[INFO] [stderr]    Compiling thiserror-impl v1.0.30
[INFO] [stderr]    Compiling enumflags2_derive v0.7.4
[INFO] [stderr]    Compiling time-macros-impl v0.1.2
[INFO] [stderr]    Compiling qt_macros v0.1.1
[INFO] [stderr]    Compiling async-recursion v0.3.2
[INFO] [stderr]    Compiling derivative v2.2.0
[INFO] [stderr]    Compiling serde_repr v0.1.7
[INFO] [stderr]    Compiling clap_derive v3.1.7
[INFO] [stderr]    Compiling failure v0.1.8
[INFO] [stderr]     Checking time-macros v0.1.1
[INFO] [stderr]    Compiling thiserror v1.0.30
[INFO] [stderr]    Compiling proc-macro-crate v1.1.3
[INFO] [stderr]    Compiling zvariant_derive v3.1.2
[INFO] [stderr]    Compiling zbus_macros v2.1.1
[INFO] [stderr]     Checking clap v3.1.8
[INFO] [stderr]    Compiling ritual_common v0.4.0
[INFO] [stderr]    Compiling qt_ritual_common v0.4.0
[INFO] [stderr]    Compiling ritual_build v0.4.0
[INFO] [stderr]    Compiling qt_ritual_build v0.5.0
[INFO] [stderr]    Compiling qt_core v0.5.0
[INFO] [stderr]    Compiling qt_gui v0.5.0
[INFO] [stderr]    Compiling qt_widgets v0.5.0
[INFO] [stderr]     Checking enumflags2 v0.7.4
[INFO] [stderr]     Checking zvariant v3.1.2
[INFO] [stderr]     Checking cookie_store v0.15.1
[INFO] [stderr]     Checking rpassword v6.0.1
[INFO] [stderr]     Checking ureq v2.4.0
[INFO] [stderr]     Checking zbus_names v2.1.0
[INFO] [stderr]     Checking zbus v2.1.1
[INFO] [stderr]     Checking notify-rust v4.5.8
[INFO] [stderr] error: failed to run custom build command for `qt_core v0.5.0`
[INFO] [stderr] note: To improve backtraces for build dependencies, set the CARGO_PROFILE_DEV_BUILD_OVERRIDE_DEBUG=true environment variable to enable debug information generation.
[INFO] [stderr] 
[INFO] [stderr] Caused by:
[INFO] [stderr]   process didn't exit successfully: `/opt/rustwide/target/debug/build/qt_core-c4b4c1c170a9b08d/build-script-build` (exit status: 1)
[INFO] [stderr]   --- stdout
[INFO] [stderr]   Current Qt version (5.15.3) is unknown to qt_core crate. Using closest known version (5.14.0)
[INFO] [stderr]   -- The C compiler identification is GNU 11.3.0
[INFO] [stderr]   -- The CXX compiler identification is GNU 11.3.0
[INFO] [stderr]   -- Detecting C compiler ABI info
[INFO] [stderr]   -- Detecting C compiler ABI info - done
[INFO] [stderr]   -- Check for working C compiler: /usr/bin/cc - skipped
[INFO] [stderr]   -- Detecting C compile features
[INFO] [stderr]   -- Detecting C compile features - done
[INFO] [stderr]   -- Detecting CXX compiler ABI info
[INFO] [stderr]   -- Detecting CXX compiler ABI info - done
[INFO] [stderr]   -- Check for working CXX compiler: /usr/bin/c++ - skipped
[INFO] [stderr]   -- Detecting CXX compile features
[INFO] [stderr]   -- Detecting CXX compile features - done
[INFO] [stderr]   -- RITUAL_INCLUDE_PATH=/usr/include/x86_64-linux-gnu/qt5;/usr/include/x86_64-linux-gnu/qt5/QtCore
[INFO] [stderr]   -- RITUAL_LIBRARY_PATH=/usr/lib/x86_64-linux-gnu
[INFO] [stderr]   -- RITUAL_LIBRARY_TYPE=STATIC
[INFO] [stderr]   -- RITUAL_LINKED_LIBS=Qt5Core
[INFO] [stderr]   -- RITUAL_CPP_LIB_VERSION=51400
[INFO] [stderr]   -- RITUAL_COMPILER_FLAGS=-std=gnu++11 -fPIC
[INFO] [stderr]   -- Configuring done
[INFO] [stderr]   -- Generating done
[INFO] [stderr]   -- Build files have been written to: /opt/rustwide/target/debug/build/qt_core-4cd3cd5b75ca4d7c/out/c_lib_build
[INFO] [stderr]   /usr/bin/gmake  -f CMakeFiles/Makefile2 clean
[INFO] [stderr]   gmake[1]: Entering directory '/opt/rustwide/target/debug/build/qt_core-4cd3cd5b75ca4d7c/out/c_lib_build'
[INFO] [stderr]   /usr/bin/gmake  -f CMakeFiles/qt_core_c.dir/build.make CMakeFiles/qt_core_c.dir/clean
[INFO] [stderr]   gmake[2]: Entering directory '/opt/rustwide/target/debug/build/qt_core-4cd3cd5b75ca4d7c/out/c_lib_build'
[INFO] [stderr]   /usr/bin/cmake -P CMakeFiles/qt_core_c.dir/cmake_clean.cmake
[INFO] [stderr]   gmake[2]: Leaving directory '/opt/rustwide/target/debug/build/qt_core-4cd3cd5b75ca4d7c/out/c_lib_build'
[INFO] [stderr]   /usr/bin/gmake  -f CMakeFiles/qt_core_c_autogen.dir/build.make CMakeFiles/qt_core_c_autogen.dir/clean
[INFO] [stderr]   gmake[2]: Entering directory '/opt/rustwide/target/debug/build/qt_core-4cd3cd5b75ca4d7c/out/c_lib_build'
[INFO] [stderr]   /usr/bin/cmake -P CMakeFiles/qt_core_c_autogen.dir/cmake_clean.cmake
[INFO] [stderr]   gmake[2]: Leaving directory '/opt/rustwide/target/debug/build/qt_core-4cd3cd5b75ca4d7c/out/c_lib_build'
[INFO] [stderr]   gmake[1]: Leaving directory '/opt/rustwide/target/debug/build/qt_core-4cd3cd5b75ca4d7c/out/c_lib_build'
[INFO] [stderr]   /usr/bin/cmake -S/opt/rustwide/cargo-home/registry/src/index.crates.io-6f17d22bba15001f/qt_core-0.5.0/c_lib -B/opt/rustwide/target/debug/build/qt_core-4cd3cd5b75ca4d7c/out/c_lib_build --check-build-system CMakeFiles/Makefile.cmake 0
[INFO] [stderr]   /usr/bin/cmake -E cmake_progress_start /opt/rustwide/target/debug/build/qt_core-4cd3cd5b75ca4d7c/out/c_lib_build/CMakeFiles /opt/rustwide/target/debug/build/qt_core-4cd3cd5b75ca4d7c/out/c_lib_build//CMakeFiles/progress.marks
[INFO] [stderr]   /usr/bin/gmake  -f CMakeFiles/Makefile2 all
[INFO] [stderr]   gmake[1]: Entering directory '/opt/rustwide/target/debug/build/qt_core-4cd3cd5b75ca4d7c/out/c_lib_build'
[INFO] [stderr]   /usr/bin/gmake  -f CMakeFiles/qt_core_c_autogen.dir/build.make CMakeFiles/qt_core_c_autogen.dir/depend
[INFO] [stderr]   gmake[2]: Entering directory '/opt/rustwide/target/debug/build/qt_core-4cd3cd5b75ca4d7c/out/c_lib_build'
[INFO] [stderr]   cd /opt/rustwide/target/debug/build/qt_core-4cd3cd5b75ca4d7c/out/c_lib_build && /usr/bin/cmake -E cmake_depends "Unix Makefiles" /opt/rustwide/cargo-home/registry/src/index.crates.io-6f17d22bba15001f/qt_core-0.5.0/c_lib /opt/rustwide/cargo-home/registry/src/index.crates.io-6f17d22bba15001f/qt_core-0.5.0/c_lib /opt/rustwide/target/debug/build/qt_core-4cd3cd5b75ca4d7c/out/c_lib_build /opt/rustwide/target/debug/build/qt_core-4cd3cd5b75ca4d7c/out/c_lib_build /opt/rustwide/target/debug/build/qt_core-4cd3cd5b75ca4d7c/out/c_lib_build/CMakeFiles/qt_core_c_autogen.dir/DependInfo.cmake --color=
[INFO] [stderr]   gmake[2]: Leaving directory '/opt/rustwide/target/debug/build/qt_core-4cd3cd5b75ca4d7c/out/c_lib_build'
[INFO] [stderr]   /usr/bin/gmake  -f CMakeFiles/qt_core_c_autogen.dir/build.make CMakeFiles/qt_core_c_autogen.dir/build
[INFO] [stderr]   gmake[2]: Entering directory '/opt/rustwide/target/debug/build/qt_core-4cd3cd5b75ca4d7c/out/c_lib_build'
[INFO] [stderr]   [ 25%] Automatic MOC for target qt_core_c
[INFO] [stderr]   /usr/bin/cmake -E cmake_autogen /opt/rustwide/target/debug/build/qt_core-4cd3cd5b75ca4d7c/out/c_lib_build/CMakeFiles/qt_core_c_autogen.dir/AutogenInfo.json Debug
[INFO] [stderr]   gmake[2]: Leaving directory '/opt/rustwide/target/debug/build/qt_core-4cd3cd5b75ca4d7c/out/c_lib_build'
[INFO] [stderr]   [ 25%] Built target qt_core_c_autogen
[INFO] [stderr]   /usr/bin/gmake  -f CMakeFiles/qt_core_c.dir/build.make CMakeFiles/qt_core_c.dir/depend
[INFO] [stderr]   gmake[2]: Entering directory '/opt/rustwide/target/debug/build/qt_core-4cd3cd5b75ca4d7c/out/c_lib_build'
[INFO] [stderr]   cd /opt/rustwide/target/debug/build/qt_core-4cd3cd5b75ca4d7c/out/c_lib_build && /usr/bin/cmake -E cmake_depends "Unix Makefiles" /opt/rustwide/cargo-home/registry/src/index.crates.io-6f17d22bba15001f/qt_core-0.5.0/c_lib /opt/rustwide/cargo-home/registry/src/index.crates.io-6f17d22bba15001f/qt_core-0.5.0/c_lib /opt/rustwide/target/debug/build/qt_core-4cd3cd5b75ca4d7c/out/c_lib_build /opt/rustwide/target/debug/build/qt_core-4cd3cd5b75ca4d7c/out/c_lib_build /opt/rustwide/target/debug/build/qt_core-4cd3cd5b75ca4d7c/out/c_lib_build/CMakeFiles/qt_core_c.dir/DependInfo.cmake --color=
[INFO] [stderr]   gmake[2]: Leaving directory '/opt/rustwide/target/debug/build/qt_core-4cd3cd5b75ca4d7c/out/c_lib_build'
[INFO] [stderr]   /usr/bin/gmake  -f CMakeFiles/qt_core_c.dir/build.make CMakeFiles/qt_core_c.dir/build
[INFO] [stderr]   gmake[2]: Entering directory '/opt/rustwide/target/debug/build/qt_core-4cd3cd5b75ca4d7c/out/c_lib_build'
[INFO] [stderr]   [ 75%] Building CXX object CMakeFiles/qt_core_c.dir/file1.cpp.o
[INFO] [stderr]   [ 75%] Building CXX object CMakeFiles/qt_core_c.dir/qt_core_c_autogen/mocs_compilation.cpp.o
[INFO] [stderr]   /usr/bin/c++ -DQT_CORE_C_LIBRARY -DRITUAL_CPP_LIB_VERSION=51400 -I/opt/rustwide/target/debug/build/qt_core-4cd3cd5b75ca4d7c/out/c_lib_build/qt_core_c_autogen/include -I/opt/rustwide/cargo-home/registry/src/index.crates.io-6f17d22bba15001f/qt_core-0.5.0/c_lib -I/opt/rustwide/target/debug/build/qt_core-4cd3cd5b75ca4d7c/out/c_lib_build -I/usr/include/x86_64-linux-gnu/qt5 -I/usr/include/x86_64-linux-gnu/qt5/QtCore -Wall -Wextra -Wno-deprecated-declarations -Werror=return-type -std=gnu++11 -fPIC -g -MD -MT CMakeFiles/qt_core_c.dir/file1.cpp.o -MF CMakeFiles/qt_core_c.dir/file1.cpp.o.d -o CMakeFiles/qt_core_c.dir/file1.cpp.o -c /opt/rustwide/cargo-home/registry/src/index.crates.io-6f17d22bba15001f/qt_core-0.5.0/c_lib/file1.cpp
[INFO] [stderr]   /usr/bin/c++ -DQT_CORE_C_LIBRARY -DRITUAL_CPP_LIB_VERSION=51400 -I/opt/rustwide/target/debug/build/qt_core-4cd3cd5b75ca4d7c/out/c_lib_build/qt_core_c_autogen/include -I/opt/rustwide/cargo-home/registry/src/index.crates.io-6f17d22bba15001f/qt_core-0.5.0/c_lib -I/opt/rustwide/target/debug/build/qt_core-4cd3cd5b75ca4d7c/out/c_lib_build -I/usr/include/x86_64-linux-gnu/qt5 -I/usr/include/x86_64-linux-gnu/qt5/QtCore -Wall -Wextra -Wno-deprecated-declarations -Werror=return-type -std=gnu++11 -fPIC -g -MD -MT CMakeFiles/qt_core_c.dir/qt_core_c_autogen/mocs_compilation.cpp.o -MF CMakeFiles/qt_core_c.dir/qt_core_c_autogen/mocs_compilation.cpp.o.d -o CMakeFiles/qt_core_c.dir/qt_core_c_autogen/mocs_compilation.cpp.o -c /opt/rustwide/target/debug/build/qt_core-4cd3cd5b75ca4d7c/out/c_lib_build/qt_core_c_autogen/mocs_compilation.cpp
[INFO] [stderr]   gmake[2]: Leaving directory '/opt/rustwide/target/debug/build/qt_core-4cd3cd5b75ca4d7c/out/c_lib_build'
[INFO] [stderr]   gmake[1]: Leaving directory '/opt/rustwide/target/debug/build/qt_core-4cd3cd5b75ca4d7c/out/c_lib_build'
[INFO] [stderr] 
[INFO] [stderr]   --- stderr
[INFO] [stderr]   /opt/rustwide/cargo-home/registry/src/index.crates.io-6f17d22bba15001f/qt_core-0.5.0/c_lib/file1.cpp: In function 'QJsonArray::const_iterator* ctr_qt_core_ffi_QJsonArray_const_iterator_operator_6(QJsonArray::const_iterator*, const QJsonArray::const_iterator*)':
[INFO] [stderr]   /opt/rustwide/cargo-home/registry/src/index.crates.io-6f17d22bba15001f/qt_core-0.5.0/c_lib/file1.cpp:26446:30: warning: implicitly-declared 'QJsonArray::const_iterator& QJsonArray::const_iterator::operator=(const QJsonArray::const_iterator&)' is deprecated [-Wdeprecated-copy]
[INFO] [stderr]   26446 |   return &this_ptr->operator=(*other);
[INFO] [stderr]         |           ~~~~~~~~~~~~~~~~~~~^~~~~~~~
[INFO] [stderr]   In file included from /usr/include/x86_64-linux-gnu/qt5/QtCore/QtCore:124,
[INFO] [stderr]                    from /opt/rustwide/cargo-home/registry/src/index.crates.io-6f17d22bba15001f/qt_core-0.5.0/c_lib/qt_core_c_global.h:73,
[INFO] [stderr]                    from /opt/rustwide/cargo-home/registry/src/index.crates.io-6f17d22bba15001f/qt_core-0.5.0/c_lib/file1.cpp:1:
[INFO] [stderr]   /usr/include/x86_64-linux-gnu/qt5/QtCore/qjsonarray.h:169:16: note: because 'QJsonArray::const_iterator' has user-provided 'QJsonArray::const_iterator::const_iterator(const QJsonArray::const_iterator&)'
[INFO] [stderr]     169 |         inline const_iterator(const const_iterator &o) : a(o.a), i(o.i) {} // ### Qt 6: Removed so class can be trivially-copyable
[INFO] [stderr]         |                ^~~~~~~~~~~~~~
[INFO] [stderr]   c++: fatal error: Killed signal terminated program cc1plus
[INFO] [stderr]   compilation terminated.
[INFO] [stderr]   gmake[2]: *** [CMakeFiles/qt_core_c.dir/build.make:93: CMakeFiles/qt_core_c.dir/file1.cpp.o] Error 1
[INFO] [stderr]   gmake[1]: *** [CMakeFiles/Makefile2:87: CMakeFiles/qt_core_c.dir/all] Error 2
[INFO] [stderr]   gmake: *** [Makefile:139: all] Error 2
[INFO] [stderr]   [2023-05-01T02:31:03Z ERROR ritual_common::errors] Error:
[INFO] [stderr]   [2023-05-01T02:31:03Z ERROR ritual_common::errors]    command failed with exit status: 2: cd "/opt/rustwide/target/debug/build/qt_core-4cd3cd5b75ca4d7c/out/c_lib_build" && "cmake" "--build" "." "--" "-j16" "install"
[INFO] [stderr]   [2023-05-01T02:31:03Z ERROR ritual_common::errors]    0: failure::backtrace::internal::InternalBacktrace::new
[INFO] [stderr]          1: failure::backtrace::Backtrace::new
[INFO] [stderr]          2: <failure::error::error_impl::ErrorImpl as core::convert::From<F>>::from
[INFO] [stderr]          3: <failure::error::Error as core::convert::From<F>>::from
[INFO] [stderr]          4: failure::error_message::err_msg
[INFO] [stderr]          5: ritual_common::utils::run_command
[INFO] [stderr]          6: ritual_common::cpp_lib_builder::CppLibBuilder::run
[INFO] [stderr]          7: ritual_build::Config::try_run
[INFO] [stderr]          8: qt_ritual_build::try_run
[INFO] [stderr]          9: qt_ritual_build::run
[INFO] [stderr]         10: build_script_build::main
[INFO] [stderr]         11: core::ops::function::FnOnce::call_once
[INFO] [stderr]         12: std::sys_common::backtrace::__rust_begin_short_backtrace
[INFO] [stderr]         13: std::rt::lang_start::{{closure}}
[INFO] [stderr]         14: core::ops::function::impls::<impl core::ops::function::FnOnce<A> for &F>::call_once
[INFO] [stderr]                    at /rustc/1b7dd2252b99671ce5d1cb9664c5f8636329436d/library/core/src/ops/function.rs:287:13
[INFO] [stderr]             std::panicking::try::do_call
[INFO] [stderr]                    at /rustc/1b7dd2252b99671ce5d1cb9664c5f8636329436d/library/std/src/panicking.rs:485:40
[INFO] [stderr]             std::panicking::try
[INFO] [stderr]                    at /rustc/1b7dd2252b99671ce5d1cb9664c5f8636329436d/library/std/src/panicking.rs:449:19
[INFO] [stderr]             std::panic::catch_unwind
[INFO] [stderr]                    at /rustc/1b7dd2252b99671ce5d1cb9664c5f8636329436d/library/std/src/panic.rs:140:14
[INFO] [stderr]             std::rt::lang_start_internal::{{closure}}
[INFO] [stderr]                    at /rustc/1b7dd2252b99671ce5d1cb9664c5f8636329436d/library/std/src/rt.rs:148:48
[INFO] [stderr]             std::panicking::try::do_call
[INFO] [stderr]                    at /rustc/1b7dd2252b99671ce5d1cb9664c5f8636329436d/library/std/src/panicking.rs:485:40
[INFO] [stderr]             std::panicking::try
[INFO] [stderr]                    at /rustc/1b7dd2252b99671ce5d1cb9664c5f8636329436d/library/std/src/panicking.rs:449:19
[INFO] [stderr]             std::panic::catch_unwind
[INFO] [stderr]                    at /rustc/1b7dd2252b99671ce5d1cb9664c5f8636329436d/library/std/src/panic.rs:140:14
[INFO] [stderr]             std::rt::lang_start_internal
[INFO] [stderr]                    at /rustc/1b7dd2252b99671ce5d1cb9664c5f8636329436d/library/std/src/rt.rs:148:20
[INFO] [stderr]         15: std::rt::lang_start
[INFO] [stderr]         16: main
[INFO] [stderr]         17: <unknown>
[INFO] [stderr]         18: __libc_start_main
[INFO] [stderr]         19: _start
[INFO] [stderr]       
[INFO] [stderr] warning: build failed, waiting for other jobs to finish...
[INFO] [stderr] error: failed to run custom build command for `qt_widgets v0.5.0`
[INFO] [stderr] note: To improve backtraces for build dependencies, set the CARGO_PROFILE_DEV_BUILD_OVERRIDE_DEBUG=true environment variable to enable debug information generation.
[INFO] [stderr] 
[INFO] [stderr] Caused by:
[INFO] [stderr]   process didn't exit successfully: `/opt/rustwide/target/debug/build/qt_widgets-20a4a06e1ee09046/build-script-build` (exit status: 1)
[INFO] [stderr]   --- stdout
[INFO] [stderr]   Current Qt version (5.15.3) is unknown to qt_widgets crate. Using closest known version (5.14.0)
[INFO] [stderr]   -- The C compiler identification is GNU 11.3.0
[INFO] [stderr]   -- The CXX compiler identification is GNU 11.3.0
[INFO] [stderr]   -- Detecting C compiler ABI info
[INFO] [stderr]   -- Detecting C compiler ABI info - done
[INFO] [stderr]   -- Check for working C compiler: /usr/bin/cc - skipped
[INFO] [stderr]   -- Detecting C compile features
[INFO] [stderr]   -- Detecting C compile features - done
[INFO] [stderr]   -- Detecting CXX compiler ABI info
[INFO] [stderr]   -- Detecting CXX compiler ABI info - done
[INFO] [stderr]   -- Check for working CXX compiler: /usr/bin/c++ - skipped
[INFO] [stderr]   -- Detecting CXX compile features
[INFO] [stderr]   -- Detecting CXX compile features - done
[INFO] [stderr]   -- RITUAL_INCLUDE_PATH=/usr/include/x86_64-linux-gnu/qt5;/usr/include/x86_64-linux-gnu/qt5/QtWidgets;/usr/include/x86_64-linux-gnu/qt5/QtCore;/usr/include/x86_64-linux-gnu/qt5/QtGui
[INFO] [stderr]   -- RITUAL_LIBRARY_PATH=/usr/lib/x86_64-linux-gnu
[INFO] [stderr]   -- RITUAL_LIBRARY_TYPE=STATIC
[INFO] [stderr]   -- RITUAL_LINKED_LIBS=Qt5Widgets;Qt5Core;Qt5Gui
[INFO] [stderr]   -- RITUAL_CPP_LIB_VERSION=51400
[INFO] [stderr]   -- RITUAL_COMPILER_FLAGS=-std=gnu++11 -fPIC
[INFO] [stderr]   -- Configuring done
[INFO] [stderr]   -- Generating done
[INFO] [stderr]   -- Build files have been written to: /opt/rustwide/target/debug/build/qt_widgets-e210e04538a8701c/out/c_lib_build
[INFO] [stderr]   /usr/bin/gmake  -f CMakeFiles/Makefile2 clean
[INFO] [stderr]   gmake[1]: Entering directory '/opt/rustwide/target/debug/build/qt_widgets-e210e04538a8701c/out/c_lib_build'
[INFO] [stderr]   /usr/bin/gmake  -f CMakeFiles/qt_widgets_c.dir/build.make CMakeFiles/qt_widgets_c.dir/clean
[INFO] [stderr]   gmake[2]: Entering directory '/opt/rustwide/target/debug/build/qt_widgets-e210e04538a8701c/out/c_lib_build'
[INFO] [stderr]   /usr/bin/cmake -P CMakeFiles/qt_widgets_c.dir/cmake_clean.cmake
[INFO] [stderr]   gmake[2]: Leaving directory '/opt/rustwide/target/debug/build/qt_widgets-e210e04538a8701c/out/c_lib_build'
[INFO] [stderr]   /usr/bin/gmake  -f CMakeFiles/qt_widgets_c_autogen.dir/build.make CMakeFiles/qt_widgets_c_autogen.dir/clean
[INFO] [stderr]   gmake[2]: Entering directory '/opt/rustwide/target/debug/build/qt_widgets-e210e04538a8701c/out/c_lib_build'
[INFO] [stderr]   /usr/bin/cmake -P CMakeFiles/qt_widgets_c_autogen.dir/cmake_clean.cmake
[INFO] [stderr]   gmake[2]: Leaving directory '/opt/rustwide/target/debug/build/qt_widgets-e210e04538a8701c/out/c_lib_build'
[INFO] [stderr]   gmake[1]: Leaving directory '/opt/rustwide/target/debug/build/qt_widgets-e210e04538a8701c/out/c_lib_build'
[INFO] [stderr]   /usr/bin/cmake -S/opt/rustwide/cargo-home/registry/src/index.crates.io-6f17d22bba15001f/qt_widgets-0.5.0/c_lib -B/opt/rustwide/target/debug/build/qt_widgets-e210e04538a8701c/out/c_lib_build --check-build-system CMakeFiles/Makefile.cmake 0
[INFO] [stderr]   /usr/bin/cmake -E cmake_progress_start /opt/rustwide/target/debug/build/qt_widgets-e210e04538a8701c/out/c_lib_build/CMakeFiles /opt/rustwide/target/debug/build/qt_widgets-e210e04538a8701c/out/c_lib_build//CMakeFiles/progress.marks
[INFO] [stderr]   /usr/bin/gmake  -f CMakeFiles/Makefile2 all
[INFO] [stderr]   gmake[1]: Entering directory '/opt/rustwide/target/debug/build/qt_widgets-e210e04538a8701c/out/c_lib_build'
[INFO] [stderr]   /usr/bin/gmake  -f CMakeFiles/qt_widgets_c_autogen.dir/build.make CMakeFiles/qt_widgets_c_autogen.dir/depend
[INFO] [stderr]   gmake[2]: Entering directory '/opt/rustwide/target/debug/build/qt_widgets-e210e04538a8701c/out/c_lib_build'
[INFO] [stderr]   cd /opt/rustwide/target/debug/build/qt_widgets-e210e04538a8701c/out/c_lib_build && /usr/bin/cmake -E cmake_depends "Unix Makefiles" /opt/rustwide/cargo-home/registry/src/index.crates.io-6f17d22bba15001f/qt_widgets-0.5.0/c_lib /opt/rustwide/cargo-home/registry/src/index.crates.io-6f17d22bba15001f/qt_widgets-0.5.0/c_lib /opt/rustwide/target/debug/build/qt_widgets-e210e04538a8701c/out/c_lib_build /opt/rustwide/target/debug/build/qt_widgets-e210e04538a8701c/out/c_lib_build /opt/rustwide/target/debug/build/qt_widgets-e210e04538a8701c/out/c_lib_build/CMakeFiles/qt_widgets_c_autogen.dir/DependInfo.cmake --color=
[INFO] [stderr]   gmake[2]: Leaving directory '/opt/rustwide/target/debug/build/qt_widgets-e210e04538a8701c/out/c_lib_build'
[INFO] [stderr]   /usr/bin/gmake  -f CMakeFiles/qt_widgets_c_autogen.dir/build.make CMakeFiles/qt_widgets_c_autogen.dir/build
[INFO] [stderr]   gmake[2]: Entering directory '/opt/rustwide/target/debug/build/qt_widgets-e210e04538a8701c/out/c_lib_build'
[INFO] [stderr]   [ 25%] Automatic MOC for target qt_widgets_c
[INFO] [stderr]   /usr/bin/cmake -E cmake_autogen /opt/rustwide/target/debug/build/qt_widgets-e210e04538a8701c/out/c_lib_build/CMakeFiles/qt_widgets_c_autogen.dir/AutogenInfo.json Debug
[INFO] [stderr]   gmake[2]: Leaving directory '/opt/rustwide/target/debug/build/qt_widgets-e210e04538a8701c/out/c_lib_build'
[INFO] [stderr]   [ 25%] Built target qt_widgets_c_autogen
[INFO] [stderr]   /usr/bin/gmake  -f CMakeFiles/qt_widgets_c.dir/build.make CMakeFiles/qt_widgets_c.dir/depend
[INFO] [stderr]   gmake[2]: Entering directory '/opt/rustwide/target/debug/build/qt_widgets-e210e04538a8701c/out/c_lib_build'
[INFO] [stderr]   cd /opt/rustwide/target/debug/build/qt_widgets-e210e04538a8701c/out/c_lib_build && /usr/bin/cmake -E cmake_depends "Unix Makefiles" /opt/rustwide/cargo-home/registry/src/index.crates.io-6f17d22bba15001f/qt_widgets-0.5.0/c_lib /opt/rustwide/cargo-home/registry/src/index.crates.io-6f17d22bba15001f/qt_widgets-0.5.0/c_lib /opt/rustwide/target/debug/build/qt_widgets-e210e04538a8701c/out/c_lib_build /opt/rustwide/target/debug/build/qt_widgets-e210e04538a8701c/out/c_lib_build /opt/rustwide/target/debug/build/qt_widgets-e210e04538a8701c/out/c_lib_build/CMakeFiles/qt_widgets_c.dir/DependInfo.cmake --color=
[INFO] [stderr]   gmake[2]: Leaving directory '/opt/rustwide/target/debug/build/qt_widgets-e210e04538a8701c/out/c_lib_build'
[INFO] [stderr]   /usr/bin/gmake  -f CMakeFiles/qt_widgets_c.dir/build.make CMakeFiles/qt_widgets_c.dir/build
[INFO] [stderr]   gmake[2]: Entering directory '/opt/rustwide/target/debug/build/qt_widgets-e210e04538a8701c/out/c_lib_build'
[INFO] [stderr]   [ 75%] Building CXX object CMakeFiles/qt_widgets_c.dir/qt_widgets_c_autogen/mocs_compilation.cpp.o
[INFO] [stderr]   [ 75%] Building CXX object CMakeFiles/qt_widgets_c.dir/file1.cpp.o
[INFO] [stderr]   /usr/bin/c++ -DQT_WIDGETS_C_LIBRARY -DRITUAL_CPP_LIB_VERSION=51400 -I/opt/rustwide/target/debug/build/qt_widgets-e210e04538a8701c/out/c_lib_build/qt_widgets_c_autogen/include -I/opt/rustwide/cargo-home/registry/src/index.crates.io-6f17d22bba15001f/qt_widgets-0.5.0/c_lib -I/opt/rustwide/target/debug/build/qt_widgets-e210e04538a8701c/out/c_lib_build -I/usr/include/x86_64-linux-gnu/qt5 -I/usr/include/x86_64-linux-gnu/qt5/QtWidgets -I/usr/include/x86_64-linux-gnu/qt5/QtCore -I/usr/include/x86_64-linux-gnu/qt5/QtGui -Wall -Wextra -Wno-deprecated-declarations -Werror=return-type -std=gnu++11 -fPIC -g -MD -MT CMakeFiles/qt_widgets_c.dir/qt_widgets_c_autogen/mocs_compilation.cpp.o -MF CMakeFiles/qt_widgets_c.dir/qt_widgets_c_autogen/mocs_compilation.cpp.o.d -o CMakeFiles/qt_widgets_c.dir/qt_widgets_c_autogen/mocs_compilation.cpp.o -c /opt/rustwide/target/debug/build/qt_widgets-e210e04538a8701c/out/c_lib_build/qt_widgets_c_autogen/mocs_compilation.cpp
[INFO] [stderr]   /usr/bin/c++ -DQT_WIDGETS_C_LIBRARY -DRITUAL_CPP_LIB_VERSION=51400 -I/opt/rustwide/target/debug/build/qt_widgets-e210e04538a8701c/out/c_lib_build/qt_widgets_c_autogen/include -I/opt/rustwide/cargo-home/registry/src/index.crates.io-6f17d22bba15001f/qt_widgets-0.5.0/c_lib -I/opt/rustwide/target/debug/build/qt_widgets-e210e04538a8701c/out/c_lib_build -I/usr/include/x86_64-linux-gnu/qt5 -I/usr/include/x86_64-linux-gnu/qt5/QtWidgets -I/usr/include/x86_64-linux-gnu/qt5/QtCore -I/usr/include/x86_64-linux-gnu/qt5/QtGui -Wall -Wextra -Wno-deprecated-declarations -Werror=return-type -std=gnu++11 -fPIC -g -MD -MT CMakeFiles/qt_widgets_c.dir/file1.cpp.o -MF CMakeFiles/qt_widgets_c.dir/file1.cpp.o.d -o CMakeFiles/qt_widgets_c.dir/file1.cpp.o -c /opt/rustwide/cargo-home/registry/src/index.crates.io-6f17d22bba15001f/qt_widgets-0.5.0/c_lib/file1.cpp
[INFO] [stderr]   gmake[2]: Leaving directory '/opt/rustwide/target/debug/build/qt_widgets-e210e04538a8701c/out/c_lib_build'
[INFO] [stderr]   gmake[1]: Leaving directory '/opt/rustwide/target/debug/build/qt_widgets-e210e04538a8701c/out/c_lib_build'
[INFO] [stderr] 
[INFO] [stderr]   --- stderr
[INFO] [stderr]   c++: fatal error: Killed signal terminated program cc1plus
[INFO] [stderr]   compilation terminated.
[INFO] [stderr]   gmake[2]: *** [CMakeFiles/qt_widgets_c.dir/build.make:93: CMakeFiles/qt_widgets_c.dir/file1.cpp.o] Error 1
[INFO] [stderr]   gmake[1]: *** [CMakeFiles/Makefile2:87: CMakeFiles/qt_widgets_c.dir/all] Error 2
[INFO] [stderr]   gmake: *** [Makefile:139: all] Error 2
[INFO] [stderr]   [2023-05-01T02:31:08Z ERROR ritual_common::errors] Error:
[INFO] [stderr]   [2023-05-01T02:31:08Z ERROR ritual_common::errors]    command failed with exit status: 2: cd "/opt/rustwide/target/debug/build/qt_widgets-e210e04538a8701c/out/c_lib_build" && "cmake" "--build" "." "--" "-j16" "install"
[INFO] [stderr]   [2023-05-01T02:31:09Z ERROR ritual_common::errors]    0: failure::backtrace::internal::InternalBacktrace::new
[INFO] [stderr]          1: failure::backtrace::Backtrace::new
[INFO] [stderr]          2: <failure::error::error_impl::ErrorImpl as core::convert::From<F>>::from
[INFO] [stderr]          3: <failure::error::Error as core::convert::From<F>>::from
[INFO] [stderr]          4: failure::error_message::err_msg
[INFO] [stderr]          5: ritual_common::utils::run_command
[INFO] [stderr]          6: ritual_common::cpp_lib_builder::CppLibBuilder::run
[INFO] [stderr]          7: ritual_build::Config::try_run
[INFO] [stderr]          8: qt_ritual_build::try_run
[INFO] [stderr]          9: qt_ritual_build::run
[INFO] [stderr]         10: build_script_build::main
[INFO] [stderr]         11: core::ops::function::FnOnce::call_once
[INFO] [stderr]         12: std::sys_common::backtrace::__rust_begin_short_backtrace
[INFO] [stderr]         13: std::rt::lang_start::{{closure}}
[INFO] [stderr]         14: core::ops::function::impls::<impl core::ops::function::FnOnce<A> for &F>::call_once
[INFO] [stderr]                    at /rustc/1b7dd2252b99671ce5d1cb9664c5f8636329436d/library/core/src/ops/function.rs:287:13
[INFO] [stderr]             std::panicking::try::do_call
[INFO] [stderr]                    at /rustc/1b7dd2252b99671ce5d1cb9664c5f8636329436d/library/std/src/panicking.rs:485:40
[INFO] [stderr]             std::panicking::try
[INFO] [stderr]                    at /rustc/1b7dd2252b99671ce5d1cb9664c5f8636329436d/library/std/src/panicking.rs:449:19
[INFO] [stderr]             std::panic::catch_unwind
[INFO] [stderr]                    at /rustc/1b7dd2252b99671ce5d1cb9664c5f8636329436d/library/std/src/panic.rs:140:14
[INFO] [stderr]             std::rt::lang_start_internal::{{closure}}
[INFO] [stderr]                    at /rustc/1b7dd2252b99671ce5d1cb9664c5f8636329436d/library/std/src/rt.rs:148:48
[INFO] [stderr]             std::panicking::try::do_call
[INFO] [stderr]                    at /rustc/1b7dd2252b99671ce5d1cb9664c5f8636329436d/library/std/src/panicking.rs:485:40
[INFO] [stderr]             std::panicking::try
[INFO] [stderr]                    at /rustc/1b7dd2252b99671ce5d1cb9664c5f8636329436d/library/std/src/panicking.rs:449:19
[INFO] [stderr]             std::panic::catch_unwind
[INFO] [stderr]                    at /rustc/1b7dd2252b99671ce5d1cb9664c5f8636329436d/library/std/src/panic.rs:140:14
[INFO] [stderr]             std::rt::lang_start_internal
[INFO] [stderr]                    at /rustc/1b7dd2252b99671ce5d1cb9664c5f8636329436d/library/std/src/rt.rs:148:20
[INFO] [stderr]         15: std::rt::lang_start
[INFO] [stderr]         16: main
[INFO] [stderr]         17: <unknown>
[INFO] [stderr]         18: __libc_start_main
[INFO] [stderr]         19: _start
[INFO] [stderr]       
[INFO] running `Command { std: "docker" "inspect" "fe12fda75be8a2ea22bce1708050cb13a827372a8aa56369392e76913b39b84a", kill_on_drop: false }`
[INFO] running `Command { std: "docker" "rm" "-f" "fe12fda75be8a2ea22bce1708050cb13a827372a8aa56369392e76913b39b84a", kill_on_drop: false }`
[INFO] [stdout] fe12fda75be8a2ea22bce1708050cb13a827372a8aa56369392e76913b39b84a
