[INFO] cloning repository https://github.com/andreiamatuni/turtl
[INFO] running `Command { std: "git" "-c" "credential.helper=" "-c" "credential.helper=/workspace/cargo-home/bin/git-credential-null" "clone" "--bare" "https://github.com/andreiamatuni/turtl" "/workspace/cache/git-repos/https%3A%2F%2Fgithub.com%2Fandreiamatuni%2Fturtl", kill_on_drop: false }`
[INFO] [stderr] Cloning into bare repository '/workspace/cache/git-repos/https%3A%2F%2Fgithub.com%2Fandreiamatuni%2Fturtl'...
[INFO] running `Command { std: "git" "rev-parse" "HEAD", kill_on_drop: false }`
[INFO] [stdout] 798acf76a7fedbe7ddad062ba44c78f587fee0aa
[INFO] documenting andreiamatuni/turtl against beta-2023-04-20 for beta-1.70-rustdoc-1
[INFO] running `Command { std: "git" "clone" "/workspace/cache/git-repos/https%3A%2F%2Fgithub.com%2Fandreiamatuni%2Fturtl" "/workspace/builds/worker-2-tc2/source", kill_on_drop: false }`
[INFO] [stderr] Cloning into '/workspace/builds/worker-2-tc2/source'...
[INFO] [stderr] done.
[INFO] validating manifest of git repo https://github.com/andreiamatuni/turtl on toolchain beta-2023-04-20
[INFO] running `Command { std: CARGO_HOME="/workspace/cargo-home" RUSTUP_HOME="/workspace/rustup-home" "/workspace/cargo-home/bin/cargo" "+beta-2023-04-20" "metadata" "--manifest-path" "Cargo.toml" "--no-deps", kill_on_drop: false }`
[INFO] started tweaking git repo https://github.com/andreiamatuni/turtl
[INFO] finished tweaking git repo https://github.com/andreiamatuni/turtl
[INFO] tweaked toml for git repo https://github.com/andreiamatuni/turtl written to /workspace/builds/worker-2-tc2/source/Cargo.toml
[INFO] crate git repo https://github.com/andreiamatuni/turtl already has a lockfile, it will not be regenerated
[INFO] running `Command { std: CARGO_HOME="/workspace/cargo-home" RUSTUP_HOME="/workspace/rustup-home" "/workspace/cargo-home/bin/cargo" "+beta-2023-04-20" "fetch" "--manifest-path" "Cargo.toml", kill_on_drop: false }`
[INFO] [stderr]     Updating crates.io index
[INFO] [stderr]  Downloading crates ...
[INFO] [stderr]   Downloaded openssl-sys v0.9.33
[INFO] [stderr]   Downloaded schannel v0.1.12
[INFO] [stderr]   Downloaded vcpkg v0.2.4
[INFO] [stderr]   Downloaded mime_guess v2.0.0-alpha.4
[INFO] [stderr]   Downloaded libflate v0.1.15
[INFO] [stderr]   Downloaded serde_urlencoded v0.5.2
[INFO] [stderr]   Downloaded hyper-tls v0.1.3
[INFO] [stderr]   Downloaded syn v0.14.2
[INFO] [stderr]   Downloaded tokio-signal v0.2.1
[INFO] [stderr]   Downloaded actix_derive v0.2.0
[INFO] [stderr]   Downloaded itoa v0.4.1
[INFO] [stderr]   Downloaded trust-dns-resolver v0.9.0
[INFO] [stderr]   Downloaded actix v0.5.8
[INFO] [stderr]   Downloaded cookie v0.10.1
[INFO] [stderr]   Downloaded trust-dns-resolver v0.8.2
[INFO] [stderr]   Downloaded ipfsapi v0.2.2
[INFO] [stderr]   Downloaded tokio-signal v0.1.5
[INFO] [stderr]   Downloaded stable_deref_trait v1.1.0
[INFO] [stderr]   Downloaded crossbeam-utils v0.4.0
[INFO] [stderr]   Downloaded bytecount v0.3.1
[INFO] [stderr]   Downloaded mio-uds v0.6.6
[INFO] [stderr]   Downloaded untrusted v0.5.1
[INFO] [stderr]   Downloaded skeptic v0.13.3
[INFO] [stderr]   Downloaded string v0.1.0
[INFO] [stderr]   Downloaded cargo_metadata v0.5.6
[INFO] [stderr]   Downloaded crossbeam-channel v0.1.3
[INFO] [stderr]   Downloaded crossbeam-channel v0.2.1
[INFO] [stderr]   Downloaded actix v0.6.1
[INFO] [stderr]   Downloaded pulldown-cmark v0.1.2
[INFO] [stderr]   Downloaded http v0.1.7
[INFO] [stderr]   Downloaded reqwest v0.8.6
[INFO] [stderr]   Downloaded serde v1.0.66
[INFO] [stderr]   Downloaded same-file v1.0.2
[INFO] [stderr]   Downloaded actix-web v0.6.14
[INFO] [stderr]   Downloaded ipconfig v0.1.6
[INFO] [stderr]   Downloaded serde_json v1.0.21
[INFO] [stderr]   Downloaded num-derive v0.2.2
[INFO] [stderr]   Downloaded walkdir v2.1.4
[INFO] [stderr]   Downloaded backtrace v0.3.8
[INFO] [stderr]   Downloaded tokio-threadpool v0.1.4
[INFO] [stderr]   Downloaded parking_lot v0.6.2
[INFO] [stderr]   Downloaded httparse v1.3.1
[INFO] [stderr]   Downloaded quote v0.6.3
[INFO] [stderr]   Downloaded tokio-reactor v0.1.2
[INFO] [stderr]   Downloaded tokio-timer v0.2.4
[INFO] [stderr]   Downloaded serde_cbor v0.8.2
[INFO] [stderr]   Downloaded socket2 v0.3.6
[INFO] [stderr]   Downloaded http-range v0.1.1
[INFO] [stderr]   Downloaded smallvec v0.6.2
[INFO] [stderr]   Downloaded proc-macro2 v0.4.6
[INFO] [stderr]   Downloaded tokio-fs v0.1.1
[INFO] [stderr]   Downloaded trust-dns-proto v0.3.3
[INFO] [stderr]   Downloaded serde_derive v1.0.66
[INFO] [stderr]   Downloaded h2 v0.1.10
[INFO] [stderr]   Downloaded ring v0.12.1
[INFO] running `Command { std: "docker" "create" "-v" "/var/lib/crater-agent-workspace/builds/worker-2-tc2/target:/opt/rustwide/target:rw,Z" "-v" "/var/lib/crater-agent-workspace/builds/worker-2-tc2/source:/opt/rustwide/workdir:ro,Z" "-v" "/var/lib/crater-agent-workspace/cargo-home:/opt/rustwide/cargo-home:ro,Z" "-v" "/var/lib/crater-agent-workspace/rustup-home:/opt/rustwide/rustup-home:ro,Z" "-e" "SOURCE_DIR=/opt/rustwide/workdir" "-e" "CARGO_TARGET_DIR=/opt/rustwide/target" "-e" "CARGO_HOME=/opt/rustwide/cargo-home" "-e" "RUSTUP_HOME=/opt/rustwide/rustup-home" "-w" "/opt/rustwide/workdir" "-m" "1610612736" "--user" "0:0" "--network" "none" "ghcr.io/rust-lang/crates-build-env/linux@sha256:5ff2268d62e97bff2cde7d5815dd6ed5b47097566f13b8d0ca110b04b60e07ed" "/opt/rustwide/cargo-home/bin/cargo" "+beta-2023-04-20" "metadata" "--no-deps" "--format-version=1", kill_on_drop: false }`
[INFO] [stdout] 0ea0b141b57bfde6d0383c0544ef58ebb4d0c2fbea941f3dd228fa284f43a6e8
[INFO] running `Command { std: "docker" "start" "-a" "0ea0b141b57bfde6d0383c0544ef58ebb4d0c2fbea941f3dd228fa284f43a6e8", kill_on_drop: false }`
[INFO] running `Command { std: "docker" "inspect" "0ea0b141b57bfde6d0383c0544ef58ebb4d0c2fbea941f3dd228fa284f43a6e8", kill_on_drop: false }`
[INFO] running `Command { std: "docker" "rm" "-f" "0ea0b141b57bfde6d0383c0544ef58ebb4d0c2fbea941f3dd228fa284f43a6e8", kill_on_drop: false }`
[INFO] [stdout] 0ea0b141b57bfde6d0383c0544ef58ebb4d0c2fbea941f3dd228fa284f43a6e8
[INFO] running `Command { std: "docker" "create" "-v" "/var/lib/crater-agent-workspace/builds/worker-2-tc2/target:/opt/rustwide/target:rw,Z" "-v" "/var/lib/crater-agent-workspace/builds/worker-2-tc2/source:/opt/rustwide/workdir:ro,Z" "-v" "/var/lib/crater-agent-workspace/cargo-home:/opt/rustwide/cargo-home:ro,Z" "-v" "/var/lib/crater-agent-workspace/rustup-home:/opt/rustwide/rustup-home:ro,Z" "-e" "SOURCE_DIR=/opt/rustwide/workdir" "-e" "CARGO_TARGET_DIR=/opt/rustwide/target" "-e" "CARGO_INCREMENTAL=0" "-e" "RUST_BACKTRACE=full" "-e" "RUSTFLAGS=--cap-lints=warn" "-e" "RUSTDOCFLAGS=--cap-lints=warn" "-e" "CARGO_HOME=/opt/rustwide/cargo-home" "-e" "RUSTUP_HOME=/opt/rustwide/rustup-home" "-w" "/opt/rustwide/workdir" "-m" "1610612736" "--user" "0:0" "--network" "none" "ghcr.io/rust-lang/crates-build-env/linux@sha256:5ff2268d62e97bff2cde7d5815dd6ed5b47097566f13b8d0ca110b04b60e07ed" "/opt/rustwide/cargo-home/bin/cargo" "+beta-2023-04-20" "doc" "--frozen" "--no-deps" "--document-private-items" "--message-format=json", kill_on_drop: false }`
[INFO] [stdout] eada129cf937460f6c4dce5d32a1c46bfcbbb8fd15162d5e4f56ebd21eae25c1
[INFO] running `Command { std: "docker" "start" "-a" "eada129cf937460f6c4dce5d32a1c46bfcbbb8fd15162d5e4f56ebd21eae25c1", kill_on_drop: false }`
[INFO] [stderr]     Checking libc v0.2.42
[INFO] [stderr]    Compiling cc v1.0.17
[INFO] [stderr]     Checking futures v0.1.21
[INFO] [stderr]    Compiling version_check v0.1.3
[INFO] [stderr]     Checking lazy_static v1.0.1
[INFO] [stderr]     Checking scopeguard v0.3.3
[INFO] [stderr]     Checking slab v0.4.0
[INFO] [stderr]     Checking lazycell v0.6.0
[INFO] [stderr]     Checking nodrop v0.1.12
[INFO] [stderr]     Checking memoffset v0.2.1
[INFO] [stderr]     Checking encoding_index_tests v0.1.4
[INFO] [stderr]    Compiling cfg-if v0.1.3
[INFO] [stderr]    Compiling serde v1.0.66
[INFO] [stderr]     Checking log v0.4.2
[INFO] [stderr]     Checking crossbeam-utils v0.3.2
[INFO] [stderr]    Compiling winapi-build v0.1.1
[INFO] [stderr]     Checking percent-encoding v1.0.1
[INFO] [stderr]     Checking arrayvec v0.4.7
[INFO] [stderr]     Checking matches v0.1.6
[INFO] [stderr]     Checking encoding-index-korean v1.20141219.5
[INFO] [stderr]     Checking encoding-index-simpchinese v1.20141219.5
[INFO] [stderr]     Checking encoding-index-singlebyte v1.20141219.5
[INFO] [stderr]     Checking encoding-index-tradchinese v1.20141219.5
[INFO] [stderr]     Checking encoding-index-japanese v1.20141219.5
[INFO] [stderr]     Checking unicode-normalization v0.1.7
[INFO] [stderr]     Checking unicode-bidi v0.3.4
[INFO] [stderr]     Checking scoped-tls v0.1.2
[INFO] [stderr]    Compiling dbghelp-sys v0.2.0
[INFO] [stderr]    Compiling unicode-xid v0.1.0
[INFO] [stderr]     Checking rustc-demangle v0.1.8
[INFO] [stderr]    Compiling kernel32-sys v0.2.2
[INFO] [stderr]    Compiling unicase v1.4.2
[INFO] [stderr]     Checking crossbeam-epoch v0.4.3
[INFO] [stderr]     Checking winapi v0.2.8
[INFO] [stderr]    Compiling proc-macro2 v0.4.6
[INFO] [stderr]    Compiling unicode-xid v0.0.4
[INFO] [stderr]     Checking encoding v0.2.33
[INFO] [stderr]    Compiling backtrace v0.2.3
[INFO] [stderr]     Checking smallvec v0.6.2
[INFO] [stderr]    Compiling rand v0.4.2
[INFO] [stderr]     Checking iovec v0.1.2
[INFO] [stderr]     Checking net2 v0.2.32
[INFO] [stderr]     Checking num_cpus v1.8.0
[INFO] [stderr]    Compiling pkg-config v0.3.11
[INFO] [stderr]     Checking bytes v0.4.8
[INFO] [stderr]     Checking crossbeam-deque v0.3.1
[INFO] [stderr]    Compiling synom v0.11.3
[INFO] [stderr]    Compiling unicase v2.1.0
[INFO] [stderr]    Compiling quote v0.6.3
[INFO] [stderr]     Checking mio v0.6.14
[INFO] [stderr]    Compiling crossbeam-utils v0.2.2
[INFO] [stderr]     Checking stable_deref_trait v1.1.0
[INFO] [stderr]    Compiling syn v0.14.2
[INFO] [stderr]    Compiling siphasher v0.2.2
[INFO] [stderr]    Compiling quote v0.3.15
[INFO] [stderr]     Checking owning_ref v0.3.3
[INFO] [stderr]     Checking safemem v0.2.0
[INFO] [stderr]    Compiling crossbeam-epoch v0.3.1
[INFO] [stderr]    Compiling rayon-core v1.4.0
[INFO] [stderr]     Checking lazy_static v0.2.11
[INFO] [stderr]    Compiling backtrace-sys v0.1.23
[INFO] [stderr]    Compiling phf_shared v0.7.22
[INFO] [stderr]    Compiling syn v0.11.11
[INFO] [stderr]     Checking tokio-io v0.1.7
[INFO] [stderr]     Checking tokio-executor v0.1.2
[INFO] [stderr]    Compiling openssl-sys v0.9.33
[INFO] [stderr]     Checking parking_lot_core v0.2.14
[INFO] [stderr]     Checking idna v0.1.4
[INFO] [stderr]    Compiling phf_generator v0.7.22
[INFO] [stderr]     Checking tokio-threadpool v0.1.4
[INFO] [stderr]     Checking tokio-timer v0.2.4
[INFO] [stderr]    Compiling crossbeam-deque v0.2.0
[INFO] [stderr]    Compiling dtoa v0.4.2
[INFO] [stderr]    Compiling semver-parser v0.7.0
[INFO] [stderr]     Checking itoa v0.4.1
[INFO] [stderr]     Checking tokio-reactor v0.1.2
[INFO] [stderr]     Checking tokio-codec v0.1.0
[INFO] [stderr]     Checking foreign-types-shared v0.1.1
[INFO] [stderr]    Compiling pulldown-cmark v0.1.2
[INFO] [stderr]    Compiling openssl v0.9.24
[INFO] [stderr]    Compiling httparse v1.3.1
[INFO] [stderr]     Checking foreign-types v0.3.2
[INFO] [stderr]     Checking mime v0.3.7
[INFO] [stderr]    Compiling phf_codegen v0.7.22
[INFO] [stderr]     Checking tokio-fs v0.1.1
[INFO] [stderr]     Checking tokio-udp v0.1.1
[INFO] [stderr]     Checking tokio-tcp v0.1.0
[INFO] [stderr]     Checking hostname v0.1.5
[INFO] [stderr]     Checking time v0.1.40
[INFO] [stderr] The following warnings were emitted during compilation:
[INFO] [stderr] 
[INFO] [stderr] warning: /opt/rustwide/target/debug/build/openssl-sys-67956ede336e1715/out/expando.c:4:24: error: pasting "RUST_VERSION_OPENSSL_" and "(" does not give a valid preprocessing token
[INFO] [stderr] warning:     4 | #define VERSION2(n, v) RUST_VERSION_ ## n ## _ ## v
[INFO] [stderr] warning:       |                        ^~~~~~~~~~~~~
[INFO] [stderr] warning: /opt/rustwide/target/debug/build/openssl-sys-67956ede336e1715/out/expando.c:5:23: note: in expansion of macro 'VERSION2'
[INFO] [stderr] warning:     5 | #define VERSION(n, v) VERSION2(n, v)
[INFO] [stderr] warning:       |                       ^~~~~~~~
[INFO] [stderr] warning: /opt/rustwide/target/debug/build/openssl-sys-67956ede336e1715/out/expando.c:7:1: note: in expansion of macro 'VERSION'
[INFO] [stderr] warning:     7 | VERSION(OPENSSL, OPENSSL_VERSION_NUMBER)
[INFO] [stderr] warning:       | ^~~~~~~
[INFO] [stderr] 
[INFO] [stderr] error: failed to run custom build command for `openssl-sys v0.9.33`
[INFO] [stderr] note: To improve backtraces for build dependencies, set the CARGO_PROFILE_DEV_BUILD_OVERRIDE_DEBUG=true environment variable to enable debug information generation.
[INFO] [stderr] 
[INFO] [stderr] Caused by:
[INFO] [stderr]   process didn't exit successfully: `/opt/rustwide/target/debug/build/openssl-sys-c847008b4648078f/build-script-main` (exit status: 101)
[INFO] [stderr]   --- stdout
[INFO] [stderr]   cargo:rerun-if-env-changed=X86_64_UNKNOWN_LINUX_GNU_OPENSSL_LIB_DIR
[INFO] [stderr]   cargo:rerun-if-env-changed=OPENSSL_LIB_DIR
[INFO] [stderr]   cargo:rerun-if-env-changed=X86_64_UNKNOWN_LINUX_GNU_OPENSSL_INCLUDE_DIR
[INFO] [stderr]   cargo:rerun-if-env-changed=OPENSSL_INCLUDE_DIR
[INFO] [stderr]   cargo:rerun-if-env-changed=X86_64_UNKNOWN_LINUX_GNU_OPENSSL_DIR
[INFO] [stderr]   cargo:rerun-if-env-changed=OPENSSL_DIR
[INFO] [stderr]   cargo:rustc-link-lib=ssl
[INFO] [stderr]   cargo:rustc-link-lib=crypto
[INFO] [stderr]   OPT_LEVEL = Some("0")
[INFO] [stderr]   TARGET = Some("x86_64-unknown-linux-gnu")
[INFO] [stderr]   HOST = Some("x86_64-unknown-linux-gnu")
[INFO] [stderr]   TARGET = Some("x86_64-unknown-linux-gnu")
[INFO] [stderr]   TARGET = Some("x86_64-unknown-linux-gnu")
[INFO] [stderr]   HOST = Some("x86_64-unknown-linux-gnu")
[INFO] [stderr]   CC_x86_64-unknown-linux-gnu = None
[INFO] [stderr]   CC_x86_64_unknown_linux_gnu = None
[INFO] [stderr]   HOST_CC = None
[INFO] [stderr]   CC = None
[INFO] [stderr]   HOST = Some("x86_64-unknown-linux-gnu")
[INFO] [stderr]   TARGET = Some("x86_64-unknown-linux-gnu")
[INFO] [stderr]   HOST = Some("x86_64-unknown-linux-gnu")
[INFO] [stderr]   CFLAGS_x86_64-unknown-linux-gnu = None
[INFO] [stderr]   CFLAGS_x86_64_unknown_linux_gnu = None
[INFO] [stderr]   HOST_CFLAGS = None
[INFO] [stderr]   CFLAGS = None
[INFO] [stderr]   DEBUG = Some("true")
[INFO] [stderr]   running: "cc" "-O0" "-ffunction-sections" "-fdata-sections" "-fPIC" "-g" "-m64" "-Wall" "-Wextra" "-E" "/opt/rustwide/target/debug/build/openssl-sys-67956ede336e1715/out/expando.c"
[INFO] [stderr]   cargo:warning=/opt/rustwide/target/debug/build/openssl-sys-67956ede336e1715/out/expando.c:4:24: error: pasting "RUST_VERSION_OPENSSL_" and "(" does not give a valid preprocessing token
[INFO] [stderr]   cargo:warning=    4 | #define VERSION2(n, v) RUST_VERSION_ ## n ## _ ## v
[INFO] [stderr]   cargo:warning=      |                        ^~~~~~~~~~~~~
[INFO] [stderr]   cargo:warning=/opt/rustwide/target/debug/build/openssl-sys-67956ede336e1715/out/expando.c:5:23: note: in expansion of macro 'VERSION2'
[INFO] [stderr]   cargo:warning=    5 | #define VERSION(n, v) VERSION2(n, v)
[INFO] [stderr]   cargo:warning=      |                       ^~~~~~~~
[INFO] [stderr]   cargo:warning=/opt/rustwide/target/debug/build/openssl-sys-67956ede336e1715/out/expando.c:7:1: note: in expansion of macro 'VERSION'
[INFO] [stderr]   cargo:warning=    7 | VERSION(OPENSSL, OPENSSL_VERSION_NUMBER)
[INFO] [stderr]   cargo:warning=      | ^~~~~~~
[INFO] [stderr]   exit status: 1
[INFO] [stderr] 
[INFO] [stderr]   --- stderr
[INFO] [stderr]   thread 'main' panicked at '
[INFO] [stderr]   Header expansion error:
[INFO] [stderr]   Error { kind: ToolExecError, message: "Command \"cc\" \"-O0\" \"-ffunction-sections\" \"-fdata-sections\" \"-fPIC\" \"-g\" \"-m64\" \"-Wall\" \"-Wextra\" \"-E\" \"/opt/rustwide/target/debug/build/openssl-sys-67956ede336e1715/out/expando.c\" with args \"cc\" did not execute successfully (status code exit status: 1)." }
[INFO] [stderr] 
[INFO] [stderr]   Failed to find OpenSSL development headers.
[INFO] [stderr] 
[INFO] [stderr]   You can try fixing this setting the `OPENSSL_DIR` environment variable
[INFO] [stderr]   pointing to your OpenSSL installation or installing OpenSSL headers package
[INFO] [stderr]   specific to your distribution:
[INFO] [stderr] 
[INFO] [stderr]       # On Ubuntu
[INFO] [stderr]       sudo apt-get install libssl-dev
[INFO] [stderr]       # On Arch Linux
[INFO] [stderr]       sudo pacman -S openssl
[INFO] [stderr]       # On Fedora
[INFO] [stderr]       sudo dnf install openssl-devel
[INFO] [stderr] 
[INFO] [stderr]   See rust-openssl README for more information:
[INFO] [stderr] 
[INFO] [stderr]       https://github.com/sfackler/rust-openssl#linux
[INFO] [stderr]   ', /opt/rustwide/cargo-home/registry/src/index.crates.io-6f17d22bba15001f/openssl-sys-0.9.33/build/main.rs:379:13
[INFO] [stderr]   stack backtrace:
[INFO] [stderr]      0:     0x556063eb751a - std::backtrace_rs::backtrace::libunwind::trace::h2f05d0192276a8f6
[INFO] [stderr]                                  at /rustc/1b7dd2252b99671ce5d1cb9664c5f8636329436d/library/std/src/../../backtrace/src/backtrace/libunwind.rs:93:5
[INFO] [stderr]      1:     0x556063eb751a - std::backtrace_rs::backtrace::trace_unsynchronized::hedc23dff7a1af150
[INFO] [stderr]                                  at /rustc/1b7dd2252b99671ce5d1cb9664c5f8636329436d/library/std/src/../../backtrace/src/backtrace/mod.rs:66:5
[INFO] [stderr]      2:     0x556063eb751a - std::sys_common::backtrace::_print_fmt::h17541ef7592f3ce2
[INFO] [stderr]                                  at /rustc/1b7dd2252b99671ce5d1cb9664c5f8636329436d/library/std/src/sys_common/backtrace.rs:65:5
[INFO] [stderr]      3:     0x556063eb751a - <std::sys_common::backtrace::_print::DisplayBacktrace as core::fmt::Display>::fmt::h20f75df5ab0c0792
[INFO] [stderr]                                  at /rustc/1b7dd2252b99671ce5d1cb9664c5f8636329436d/library/std/src/sys_common/backtrace.rs:44:22
[INFO] [stderr]      4:     0x556063ed7c6f - core::fmt::write::h78109e6f466b3af6
[INFO] [stderr]                                  at /rustc/1b7dd2252b99671ce5d1cb9664c5f8636329436d/library/core/src/fmt/mod.rs:1254:17
[INFO] [stderr]      5:     0x556063eb4725 - std::io::Write::write_fmt::hc59e1b02dd273c8a
[INFO] [stderr]                                  at /rustc/1b7dd2252b99671ce5d1cb9664c5f8636329436d/library/std/src/io/mod.rs:1698:15
[INFO] [stderr]      6:     0x556063eb72e5 - std::sys_common::backtrace::_print::h8dac57a9f8fbf9a5
[INFO] [stderr]                                  at /rustc/1b7dd2252b99671ce5d1cb9664c5f8636329436d/library/std/src/sys_common/backtrace.rs:47:5
[INFO] [stderr]      7:     0x556063eb72e5 - std::sys_common::backtrace::print::hf9ecbf41d1aa712f
[INFO] [stderr]                                  at /rustc/1b7dd2252b99671ce5d1cb9664c5f8636329436d/library/std/src/sys_common/backtrace.rs:34:9
[INFO] [stderr]      8:     0x556063eb8bae - std::panicking::default_hook::{{closure}}::h04c07acfc84ca028
[INFO] [stderr]                                  at /rustc/1b7dd2252b99671ce5d1cb9664c5f8636329436d/library/std/src/panicking.rs:269:22
[INFO] [stderr]      9:     0x556063eb8955 - std::panicking::default_hook::h01f6bb23e1eceb2c
[INFO] [stderr]                                  at /rustc/1b7dd2252b99671ce5d1cb9664c5f8636329436d/library/std/src/panicking.rs:288:9
[INFO] [stderr]     10:     0x556063eb910e - std::panicking::rust_panic_with_hook::h2bb3722bbaf2f6df
[INFO] [stderr]                                  at /rustc/1b7dd2252b99671ce5d1cb9664c5f8636329436d/library/std/src/panicking.rs:691:13
[INFO] [stderr]     11:     0x556063eb9009 - std::panicking::begin_panic_handler::{{closure}}::h91bc7f36a4be011b
[INFO] [stderr]                                  at /rustc/1b7dd2252b99671ce5d1cb9664c5f8636329436d/library/std/src/panicking.rs:582:13
[INFO] [stderr]     12:     0x556063eb7986 - std::sys_common::backtrace::__rust_end_short_backtrace::h8b3d3717114f9e59
[INFO] [stderr]                                  at /rustc/1b7dd2252b99671ce5d1cb9664c5f8636329436d/library/std/src/sys_common/backtrace.rs:150:18
[INFO] [stderr]     13:     0x556063eb8d62 - rust_begin_unwind
[INFO] [stderr]                                  at /rustc/1b7dd2252b99671ce5d1cb9664c5f8636329436d/library/std/src/panicking.rs:578:5
[INFO] [stderr]     14:     0x556063e3c7f3 - core::panicking::panic_fmt::hfd368e3fbdabea26
[INFO] [stderr]                                  at /rustc/1b7dd2252b99671ce5d1cb9664c5f8636329436d/library/core/src/panicking.rs:67:14
[INFO] [stderr]     15:     0x556063e41533 - build_script_main::validate_headers::h0f1d15940adcfee2
[INFO] [stderr]     16:     0x556063e40bf0 - build_script_main::try_pkg_config::hf4439a550e025376
[INFO] [stderr]     17:     0x556063e3f9c6 - build_script_main::find_openssl_dir::h1a66d6a3940d129c
[INFO] [stderr]     18:     0x556063e3f7e8 - build_script_main::main::{{closure}}::hbec4de772367d8e0
[INFO] [stderr]     19:     0x556063e49dca - core::option::Option<T>::unwrap_or_else::hcb075fb9ddcedaa4
[INFO] [stderr]     20:     0x556063e3e804 - build_script_main::main::hf5f9e5878e2ec1fa
[INFO] [stderr]     21:     0x556063e496d3 - core::ops::function::FnOnce::call_once::ha0de2c61687997e5
[INFO] [stderr]     22:     0x556063e4ac06 - std::sys_common::backtrace::__rust_begin_short_backtrace::hec4824c1cb72d43c
[INFO] [stderr]     23:     0x556063e49559 - std::rt::lang_start::{{closure}}::ha734e4e6acb6cb7b
[INFO] [stderr]     24:     0x556063eb153e - core::ops::function::impls::<impl core::ops::function::FnOnce<A> for &F>::call_once::h2eb19b8ce4148df4
[INFO] [stderr]                                  at /rustc/1b7dd2252b99671ce5d1cb9664c5f8636329436d/library/core/src/ops/function.rs:287:13
[INFO] [stderr]     25:     0x556063eb153e - std::panicking::try::do_call::h2e900feff5d504c5
[INFO] [stderr]                                  at /rustc/1b7dd2252b99671ce5d1cb9664c5f8636329436d/library/std/src/panicking.rs:485:40
[INFO] [stderr]     26:     0x556063eb153e - std::panicking::try::h8854836cb85aa9f2
[INFO] [stderr]                                  at /rustc/1b7dd2252b99671ce5d1cb9664c5f8636329436d/library/std/src/panicking.rs:449:19
[INFO] [stderr]     27:     0x556063eb153e - std::panic::catch_unwind::h706025dd4c48f64b
[INFO] [stderr]                                  at /rustc/1b7dd2252b99671ce5d1cb9664c5f8636329436d/library/std/src/panic.rs:140:14
[INFO] [stderr]     28:     0x556063eb153e - std::rt::lang_start_internal::{{closure}}::h7be5b97f4a07a91a
[INFO] [stderr]                                  at /rustc/1b7dd2252b99671ce5d1cb9664c5f8636329436d/library/std/src/rt.rs:148:48
[INFO] [stderr]     29:     0x556063eb153e - std::panicking::try::do_call::h59847e9d0a176965
[INFO] [stderr]                                  at /rustc/1b7dd2252b99671ce5d1cb9664c5f8636329436d/library/std/src/panicking.rs:485:40
[INFO] [stderr]     30:     0x556063eb153e - std::panicking::try::h399a918ba8522823
[INFO] [stderr]                                  at /rustc/1b7dd2252b99671ce5d1cb9664c5f8636329436d/library/std/src/panicking.rs:449:19
[INFO] [stderr]     31:     0x556063eb153e - std::panic::catch_unwind::hca7ca6c55b2a2e26
[INFO] [stderr]                                  at /rustc/1b7dd2252b99671ce5d1cb9664c5f8636329436d/library/std/src/panic.rs:140:14
[INFO] [stderr]     32:     0x556063eb153e - std::rt::lang_start_internal::h2c807a81560459eb
[INFO] [stderr]                                  at /rustc/1b7dd2252b99671ce5d1cb9664c5f8636329436d/library/std/src/rt.rs:148:20
[INFO] [stderr]     33:     0x556063e49537 - std::rt::lang_start::h9c9b062ac605bf68
[INFO] [stderr]     34:     0x556063e43325 - main
[INFO] [stderr]     35:     0x7fe6b2933d90 - <unknown>
[INFO] [stderr]     36:     0x7fe6b2933e40 - __libc_start_main
[INFO] [stderr]     37:     0x556063e3ce65 - _start
[INFO] [stderr]     38:                0x0 - <unknown>
[INFO] [stderr] warning: build failed, waiting for other jobs to finish...
[INFO] running `Command { std: "docker" "inspect" "eada129cf937460f6c4dce5d32a1c46bfcbbb8fd15162d5e4f56ebd21eae25c1", kill_on_drop: false }`
[INFO] running `Command { std: "docker" "rm" "-f" "eada129cf937460f6c4dce5d32a1c46bfcbbb8fd15162d5e4f56ebd21eae25c1", kill_on_drop: false }`
[INFO] [stdout] eada129cf937460f6c4dce5d32a1c46bfcbbb8fd15162d5e4f56ebd21eae25c1
