[INFO] cloning repository https://github.com/ajscholl/mqs
[INFO] running `Command { std: "git" "-c" "credential.helper=" "-c" "credential.helper=/workspace/cargo-home/bin/git-credential-null" "clone" "--bare" "https://github.com/ajscholl/mqs" "/workspace/cache/git-repos/https%3A%2F%2Fgithub.com%2Fajscholl%2Fmqs", kill_on_drop: false }`
[INFO] [stderr] Cloning into bare repository '/workspace/cache/git-repos/https%3A%2F%2Fgithub.com%2Fajscholl%2Fmqs'...
[INFO] running `Command { std: "git" "rev-parse" "HEAD", kill_on_drop: false }`
[INFO] [stdout] ee91f567481b1ba713d0726a628fb2a16fc5fec1
[INFO] documenting ajscholl/mqs against beta-2023-04-20 for beta-1.70-rustdoc-1
[INFO] running `Command { std: "git" "clone" "/workspace/cache/git-repos/https%3A%2F%2Fgithub.com%2Fajscholl%2Fmqs" "/workspace/builds/worker-5-tc2/source", kill_on_drop: false }`
[INFO] [stderr] Cloning into '/workspace/builds/worker-5-tc2/source'...
[INFO] [stderr] done.
[INFO] validating manifest of git repo https://github.com/ajscholl/mqs on toolchain beta-2023-04-20
[INFO] running `Command { std: CARGO_HOME="/workspace/cargo-home" RUSTUP_HOME="/workspace/rustup-home" "/workspace/cargo-home/bin/cargo" "+beta-2023-04-20" "metadata" "--manifest-path" "Cargo.toml" "--no-deps", kill_on_drop: false }`
[INFO] started tweaking git repo https://github.com/ajscholl/mqs
[INFO] finished tweaking git repo https://github.com/ajscholl/mqs
[INFO] tweaked toml for git repo https://github.com/ajscholl/mqs written to /workspace/builds/worker-5-tc2/source/Cargo.toml
[INFO] crate git repo https://github.com/ajscholl/mqs already has a lockfile, it will not be regenerated
[INFO] running `Command { std: CARGO_HOME="/workspace/cargo-home" RUSTUP_HOME="/workspace/rustup-home" "/workspace/cargo-home/bin/cargo" "+beta-2023-04-20" "fetch" "--manifest-path" "Cargo.toml", kill_on_drop: false }`
[INFO] [stderr]  Downloading crates ...
[INFO] [stderr]   Downloaded diesel_derives v2.0.1
[INFO] [stderr]   Downloaded cached v0.41.0
[INFO] [stderr]   Downloaded cached_proc_macro v0.15.0
[INFO] [stderr]   Downloaded diesel v2.0.2
[INFO] running `Command { std: "docker" "create" "-v" "/var/lib/crater-agent-workspace/builds/worker-5-tc2/target:/opt/rustwide/target:rw,Z" "-v" "/var/lib/crater-agent-workspace/builds/worker-5-tc2/source:/opt/rustwide/workdir:ro,Z" "-v" "/var/lib/crater-agent-workspace/cargo-home:/opt/rustwide/cargo-home:ro,Z" "-v" "/var/lib/crater-agent-workspace/rustup-home:/opt/rustwide/rustup-home:ro,Z" "-e" "SOURCE_DIR=/opt/rustwide/workdir" "-e" "CARGO_TARGET_DIR=/opt/rustwide/target" "-e" "CARGO_HOME=/opt/rustwide/cargo-home" "-e" "RUSTUP_HOME=/opt/rustwide/rustup-home" "-w" "/opt/rustwide/workdir" "-m" "1610612736" "--user" "0:0" "--network" "none" "ghcr.io/rust-lang/crates-build-env/linux@sha256:5ff2268d62e97bff2cde7d5815dd6ed5b47097566f13b8d0ca110b04b60e07ed" "/opt/rustwide/cargo-home/bin/cargo" "+beta-2023-04-20" "metadata" "--no-deps" "--format-version=1", kill_on_drop: false }`
[INFO] [stdout] 83a61180dfb0777b1efa1baf46a3e8951438d0b86ad576086a715d93ba1e12d8
[INFO] running `Command { std: "docker" "start" "-a" "83a61180dfb0777b1efa1baf46a3e8951438d0b86ad576086a715d93ba1e12d8", kill_on_drop: false }`
[INFO] running `Command { std: "docker" "inspect" "83a61180dfb0777b1efa1baf46a3e8951438d0b86ad576086a715d93ba1e12d8", kill_on_drop: false }`
[INFO] running `Command { std: "docker" "rm" "-f" "83a61180dfb0777b1efa1baf46a3e8951438d0b86ad576086a715d93ba1e12d8", kill_on_drop: false }`
[INFO] [stdout] 83a61180dfb0777b1efa1baf46a3e8951438d0b86ad576086a715d93ba1e12d8
[INFO] running `Command { std: "docker" "create" "-v" "/var/lib/crater-agent-workspace/builds/worker-5-tc2/target:/opt/rustwide/target:rw,Z" "-v" "/var/lib/crater-agent-workspace/builds/worker-5-tc2/source:/opt/rustwide/workdir:ro,Z" "-v" "/var/lib/crater-agent-workspace/cargo-home:/opt/rustwide/cargo-home:ro,Z" "-v" "/var/lib/crater-agent-workspace/rustup-home:/opt/rustwide/rustup-home:ro,Z" "-e" "SOURCE_DIR=/opt/rustwide/workdir" "-e" "CARGO_TARGET_DIR=/opt/rustwide/target" "-e" "CARGO_INCREMENTAL=0" "-e" "RUST_BACKTRACE=full" "-e" "RUSTFLAGS=--cap-lints=warn" "-e" "RUSTDOCFLAGS=--cap-lints=warn" "-e" "CARGO_HOME=/opt/rustwide/cargo-home" "-e" "RUSTUP_HOME=/opt/rustwide/rustup-home" "-w" "/opt/rustwide/workdir" "-m" "1610612736" "--user" "0:0" "--network" "none" "ghcr.io/rust-lang/crates-build-env/linux@sha256:5ff2268d62e97bff2cde7d5815dd6ed5b47097566f13b8d0ca110b04b60e07ed" "/opt/rustwide/cargo-home/bin/cargo" "+beta-2023-04-20" "doc" "--frozen" "--no-deps" "--document-private-items" "--message-format=json", kill_on_drop: false }`
[INFO] [stdout] 8016141f19fee1cc5f0ace4372e0d7623016efacfd173fdceafa5a4f1d505cec
[INFO] running `Command { std: "docker" "start" "-a" "8016141f19fee1cc5f0ace4372e0d7623016efacfd173fdceafa5a4f1d505cec", kill_on_drop: false }`
[INFO] [stderr]    Compiling libc v0.2.139
[INFO] [stderr]    Compiling proc-macro2 v1.0.49
[INFO] [stderr]    Compiling unicode-ident v1.0.6
[INFO] [stderr]    Compiling syn v1.0.107
[INFO] [stderr]    Compiling log v0.4.17
[INFO] [stderr]    Compiling futures-task v0.3.21
[INFO] [stderr]    Compiling serde v1.0.152
[INFO] [stderr]    Compiling tokio v1.23.0
[INFO] [stderr]    Compiling futures-util v0.3.21
[INFO] [stderr]    Compiling fnv v1.0.7
[INFO] [stderr]    Compiling ident_case v1.0.1
[INFO] [stderr]    Compiling strsim v0.10.0
[INFO] [stderr]     Checking tracing-core v0.1.23
[INFO] [stderr]    Compiling indexmap v1.9.2
[INFO] [stderr]    Compiling num-traits v0.2.15
[INFO] [stderr]     Checking hashbrown v0.12.0
[INFO] [stderr]     Checking http v0.2.8
[INFO] [stderr]    Compiling num-integer v0.1.45
[INFO] [stderr]    Compiling pq-sys v0.4.6
[INFO] [stderr]    Compiling async-trait v0.1.60
[INFO] [stderr]    Compiling httparse v1.8.0
[INFO] [stderr]     Checking tracing v0.1.32
[INFO] [stderr]    Compiling serde_json v1.0.91
[INFO] [stderr]    Compiling serde_derive v1.0.152
[INFO] [stderr]     Checking futures-io v0.3.21
[INFO] [stderr]    Compiling typenum v1.16.0
[INFO] [stderr]    Compiling cached_proc_macro_types v0.1.0
[INFO] [stderr]     Checking want v0.3.0
[INFO] [stderr]    Compiling generic-array v0.14.6
[INFO] [stderr]     Checking iana-time-zone v0.1.53
[INFO] [stderr]     Checking async_once v0.2.6
[INFO] [stderr]     Checking once_cell v1.17.0
[INFO] [stderr]     Checking time-core v0.1.0
[INFO] [stderr]     Checking dotenv v0.15.0
[INFO] [stderr]     Checking tinyvec v1.6.0
[INFO] [stderr]     Checking percent-encoding v2.2.0
[INFO] [stderr]     Checking unicode-bidi v0.3.8
[INFO] [stderr]     Checking cpufeatures v0.2.5
[INFO] [stderr]     Checking base64 v0.20.0
[INFO] [stderr]     Checking http-body v0.4.4
[INFO] [stderr]    Compiling quote v1.0.17
[INFO] [stderr]     Checking form_urlencoded v1.1.0
[INFO] [stderr]     Checking num_cpus v1.13.1
[INFO] [stderr]     Checking signal-hook-registry v1.4.0
[INFO] [stderr]     Checking mio v0.8.5
[INFO] [stderr]     Checking socket2 v0.4.4
[INFO] [stderr]     Checking parking_lot_core v0.8.5
[INFO] [stderr]     Checking parking_lot_core v0.9.5
[INFO] [stderr]     Checking getrandom v0.2.6
[INFO] [stderr]     Checking time v0.1.45
[INFO] [stderr]    Compiling proc-macro-error-attr v1.0.4
[INFO] [stderr]     Checking parking_lot v0.11.2
[INFO] [stderr]     Checking parking_lot v0.12.1
[INFO] [stderr]     Checking scheduled-thread-pool v0.2.5
[INFO] [stderr]     Checking unicode-normalization v0.1.22
[INFO] [stderr]     Checking r2d2 v0.8.10
[INFO] [stderr]     Checking idna v0.3.0
[INFO] [stderr]     Checking futures v0.3.21
[INFO] [stderr]     Checking crypto-common v0.1.6
[INFO] [stderr]     Checking block-buffer v0.10.3
[INFO] [stderr]     Checking url v2.3.1
[INFO] [stderr]     Checking digest v0.10.6
[INFO] [stderr]     Checking sha2 v0.10.6
[INFO] [stderr]     Checking uuid v1.2.2
[INFO] [stderr]     Checking time v0.3.17
[INFO] [stderr]     Checking chrono v0.4.23
[INFO] [stderr]    Compiling darling_core v0.13.1
[INFO] [stderr]    Compiling proc-macro-error v1.0.4
[INFO] [stderr]    Compiling tokio-macros v1.7.0
[INFO] [stderr]    Compiling thiserror-impl v1.0.30
[INFO] [stderr]    Compiling diesel_derives v2.0.1
[INFO] [stderr]    Compiling darling_macro v0.13.1
[INFO] [stderr]     Checking thiserror v1.0.30
[INFO] [stderr]    Compiling darling v0.13.1
[INFO] [stderr]    Compiling cached_proc_macro v0.15.0
[INFO] [stderr]     Checking diesel v2.0.2
[INFO] [stderr]     Checking tokio-util v0.7.4
[INFO] [stderr]     Checking cached v0.41.0
[INFO] [stderr]     Checking h2 v0.3.15
[INFO] [stderr]     Checking hyper v0.14.22
[INFO] [stderr]     Checking mqs-common v0.1.0 (/opt/rustwide/workdir/mqs-common)
[INFO] [stderr]  Documenting mqs-common v0.1.0 (/opt/rustwide/workdir/mqs-common)
[INFO] [stdout] error[E0554]: `#![feature]` may not be used on the beta release channel
[INFO] [stdout]  --> mqs-common/src/lib.rs:1:1
[INFO] [stdout]   |
[INFO] [stdout] 1 | #![feature(unboxed_closures, fn_traits)]
[INFO] [stdout]   | ^^^^^^^^^^^^^^^^^^^^^^^^^^^^^^^^^^^^^^^^
[INFO] [stdout] 
[INFO] [stdout] 
[INFO] [stdout] error[E0554]: `#![feature]` may not be used on the beta release channel
[INFO] [stdout]  --> mqs-common/src/lib.rs:1:1
[INFO] [stdout]   |
[INFO] [stdout] 1 | #![feature(unboxed_closures, fn_traits)]
[INFO] [stdout]   | ^^^^^^^^^^^^^^^^^^^^^^^^^^^^^^^^^^^^^^^^
[INFO] [stdout] 
[INFO] [stdout] 
[INFO] [stdout] error[E0554]: `#![feature]` may not be used on the beta release channel
[INFO] [stdout]  --> mqs-common/src/lib.rs:1:30
[INFO] [stdout]   |
[INFO] [stdout] 1 | #![feature(unboxed_closures, fn_traits)]
[INFO] [stdout]   |                              ^^^^^^^^^
[INFO] [stdout] 
[INFO] [stdout] 
[INFO] [stdout] error: aborting due to previous error
[INFO] [stdout] 
[INFO] [stdout] 
[INFO] [stdout] For more information about this error, try `rustc --explain E0554`.
[INFO] [stdout] 
[INFO] [stdout] error[E0059]: type parameter to bare `FnOnce` trait must be a tuple
[INFO] [stdout]   --> mqs-common/src/logger/mod.rs:33:12
[INFO] [stdout]    |
[INFO] [stdout] 33 | impl<Args> FnOnce<Args> for NewJsonLogger {
[INFO] [stdout]    |            ^^^^^^^^^^^^ the trait `Tuple` is not implemented for `Args`
[INFO] [stdout]    |
[INFO] [stdout] note: required by a bound in `FnOnce`
[INFO] [stdout]   --> /rustc/1b7dd2252b99671ce5d1cb9664c5f8636329436d/library/core/src/ops/function.rs:242:1
[INFO] [stdout] help: consider restricting type parameter `Args`
[INFO] [stdout]    |
[INFO] [stdout] 33 | impl<Args: std::marker::Tuple> FnOnce<Args> for NewJsonLogger {
[INFO] [stdout]    |          ++++++++++++++++++++
[INFO] [stdout] 
[INFO] [stdout] 
[INFO] [stdout] error[E0059]: type parameter to bare `Fn` trait must be a tuple
[INFO] [stdout]   --> mqs-common/src/logger/mod.rs:41:12
[INFO] [stdout]    |
[INFO] [stdout] 41 | impl<Args> Fn<Args> for NewJsonLogger {
[INFO] [stdout]    |            ^^^^^^^^ the trait `Tuple` is not implemented for `Args`
[INFO] [stdout]    |
[INFO] [stdout] note: required by a bound in `Fn`
[INFO] [stdout]   --> /rustc/1b7dd2252b99671ce5d1cb9664c5f8636329436d/library/core/src/ops/function.rs:76:1
[INFO] [stdout] help: consider restricting type parameter `Args`
[INFO] [stdout]    |
[INFO] [stdout] 41 | impl<Args: std::marker::Tuple> Fn<Args> for NewJsonLogger {
[INFO] [stdout]    |          ++++++++++++++++++++
[INFO] [stdout] 
[INFO] [stdout] 
[INFO] [stderr] error: could not document `mqs-common`
[INFO] [stdout] error[E0059]: type parameter to bare `FnMut` trait must be a tuple
[INFO] [stdout]   --> mqs-common/src/logger/mod.rs:57:12
[INFO] [stdout]    |
[INFO] [stdout] 57 | impl<Args> FnMut<Args> for NewJsonLogger {
[INFO] [stdout]    |            ^^^^^^^^^^^ the trait `Tuple` is not implemented for `Args`
[INFO] [stdout]    |
[INFO] [stdout] note: required by a bound in `FnMut`
[INFO] [stdout]   --> /rustc/1b7dd2252b99671ce5d1cb9664c5f8636329436d/library/core/src/ops/function.rs:163:1
[INFO] [stdout] help: consider restricting type parameter `Args`
[INFO] [stdout]    |
[INFO] [stdout] 57 | impl<Args: std::marker::Tuple> FnMut<Args> for NewJsonLogger {
[INFO] [stdout]    |          ++++++++++++++++++++
[INFO] [stdout] 
[INFO] [stdout] 
[INFO] [stderr] 
[INFO] [stderr] Caused by:
[INFO] [stderr]   process didn't exit successfully: `rustdoc --edition=2018 --crate-type lib --crate-name mqs_common mqs-common/src/lib.rs -o /opt/rustwide/target/doc --cfg 'feature="chrono"' --cfg 'feature="diesel"' --cfg 'feature="dotenv"' --cfg 'feature="r2d2"' --cfg 'feature="server"' --error-format=json --json=diagnostic-rendered-ansi,artifacts,future-incompat --document-private-items -C metadata=1f6216266cd78baf -L dependency=/opt/rustwide/target/debug/deps --extern async_trait=/opt/rustwide/target/debug/deps/libasync_trait-bd25850810e01129.so --extern byteorder=/opt/rustwide/target/debug/deps/libbyteorder-21d0a7105b7fc30b.rmeta --extern cached=/opt/rustwide/target/debug/deps/libcached-0631877eb800df75.rmeta --extern chrono=/opt/rustwide/target/debug/deps/libchrono-b185a7b9d739fd57.rmeta --extern diesel=/opt/rustwide/target/debug/deps/libdiesel-2d489138b6b824e0.rmeta --extern dotenv=/opt/rustwide/target/debug/deps/libdotenv-b3d056f1c5caf005.rmeta --extern http=/opt/rustwide/target/debug/deps/libhttp-f52d23026ef19776.rmeta --extern hyper=/opt/rustwide/target/debug/deps/libhyper-6d5538dfcde23dc3.rmeta --extern log=/opt/rustwide/target/debug/deps/liblog-3e075563a9423780.rmeta --extern r2d2=/opt/rustwide/target/debug/deps/libr2d2-80c798a8431e8dc7.rmeta --extern serde=/opt/rustwide/target/debug/deps/libserde-e55fbe70268fcfe5.rmeta --extern serde_derive=/opt/rustwide/target/debug/deps/libserde_derive-ebe07718388eba0f.so --extern serde_json=/opt/rustwide/target/debug/deps/libserde_json-e368ef7dee4bca98.rmeta --extern time=/opt/rustwide/target/debug/deps/libtime-05052b071fe04f68.rmeta --extern tokio=/opt/rustwide/target/debug/deps/libtokio-e7861489827f288b.rmeta --extern uuid=/opt/rustwide/target/debug/deps/libuuid-e6b9c1c46237a7b0.rmeta --cap-lints=warn --crate-version 0.1.0` (exit status: 1)
[INFO] [stderr] warning: build failed, waiting for other jobs to finish...
[INFO] [stdout] error[E0277]: functions with the "rust-call" ABI must take a single non-self tuple argument
[INFO] [stdout]   --> mqs-common/src/logger/mod.rs:36:5
[INFO] [stdout]    |
[INFO] [stdout] 36 |     extern "rust-call" fn call_once(self, args: Args) -> Self::Output {
[INFO] [stdout]    |     ^^^^^^^^^^^^^^^^^^^^^^^^^^^^^^^^^^^^^^^^^^^^^^^^^^^^^^^^^^^^^^^^^ the trait `Tuple` is not implemented for `Args`
[INFO] [stdout]    |
[INFO] [stdout] help: consider restricting type parameter `Args`
[INFO] [stdout]    |
[INFO] [stdout] 33 | impl<Args: std::marker::Tuple> FnOnce<Args> for NewJsonLogger {
[INFO] [stdout]    |          ++++++++++++++++++++
[INFO] [stdout] 
[INFO] [stdout] 
[INFO] [stdout] error[E0277]: functions with the "rust-call" ABI must take a single non-self tuple argument
[INFO] [stdout]   --> mqs-common/src/logger/mod.rs:42:5
[INFO] [stdout]    |
[INFO] [stdout] 42 |     extern "rust-call" fn call(&self, _args: Args) -> Self::Output {
[INFO] [stdout]    |     ^^^^^^^^^^^^^^^^^^^^^^^^^^^^^^^^^^^^^^^^^^^^^^^^^^^^^^^^^^^^^^ the trait `Tuple` is not implemented for `Args`
[INFO] [stdout]    |
[INFO] [stdout] help: consider restricting type parameter `Args`
[INFO] [stdout]    |
[INFO] [stdout] 41 | impl<Args: std::marker::Tuple> Fn<Args> for NewJsonLogger {
[INFO] [stdout]    |          ++++++++++++++++++++
[INFO] [stdout] 
[INFO] [stdout] 
[INFO] [stdout] error[E0277]: functions with the "rust-call" ABI must take a single non-self tuple argument
[INFO] [stdout]   --> mqs-common/src/logger/mod.rs:58:5
[INFO] [stdout]    |
[INFO] [stdout] 58 |     extern "rust-call" fn call_mut(&mut self, args: Args) -> Self::Output {
[INFO] [stdout]    |     ^^^^^^^^^^^^^^^^^^^^^^^^^^^^^^^^^^^^^^^^^^^^^^^^^^^^^^^^^^^^^^^^^^^^^ the trait `Tuple` is not implemented for `Args`
[INFO] [stdout]    |
[INFO] [stdout] help: consider restricting type parameter `Args`
[INFO] [stdout]    |
[INFO] [stdout] 57 | impl<Args: std::marker::Tuple> FnMut<Args> for NewJsonLogger {
[INFO] [stdout]    |          ++++++++++++++++++++
[INFO] [stdout] 
[INFO] [stdout] 
[INFO] [stdout] error: aborting due to 8 previous errors
[INFO] [stdout] 
[INFO] [stdout] 
[INFO] [stdout] Some errors have detailed explanations: E0059, E0277, E0554.
[INFO] [stdout] 
[INFO] [stdout] For more information about an error, try `rustc --explain E0059`.
[INFO] [stdout] 
[INFO] [stderr] error: could not compile `mqs-common` (lib) due to 9 previous errors
[INFO] running `Command { std: "docker" "inspect" "8016141f19fee1cc5f0ace4372e0d7623016efacfd173fdceafa5a4f1d505cec", kill_on_drop: false }`
[INFO] running `Command { std: "docker" "rm" "-f" "8016141f19fee1cc5f0ace4372e0d7623016efacfd173fdceafa5a4f1d505cec", kill_on_drop: false }`
[INFO] [stdout] 8016141f19fee1cc5f0ace4372e0d7623016efacfd173fdceafa5a4f1d505cec
