[INFO] cloning repository https://github.com/adityapanikkar/cenzznet-xpay
[INFO] running `Command { std: "git" "-c" "credential.helper=" "-c" "credential.helper=/workspace/cargo-home/bin/git-credential-null" "clone" "--bare" "https://github.com/adityapanikkar/cenzznet-xpay" "/workspace/cache/git-repos/https%3A%2F%2Fgithub.com%2Fadityapanikkar%2Fcenzznet-xpay", kill_on_drop: false }`
[INFO] [stderr] Cloning into bare repository '/workspace/cache/git-repos/https%3A%2F%2Fgithub.com%2Fadityapanikkar%2Fcenzznet-xpay'...
[INFO] running `Command { std: "git" "rev-parse" "HEAD", kill_on_drop: false }`
[INFO] [stdout] ce8254b14734dee886ef70ad838294c7127787b0
[INFO] documenting adityapanikkar/cenzznet-xpay against 1.69.0 for beta-1.70-rustdoc-1
[INFO] running `Command { std: "git" "clone" "/workspace/cache/git-repos/https%3A%2F%2Fgithub.com%2Fadityapanikkar%2Fcenzznet-xpay" "/workspace/builds/worker-4-tc1/source", kill_on_drop: false }`
[INFO] [stderr] Cloning into '/workspace/builds/worker-4-tc1/source'...
[INFO] [stderr] done.
[INFO] validating manifest of git repo https://github.com/adityapanikkar/cenzznet-xpay on toolchain 1.69.0
[INFO] running `Command { std: CARGO_HOME="/workspace/cargo-home" RUSTUP_HOME="/workspace/rustup-home" "/workspace/cargo-home/bin/cargo" "+1.69.0" "metadata" "--manifest-path" "Cargo.toml" "--no-deps", kill_on_drop: false }`
[INFO] started tweaking git repo https://github.com/adityapanikkar/cenzznet-xpay
[INFO] finished tweaking git repo https://github.com/adityapanikkar/cenzznet-xpay
[INFO] tweaked toml for git repo https://github.com/adityapanikkar/cenzznet-xpay written to /workspace/builds/worker-4-tc1/source/Cargo.toml
[INFO] crate git repo https://github.com/adityapanikkar/cenzznet-xpay already has a lockfile, it will not be regenerated
[INFO] running `Command { std: CARGO_HOME="/workspace/cargo-home" RUSTUP_HOME="/workspace/rustup-home" "/workspace/cargo-home/bin/cargo" "+1.69.0" "fetch" "--manifest-path" "Cargo.toml", kill_on_drop: false }`
[INFO] [stderr]     Updating git repository `https://github.com/cennznet/plug-blockchain.git`
[INFO] [stderr]     Updating git repository `https://github.com/cennznet/cennznet`
[INFO] [stderr]  Downloading crates ...
[INFO] [stderr]   Downloaded stdweb v0.4.18
[INFO] [stderr]   Downloaded bumpalo v2.5.0
[INFO] [stderr]   Downloaded proc-macro-hack-impl v0.4.2
[INFO] [stderr]   Downloaded proc-macro-hack v0.4.2
[INFO] [stderr]   Downloaded globset v0.4.4
[INFO] [stderr]   Downloaded trie-root v0.12.4
[INFO] [stderr]   Downloaded wasm-bindgen-macro-support v0.2.48
[INFO] [stderr]   Downloaded bstr v0.2.6
[INFO] [stderr]   Downloaded js-sys v0.3.25
[INFO] [stderr]   Downloaded slog-scope v4.1.2
[INFO] [stderr]   Downloaded doc-comment v0.3.1
[INFO] [stderr]   Downloaded sysinfo v0.8.6
[INFO] [stderr]   Downloaded parity-multihash v0.1.3
[INFO] [stderr]   Downloaded hash-db v0.12.4
[INFO] [stderr]   Downloaded parity-util-mem v0.1.0
[INFO] [stderr]   Downloaded memory-db v0.12.4
[INFO] [stderr]   Downloaded slog_derive v0.1.1
[INFO] [stderr]   Downloaded asn1_der v0.6.2
[INFO] [stderr]   Downloaded curve25519-dalek v1.2.2
[INFO] [stderr]   Downloaded trie-db v0.12.4
[INFO] [stderr]   Downloaded hash256-std-hasher v0.12.4
[INFO] [stderr]   Downloaded proc-macro-hack v0.5.8
[INFO] [stderr]   Downloaded malloc_size_of_derive v0.1.0
[INFO] [stderr]   Downloaded merlin v1.2.0
[INFO] [stderr]   Downloaded subtle v2.1.1
[INFO] [stderr]   Downloaded safemem v0.3.1
[INFO] [stderr]   Downloaded wasm-bindgen-shared v0.2.48
[INFO] [stderr]   Downloaded wasm-bindgen-backend v0.2.48
[INFO] [stderr]   Downloaded wasm-bindgen-macro v0.2.48
[INFO] [stderr]   Downloaded substrate-bip39 v0.2.2
[INFO] [stderr]   Downloaded twox-hash v1.4.2
[INFO] [stderr]   Downloaded hex-literal-impl v0.2.0
[INFO] [stderr]   Downloaded hex-literal v0.2.0
[INFO] [stderr]   Downloaded wasm-bindgen-webidl v0.2.48
[INFO] [stderr]   Downloaded web-sys v0.3.25
[INFO] [stderr]   Downloaded getrandom v0.1.7
[INFO] [stderr]   Downloaded erased-serde v0.3.9
[INFO] [stderr]   Downloaded chrono v0.4.7
[INFO] [stderr]   Downloaded wasm-bindgen v0.2.48
[INFO] running `Command { std: "docker" "create" "-v" "/var/lib/crater-agent-workspace/builds/worker-4-tc1/target:/opt/rustwide/target:rw,Z" "-v" "/var/lib/crater-agent-workspace/builds/worker-4-tc1/source:/opt/rustwide/workdir:ro,Z" "-v" "/var/lib/crater-agent-workspace/cargo-home:/opt/rustwide/cargo-home:ro,Z" "-v" "/var/lib/crater-agent-workspace/rustup-home:/opt/rustwide/rustup-home:ro,Z" "-e" "SOURCE_DIR=/opt/rustwide/workdir" "-e" "CARGO_TARGET_DIR=/opt/rustwide/target" "-e" "CARGO_HOME=/opt/rustwide/cargo-home" "-e" "RUSTUP_HOME=/opt/rustwide/rustup-home" "-w" "/opt/rustwide/workdir" "-m" "1610612736" "--user" "0:0" "--network" "none" "ghcr.io/rust-lang/crates-build-env/linux@sha256:5ff2268d62e97bff2cde7d5815dd6ed5b47097566f13b8d0ca110b04b60e07ed" "/opt/rustwide/cargo-home/bin/cargo" "+1.69.0" "metadata" "--no-deps" "--format-version=1", kill_on_drop: false }`
[INFO] [stdout] 88897c922186d37b271ed696ddd7318952599cb0659fb2ec63765ca9606fa16f
[INFO] running `Command { std: "docker" "start" "-a" "88897c922186d37b271ed696ddd7318952599cb0659fb2ec63765ca9606fa16f", kill_on_drop: false }`
[INFO] running `Command { std: "docker" "inspect" "88897c922186d37b271ed696ddd7318952599cb0659fb2ec63765ca9606fa16f", kill_on_drop: false }`
[INFO] running `Command { std: "docker" "rm" "-f" "88897c922186d37b271ed696ddd7318952599cb0659fb2ec63765ca9606fa16f", kill_on_drop: false }`
[INFO] [stdout] 88897c922186d37b271ed696ddd7318952599cb0659fb2ec63765ca9606fa16f
[INFO] running `Command { std: "docker" "create" "-v" "/var/lib/crater-agent-workspace/builds/worker-4-tc1/target:/opt/rustwide/target:rw,Z" "-v" "/var/lib/crater-agent-workspace/builds/worker-4-tc1/source:/opt/rustwide/workdir:ro,Z" "-v" "/var/lib/crater-agent-workspace/cargo-home:/opt/rustwide/cargo-home:ro,Z" "-v" "/var/lib/crater-agent-workspace/rustup-home:/opt/rustwide/rustup-home:ro,Z" "-e" "SOURCE_DIR=/opt/rustwide/workdir" "-e" "CARGO_TARGET_DIR=/opt/rustwide/target" "-e" "CARGO_INCREMENTAL=0" "-e" "RUST_BACKTRACE=full" "-e" "RUSTFLAGS=--cap-lints=warn" "-e" "RUSTDOCFLAGS=--cap-lints=warn" "-e" "CARGO_HOME=/opt/rustwide/cargo-home" "-e" "RUSTUP_HOME=/opt/rustwide/rustup-home" "-w" "/opt/rustwide/workdir" "-m" "1610612736" "--user" "0:0" "--network" "none" "ghcr.io/rust-lang/crates-build-env/linux@sha256:5ff2268d62e97bff2cde7d5815dd6ed5b47097566f13b8d0ca110b04b60e07ed" "/opt/rustwide/cargo-home/bin/cargo" "+1.69.0" "doc" "--frozen" "--no-deps" "--document-private-items" "--message-format=json", kill_on_drop: false }`
[INFO] [stdout] 8e24cc5f729ca4caf3ee24255893e442b8e3a61b40006889592d9ab50157f0dd
[INFO] running `Command { std: "docker" "start" "-a" "8e24cc5f729ca4caf3ee24255893e442b8e3a61b40006889592d9ab50157f0dd", kill_on_drop: false }`
[INFO] [stderr]    Compiling arrayvec v0.4.11
[INFO] [stderr]    Compiling byteorder v1.3.2
[INFO] [stderr]    Compiling lazy_static v1.3.0
[INFO] [stderr]    Compiling nodrop v0.1.13
[INFO] [stderr]    Compiling cfg-if v0.1.9
[INFO] [stderr]    Compiling syn v0.15.42
[INFO] [stderr]    Compiling rayon-core v1.5.0
[INFO] [stderr]    Compiling memoffset v0.5.1
[INFO] [stderr]    Compiling scopeguard v1.0.0
[INFO] [stderr]    Compiling num_cpus v1.10.1
[INFO] [stderr]    Compiling crossbeam-utils v0.6.6
[INFO] [stderr]    Compiling either v1.5.2
[INFO] [stderr]     Checking log v0.4.8
[INFO] [stderr]    Compiling rand v0.6.5
[INFO] [stderr]    Compiling serde v1.0.98
[INFO] [stderr]     Checking generic-array v0.12.3
[INFO] [stderr]     Checking byte-tools v0.3.1
[INFO] [stderr]    Compiling crossbeam-queue v0.1.2
[INFO] [stderr]     Checking opaque-debug v0.2.3
[INFO] [stderr]     Checking block-padding v0.1.4
[INFO] [stderr]     Checking digest v0.8.1
[INFO] [stderr]     Checking fake-simd v0.1.2
[INFO] [stderr]    Compiling crossbeam-epoch v0.7.2
[INFO] [stderr]    Compiling typenum v1.10.0
[INFO] [stderr]     Checking block-buffer v0.7.3
[INFO] [stderr]     Checking subtle v1.0.0
[INFO] [stderr]     Checking sha2 v0.8.0
[INFO] [stderr]    Compiling subtle v2.1.1
[INFO] [stderr]     Checking crypto-mac v0.7.0
[INFO] [stderr]    Compiling crossbeam-deque v0.6.3
[INFO] [stderr]     Checking keccak v0.1.0
[INFO] [stderr]     Checking rand v0.4.6
[INFO] [stderr]     Checking spin v0.5.0
[INFO] [stderr]     Checking sha3 v0.8.2
[INFO] [stderr]     Checking parking_lot_core v0.4.0
[INFO] [stderr]     Checking untrusted v0.6.2
[INFO] [stderr]     Checking bytes v0.4.12
[INFO] [stderr]     Checking arrayref v0.3.5
[INFO] [stderr]    Compiling rayon v1.1.0
[INFO] [stderr]     Checking constant_time_eq v0.1.3
[INFO] [stderr]     Checking memchr v2.2.1
[INFO] [stderr]     Checking parking_lot v0.7.1
[INFO] [stderr]     Checking thread_local v0.3.6
[INFO] [stderr]    Compiling heapsize v0.4.2
[INFO] [stderr]     Checking tokio-io v0.1.12
[INFO] [stderr]     Checking ucd-util v0.1.5
[INFO] [stderr]     Checking aho-corasick v0.7.4
[INFO] [stderr]     Checking utf8-ranges v1.0.3
[INFO] [stderr]    Compiling crunchy v0.2.2
[INFO] [stderr]     Checking hmac v0.7.1
[INFO] [stderr]     Checking regex-syntax v0.6.10
[INFO] [stderr]    Compiling num-traits v0.2.8
[INFO] [stderr]     Checking tokio-codec v0.1.1
[INFO] [stderr]     Checking rustc-hex v2.0.1
[INFO] [stderr]     Checking parity-wasm v0.31.3
[INFO] [stderr]     Checking hash-db v0.12.4
[INFO] [stderr]     Checking pbkdf2 v0.3.0
[INFO] [stderr]    Compiling sr-std v1.0.0 (https://github.com/cennznet/plug-blockchain.git?branch=stable#47f8ec6c)
[INFO] [stderr]     Checking static_assertions v0.2.5
[INFO] [stderr]     Checking uint v0.7.1
[INFO] [stderr]     Checking once_cell v0.1.8
[INFO] [stderr]     Checking fixed-hash v0.3.2
[INFO] [stderr]     Checking hashbrown v0.1.8
[INFO] [stderr]     Checking memory_units v0.3.0
[INFO] [stderr]     Checking byte-tools v0.2.0
[INFO] [stderr]     Checking hash256-std-hasher v0.12.4
[INFO] [stderr]     Checking blake2-rfc v0.2.18
[INFO] [stderr]     Checking twox-hash v1.4.2
[INFO] [stderr]     Checking generic-array v0.8.3
[INFO] [stderr]     Checking hex v0.3.2
[INFO] [stderr]     Checking base58 v0.1.0
[INFO] [stderr]     Checking elastic-array v0.10.2
[INFO] [stderr]     Checking digest v0.6.2
[INFO] [stderr]     Checking hashmap_core v0.1.10
[INFO] [stderr]     Checking url v1.7.2
[INFO] [stderr]     Checking crypto-mac v0.4.0
[INFO] [stderr]     Checking mio v0.6.19
[INFO] [stderr]     Checking wasmi-validation v0.1.0
[INFO] [stderr]     Checking hmac v0.4.2
[INFO] [stderr]     Checking trie-db v0.12.4
[INFO] [stderr]    Compiling cc v1.0.26
[INFO] [stderr]     Checking wasmi v0.4.5
[INFO] [stderr]     Checking block-buffer v0.2.0
[INFO] [stderr]     Checking tiny-keccak v1.5.0
[INFO] [stderr]     Checking regex v1.2.0
[INFO] [stderr]     Checking trie-root v0.12.4
[INFO] [stderr]     Checking sha2 v0.6.0
[INFO] [stderr]     Checking hmac-drbg v0.1.2
[INFO] [stderr]    Compiling sr-io v1.0.0 (https://github.com/cennznet/plug-blockchain.git?branch=stable#47f8ec6c)
[INFO] [stderr]     Checking quick-error v1.2.2
[INFO] [stderr]     Checking environmental v1.0.1
[INFO] [stderr]     Checking libsecp256k1 v0.2.2
[INFO] [stderr]     Checking unsigned-varint v0.2.2
[INFO] [stderr]     Checking integer-sqrt v0.1.2
[INFO] [stderr]     Checking blake2 v0.8.0
[INFO] [stderr]     Checking sha-1 v0.8.1
[INFO] [stderr]    Compiling backtrace-sys v0.1.30
[INFO] [stderr]    Compiling clear_on_drop v0.2.3
[INFO] [stderr]    Compiling ring v0.14.6
[INFO] [stderr]    Compiling secp256k1 v0.12.2
[INFO] [stderr]    Compiling protobuf v2.8.0
[INFO] [stderr]     Checking parity-multihash v0.1.3
[INFO] [stderr]    Compiling synstructure v0.10.2
[INFO] [stderr]    Compiling curve25519-dalek v1.2.2
[INFO] [stderr]     Checking merlin v1.2.0
[INFO] [stderr]     Checking backtrace v0.3.34
[INFO] [stderr]     Checking bs58 v0.2.2
[INFO] [stderr]     Checking substrate-panic-handler v1.0.0 (https://github.com/cennznet/plug-blockchain.git?branch=stable#47f8ec6c)
[INFO] [stderr]     Checking data-encoding v2.1.2
[INFO] [stderr]     Checking tokio-reactor v0.1.9
[INFO] [stderr]     Checking multistream-select v0.4.0
[INFO] [stderr]     Checking rw-stream-sink v0.1.2
[INFO] [stderr]     Checking zeroize v0.5.2
[INFO] [stderr]     Checking itoa v0.4.4
[INFO] [stderr]    Compiling pkg-config v0.3.15
[INFO] [stderr]     Checking tokio-tcp v0.1.3
[INFO] [stderr]     Checking crossbeam-deque v0.7.1
[INFO] [stderr]     Checking mio-uds v0.6.7
[INFO] [stderr]    Compiling httparse v1.3.4
[INFO] [stderr]    Compiling ryu v1.0.0
[INFO] [stderr]     Checking tokio-uds v0.2.5
[INFO] [stderr]    Compiling openssl-sys v0.9.48
[INFO] [stderr]     Checking tokio-threadpool v0.1.15
[INFO] [stderr]     Checking tokio-udp v0.1.3
[INFO] [stderr]     Checking tokio-fs v0.1.6
[INFO] [stderr]     Checking tokio-current-thread v0.1.6
[INFO] [stderr]     Checking block-cipher-trait v0.6.2
[INFO] [stderr]    Compiling num-integer v0.1.41
[INFO] [stderr]     Checking time v0.1.42
[INFO] [stderr] The following warnings were emitted during compilation:
[INFO] [stderr] 
[INFO] [stderr] warning: build/expando.c:4:24: error: pasting "RUST_VERSION_OPENSSL_" and "(" does not give a valid preprocessing token
[INFO] [stderr] warning:     4 | #define VERSION2(n, v) RUST_VERSION_##n##_##v
[INFO] [stderr] warning:       |                        ^~~~~~~~~~~~~
[INFO] [stderr] warning: build/expando.c:5:23: note: in expansion of macro 'VERSION2'
[INFO] [stderr] warning:     5 | #define VERSION(n, v) VERSION2(n, v)
[INFO] [stderr] warning:       |                       ^~~~~~~~
[INFO] [stderr] warning: build/expando.c:10:1: note: in expansion of macro 'VERSION'
[INFO] [stderr] warning:    10 | VERSION(OPENSSL, OPENSSL_VERSION_NUMBER)
[INFO] [stderr] warning:       | ^~~~~~~
[INFO] [stderr] 
[INFO] [stderr] error: failed to run custom build command for `openssl-sys v0.9.48`
[INFO] [stderr] note: To improve backtraces for build dependencies, set the CARGO_PROFILE_DEV_BUILD_OVERRIDE_DEBUG=true environment variable to enable debug information generation.
[INFO] [stderr] 
[INFO] [stderr] Caused by:
[INFO] [stderr]   process didn't exit successfully: `/opt/rustwide/target/debug/build/openssl-sys-2bd5382d2413168d/build-script-main` (exit status: 101)
[INFO] [stderr]   --- stdout
[INFO] [stderr]   cargo:rustc-cfg=const_fn
[INFO] [stderr]   cargo:rerun-if-env-changed=X86_64_UNKNOWN_LINUX_GNU_OPENSSL_LIB_DIR
[INFO] [stderr]   X86_64_UNKNOWN_LINUX_GNU_OPENSSL_LIB_DIR unset
[INFO] [stderr]   cargo:rerun-if-env-changed=OPENSSL_LIB_DIR
[INFO] [stderr]   OPENSSL_LIB_DIR unset
[INFO] [stderr]   cargo:rerun-if-env-changed=X86_64_UNKNOWN_LINUX_GNU_OPENSSL_INCLUDE_DIR
[INFO] [stderr]   X86_64_UNKNOWN_LINUX_GNU_OPENSSL_INCLUDE_DIR unset
[INFO] [stderr]   cargo:rerun-if-env-changed=OPENSSL_INCLUDE_DIR
[INFO] [stderr]   OPENSSL_INCLUDE_DIR unset
[INFO] [stderr]   cargo:rerun-if-env-changed=X86_64_UNKNOWN_LINUX_GNU_OPENSSL_DIR
[INFO] [stderr]   X86_64_UNKNOWN_LINUX_GNU_OPENSSL_DIR unset
[INFO] [stderr]   cargo:rerun-if-env-changed=OPENSSL_DIR
[INFO] [stderr]   OPENSSL_DIR unset
[INFO] [stderr]   cargo:rustc-link-lib=ssl
[INFO] [stderr]   cargo:rustc-link-lib=crypto
[INFO] [stderr]   OPT_LEVEL = Some("0")
[INFO] [stderr]   TARGET = Some("x86_64-unknown-linux-gnu")
[INFO] [stderr]   HOST = Some("x86_64-unknown-linux-gnu")
[INFO] [stderr]   CC_x86_64-unknown-linux-gnu = None
[INFO] [stderr]   CC_x86_64_unknown_linux_gnu = None
[INFO] [stderr]   HOST_CC = None
[INFO] [stderr]   CC = None
[INFO] [stderr]   CFLAGS_x86_64-unknown-linux-gnu = None
[INFO] [stderr]   CFLAGS_x86_64_unknown_linux_gnu = None
[INFO] [stderr]   HOST_CFLAGS = None
[INFO] [stderr]   CFLAGS = None
[INFO] [stderr]   DEBUG = Some("true")
[INFO] [stderr]   running: "cc" "-O0" "-ffunction-sections" "-fdata-sections" "-fPIC" "-g" "-fno-omit-frame-pointer" "-m64" "-Wall" "-Wextra" "-E" "build/expando.c"
[INFO] [stderr]   cargo:warning=build/expando.c:4:24: error: pasting "RUST_VERSION_OPENSSL_" and "(" does not give a valid preprocessing token
[INFO] [stderr]   cargo:warning=    4 | #define VERSION2(n, v) RUST_VERSION_##n##_##v
[INFO] [stderr]   cargo:warning=      |                        ^~~~~~~~~~~~~
[INFO] [stderr]   cargo:warning=build/expando.c:5:23: note: in expansion of macro 'VERSION2'
[INFO] [stderr]   cargo:warning=    5 | #define VERSION(n, v) VERSION2(n, v)
[INFO] [stderr]   cargo:warning=      |                       ^~~~~~~~
[INFO] [stderr]   cargo:warning=build/expando.c:10:1: note: in expansion of macro 'VERSION'
[INFO] [stderr]   cargo:warning=   10 | VERSION(OPENSSL, OPENSSL_VERSION_NUMBER)
[INFO] [stderr]   cargo:warning=      | ^~~~~~~
[INFO] [stderr]   exit status: 1
[INFO] [stderr] 
[INFO] [stderr]   --- stderr
[INFO] [stderr]   thread 'main' panicked at '
[INFO] [stderr]   Header expansion error:
[INFO] [stderr]   Error { kind: ToolExecError, message: "Command \"cc\" \"-O0\" \"-ffunction-sections\" \"-fdata-sections\" \"-fPIC\" \"-g\" \"-fno-omit-frame-pointer\" \"-m64\" \"-Wall\" \"-Wextra\" \"-E\" \"build/expando.c\" with args \"cc\" did not execute successfully (status code exit status: 1)." }
[INFO] [stderr] 
[INFO] [stderr]   Failed to find OpenSSL development headers.
[INFO] [stderr] 
[INFO] [stderr]   You can try fixing this setting the `OPENSSL_DIR` environment variable
[INFO] [stderr]   pointing to your OpenSSL installation or installing OpenSSL headers package
[INFO] [stderr]   specific to your distribution:
[INFO] [stderr] 
[INFO] [stderr]       # On Ubuntu
[INFO] [stderr]       sudo apt-get install libssl-dev
[INFO] [stderr]       # On Arch Linux
[INFO] [stderr]       sudo pacman -S openssl
[INFO] [stderr]       # On Fedora
[INFO] [stderr]       sudo dnf install openssl-devel
[INFO] [stderr] 
[INFO] [stderr]   See rust-openssl README for more information:
[INFO] [stderr] 
[INFO] [stderr]       https://github.com/sfackler/rust-openssl#linux
[INFO] [stderr]   ', /opt/rustwide/cargo-home/registry/src/github.com-1ecc6299db9ec823/openssl-sys-0.9.48/build/main.rs:126:13
[INFO] [stderr]   stack backtrace:
[INFO] [stderr]      0:     0x556d9b7ffe0a - std::backtrace_rs::backtrace::libunwind::trace::ha9053a9a07ca49cb
[INFO] [stderr]                                  at /rustc/84c898d65adf2f39a5a98507f1fe0ce10a2b8dbc/library/std/src/../../backtrace/src/backtrace/libunwind.rs:93:5
[INFO] [stderr]      1:     0x556d9b7ffe0a - std::backtrace_rs::backtrace::trace_unsynchronized::h9c2852a457ad564e
[INFO] [stderr]                                  at /rustc/84c898d65adf2f39a5a98507f1fe0ce10a2b8dbc/library/std/src/../../backtrace/src/backtrace/mod.rs:66:5
[INFO] [stderr]      2:     0x556d9b7ffe0a - std::sys_common::backtrace::_print_fmt::h457936fbfaa0070f
[INFO] [stderr]                                  at /rustc/84c898d65adf2f39a5a98507f1fe0ce10a2b8dbc/library/std/src/sys_common/backtrace.rs:65:5
[INFO] [stderr]      3:     0x556d9b7ffe0a - <std::sys_common::backtrace::_print::DisplayBacktrace as core::fmt::Display>::fmt::h5779d7bf7f70cb0c
[INFO] [stderr]                                  at /rustc/84c898d65adf2f39a5a98507f1fe0ce10a2b8dbc/library/std/src/sys_common/backtrace.rs:44:22
[INFO] [stderr]      4:     0x556d9b81ff5e - core::fmt::write::h5a4baaff1bcd3eb5
[INFO] [stderr]                                  at /rustc/84c898d65adf2f39a5a98507f1fe0ce10a2b8dbc/library/core/src/fmt/mod.rs:1232:17
[INFO] [stderr]      5:     0x556d9b7fd345 - std::io::Write::write_fmt::h4bc1f301cb9e9cce
[INFO] [stderr]                                  at /rustc/84c898d65adf2f39a5a98507f1fe0ce10a2b8dbc/library/std/src/io/mod.rs:1684:15
[INFO] [stderr]      6:     0x556d9b7ffbd5 - std::sys_common::backtrace::_print::h5fcdc36060f177e8
[INFO] [stderr]                                  at /rustc/84c898d65adf2f39a5a98507f1fe0ce10a2b8dbc/library/std/src/sys_common/backtrace.rs:47:5
[INFO] [stderr]      7:     0x556d9b7ffbd5 - std::sys_common::backtrace::print::h54ca9458b876c8bf
[INFO] [stderr]                                  at /rustc/84c898d65adf2f39a5a98507f1fe0ce10a2b8dbc/library/std/src/sys_common/backtrace.rs:34:9
[INFO] [stderr]      8:     0x556d9b8015af - std::panicking::default_hook::{{closure}}::hbe471161c7664ed6
[INFO] [stderr]                                  at /rustc/84c898d65adf2f39a5a98507f1fe0ce10a2b8dbc/library/std/src/panicking.rs:271:22
[INFO] [stderr]      9:     0x556d9b8012eb - std::panicking::default_hook::ha3500da57aa4ac4f
[INFO] [stderr]                                  at /rustc/84c898d65adf2f39a5a98507f1fe0ce10a2b8dbc/library/std/src/panicking.rs:290:9
[INFO] [stderr]     10:     0x556d9b801b58 - std::panicking::rust_panic_with_hook::h50c09d000dc561d2
[INFO] [stderr]                                  at /rustc/84c898d65adf2f39a5a98507f1fe0ce10a2b8dbc/library/std/src/panicking.rs:692:13
[INFO] [stderr]     11:     0x556d9b801a59 - std::panicking::begin_panic_handler::{{closure}}::h9e2b2176e00e0d9c
[INFO] [stderr]                                  at /rustc/84c898d65adf2f39a5a98507f1fe0ce10a2b8dbc/library/std/src/panicking.rs:583:13
[INFO] [stderr]     12:     0x556d9b800276 - std::sys_common::backtrace::__rust_end_short_backtrace::h5739b8e512c09d02
[INFO] [stderr]                                  at /rustc/84c898d65adf2f39a5a98507f1fe0ce10a2b8dbc/library/std/src/sys_common/backtrace.rs:150:18
[INFO] [stderr]     13:     0x556d9b801762 - rust_begin_unwind
[INFO] [stderr]                                  at /rustc/84c898d65adf2f39a5a98507f1fe0ce10a2b8dbc/library/std/src/panicking.rs:579:5
[INFO] [stderr]     14:     0x556d9b7707c3 - core::panicking::panic_fmt::hf33a1475b4dc5c3e
[INFO] [stderr]                                  at /rustc/84c898d65adf2f39a5a98507f1fe0ce10a2b8dbc/library/core/src/panicking.rs:64:14
[INFO] [stderr]     15:     0x556d9b777b88 - build_script_main::validate_headers::ha62c712161226226
[INFO] [stderr]     16:     0x556d9b77b846 - build_script_main::find::try_pkg_config::h4e1a3da700db1347
[INFO] [stderr]     17:     0x556d9b77a5e6 - build_script_main::find::find_openssl_dir::h111b9e192d555493
[INFO] [stderr]     18:     0x556d9b77a432 - build_script_main::find::get_openssl::{{closure}}::h6a5eb178ab32e7a2
[INFO] [stderr]     19:     0x556d9b775cba - core::option::Option<T>::unwrap_or_else::h38b7818417195c51
[INFO] [stderr]     20:     0x556d9b77a130 - build_script_main::find::get_openssl::hd7ee6e04f6cae298
[INFO] [stderr]     21:     0x556d9b7769e5 - build_script_main::main::h48f378effc039256
[INFO] [stderr]     22:     0x556d9b775283 - core::ops::function::FnOnce::call_once::h1c301b4d5d2d2cd5
[INFO] [stderr]     23:     0x556d9b77d0f9 - std::sys_common::backtrace::__rust_begin_short_backtrace::hf83b89b56f97da72
[INFO] [stderr]     24:     0x556d9b774c79 - std::rt::lang_start::{{closure}}::hc1ffff53a6f415f8
[INFO] [stderr]     25:     0x556d9b7f9c6c - core::ops::function::impls::<impl core::ops::function::FnOnce<A> for &F>::call_once::hd6efcd3bec896f2c
[INFO] [stderr]                                  at /rustc/84c898d65adf2f39a5a98507f1fe0ce10a2b8dbc/library/core/src/ops/function.rs:287:13
[INFO] [stderr]     26:     0x556d9b7f9c6c - std::panicking::try::do_call::hce04e543bb1f4cbb
[INFO] [stderr]                                  at /rustc/84c898d65adf2f39a5a98507f1fe0ce10a2b8dbc/library/std/src/panicking.rs:487:40
[INFO] [stderr]     27:     0x556d9b7f9c6c - std::panicking::try::h3342dd4e1f680968
[INFO] [stderr]                                  at /rustc/84c898d65adf2f39a5a98507f1fe0ce10a2b8dbc/library/std/src/panicking.rs:451:19
[INFO] [stderr]     28:     0x556d9b7f9c6c - std::panic::catch_unwind::h148ce1e59ac0cee7
[INFO] [stderr]                                  at /rustc/84c898d65adf2f39a5a98507f1fe0ce10a2b8dbc/library/std/src/panic.rs:140:14
[INFO] [stderr]     29:     0x556d9b7f9c6c - std::rt::lang_start_internal::{{closure}}::h25f9dda2057a67fe
[INFO] [stderr]                                  at /rustc/84c898d65adf2f39a5a98507f1fe0ce10a2b8dbc/library/std/src/rt.rs:148:48
[INFO] [stderr]     30:     0x556d9b7f9c6c - std::panicking::try::do_call::h7caaaeaf9401650b
[INFO] [stderr]                                  at /rustc/84c898d65adf2f39a5a98507f1fe0ce10a2b8dbc/library/std/src/panicking.rs:487:40
[INFO] [stderr]     31:     0x556d9b7f9c6c - std::panicking::try::he7d15285746cbbc2
[INFO] [stderr]                                  at /rustc/84c898d65adf2f39a5a98507f1fe0ce10a2b8dbc/library/std/src/panicking.rs:451:19
[INFO] [stderr]     32:     0x556d9b7f9c6c - std::panic::catch_unwind::h89fb4f50c0301fe0
[INFO] [stderr]                                  at /rustc/84c898d65adf2f39a5a98507f1fe0ce10a2b8dbc/library/std/src/panic.rs:140:14
[INFO] [stderr]     33:     0x556d9b7f9c6c - std::rt::lang_start_internal::h078acd489417d3c1
[INFO] [stderr]                                  at /rustc/84c898d65adf2f39a5a98507f1fe0ce10a2b8dbc/library/std/src/rt.rs:148:20
[INFO] [stderr]     34:     0x556d9b774c57 - std::rt::lang_start::h61f9366299a27761
[INFO] [stderr]     35:     0x556d9b7797f5 - main
[INFO] [stderr]     36:     0x7f1e4e50bd90 - <unknown>
[INFO] [stderr]     37:     0x7f1e4e50be40 - __libc_start_main
[INFO] [stderr]     38:     0x556d9b770d45 - _start
[INFO] [stderr]     39:                0x0 - <unknown>
[INFO] [stderr] warning: build failed, waiting for other jobs to finish...
[INFO] running `Command { std: "docker" "inspect" "8e24cc5f729ca4caf3ee24255893e442b8e3a61b40006889592d9ab50157f0dd", kill_on_drop: false }`
[INFO] running `Command { std: "docker" "rm" "-f" "8e24cc5f729ca4caf3ee24255893e442b8e3a61b40006889592d9ab50157f0dd", kill_on_drop: false }`
[INFO] [stdout] 8e24cc5f729ca4caf3ee24255893e442b8e3a61b40006889592d9ab50157f0dd
