[INFO] cloning repository https://github.com/abiriadev/rust-clj
[INFO] running `Command { std: "git" "-c" "credential.helper=" "-c" "credential.helper=/workspace/cargo-home/bin/git-credential-null" "clone" "--bare" "https://github.com/abiriadev/rust-clj" "/workspace/cache/git-repos/https%3A%2F%2Fgithub.com%2Fabiriadev%2Frust-clj", kill_on_drop: false }`
[INFO] [stderr] Cloning into bare repository '/workspace/cache/git-repos/https%3A%2F%2Fgithub.com%2Fabiriadev%2Frust-clj'...
[INFO] running `Command { std: "git" "rev-parse" "HEAD", kill_on_drop: false }`
[INFO] [stdout] 37f620723a4f113620d7f39bb2c67d0bf79837c1
[INFO] documenting abiriadev/rust-clj against beta-2023-04-20 for beta-1.70-rustdoc-1
[INFO] running `Command { std: "git" "clone" "/workspace/cache/git-repos/https%3A%2F%2Fgithub.com%2Fabiriadev%2Frust-clj" "/workspace/builds/worker-6-tc2/source", kill_on_drop: false }`
[INFO] [stderr] Cloning into '/workspace/builds/worker-6-tc2/source'...
[INFO] [stderr] done.
[INFO] validating manifest of git repo https://github.com/abiriadev/rust-clj on toolchain beta-2023-04-20
[INFO] running `Command { std: CARGO_HOME="/workspace/cargo-home" RUSTUP_HOME="/workspace/rustup-home" "/workspace/cargo-home/bin/cargo" "+beta-2023-04-20" "metadata" "--manifest-path" "Cargo.toml" "--no-deps", kill_on_drop: false }`
[INFO] started tweaking git repo https://github.com/abiriadev/rust-clj
[INFO] removed 0 missing examples
[INFO] finished tweaking git repo https://github.com/abiriadev/rust-clj
[INFO] tweaked toml for git repo https://github.com/abiriadev/rust-clj written to /workspace/builds/worker-6-tc2/source/Cargo.toml
[INFO] crate git repo https://github.com/abiriadev/rust-clj already has a lockfile, it will not be regenerated
[INFO] running `Command { std: CARGO_HOME="/workspace/cargo-home" RUSTUP_HOME="/workspace/rustup-home" "/workspace/cargo-home/bin/cargo" "+beta-2023-04-20" "fetch" "--manifest-path" "Cargo.toml", kill_on_drop: false }`
[INFO] [stderr]  Downloading crates ...
[INFO] [stderr]   Downloaded time v0.2.0
[INFO] running `Command { std: "docker" "create" "-v" "/var/lib/crater-agent-workspace/builds/worker-6-tc2/target:/opt/rustwide/target:rw,Z" "-v" "/var/lib/crater-agent-workspace/builds/worker-6-tc2/source:/opt/rustwide/workdir:ro,Z" "-v" "/var/lib/crater-agent-workspace/cargo-home:/opt/rustwide/cargo-home:ro,Z" "-v" "/var/lib/crater-agent-workspace/rustup-home:/opt/rustwide/rustup-home:ro,Z" "-e" "SOURCE_DIR=/opt/rustwide/workdir" "-e" "CARGO_TARGET_DIR=/opt/rustwide/target" "-e" "CARGO_HOME=/opt/rustwide/cargo-home" "-e" "RUSTUP_HOME=/opt/rustwide/rustup-home" "-w" "/opt/rustwide/workdir" "-m" "1610612736" "--user" "0:0" "--network" "none" "ghcr.io/rust-lang/crates-build-env/linux@sha256:5ff2268d62e97bff2cde7d5815dd6ed5b47097566f13b8d0ca110b04b60e07ed" "/opt/rustwide/cargo-home/bin/cargo" "+beta-2023-04-20" "metadata" "--no-deps" "--format-version=1", kill_on_drop: false }`
[INFO] [stdout] 310eab8e7a7b3724f7229a43cc18b7f14cff6f11ebd468f39e5f4db11b4904a1
[INFO] running `Command { std: "docker" "start" "-a" "310eab8e7a7b3724f7229a43cc18b7f14cff6f11ebd468f39e5f4db11b4904a1", kill_on_drop: false }`
[INFO] running `Command { std: "docker" "inspect" "310eab8e7a7b3724f7229a43cc18b7f14cff6f11ebd468f39e5f4db11b4904a1", kill_on_drop: false }`
[INFO] running `Command { std: "docker" "rm" "-f" "310eab8e7a7b3724f7229a43cc18b7f14cff6f11ebd468f39e5f4db11b4904a1", kill_on_drop: false }`
[INFO] [stdout] 310eab8e7a7b3724f7229a43cc18b7f14cff6f11ebd468f39e5f4db11b4904a1
[INFO] running `Command { std: "docker" "create" "-v" "/var/lib/crater-agent-workspace/builds/worker-6-tc2/target:/opt/rustwide/target:rw,Z" "-v" "/var/lib/crater-agent-workspace/builds/worker-6-tc2/source:/opt/rustwide/workdir:ro,Z" "-v" "/var/lib/crater-agent-workspace/cargo-home:/opt/rustwide/cargo-home:ro,Z" "-v" "/var/lib/crater-agent-workspace/rustup-home:/opt/rustwide/rustup-home:ro,Z" "-e" "SOURCE_DIR=/opt/rustwide/workdir" "-e" "CARGO_TARGET_DIR=/opt/rustwide/target" "-e" "CARGO_INCREMENTAL=0" "-e" "RUST_BACKTRACE=full" "-e" "RUSTFLAGS=--cap-lints=warn" "-e" "RUSTDOCFLAGS=--cap-lints=warn" "-e" "CARGO_HOME=/opt/rustwide/cargo-home" "-e" "RUSTUP_HOME=/opt/rustwide/rustup-home" "-w" "/opt/rustwide/workdir" "-m" "1610612736" "--user" "0:0" "--network" "none" "ghcr.io/rust-lang/crates-build-env/linux@sha256:5ff2268d62e97bff2cde7d5815dd6ed5b47097566f13b8d0ca110b04b60e07ed" "/opt/rustwide/cargo-home/bin/cargo" "+beta-2023-04-20" "doc" "--frozen" "--no-deps" "--document-private-items" "--message-format=json", kill_on_drop: false }`
[INFO] [stdout] a7ea3317ac027729c026ce40ab74acaf49f489173d7647ecb7e7c148fb6b02e5
[INFO] running `Command { std: "docker" "start" "-a" "a7ea3317ac027729c026ce40ab74acaf49f489173d7647ecb7e7c148fb6b02e5", kill_on_drop: false }`
[INFO] [stderr]    Compiling proc-macro2 v1.0.33
[INFO] [stderr]    Compiling unicode-xid v0.2.2
[INFO] [stderr]    Compiling memchr v2.4.1
[INFO] [stderr]    Compiling pkg-config v0.3.23
[INFO] [stderr]    Compiling cc v1.0.72
[INFO] [stderr]    Compiling syn v1.0.82
[INFO] [stderr]    Compiling serde_derive v1.0.131
[INFO] [stderr]    Compiling libc v0.2.109
[INFO] [stderr]    Compiling crc32fast v1.3.0
[INFO] [stderr]     Checking cfg-if v1.0.0
[INFO] [stderr]    Compiling serde v1.0.131
[INFO] [stderr]     Checking regex-syntax v0.6.25 (https://github.com/rust-lang/regex.git#5197f212)
[INFO] [stderr]     Checking jpeg-decoder v0.1.22
[INFO] [stderr]     Checking aho-corasick v0.7.18
[INFO] [stderr]    Compiling quote v1.0.10
[INFO] [stderr]    Compiling libz-sys v1.1.3
[INFO] [stderr]     Checking flate2 v1.0.22
[INFO] [stderr]     Checking regex v1.5.4 (https://github.com/rust-lang/regex.git#5197f212)
[INFO] [stderr]     Checking clj v0.1.0 (/opt/rustwide/workdir)
[INFO] [stderr]  Documenting clj v0.1.0 (/opt/rustwide/workdir)
[INFO] [stdout] error[E0407]: method `backtrace` is not a member of trait `std::error::Error`
[INFO] [stdout]    --> src/lib.rs:125:5
[INFO] [stdout]     |
[INFO] [stdout] 125 | /     fn backtrace(&self) -> Option<&std::backtrace::Backtrace> {
[INFO] [stdout] 126 | |         None
[INFO] [stdout] 127 | |     }
[INFO] [stdout]     | |_____^ not a member of trait `std::error::Error`
[INFO] [stdout] 
[INFO] [stdout] 
[INFO] [stdout] error[E0407]: method `backtrace` is not a member of trait `std::error::Error`
[INFO] [stdout]    --> src/lib.rs:125:5
[INFO] [stdout]     |
[INFO] [stdout] 125 | /     fn backtrace(&self) -> Option<&std::backtrace::Backtrace> {
[INFO] [stdout] 126 | |         None
[INFO] [stdout] 127 | |     }
[INFO] [stdout]     | |_____^ not a member of trait `std::error::Error`
[INFO] [stdout] 
[INFO] [stdout] 
[INFO] [stdout] error[E0554]: `#![feature]` may not be used on the beta release channel
[INFO] [stdout]   --> src/lib.rs:17:12
[INFO] [stdout]    |
[INFO] [stdout] 17 | #![feature(backtrace)]
[INFO] [stdout]    |            ^^^^^^^^^
[INFO] [stdout] 
[INFO] [stdout] 
[INFO] [stdout] error[E0554]: `#![feature]` may not be used on the beta release channel
[INFO] [stdout]   --> src/lib.rs:18:12
[INFO] [stdout]    |
[INFO] [stdout] 18 | #![feature(error_type_id)]
[INFO] [stdout]    |            ^^^^^^^^^^^^^
[INFO] [stdout] 
[INFO] [stdout] 
[INFO] [stdout] warning: the feature `backtrace` has been stable since 1.65.0 and no longer requires an attribute to enable
[INFO] [stdout]   --> src/lib.rs:17:12
[INFO] [stdout]    |
[INFO] [stdout] 17 | #![feature(backtrace)]
[INFO] [stdout]    |            ^^^^^^^^^
[INFO] [stdout]    |
[INFO] [stdout]    = note: `#[warn(stable_features)]` on by default
[INFO] [stdout] 
[INFO] [stdout] 
[INFO] [stdout] error: aborting due to previous error
[INFO] [stdout] 
[INFO] [stdout] 
[INFO] [stdout] For more information about this error, try `rustc --explain E0407`.
[INFO] [stdout] 
[INFO] [stdout] error: aborting due to 3 previous errors; 1 warning emitted
[INFO] [stdout] 
[INFO] [stdout] 
[INFO] [stdout] Some errors have detailed explanations: E0407, E0554.
[INFO] [stdout] 
[INFO] [stdout] For more information about an error, try `rustc --explain E0407`.
[INFO] [stdout] 
[INFO] [stderr] error: could not document `clj`
[INFO] [stderr] 
[INFO] [stderr] Caused by:
[INFO] [stderr]   process didn't exit successfully: `rustdoc --edition=2021 --crate-type lib --crate-name clj src/lib.rs -o /opt/rustwide/target/doc --cfg 'feature="default"' --cfg 'feature="webp"' --error-format=json --json=diagnostic-rendered-ansi,artifacts,future-incompat --document-private-items -C metadata=92ed9d88a118f6a7 -L dependency=/opt/rustwide/target/debug/deps --extern flate2=/opt/rustwide/target/debug/deps/libflate2-15ebb93910a0ff6c.rmeta --extern jpeg_decoder=/opt/rustwide/target/debug/deps/libjpeg_decoder-7dc499c30d499e96.rmeta --extern regex=/opt/rustwide/target/debug/deps/libregex-66f4e7b8f83b8c09.rmeta --extern serde=/opt/rustwide/target/debug/deps/libserde-bc5aaf810601aa11.rmeta --cap-lints=warn --crate-version 0.1.0` (exit status: 1)
[INFO] [stderr] warning: build failed, waiting for other jobs to finish...
[INFO] [stderr] error: could not compile `clj` (lib) due to 4 previous errors; 1 warning emitted
[INFO] running `Command { std: "docker" "inspect" "a7ea3317ac027729c026ce40ab74acaf49f489173d7647ecb7e7c148fb6b02e5", kill_on_drop: false }`
[INFO] running `Command { std: "docker" "rm" "-f" "a7ea3317ac027729c026ce40ab74acaf49f489173d7647ecb7e7c148fb6b02e5", kill_on_drop: false }`
[INFO] [stdout] a7ea3317ac027729c026ce40ab74acaf49f489173d7647ecb7e7c148fb6b02e5
