[INFO] cloning repository https://github.com/aaronleopold/axum-graphql-prisma
[INFO] running `Command { std: "git" "-c" "credential.helper=" "-c" "credential.helper=/workspace/cargo-home/bin/git-credential-null" "clone" "--bare" "https://github.com/aaronleopold/axum-graphql-prisma" "/workspace/cache/git-repos/https%3A%2F%2Fgithub.com%2Faaronleopold%2Faxum-graphql-prisma", kill_on_drop: false }`
[INFO] [stderr] Cloning into bare repository '/workspace/cache/git-repos/https%3A%2F%2Fgithub.com%2Faaronleopold%2Faxum-graphql-prisma'...
[INFO] running `Command { std: "git" "rev-parse" "HEAD", kill_on_drop: false }`
[INFO] [stdout] b68474615bce3598754fcad68b306e48299e2927
[INFO] documenting aaronleopold/axum-graphql-prisma against 1.69.0 for beta-1.70-rustdoc-1
[INFO] running `Command { std: "git" "clone" "/workspace/cache/git-repos/https%3A%2F%2Fgithub.com%2Faaronleopold%2Faxum-graphql-prisma" "/workspace/builds/worker-1-tc1/source", kill_on_drop: false }`
[INFO] [stderr] Cloning into '/workspace/builds/worker-1-tc1/source'...
[INFO] [stderr] done.
[INFO] validating manifest of git repo https://github.com/aaronleopold/axum-graphql-prisma on toolchain 1.69.0
[INFO] running `Command { std: CARGO_HOME="/workspace/cargo-home" RUSTUP_HOME="/workspace/rustup-home" "/workspace/cargo-home/bin/cargo" "+1.69.0" "metadata" "--manifest-path" "Cargo.toml" "--no-deps", kill_on_drop: false }`
[INFO] removed /workspace/builds/worker-1-tc1/source/.cargo/config.toml
[INFO] started tweaking git repo https://github.com/aaronleopold/axum-graphql-prisma
[INFO] finished tweaking git repo https://github.com/aaronleopold/axum-graphql-prisma
[INFO] tweaked toml for git repo https://github.com/aaronleopold/axum-graphql-prisma written to /workspace/builds/worker-1-tc1/source/Cargo.toml
[INFO] crate git repo https://github.com/aaronleopold/axum-graphql-prisma already has a lockfile, it will not be regenerated
[INFO] running `Command { std: CARGO_HOME="/workspace/cargo-home" RUSTUP_HOME="/workspace/rustup-home" "/workspace/cargo-home/bin/cargo" "+1.69.0" "fetch" "--manifest-path" "Cargo.toml", kill_on_drop: false }`
[INFO] [stderr]     Updating git repository `https://github.com/Brendonovich/prisma-client-rust`
[INFO] [stderr]     Updating git repository `https://github.com/Brendonovich/prisma-engines`
[INFO] [stderr]     Updating git repository `https://github.com/prisma/graphql-parser`
[INFO] [stderr]     Updating git repository `https://github.com/Brendonovich/quaint`
[INFO] [stderr]     Updating git repository `https://github.com/prisma/mobc`
[INFO] [stderr]     Blocking waiting for file lock on package cache
[INFO] [stderr]  Downloading crates ...
[INFO] [stderr]   Downloaded jsonrpc-core v17.1.0
[INFO] [stderr]   Downloaded connection-string v0.1.14
[INFO] [stderr]   Downloaded metrics v0.18.1
[INFO] [stderr]   Downloaded metrics-macros v0.5.1
[INFO] [stderr]   Downloaded cuid2 v0.1.0
[INFO] [stderr]   Downloaded async-graphql-axum v5.0.7
[INFO] [stderr]   Downloaded cuid v1.3.1
[INFO] [stderr]   Downloaded base36 v0.0.1
[INFO] [stderr]   Downloaded metrics v0.19.0
[INFO] [stderr]   Downloaded metrics-exporter-prometheus v0.10.0
[INFO] [stderr]   Downloaded metrics-util v0.13.0
[INFO] [stderr]   Downloaded axum v0.6.16
[INFO] [stderr]   Downloaded metrics-util v0.12.1
[INFO] [stderr]   Downloaded lsp-types v0.91.1
[INFO] [stderr]   Downloaded rusqlite v0.25.4
[INFO] [stderr]   Downloaded sketches-ddsketch v0.1.3
[INFO] running `Command { std: "docker" "create" "-v" "/var/lib/crater-agent-workspace/builds/worker-1-tc1/target:/opt/rustwide/target:rw,Z" "-v" "/var/lib/crater-agent-workspace/builds/worker-1-tc1/source:/opt/rustwide/workdir:ro,Z" "-v" "/var/lib/crater-agent-workspace/cargo-home:/opt/rustwide/cargo-home:ro,Z" "-v" "/var/lib/crater-agent-workspace/rustup-home:/opt/rustwide/rustup-home:ro,Z" "-e" "SOURCE_DIR=/opt/rustwide/workdir" "-e" "CARGO_TARGET_DIR=/opt/rustwide/target" "-e" "CARGO_HOME=/opt/rustwide/cargo-home" "-e" "RUSTUP_HOME=/opt/rustwide/rustup-home" "-w" "/opt/rustwide/workdir" "-m" "1610612736" "--user" "0:0" "--network" "none" "ghcr.io/rust-lang/crates-build-env/linux@sha256:5ff2268d62e97bff2cde7d5815dd6ed5b47097566f13b8d0ca110b04b60e07ed" "/opt/rustwide/cargo-home/bin/cargo" "+1.69.0" "metadata" "--no-deps" "--format-version=1", kill_on_drop: false }`
[INFO] [stdout] 2550630ead6d42c170678f36345f09c4a8ab36bfa17fcf930857a3656f4379fa
[INFO] running `Command { std: "docker" "start" "-a" "2550630ead6d42c170678f36345f09c4a8ab36bfa17fcf930857a3656f4379fa", kill_on_drop: false }`
[INFO] running `Command { std: "docker" "inspect" "2550630ead6d42c170678f36345f09c4a8ab36bfa17fcf930857a3656f4379fa", kill_on_drop: false }`
[INFO] running `Command { std: "docker" "rm" "-f" "2550630ead6d42c170678f36345f09c4a8ab36bfa17fcf930857a3656f4379fa", kill_on_drop: false }`
[INFO] [stdout] 2550630ead6d42c170678f36345f09c4a8ab36bfa17fcf930857a3656f4379fa
[INFO] running `Command { std: "docker" "create" "-v" "/var/lib/crater-agent-workspace/builds/worker-1-tc1/target:/opt/rustwide/target:rw,Z" "-v" "/var/lib/crater-agent-workspace/builds/worker-1-tc1/source:/opt/rustwide/workdir:ro,Z" "-v" "/var/lib/crater-agent-workspace/cargo-home:/opt/rustwide/cargo-home:ro,Z" "-v" "/var/lib/crater-agent-workspace/rustup-home:/opt/rustwide/rustup-home:ro,Z" "-e" "SOURCE_DIR=/opt/rustwide/workdir" "-e" "CARGO_TARGET_DIR=/opt/rustwide/target" "-e" "CARGO_INCREMENTAL=0" "-e" "RUST_BACKTRACE=full" "-e" "RUSTFLAGS=--cap-lints=warn" "-e" "RUSTDOCFLAGS=--cap-lints=warn" "-e" "CARGO_HOME=/opt/rustwide/cargo-home" "-e" "RUSTUP_HOME=/opt/rustwide/rustup-home" "-w" "/opt/rustwide/workdir" "-m" "1610612736" "--user" "0:0" "--network" "none" "ghcr.io/rust-lang/crates-build-env/linux@sha256:5ff2268d62e97bff2cde7d5815dd6ed5b47097566f13b8d0ca110b04b60e07ed" "/opt/rustwide/cargo-home/bin/cargo" "+1.69.0" "doc" "--frozen" "--no-deps" "--document-private-items" "--message-format=json", kill_on_drop: false }`
[INFO] [stdout] 14ba36af5fb7ce03021a86b531b220212622a9a6f33b9bb1e204bc47b52f7c29
[INFO] running `Command { std: "docker" "start" "-a" "14ba36af5fb7ce03021a86b531b220212622a9a6f33b9bb1e204bc47b52f7c29", kill_on_drop: false }`
[INFO] [stderr]    Compiling serde_derive v1.0.160
[INFO] [stderr]    Compiling serde v1.0.160
[INFO] [stderr]    Compiling version_check v0.9.4
[INFO] [stderr]    Compiling syn v1.0.109
[INFO] [stderr]    Compiling thiserror v1.0.40
[INFO] [stderr]    Compiling syn v2.0.15
[INFO] [stderr]    Compiling libm v0.2.6
[INFO] [stderr]    Compiling num-traits v0.2.15
[INFO] [stderr]    Compiling log v0.4.17
[INFO] [stderr]    Compiling ahash v0.7.6
[INFO] [stderr]    Compiling indexmap v1.9.3
[INFO] [stderr]    Compiling typenum v1.16.0
[INFO] [stderr]     Checking smallvec v1.10.0
[INFO] [stderr]    Compiling generic-array v0.14.7
[INFO] [stderr]    Compiling num-integer v0.1.45
[INFO] [stderr]     Checking hashbrown v0.12.3
[INFO] [stderr]    Compiling serde_json v1.0.96
[INFO] [stderr]    Compiling futures-channel v0.3.28
[INFO] [stderr]    Compiling lock_api v0.4.9
[INFO] [stderr]     Checking futures-io v0.3.28
[INFO] [stderr]    Compiling ucd-trie v0.1.5
[INFO] [stderr]    Compiling futures-util v0.3.28
[INFO] [stderr]    Compiling num-bigint v0.4.3
[INFO] [stderr]    Compiling once_cell v1.17.1
[INFO] [stderr]    Compiling backtrace v0.3.67
[INFO] [stderr]    Compiling parking_lot_core v0.9.7
[INFO] [stderr]    Compiling io-lifetimes v1.0.10
[INFO] [stderr]    Compiling rustix v0.37.14
[INFO] [stderr]     Checking tracing-core v0.1.30
[INFO] [stderr]     Checking block-buffer v0.10.4
[INFO] [stderr]     Checking crypto-common v0.1.6
[INFO] [stderr]    Compiling tokio v1.27.0
[INFO] [stderr]     Checking linux-raw-sys v0.3.4
[INFO] [stderr]     Checking digest v0.10.6
[INFO] [stderr]     Checking parking_lot v0.12.1
[INFO] [stderr]     Checking mio v0.8.6
[INFO] [stderr]     Checking time v0.1.43
[INFO] [stderr]     Checking signal-hook-registry v1.4.1
[INFO] [stderr]     Checking fastrand v1.9.0
[INFO] [stderr]     Checking either v1.8.1
[INFO] [stderr]     Checking iana-time-zone v0.1.56
[INFO] [stderr]     Checking aho-corasick v1.0.1
[INFO] [stderr]     Checking atty v0.2.14
[INFO] [stderr]     Checking adler v1.0.2
[INFO] [stderr]     Checking regex-syntax v0.7.1
[INFO] [stderr]    Compiling indoc v1.0.9
[INFO] [stderr]     Checking gimli v0.27.2
[INFO] [stderr]     Checking colored v2.0.0
[INFO] [stderr]     Checking miniz_oxide v0.6.2
[INFO] [stderr]     Checking itertools v0.10.5
[INFO] [stderr]     Checking object v0.30.3
[INFO] [stderr]    Compiling num-rational v0.4.1
[INFO] [stderr]    Compiling num-iter v0.1.43
[INFO] [stderr]    Compiling unicode-xid v0.2.4
[INFO] [stderr]     Checking rustc-demangle v0.1.23
[INFO] [stderr]    Compiling thiserror-impl v1.0.40
[INFO] [stderr]    Compiling futures-macro v0.3.28
[INFO] [stderr]    Compiling tokio-macros v2.0.0
[INFO] [stderr]     Checking tempfile v3.5.0
[INFO] [stderr]     Checking addr2line v0.19.0
[INFO] [stderr]     Checking regex v1.8.1
[INFO] [stderr]    Compiling enumflags2_derive v0.7.7
[INFO] [stderr]    Compiling synstructure v0.12.6
[INFO] [stderr]     Checking wait-timeout v0.2.0
[INFO] [stderr]    Compiling async-trait v0.1.68
[INFO] [stderr]     Checking bit-vec v0.6.3
[INFO] [stderr]    Compiling crunchy v0.1.6
[INFO] [stderr]     Checking pest v2.5.7
[INFO] [stderr]     Checking rusty-fork v0.3.0
[INFO] [stderr]    Compiling tracing-attributes v0.1.23
[INFO] [stderr]    Compiling failure_derive v0.1.8
[INFO] [stderr]     Checking bit-set v0.5.3
[INFO] [stderr]     Checking enumflags2 v0.7.7
[INFO] [stderr]    Compiling serde_repr v0.1.12
[INFO] [stderr]     Checking num-complex v0.4.3
[INFO] [stderr]     Checking diagnostics v0.1.0 (https://github.com/Brendonovich/prisma-engines?tag=pcr-0.6.5#7cc20cc5)
[INFO] [stderr]     Checking rand_xorshift v0.3.0
[INFO] [stderr]     Checking unarray v0.1.4
[INFO] [stderr]     Checking quick-error v2.0.1
[INFO] [stderr]     Checking keccak v0.1.3
[INFO] [stderr]     Checking proptest v1.1.0
[INFO] [stderr]    Compiling pest_meta v2.5.7
[INFO] [stderr]     Checking num v0.4.0
[INFO] [stderr]     Checking sha3 v0.10.7
[INFO] [stderr]     Checking failure v0.1.8
[INFO] [stderr]    Compiling metrics-macros v0.5.1
[INFO] [stderr]     Checking base-x v0.2.11
[INFO] [stderr]     Checking connection-string v0.1.14
[INFO] [stderr]     Checking base36 v0.0.1
[INFO] [stderr]     Checking hostname v0.3.1
[INFO] [stderr]     Checking bigint v4.4.3
[INFO] [stderr]     Checking hashbrown v0.11.2
[INFO] [stderr]     Checking tracing v0.1.37
[INFO] [stderr]    Compiling pest_generator v2.5.7
[INFO] [stderr]     Checking overload v0.1.1
[INFO] [stderr]     Checking tracing-log v0.1.3
[INFO] [stderr]     Checking sharded-slab v0.1.4
[INFO] [stderr]     Checking nu-ansi-term v0.46.0
[INFO] [stderr]     Checking thread_local v1.1.7
[INFO] [stderr]    Compiling psl v0.1.0 (https://github.com/Brendonovich/prisma-engines?tag=pcr-0.6.5#7cc20cc5)
[INFO] [stderr]    Compiling metrics v0.18.1
[INFO] [stderr]     Checking futures-executor v0.3.28
[INFO] [stderr]    Compiling libsqlite3-sys v0.22.2
[INFO] [stderr]     Checking tracing-subscriber v0.3.17
[INFO] [stderr]    Compiling pin-project-internal v1.0.12
[INFO] [stderr]    Compiling crossbeam-utils v0.8.15
[INFO] [stderr]     Checking cuid2 v0.1.0
[INFO] [stderr]     Checking cuid v1.3.1
[INFO] [stderr]     Checking minimal-lexical v0.2.1
[INFO] [stderr]    Compiling pest_derive v2.5.7
[INFO] [stderr]     Checking nom v7.1.3
[INFO] [stderr]     Checking futures v0.3.28
[INFO] [stderr]     Checking hashlink v0.7.0
[INFO] [stderr]    Compiling memchr v2.5.0
[INFO] [stderr]     Checking schema-ast v0.1.0 (https://github.com/Brendonovich/prisma-engines?tag=pcr-0.6.5#7cc20cc5)
[INFO] [stderr]     Checking fallible-streaming-iterator v0.1.9
[INFO] [stderr]     Checking fallible-iterator v0.2.0
[INFO] [stderr]     Checking pin-project v1.0.12
[INFO] [stderr]     Checking unicode_categories v0.1.1
[INFO] [stderr]     Checking hex v0.4.3
[INFO] [stderr]    Compiling anyhow v1.0.70
[INFO] [stderr]     Checking bytes v1.4.0
[INFO] [stderr]     Checking url v2.3.1
[INFO] [stderr]     Checking chrono v0.4.24
[INFO] [stderr]     Checking uuid v1.3.1
[INFO] [stderr]     Checking bigdecimal v0.3.0
[INFO] [stderr]     Checking parser-database v0.1.0 (https://github.com/Brendonovich/prisma-engines?tag=pcr-0.6.5#7cc20cc5)
[INFO] [stderr]     Checking http v0.2.9
[INFO] [stderr]     Checking sqlformat v0.2.1
[INFO] [stderr]     Checking cpufeatures v0.2.7
[INFO] [stderr]     Checking base64 v0.13.1
[INFO] [stderr]    Compiling user-facing-error-macros v0.1.0 (https://github.com/Brendonovich/prisma-engines?tag=pcr-0.6.5#7cc20cc5)
[INFO] [stderr]    Compiling memoffset v0.8.0
[INFO] [stderr]     Checking prisma-value v0.1.0 (https://github.com/Brendonovich/prisma-engines?tag=pcr-0.6.5#7cc20cc5)
[INFO] [stderr]     Checking lsp-types v0.91.1
[INFO] [stderr]    Compiling parking_lot_core v0.8.6
[INFO] [stderr]    Compiling rustversion v1.0.12
[INFO] [stderr]     Checking http-body v0.4.5
[INFO] [stderr]     Checking tracing-futures v0.2.5
[INFO] [stderr]     Checking instant v0.1.12
[INFO] [stderr]    Compiling crossbeam-epoch v0.9.14
[INFO] [stderr]    Compiling libc v0.2.142
[INFO] [stderr]    Compiling unicode-segmentation v1.10.1
[INFO] [stderr]     Checking want v0.3.0
[INFO] [stderr]     Checking raw-cpuid v10.7.0
[INFO] [stderr]    Compiling metrics v0.19.0
[INFO] [stderr]     Checking parking_lot v0.11.2
[INFO] [stderr]     Checking getrandom v0.1.16
[INFO] [stderr]     Checking tracing-error v0.2.0
[INFO] [stderr]     Checking quanta v0.9.3
[INFO] [stderr]     Checking sketches-ddsketch v0.1.3
[INFO] [stderr]    Compiling fnv v1.0.7
[INFO] [stderr]     Checking atomic-shim v0.2.0
[INFO] [stderr]    Compiling ident_case v1.0.1
[INFO] [stderr]    Compiling ryu v1.0.13
[INFO] [stderr]     Checking mobc v0.7.3 (https://github.com/prisma/mobc?tag=1.0.6#80462c48)
[INFO] [stderr]     Checking hyper v0.14.26
[INFO] [stderr]    Compiling strsim v0.10.0
[INFO] [stderr]    Compiling itoa v1.0.6
[INFO] [stderr]    Compiling darling_core v0.14.4
[INFO] [stderr]     Checking rand_core v0.5.1
[INFO] [stderr]    Compiling heck v0.3.3
[INFO] [stderr]     Checking sha1 v0.10.5
[INFO] [stderr]    Compiling toml v0.5.11
[INFO] [stderr]     Checking rusqlite v0.25.4
[INFO] [stderr]     Checking crossbeam-channel v0.5.8
[INFO] [stderr]     Checking quaint v0.2.0-alpha.13 (https://github.com/Brendonovich/quaint?tag=0.6.5#2bf0c362)
[INFO] [stderr]     Checking digest v0.9.0
[INFO] [stderr]     Checking block-buffer v0.9.0
[INFO] [stderr]     Checking ordered-float v2.10.0
[INFO] [stderr]     Checking nibble_vec v0.1.0
[INFO] [stderr]    Compiling toml_datetime v0.6.1
[INFO] [stderr]     Checking endian-type v0.1.2
[INFO] [stderr]    Compiling winnow v0.4.1
[INFO] [stderr]     Checking radix_trie v0.2.1
[INFO] [stderr]     Checking sha2 v0.9.9
[INFO] [stderr]     Checking user-facing-errors v0.1.0 (https://github.com/Brendonovich/prisma-engines?tag=pcr-0.6.5#7cc20cc5)
[INFO] [stderr]    Compiling darling_macro v0.14.4
[INFO] [stderr]     Checking psl-core v0.1.0 (https://github.com/Brendonovich/prisma-engines?tag=pcr-0.6.5#7cc20cc5)
[INFO] [stderr]    Compiling json-rpc-api-build v0.1.0 (https://github.com/Brendonovich/prisma-engines?tag=pcr-0.6.5#7cc20cc5)
[INFO] [stderr]     Checking opentelemetry v0.17.0
[INFO] [stderr]    Compiling async-graphql-value v5.0.7
[INFO] [stderr]     Checking metrics-util v0.13.0
[INFO] [stderr]     Checking rand_chacha v0.2.2
[INFO] [stderr]    Compiling axum-core v0.3.4
[INFO] [stderr]    Compiling multer v2.1.0
[INFO] [stderr]     Checking aho-corasick v0.7.20
[INFO] [stderr]     Checking dml v0.1.0 (https://github.com/Brendonovich/prisma-engines?tag=pcr-0.6.5#7cc20cc5)
[INFO] [stderr]     Checking builtin-psl-connectors v0.1.0 (https://github.com/Brendonovich/prisma-engines?tag=pcr-0.6.5#7cc20cc5)
[INFO] [stderr]     Checking tower-layer v0.3.2
[INFO] [stderr]    Compiling toml_edit v0.19.8
[INFO] [stderr]     Checking utf-8 v0.7.6
[INFO] [stderr]    Compiling crossbeam-queue v0.3.8
[INFO] [stderr]     Checking metrics-util v0.12.1
[INFO] [stderr]     Checking tungstenite v0.18.0
[INFO] [stderr]    Compiling migration-core v0.1.0 (https://github.com/Brendonovich/prisma-engines?tag=pcr-0.6.5#7cc20cc5)
[INFO] [stderr]     Checking prisma-models v0.0.0 (https://github.com/Brendonovich/prisma-engines?tag=pcr-0.6.5#7cc20cc5)
[INFO] [stderr]     Checking introspection-connector v0.1.0 (https://github.com/Brendonovich/prisma-engines?tag=pcr-0.6.5#7cc20cc5)
[INFO] [stderr]     Checking sql-schema-describer v0.1.0 (https://github.com/Brendonovich/prisma-engines?tag=pcr-0.6.5#7cc20cc5)
[INFO] [stderr]     Checking datamodel-renderer v0.1.0 (https://github.com/Brendonovich/prisma-engines?tag=pcr-0.6.5#7cc20cc5)
[INFO] [stderr]     Checking migration-connector v0.1.0 (https://github.com/Brendonovich/prisma-engines?tag=pcr-0.6.5#7cc20cc5)
[INFO] [stderr]     Checking schema v0.1.0 (https://github.com/Brendonovich/prisma-engines?tag=pcr-0.6.5#7cc20cc5)
[INFO] [stderr]     Checking query-connector v0.1.0 (https://github.com/Brendonovich/prisma-engines?tag=pcr-0.6.5#7cc20cc5)
[INFO] [stderr]    Compiling Inflector v0.11.4
[INFO] [stderr]     Checking schema-builder v0.1.0 (https://github.com/Brendonovich/prisma-engines?tag=pcr-0.6.5#7cc20cc5)
[INFO] [stderr]     Checking metrics-exporter-prometheus v0.10.0
[INFO] [stderr]    Compiling darling v0.14.4
[INFO] [stderr]    Compiling proc-macro-crate v1.3.1
[INFO] [stderr]     Checking rand v0.7.3
[INFO] [stderr]     Checking tracing-opentelemetry v0.17.4
[INFO] [stderr]    Compiling async-graphql-parser v5.0.7
[INFO] [stderr]     Checking sql-introspection-connector v0.1.0 (https://github.com/Brendonovich/prisma-engines?tag=pcr-0.6.5#7cc20cc5)
[INFO] [stderr]    Compiling axum v0.6.16
[INFO] [stderr]     Checking headers-core v0.2.0
[INFO] [stderr]     Checking serde_urlencoded v0.7.1
[INFO] [stderr]    Compiling async-stream-impl v0.3.5
[INFO] [stderr]     Checking fixedbitset v0.1.9
[INFO] [stderr]     Checking spin v0.9.8
[INFO] [stderr]     Checking sql-ddl v0.1.0 (https://github.com/Brendonovich/prisma-engines?tag=pcr-0.6.5#7cc20cc5)
[INFO] [stderr]     Checking ordermap v0.3.5
[INFO] [stderr]    Compiling paste v1.0.12
[INFO] [stderr]     Checking ascii_utils v0.9.3
[INFO] [stderr]     Checking sql-migration-connector v0.1.0 (https://github.com/Brendonovich/prisma-engines?tag=pcr-0.6.5#7cc20cc5)
[INFO] [stderr]     Checking fast_chemail v0.9.6
[INFO] [stderr]     Checking petgraph v0.4.13
[INFO] [stderr]     Checking sql-query-connector v0.1.0 (https://github.com/Brendonovich/prisma-engines?tag=pcr-0.6.5#7cc20cc5)
[INFO] [stderr]     Checking async-stream v0.3.5
[INFO] [stderr]     Checking headers v0.3.8
[INFO] [stderr]     Checking query-engine-metrics v0.1.0 (https://github.com/Brendonovich/prisma-engines?tag=pcr-0.6.5#7cc20cc5)
[INFO] [stderr]     Checking tokio-tungstenite v0.18.0
[INFO] [stderr]     Checking tower v0.4.13
[INFO] [stderr]    Compiling convert_case v0.6.0
[INFO] [stderr]     Checking handlebars v4.3.6
[INFO] [stderr]     Checking jsonrpc-core v17.1.0
[INFO] [stderr]     Checking serde_path_to_error v0.1.11
[INFO] [stderr]     Checking lru v0.7.8
[INFO] [stderr]    Compiling include_dir_macros v0.7.3
[INFO] [stderr]     Checking rand v0.4.6
[INFO] [stderr]     Checking sync_wrapper v0.1.2
[INFO] [stderr]     Checking remove_dir_all v0.5.3
[INFO] [stderr]     Checking matchit v0.7.0
[INFO] [stderr]    Compiling prisma-client-rust-macros v0.6.8 (https://github.com/Brendonovich/prisma-client-rust?tag=0.6.8#51f0473b)
[INFO] [stderr]     Checking tempdir v0.3.7
[INFO] [stderr]     Checking include_dir v0.7.3
[INFO] [stderr]    Compiling async-graphql-derive v5.0.7
[INFO] [stderr]     Checking dmmf v0.1.0 (https://github.com/Brendonovich/prisma-engines?tag=pcr-0.6.5#7cc20cc5)
[INFO] [stderr]     Checking serde-value v0.7.0
[INFO] [stderr]     Checking tokio-util v0.7.7
[INFO] [stderr]     Checking dotenv v0.15.0
[INFO] [stderr]     Checking async-graphql v5.0.7
[INFO] [stderr]     Checking query-core v0.1.0 (https://github.com/Brendonovich/prisma-engines?tag=pcr-0.6.5#7cc20cc5)
[INFO] [stderr]     Checking async-graphql-axum v5.0.7
[INFO] [stderr]     Checking prisma-client-rust v0.6.8 (https://github.com/Brendonovich/prisma-client-rust?tag=0.6.8#51f0473b)
[INFO] [stderr]  Documenting axum-graphql-prisma v0.1.0 (/opt/rustwide/workdir)
[INFO] [stdout] error: couldn't read src/bin/../prisma.rs: No such file or directory (os error 2)
[INFO] [stdout]  --> src/bin/seed.rs:2:1
[INFO] [stdout]   |
[INFO] [stdout] 2 | mod prisma;
[INFO] [stdout]   | ^^^^^^^^^^^
[INFO] [stdout] 
[INFO] [stdout] 
[INFO] [stdout] error[E0583]: file not found for module `prisma`
[INFO] [stdout]   --> src/main.rs:17:1
[INFO] [stdout]    |
[INFO] [stdout] 17 | mod prisma;
[INFO] [stdout]    | ^^^^^^^^^^^
[INFO] [stdout]    |
[INFO] [stdout]    = help: to create the module `prisma`, create file "src/prisma.rs" or "src/prisma/mod.rs"
[INFO] [stdout] 
[INFO] [stdout] 
[INFO] [stdout] error: aborting due to previous error
[INFO] [stdout] 
[INFO] [stdout] 
[INFO] [stderr] error: could not document `axum-graphql-prisma`
[INFO] [stderr] 
[INFO] [stderr] Caused by:
[INFO] [stderr]   process didn't exit successfully: `rustdoc --edition=2021 --crate-type bin --crate-name seed src/bin/seed.rs -o /opt/rustwide/target/doc --error-format=json --json=diagnostic-rendered-ansi,artifacts,future-incompat --document-private-items '-Arustdoc::private-intra-doc-links' -C metadata=8ae0ac9f034cd444 -L dependency=/opt/rustwide/target/debug/deps --extern async_graphql=/opt/rustwide/target/debug/deps/libasync_graphql-cdeb933796a83fee.rmeta --extern async_graphql_axum=/opt/rustwide/target/debug/deps/libasync_graphql_axum-616d56e188fe7e60.rmeta --extern axum=/opt/rustwide/target/debug/deps/libaxum-cc0dc1eb4e7ee84f.rmeta --extern dotenv=/opt/rustwide/target/debug/deps/libdotenv-cd86dd85a907a92e.rmeta --extern prisma_client_rust=/opt/rustwide/target/debug/deps/libprisma_client_rust-2df051ba2151a054.rmeta --extern serde=/opt/rustwide/target/debug/deps/libserde-cbe489abd6af8dc8.rmeta --extern tokio=/opt/rustwide/target/debug/deps/libtokio-03ae7eaf0aa7e4d2.rmeta --cap-lints=warn --crate-version 0.1.0` (exit status: 1)
[INFO] [stderr] warning: build failed, waiting for other jobs to finish...
[INFO] [stdout] error[E0432]: unresolved imports `crate::prisma::user`, `crate::prisma::PrismaClient`
[INFO] [stdout]  --> src/graphql/mutation/post.rs:5:14
[INFO] [stdout]   |
[INFO] [stdout] 5 |     prisma::{user, PrismaClient},
[INFO] [stdout]   |              ^^^^  ^^^^^^^^^^^^ no `PrismaClient` in `prisma`
[INFO] [stdout]   |              |
[INFO] [stdout]   |              no `user` in `prisma`
[INFO] [stdout]   |
[INFO] [stdout]   = help: consider importing one of these items instead:
[INFO] [stdout]           crate::graphql::mutation::user
[INFO] [stdout]           crate::graphql::query::user
[INFO] [stdout]   = help: consider importing this trait instead:
[INFO] [stdout]           prisma_client_rust::PrismaClient
[INFO] [stdout] 
[INFO] [stdout] 
[INFO] [stdout] error[E0432]: unresolved import `crate::prisma::PrismaClient`
[INFO] [stdout]  --> src/graphql/mutation/user.rs:3:35
[INFO] [stdout]   |
[INFO] [stdout] 3 | use crate::{graphql::types::User, prisma::PrismaClient};
[INFO] [stdout]   |                                   ^^^^^^^^^^^^^^^^^^^^ no `PrismaClient` in `prisma`
[INFO] [stdout]   |
[INFO] [stdout]   = help: consider importing this trait instead:
[INFO] [stdout]           prisma_client_rust::PrismaClient
[INFO] [stdout] 
[INFO] [stdout] 
[INFO] [stdout] error[E0432]: unresolved import `crate::prisma::PrismaClient`
[INFO] [stdout]  --> src/graphql/query/post.rs:3:35
[INFO] [stdout]   |
[INFO] [stdout] 3 | use crate::{graphql::types::Post, prisma::PrismaClient};
[INFO] [stdout]   |                                   ^^^^^^^^^^^^^^^^^^^^ no `PrismaClient` in `prisma`
[INFO] [stdout]   |
[INFO] [stdout]   = help: consider importing this trait instead:
[INFO] [stdout]           prisma_client_rust::PrismaClient
[INFO] [stdout] 
[INFO] [stdout] 
[INFO] [stdout] error[E0432]: unresolved imports `crate::prisma::user`, `crate::prisma::PrismaClient`
[INFO] [stdout]  --> src/graphql/query/user.rs:5:14
[INFO] [stdout]   |
[INFO] [stdout] 5 |     prisma::{user, PrismaClient},
[INFO] [stdout]   |              ^^^^  ^^^^^^^^^^^^ no `PrismaClient` in `prisma`
[INFO] [stdout]   |              |
[INFO] [stdout]   |              no `user` in `prisma`
[INFO] [stdout]   |
[INFO] [stdout]   = help: consider importing one of these items instead:
[INFO] [stdout]           crate::graphql::mutation::user
[INFO] [stdout]           crate::graphql::query::user
[INFO] [stdout]   = help: consider importing this trait instead:
[INFO] [stdout]           prisma_client_rust::PrismaClient
[INFO] [stdout] 
[INFO] [stdout] 
[INFO] [stdout] error[E0432]: unresolved import `crate::prisma::PrismaClient`
[INFO] [stdout]  --> src/graphql/schema.rs:5:5
[INFO] [stdout]   |
[INFO] [stdout] 5 |     prisma::PrismaClient,
[INFO] [stdout]   |     ^^^^^^^^^^^^^^^^^^^^ no `PrismaClient` in `prisma`
[INFO] [stdout]   |
[INFO] [stdout]   = help: consider importing this trait instead:
[INFO] [stdout]           prisma_client_rust::PrismaClient
[INFO] [stdout] 
[INFO] [stdout] 
[INFO] [stdout] error[E0432]: unresolved imports `crate::prisma::post`, `crate::prisma::user`, `crate::prisma::PrismaClient`
[INFO] [stdout]  --> src/graphql/types.rs:3:21
[INFO] [stdout]   |
[INFO] [stdout] 3 | use crate::prisma::{post, user, PrismaClient};
[INFO] [stdout]   |                     ^^^^  ^^^^  ^^^^^^^^^^^^ no `PrismaClient` in `prisma`
[INFO] [stdout]   |                     |     |
[INFO] [stdout]   |                     |     no `user` in `prisma`
[INFO] [stdout]   |                     no `post` in `prisma`
[INFO] [stdout]   |
[INFO] [stdout]   = help: consider importing one of these items instead:
[INFO] [stdout]           crate::graphql::mutation::post
[INFO] [stdout]           crate::graphql::query::post
[INFO] [stdout]   = help: consider importing one of these items instead:
[INFO] [stdout]           crate::graphql::mutation::user
[INFO] [stdout]           crate::graphql::query::user
[INFO] [stdout]   = help: consider importing this trait instead:
[INFO] [stdout]           prisma_client_rust::PrismaClient
[INFO] [stdout] 
[INFO] [stdout] 
[INFO] [stdout] error: aborting due to 7 previous errors
[INFO] [stdout] 
[INFO] [stdout] 
[INFO] [stdout] Some errors have detailed explanations: E0432, E0583.
[INFO] [stdout] 
[INFO] [stdout] For more information about an error, try `rustc --explain E0432`.
[INFO] [stdout] 
[INFO] [stderr] error: could not document `axum-graphql-prisma`
[INFO] [stderr] 
[INFO] [stderr] Caused by:
[INFO] [stderr]   process didn't exit successfully: `rustdoc --edition=2021 --crate-type bin --crate-name axum_graphql_prisma src/main.rs -o /opt/rustwide/target/doc --error-format=json --json=diagnostic-rendered-ansi,artifacts,future-incompat --document-private-items '-Arustdoc::private-intra-doc-links' -C metadata=2f4c220e6c2dda84 -L dependency=/opt/rustwide/target/debug/deps --extern async_graphql=/opt/rustwide/target/debug/deps/libasync_graphql-cdeb933796a83fee.rmeta --extern async_graphql_axum=/opt/rustwide/target/debug/deps/libasync_graphql_axum-616d56e188fe7e60.rmeta --extern axum=/opt/rustwide/target/debug/deps/libaxum-cc0dc1eb4e7ee84f.rmeta --extern dotenv=/opt/rustwide/target/debug/deps/libdotenv-cd86dd85a907a92e.rmeta --extern prisma_client_rust=/opt/rustwide/target/debug/deps/libprisma_client_rust-2df051ba2151a054.rmeta --extern serde=/opt/rustwide/target/debug/deps/libserde-cbe489abd6af8dc8.rmeta --extern tokio=/opt/rustwide/target/debug/deps/libtokio-03ae7eaf0aa7e4d2.rmeta --cap-lints=warn --crate-version 0.1.0` (exit status: 1)
[INFO] running `Command { std: "docker" "inspect" "14ba36af5fb7ce03021a86b531b220212622a9a6f33b9bb1e204bc47b52f7c29", kill_on_drop: false }`
[INFO] running `Command { std: "docker" "rm" "-f" "14ba36af5fb7ce03021a86b531b220212622a9a6f33b9bb1e204bc47b52f7c29", kill_on_drop: false }`
[INFO] [stdout] 14ba36af5fb7ce03021a86b531b220212622a9a6f33b9bb1e204bc47b52f7c29
