[INFO] cloning repository https://github.com/Zenithsiz/poke-rs
[INFO] running `Command { std: "git" "-c" "credential.helper=" "-c" "credential.helper=/workspace/cargo-home/bin/git-credential-null" "clone" "--bare" "https://github.com/Zenithsiz/poke-rs" "/workspace/cache/git-repos/https%3A%2F%2Fgithub.com%2FZenithsiz%2Fpoke-rs", kill_on_drop: false }`
[INFO] [stderr] Cloning into bare repository '/workspace/cache/git-repos/https%3A%2F%2Fgithub.com%2FZenithsiz%2Fpoke-rs'...
[INFO] running `Command { std: "git" "rev-parse" "HEAD", kill_on_drop: false }`
[INFO] [stdout] be6b2e6544df022acffbfa25c9f962b1691d2939
[INFO] documenting Zenithsiz/poke-rs against beta-2023-04-20 for beta-1.70-rustdoc-1
[INFO] running `Command { std: "git" "clone" "/workspace/cache/git-repos/https%3A%2F%2Fgithub.com%2FZenithsiz%2Fpoke-rs" "/workspace/builds/worker-2-tc2/source", kill_on_drop: false }`
[INFO] [stderr] Cloning into '/workspace/builds/worker-2-tc2/source'...
[INFO] [stderr] done.
[INFO] validating manifest of git repo https://github.com/Zenithsiz/poke-rs on toolchain beta-2023-04-20
[INFO] running `Command { std: CARGO_HOME="/workspace/cargo-home" RUSTUP_HOME="/workspace/rustup-home" "/workspace/cargo-home/bin/cargo" "+beta-2023-04-20" "metadata" "--manifest-path" "Cargo.toml" "--no-deps", kill_on_drop: false }`
[INFO] started tweaking git repo https://github.com/Zenithsiz/poke-rs
[INFO] finished tweaking git repo https://github.com/Zenithsiz/poke-rs
[INFO] tweaked toml for git repo https://github.com/Zenithsiz/poke-rs written to /workspace/builds/worker-2-tc2/source/Cargo.toml
[INFO] crate git repo https://github.com/Zenithsiz/poke-rs already has a lockfile, it will not be regenerated
[INFO] running `Command { std: CARGO_HOME="/workspace/cargo-home" RUSTUP_HOME="/workspace/rustup-home" "/workspace/cargo-home/bin/cargo" "+beta-2023-04-20" "fetch" "--manifest-path" "Cargo.toml", kill_on_drop: false }`
[INFO] [stderr]     Updating crates.io index
[INFO] [stderr]  Downloading crates ...
[INFO] [stderr]   Downloaded sealed v0.3.0
[INFO] [stderr]   Downloaded int-conv v0.1.4
[INFO] running `Command { std: "docker" "create" "-v" "/var/lib/crater-agent-workspace/builds/worker-2-tc2/target:/opt/rustwide/target:rw,Z" "-v" "/var/lib/crater-agent-workspace/builds/worker-2-tc2/source:/opt/rustwide/workdir:ro,Z" "-v" "/var/lib/crater-agent-workspace/cargo-home:/opt/rustwide/cargo-home:ro,Z" "-v" "/var/lib/crater-agent-workspace/rustup-home:/opt/rustwide/rustup-home:ro,Z" "-e" "SOURCE_DIR=/opt/rustwide/workdir" "-e" "CARGO_TARGET_DIR=/opt/rustwide/target" "-e" "CARGO_HOME=/opt/rustwide/cargo-home" "-e" "RUSTUP_HOME=/opt/rustwide/rustup-home" "-w" "/opt/rustwide/workdir" "-m" "1610612736" "--user" "0:0" "--network" "none" "ghcr.io/rust-lang/crates-build-env/linux@sha256:5ff2268d62e97bff2cde7d5815dd6ed5b47097566f13b8d0ca110b04b60e07ed" "/opt/rustwide/cargo-home/bin/cargo" "+beta-2023-04-20" "metadata" "--no-deps" "--format-version=1", kill_on_drop: false }`
[INFO] [stdout] 9a752672015b2f96040ea47682b55130d503a5c385496e65d829de8a5f5e993f
[INFO] running `Command { std: "docker" "start" "-a" "9a752672015b2f96040ea47682b55130d503a5c385496e65d829de8a5f5e993f", kill_on_drop: false }`
[INFO] running `Command { std: "docker" "inspect" "9a752672015b2f96040ea47682b55130d503a5c385496e65d829de8a5f5e993f", kill_on_drop: false }`
[INFO] running `Command { std: "docker" "rm" "-f" "9a752672015b2f96040ea47682b55130d503a5c385496e65d829de8a5f5e993f", kill_on_drop: false }`
[INFO] [stdout] 9a752672015b2f96040ea47682b55130d503a5c385496e65d829de8a5f5e993f
[INFO] running `Command { std: "docker" "create" "-v" "/var/lib/crater-agent-workspace/builds/worker-2-tc2/target:/opt/rustwide/target:rw,Z" "-v" "/var/lib/crater-agent-workspace/builds/worker-2-tc2/source:/opt/rustwide/workdir:ro,Z" "-v" "/var/lib/crater-agent-workspace/cargo-home:/opt/rustwide/cargo-home:ro,Z" "-v" "/var/lib/crater-agent-workspace/rustup-home:/opt/rustwide/rustup-home:ro,Z" "-e" "SOURCE_DIR=/opt/rustwide/workdir" "-e" "CARGO_TARGET_DIR=/opt/rustwide/target" "-e" "CARGO_INCREMENTAL=0" "-e" "RUST_BACKTRACE=full" "-e" "RUSTFLAGS=--cap-lints=warn" "-e" "RUSTDOCFLAGS=--cap-lints=warn" "-e" "CARGO_HOME=/opt/rustwide/cargo-home" "-e" "RUSTUP_HOME=/opt/rustwide/rustup-home" "-w" "/opt/rustwide/workdir" "-m" "1610612736" "--user" "0:0" "--network" "none" "ghcr.io/rust-lang/crates-build-env/linux@sha256:5ff2268d62e97bff2cde7d5815dd6ed5b47097566f13b8d0ca110b04b60e07ed" "/opt/rustwide/cargo-home/bin/cargo" "+beta-2023-04-20" "doc" "--frozen" "--no-deps" "--document-private-items" "--message-format=json", kill_on_drop: false }`
[INFO] [stdout] 68bdc174a7fc1bb77555fd87878331b8e420fa6da7a962b3533d9d53da03a3c8
[INFO] running `Command { std: "docker" "start" "-a" "68bdc174a7fc1bb77555fd87878331b8e420fa6da7a962b3533d9d53da03a3c8", kill_on_drop: false }`
[INFO] [stderr]    Compiling proc-macro2 v1.0.28
[INFO] [stderr]    Compiling unicode-xid v0.2.2
[INFO] [stderr]    Compiling syn v1.0.74
[INFO] [stderr]    Compiling autocfg v1.0.1
[INFO] [stderr]    Compiling libc v0.2.99
[INFO] [stderr]    Compiling log v0.4.14
[INFO] [stderr]    Compiling serde_derive v1.0.127
[INFO] [stderr]    Compiling ref-cast v1.0.6
[INFO] [stderr]    Compiling ryu v1.0.5
[INFO] [stderr]    Compiling serde v1.0.127
[INFO] [stderr]    Compiling unicode-segmentation v1.8.0
[INFO] [stderr]    Compiling convert_case v0.4.0
[INFO] [stderr]    Compiling serde_json v1.0.66
[INFO] [stderr]     Checking static_assertions v1.1.0
[INFO] [stderr]     Checking itoa v0.4.7
[INFO] [stderr]     Checking ascii v1.0.0
[INFO] [stderr]     Checking int-conv v0.1.4
[INFO] [stderr]     Checking arrayref v0.3.6
[INFO] [stderr]     Checking either v1.6.1
[INFO] [stderr]    Compiling anyhow v1.0.43
[INFO] [stderr]     Checking unicode-width v0.1.8
[INFO] [stderr]     Checking strsim v0.8.0
[INFO] [stderr]     Checking termcolor v1.1.2
[INFO] [stderr]    Compiling heck v0.3.3
[INFO] [stderr]     Checking textwrap v0.11.0
[INFO] [stderr]     Checking ansi_term v0.11.0
[INFO] [stderr]     Checking vec_map v0.8.2
[INFO] [stderr]    Compiling num-traits v0.2.14
[INFO] [stderr]    Compiling num-integer v0.1.44
[INFO] [stderr]    Compiling quote v1.0.9
[INFO] [stderr]     Checking time v0.1.44
[INFO] [stderr]     Checking atty v0.2.14
[INFO] [stderr]     Checking clap v2.33.3
[INFO] [stderr]     Checking chrono v0.4.19
[INFO] [stderr]     Checking simplelog v0.10.0
[INFO] [stderr]    Compiling thiserror-impl v1.0.26
[INFO] [stderr]    Compiling ref-cast-impl v1.0.6
[INFO] [stderr]    Compiling derive_more v0.99.16
[INFO] [stderr]    Compiling sealed v0.3.0
[INFO] [stderr]     Checking thiserror v1.0.26
[INFO] [stderr]     Checking zutil v0.1.0 (https://github.com/Zenithsiz/zutil?rev=2a029369ac5aa4e7dbd6f6afb78ae419ee18666f#2a029369)
[INFO] [stdout] error[E0432]: unresolved import `core::str::lossy::Utf8Lossy`
[INFO] [stdout]  --> /opt/rustwide/cargo-home/git/checkouts/zutil-cae5f8b94c10a9ee/2a02936/src/alphabet/slice.rs:5:5
[INFO] [stdout]   |
[INFO] [stdout] 5 | use core::str::lossy::Utf8Lossy;
[INFO] [stdout]   |     ^^^^^^^^^^^^^^^^^^^^^^^^^^^ no `Utf8Lossy` in `str::lossy`
[INFO] [stdout] 
[INFO] [stdout] 
[INFO] [stdout] error[E0603]: module `lossy` is private
[INFO] [stdout]  --> /opt/rustwide/cargo-home/git/checkouts/zutil-cae5f8b94c10a9ee/2a02936/src/alphabet/slice.rs:5:16
[INFO] [stdout]   |
[INFO] [stdout] 5 | use core::str::lossy::Utf8Lossy;
[INFO] [stdout]   |                ^^^^^ private module
[INFO] [stdout]   |
[INFO] [stdout] note: the module `lossy` is defined here
[INFO] [stdout]  --> /rustc/1b7dd2252b99671ce5d1cb9664c5f8636329436d/library/core/src/str/mod.rs:25:1
[INFO] [stdout] 
[INFO] [stdout] 
[INFO] [stdout] error[E0554]: `#![feature]` may not be used on the beta release channel
[INFO] [stdout]   --> /opt/rustwide/cargo-home/git/checkouts/zutil-cae5f8b94c10a9ee/2a02936/src/lib.rs:17:1
[INFO] [stdout]    |
[INFO] [stdout] 17 | / #![feature(
[INFO] [stdout] 18 | |     slice_index_methods,
[INFO] [stdout] 19 | |     format_args_capture,
[INFO] [stdout] 20 | |     seek_stream_len,
[INFO] [stdout] ...  |
[INFO] [stdout] 32 | |     associated_type_bounds
[INFO] [stdout] 33 | | )]
[INFO] [stdout]    | |__^
[INFO] [stdout]    |
[INFO] [stdout]    = help: the feature `format_args_capture` has been stable since `1.58.0` and no longer requires an attribute to enable
[INFO] [stdout] 
[INFO] [stdout] 
[INFO] [stdout] error[E0554]: `#![feature]` may not be used on the beta release channel
[INFO] [stdout]   --> /opt/rustwide/cargo-home/git/checkouts/zutil-cae5f8b94c10a9ee/2a02936/src/lib.rs:18:2
[INFO] [stdout]    |
[INFO] [stdout] 18 |     slice_index_methods,
[INFO] [stdout]    |     ^^^^^^^^^^^^^^^^^^^
[INFO] [stdout] 
[INFO] [stdout] 
[INFO] [stdout] error[E0554]: `#![feature]` may not be used on the beta release channel
[INFO] [stdout]   --> /opt/rustwide/cargo-home/git/checkouts/zutil-cae5f8b94c10a9ee/2a02936/src/lib.rs:20:2
[INFO] [stdout]    |
[INFO] [stdout] 20 |     seek_stream_len,
[INFO] [stdout]    |     ^^^^^^^^^^^^^^^
[INFO] [stdout] 
[INFO] [stdout] 
[INFO] [stdout] error[E0554]: `#![feature]` may not be used on the beta release channel
[INFO] [stdout]   --> /opt/rustwide/cargo-home/git/checkouts/zutil-cae5f8b94c10a9ee/2a02936/src/lib.rs:22:2
[INFO] [stdout]    |
[INFO] [stdout] 22 |     fn_traits,
[INFO] [stdout]    |     ^^^^^^^^^
[INFO] [stdout] 
[INFO] [stdout] 
[INFO] [stdout] error[E0554]: `#![feature]` may not be used on the beta release channel
[INFO] [stdout]   --> /opt/rustwide/cargo-home/git/checkouts/zutil-cae5f8b94c10a9ee/2a02936/src/lib.rs:24:2
[INFO] [stdout]    |
[INFO] [stdout] 24 |     array_methods,
[INFO] [stdout]    |     ^^^^^^^^^^^^^
[INFO] [stdout] 
[INFO] [stdout] 
[INFO] [stdout] error[E0554]: `#![feature]` may not be used on the beta release channel
[INFO] [stdout]   --> /opt/rustwide/cargo-home/git/checkouts/zutil-cae5f8b94c10a9ee/2a02936/src/lib.rs:25:2
[INFO] [stdout]    |
[INFO] [stdout] 25 |     str_internals,
[INFO] [stdout]    |     ^^^^^^^^^^^^^
[INFO] [stdout] 
[INFO] [stdout] 
[INFO] [stdout] error[E0554]: `#![feature]` may not be used on the beta release channel
[INFO] [stdout]   --> /opt/rustwide/cargo-home/git/checkouts/zutil-cae5f8b94c10a9ee/2a02936/src/lib.rs:28:2
[INFO] [stdout]    |
[INFO] [stdout] 28 |     try_trait_v2,
[INFO] [stdout]    |     ^^^^^^^^^^^^
[INFO] [stdout] 
[INFO] [stdout] 
[INFO] [stdout] error[E0554]: `#![feature]` may not be used on the beta release channel
[INFO] [stdout]   --> /opt/rustwide/cargo-home/git/checkouts/zutil-cae5f8b94c10a9ee/2a02936/src/lib.rs:30:2
[INFO] [stdout]    |
[INFO] [stdout] 30 |     control_flow_enum,
[INFO] [stdout]    |     ^^^^^^^^^^^^^^^^^
[INFO] [stdout] 
[INFO] [stdout] 
[INFO] [stdout] error[E0554]: `#![feature]` may not be used on the beta release channel
[INFO] [stdout]   --> /opt/rustwide/cargo-home/git/checkouts/zutil-cae5f8b94c10a9ee/2a02936/src/lib.rs:31:2
[INFO] [stdout]    |
[INFO] [stdout] 31 |     unwrap_infallible,
[INFO] [stdout]    |     ^^^^^^^^^^^^^^^^^
[INFO] [stdout] 
[INFO] [stdout] 
[INFO] [stdout] error[E0059]: type parameter to bare `FnOnce` trait must be a tuple
[INFO] [stdout]    --> /opt/rustwide/cargo-home/git/checkouts/zutil-cae5f8b94c10a9ee/2a02936/src/cached_value.rs:116:29
[INFO] [stdout]     |
[INFO] [stdout] 116 | impl<F: FnOnce<Args>, Args> FnOnce<Args> for FnResultWrapper<F> {
[INFO] [stdout]     |                             ^^^^^^^^^^^^ the trait `Tuple` is not implemented for `Args`
[INFO] [stdout]     |
[INFO] [stdout] note: required by a bound in `FnOnce`
[INFO] [stdout]    --> /rustc/1b7dd2252b99671ce5d1cb9664c5f8636329436d/library/core/src/ops/function.rs:242:1
[INFO] [stdout] help: consider restricting type parameter `Args`
[INFO] [stdout]     |
[INFO] [stdout] 116 | impl<F: FnOnce<Args>, Args: std::marker::Tuple> FnOnce<Args> for FnResultWrapper<F> {
[INFO] [stdout]     |                           ++++++++++++++++++++
[INFO] [stdout] 
[INFO] [stdout] 
[INFO] [stdout] error[E0059]: type parameter to bare `Fn` trait must be a tuple
[INFO] [stdout]   --> /opt/rustwide/cargo-home/git/checkouts/zutil-cae5f8b94c10a9ee/2a02936/src/cached_value.rs:24:6
[INFO] [stdout]    |
[INFO] [stdout] 24 |         F: Fn<Args>,
[INFO] [stdout]    |            ^^^^^^^^ the trait `Tuple` is not implemented for `Args`
[INFO] [stdout]    |
[INFO] [stdout] note: required by a bound in `Fn`
[INFO] [stdout]   --> /rustc/1b7dd2252b99671ce5d1cb9664c5f8636329436d/library/core/src/ops/function.rs:76:1
[INFO] [stdout] help: consider further restricting this bound
[INFO] [stdout]    |
[INFO] [stdout] 22 |     pub fn new<Args: Hash + std::marker::Tuple, F2>(args: Args, f: F2) -> Self
[INFO] [stdout]    |                           ++++++++++++++++++++
[INFO] [stdout] 
[INFO] [stdout] 
[INFO] [stdout] error[E0059]: type parameter to bare `Fn` trait must be a tuple
[INFO] [stdout]   --> /opt/rustwide/cargo-home/git/checkouts/zutil-cae5f8b94c10a9ee/2a02936/src/cached_value.rs:33:6
[INFO] [stdout]    |
[INFO] [stdout] 33 |         F: Fn<Args>,
[INFO] [stdout]    |            ^^^^^^^^ the trait `Tuple` is not implemented for `Args`
[INFO] [stdout]    |
[INFO] [stdout] note: required by a bound in `Fn`
[INFO] [stdout]   --> /rustc/1b7dd2252b99671ce5d1cb9664c5f8636329436d/library/core/src/ops/function.rs:76:1
[INFO] [stdout] help: consider further restricting this bound
[INFO] [stdout]    |
[INFO] [stdout] 31 |     pub fn try_new<Args: Hash + std::marker::Tuple, E, F2>(args: Args, f: F2) -> Result<Self, E>
[INFO] [stdout]    |                               ++++++++++++++++++++
[INFO] [stdout] 
[INFO] [stdout] 
[INFO] [stdout] error[E0059]: type parameter to bare `Fn` trait must be a tuple
[INFO] [stdout]   --> /opt/rustwide/cargo-home/git/checkouts/zutil-cae5f8b94c10a9ee/2a02936/src/cached_value.rs:52:6
[INFO] [stdout]    |
[INFO] [stdout] 52 |         F: Fn<Args>,
[INFO] [stdout]    |            ^^^^^^^^ the trait `Tuple` is not implemented for `Args`
[INFO] [stdout]    |
[INFO] [stdout] note: required by a bound in `Fn`
[INFO] [stdout]   --> /rustc/1b7dd2252b99671ce5d1cb9664c5f8636329436d/library/core/src/ops/function.rs:76:1
[INFO] [stdout] help: consider further restricting this bound
[INFO] [stdout]    |
[INFO] [stdout] 50 |     pub fn update<Args: Hash + std::marker::Tuple, F2>(this: &mut Self, args: Args, f: F2)
[INFO] [stdout]    |                              ++++++++++++++++++++
[INFO] [stdout] 
[INFO] [stdout] 
[INFO] [stdout] error[E0059]: type parameter to bare `Fn` trait must be a tuple
[INFO] [stdout]   --> /opt/rustwide/cargo-home/git/checkouts/zutil-cae5f8b94c10a9ee/2a02936/src/cached_value.rs:61:6
[INFO] [stdout]    |
[INFO] [stdout] 61 |         F: Fn<Args>,
[INFO] [stdout]    |            ^^^^^^^^ the trait `Tuple` is not implemented for `Args`
[INFO] [stdout]    |
[INFO] [stdout] note: required by a bound in `Fn`
[INFO] [stdout]   --> /rustc/1b7dd2252b99671ce5d1cb9664c5f8636329436d/library/core/src/ops/function.rs:76:1
[INFO] [stdout] help: consider further restricting this bound
[INFO] [stdout]    |
[INFO] [stdout] 59 |     pub fn try_update<Args: Hash + std::marker::Tuple, E, F2>(this: &mut Self, args: Args, f: F2) -> Result<(), E>
[INFO] [stdout]    |                                  ++++++++++++++++++++
[INFO] [stdout] 
[INFO] [stdout] 
[INFO] [stdout] error[E0059]: type parameter to bare `Fn` trait must be a tuple
[INFO] [stdout]   --> /opt/rustwide/cargo-home/git/checkouts/zutil-cae5f8b94c10a9ee/2a02936/src/cached_value.rs:81:6
[INFO] [stdout]    |
[INFO] [stdout] 81 |         F: Fn<Args>,
[INFO] [stdout]    |            ^^^^^^^^ the trait `Tuple` is not implemented for `Args`
[INFO] [stdout]    |
[INFO] [stdout] note: required by a bound in `Fn`
[INFO] [stdout]   --> /rustc/1b7dd2252b99671ce5d1cb9664c5f8636329436d/library/core/src/ops/function.rs:76:1
[INFO] [stdout] help: consider further restricting this bound
[INFO] [stdout]    |
[INFO] [stdout] 79 |     pub fn new_or_update<Args: Hash + std::marker::Tuple, F2>(this: &mut Option<Self>, args: Args, f: F2) -> &mut Self
[INFO] [stdout]    |                                     ++++++++++++++++++++
[INFO] [stdout] 
[INFO] [stdout] 
[INFO] [stdout] error[E0059]: type parameter to bare `Fn` trait must be a tuple
[INFO] [stdout]   --> /opt/rustwide/cargo-home/git/checkouts/zutil-cae5f8b94c10a9ee/2a02936/src/cached_value.rs:90:6
[INFO] [stdout]    |
[INFO] [stdout] 90 |         F: Fn<Args>,
[INFO] [stdout]    |            ^^^^^^^^ the trait `Tuple` is not implemented for `Args`
[INFO] [stdout]    |
[INFO] [stdout] note: required by a bound in `Fn`
[INFO] [stdout]   --> /rustc/1b7dd2252b99671ce5d1cb9664c5f8636329436d/library/core/src/ops/function.rs:76:1
[INFO] [stdout] help: consider further restricting this bound
[INFO] [stdout]    |
[INFO] [stdout] 88 |     pub fn try_new_or_update<Args: Hash + std::marker::Tuple, E, F2>(this: &mut Option<Self>, args: Args, f: F2) -> Result<&mut Self, E>
[INFO] [stdout]    |                                         ++++++++++++++++++++
[INFO] [stdout] 
[INFO] [stdout] 
[INFO] [stdout] error[E0059]: type parameter to bare `FnOnce` trait must be a tuple
[INFO] [stdout]    --> /opt/rustwide/cargo-home/git/checkouts/zutil-cae5f8b94c10a9ee/2a02936/src/cached_value.rs:117:23
[INFO] [stdout]     |
[INFO] [stdout] 117 |     type Output = Result<F::Output, !>;
[INFO] [stdout]     |                          ^^^^^^^^^ the trait `Tuple` is not implemented for `Args`
[INFO] [stdout]     |
[INFO] [stdout] note: required by a bound in `FnOnce`
[INFO] [stdout]    --> /rustc/1b7dd2252b99671ce5d1cb9664c5f8636329436d/library/core/src/ops/function.rs:242:1
[INFO] [stdout] help: consider restricting type parameter `Args`
[INFO] [stdout]     |
[INFO] [stdout] 116 | impl<F: FnOnce<Args>, Args: std::marker::Tuple> FnOnce<Args> for FnResultWrapper<F> {
[INFO] [stdout]     |                           ++++++++++++++++++++
[INFO] [stdout] 
[INFO] [stdout] 
[INFO] [stdout] error[E0059]: type parameter to bare `FnOnce` trait must be a tuple
[INFO] [stdout]    --> /opt/rustwide/cargo-home/git/checkouts/zutil-cae5f8b94c10a9ee/2a02936/src/cached_value.rs:116:9
[INFO] [stdout]     |
[INFO] [stdout] 116 | impl<F: FnOnce<Args>, Args> FnOnce<Args> for FnResultWrapper<F> {
[INFO] [stdout]     |         ^^^^^^^^^^^^ the trait `Tuple` is not implemented for `Args`
[INFO] [stdout]     |
[INFO] [stdout] note: required by a bound in `FnOnce`
[INFO] [stdout]    --> /rustc/1b7dd2252b99671ce5d1cb9664c5f8636329436d/library/core/src/ops/function.rs:242:1
[INFO] [stdout] help: consider restricting type parameter `Args`
[INFO] [stdout]     |
[INFO] [stdout] 116 | impl<F: FnOnce<Args>, Args: std::marker::Tuple> FnOnce<Args> for FnResultWrapper<F> {
[INFO] [stdout]     |                           ++++++++++++++++++++
[INFO] [stdout] 
[INFO] [stdout] 
[INFO] [stdout] error: aborting due to 20 previous errors
[INFO] [stdout] 
[INFO] [stdout] 
[INFO] [stdout] Some errors have detailed explanations: E0059, E0432, E0554, E0603.
[INFO] [stdout] 
[INFO] [stdout] For more information about an error, try `rustc --explain E0059`.
[INFO] [stdout] 
[INFO] [stderr] error: could not compile `zutil` (lib) due to 21 previous errors
[INFO] [stderr] warning: build failed, waiting for other jobs to finish...
[INFO] running `Command { std: "docker" "inspect" "68bdc174a7fc1bb77555fd87878331b8e420fa6da7a962b3533d9d53da03a3c8", kill_on_drop: false }`
[INFO] running `Command { std: "docker" "rm" "-f" "68bdc174a7fc1bb77555fd87878331b8e420fa6da7a962b3533d9d53da03a3c8", kill_on_drop: false }`
[INFO] [stdout] 68bdc174a7fc1bb77555fd87878331b8e420fa6da7a962b3533d9d53da03a3c8
