[INFO] cloning repository https://github.com/ZengGang315/solana-dex
[INFO] running `Command { std: "git" "-c" "credential.helper=" "-c" "credential.helper=/workspace/cargo-home/bin/git-credential-null" "clone" "--bare" "https://github.com/ZengGang315/solana-dex" "/workspace/cache/git-repos/https%3A%2F%2Fgithub.com%2FZengGang315%2Fsolana-dex", kill_on_drop: false }`
[INFO] [stderr] Cloning into bare repository '/workspace/cache/git-repos/https%3A%2F%2Fgithub.com%2FZengGang315%2Fsolana-dex'...
[INFO] running `Command { std: "git" "rev-parse" "HEAD", kill_on_drop: false }`
[INFO] [stdout] 4a599a6b08b12de280230b046fc0fc968847e852
[INFO] documenting ZengGang315/solana-dex against 1.69.0 for beta-1.70-rustdoc-1
[INFO] running `Command { std: "git" "clone" "/workspace/cache/git-repos/https%3A%2F%2Fgithub.com%2FZengGang315%2Fsolana-dex" "/workspace/builds/worker-1-tc1/source", kill_on_drop: false }`
[INFO] [stderr] Cloning into '/workspace/builds/worker-1-tc1/source'...
[INFO] [stderr] done.
[INFO] validating manifest of git repo https://github.com/ZengGang315/solana-dex on toolchain 1.69.0
[INFO] running `Command { std: CARGO_HOME="/workspace/cargo-home" RUSTUP_HOME="/workspace/rustup-home" "/workspace/cargo-home/bin/cargo" "+1.69.0" "metadata" "--manifest-path" "Cargo.toml" "--no-deps", kill_on_drop: false }`
[INFO] started tweaking git repo https://github.com/ZengGang315/solana-dex
[INFO] finished tweaking git repo https://github.com/ZengGang315/solana-dex
[INFO] tweaked toml for git repo https://github.com/ZengGang315/solana-dex written to /workspace/builds/worker-1-tc1/source/Cargo.toml
[INFO] crate git repo https://github.com/ZengGang315/solana-dex already has a lockfile, it will not be regenerated
[INFO] running `Command { std: CARGO_HOME="/workspace/cargo-home" RUSTUP_HOME="/workspace/rustup-home" "/workspace/cargo-home/bin/cargo" "+1.69.0" "fetch" "--manifest-path" "Cargo.toml", kill_on_drop: false }`
[INFO] [stderr]  Downloading crates ...
[INFO] [stderr]   Downloaded solana-frozen-abi v1.8.2
[INFO] [stderr]   Downloaded anchor-attribute-error v0.18.2
[INFO] [stderr]   Downloaded anchor-attribute-access-control v0.18.2
[INFO] [stderr]   Downloaded anchor-attribute-event v0.18.2
[INFO] [stderr]   Downloaded anchor-attribute-interface v0.18.2
[INFO] [stderr]   Downloaded zstd-safe v2.0.5+zstd.1.4.5
[INFO] [stderr]   Downloaded uriparse v0.6.3
[INFO] [stderr]   Downloaded solana-vote-program v1.8.2
[INFO] [stderr]   Downloaded solana-sdk v1.8.2
[INFO] [stderr]   Downloaded solana-stake-program v1.8.2
[INFO] [stderr]   Downloaded ouroboros v0.10.1
[INFO] [stderr]   Downloaded solana-logger v1.8.2
[INFO] [stderr]   Downloaded anchor-derive-accounts v0.18.2
[INFO] [stderr]   Downloaded slog-stdlog v4.1.0
[INFO] [stderr]   Downloaded anchor-spl v0.18.2
[INFO] [stderr]   Downloaded slog-scope v4.3.0
[INFO] [stderr]   Downloaded remove_dir_all v0.5.0
[INFO] [stderr]   Downloaded solana-rayon-threadlimit v1.8.2
[INFO] [stderr]   Downloaded solana-compute-budget-program v1.8.2
[INFO] [stderr]   Downloaded solana-config-program v1.8.2
[INFO] [stderr]   Downloaded ouroboros_macro v0.10.1
[INFO] [stderr]   Downloaded solana-clap-utils v1.8.2
[INFO] [stderr]   Downloaded trackable v1.0.0
[INFO] [stderr]   Downloaded debug_print v1.0.0
[INFO] [stderr]   Downloaded sloggers v1.0.1
[INFO] [stderr]   Downloaded safe-transmute v0.11.0
[INFO] [stderr]   Downloaded solana-metrics v1.8.2
[INFO] [stderr]   Downloaded spl-token v2.0.6
[INFO] [stderr]   Downloaded solana-remote-wallet v1.8.2
[INFO] [stderr]   Downloaded solana-runtime v1.8.2
[INFO] [stderr]   Downloaded solana-transaction-status v1.8.2
[INFO] [stderr]   Downloaded solana-client v1.8.2
[INFO] [stderr]   Downloaded solana-crate-features v1.8.2
[INFO] [stderr]   Downloaded serum-borsh v0.8.1-serum.1
[INFO] [stderr]   Downloaded solana-faucet v1.8.2
[INFO] [stderr]   Downloaded solana-cli-config v1.8.2
[INFO] [stderr]   Downloaded solana-net-utils v1.8.2
[INFO] [stderr]   Downloaded solana-account-decoder v1.8.2
[INFO] [stderr]   Downloaded solana-measure v1.8.2
[INFO] [stderr]   Downloaded anchor-lang v0.18.2
[INFO] [stderr]   Downloaded solana-ed25519-program v1.8.2
[INFO] [stderr]   Downloaded solana-secp256k1-program v1.8.2
[INFO] [stderr]   Downloaded tar v0.4.37
[INFO] [stderr]   Downloaded zstd v0.5.3+zstd.1.4.5
[INFO] [stderr]   Downloaded solana-version v1.8.2
[INFO] [stderr]   Downloaded anchor-syn v0.18.2
[INFO] [stderr]   Downloaded anchor-attribute-account v0.18.2
[INFO] [stderr]   Downloaded anchor-attribute-program v0.18.2
[INFO] [stderr]   Downloaded anchor-attribute-state v0.18.2
[INFO] [stderr]   Downloaded semver-parser v0.10.1
[INFO] [stderr]   Downloaded solana-frozen-abi-macro v1.8.2
[INFO] [stderr]   Downloaded solana-sdk-macro v1.8.2
[INFO] [stderr]   Downloaded solana-program v1.8.2
[INFO] [stderr]   Downloaded zstd-sys v1.4.17+zstd.1.4.5
[INFO] [stderr]   Downloaded slice-of-array v0.2.1
[INFO] running `Command { std: "docker" "create" "-v" "/var/lib/crater-agent-workspace/builds/worker-1-tc1/target:/opt/rustwide/target:rw,Z" "-v" "/var/lib/crater-agent-workspace/builds/worker-1-tc1/source:/opt/rustwide/workdir:ro,Z" "-v" "/var/lib/crater-agent-workspace/cargo-home:/opt/rustwide/cargo-home:ro,Z" "-v" "/var/lib/crater-agent-workspace/rustup-home:/opt/rustwide/rustup-home:ro,Z" "-e" "SOURCE_DIR=/opt/rustwide/workdir" "-e" "CARGO_TARGET_DIR=/opt/rustwide/target" "-e" "CARGO_HOME=/opt/rustwide/cargo-home" "-e" "RUSTUP_HOME=/opt/rustwide/rustup-home" "-w" "/opt/rustwide/workdir" "-m" "1610612736" "--user" "0:0" "--network" "none" "ghcr.io/rust-lang/crates-build-env/linux@sha256:5ff2268d62e97bff2cde7d5815dd6ed5b47097566f13b8d0ca110b04b60e07ed" "/opt/rustwide/cargo-home/bin/cargo" "+1.69.0" "metadata" "--no-deps" "--format-version=1", kill_on_drop: false }`
[INFO] [stdout] cb42b081e5bfad2e6555ab19bf71b01edcba7868e2ad8e78936f42131931d343
[INFO] running `Command { std: "docker" "start" "-a" "cb42b081e5bfad2e6555ab19bf71b01edcba7868e2ad8e78936f42131931d343", kill_on_drop: false }`
[INFO] running `Command { std: "docker" "inspect" "cb42b081e5bfad2e6555ab19bf71b01edcba7868e2ad8e78936f42131931d343", kill_on_drop: false }`
[INFO] running `Command { std: "docker" "rm" "-f" "cb42b081e5bfad2e6555ab19bf71b01edcba7868e2ad8e78936f42131931d343", kill_on_drop: false }`
[INFO] [stdout] cb42b081e5bfad2e6555ab19bf71b01edcba7868e2ad8e78936f42131931d343
[INFO] running `Command { std: "docker" "create" "-v" "/var/lib/crater-agent-workspace/builds/worker-1-tc1/target:/opt/rustwide/target:rw,Z" "-v" "/var/lib/crater-agent-workspace/builds/worker-1-tc1/source:/opt/rustwide/workdir:ro,Z" "-v" "/var/lib/crater-agent-workspace/cargo-home:/opt/rustwide/cargo-home:ro,Z" "-v" "/var/lib/crater-agent-workspace/rustup-home:/opt/rustwide/rustup-home:ro,Z" "-e" "SOURCE_DIR=/opt/rustwide/workdir" "-e" "CARGO_TARGET_DIR=/opt/rustwide/target" "-e" "CARGO_INCREMENTAL=0" "-e" "RUST_BACKTRACE=full" "-e" "RUSTFLAGS=--cap-lints=warn" "-e" "RUSTDOCFLAGS=--cap-lints=warn" "-e" "CARGO_HOME=/opt/rustwide/cargo-home" "-e" "RUSTUP_HOME=/opt/rustwide/rustup-home" "-w" "/opt/rustwide/workdir" "-m" "1610612736" "--user" "0:0" "--network" "none" "ghcr.io/rust-lang/crates-build-env/linux@sha256:5ff2268d62e97bff2cde7d5815dd6ed5b47097566f13b8d0ca110b04b60e07ed" "/opt/rustwide/cargo-home/bin/cargo" "+1.69.0" "doc" "--frozen" "--no-deps" "--document-private-items" "--message-format=json", kill_on_drop: false }`
[INFO] [stdout] 70a572918fec2ca4b8164688a6fcd4357f0beadf51daacc8a124b63378e03e2b
[INFO] running `Command { std: "docker" "start" "-a" "70a572918fec2ca4b8164688a6fcd4357f0beadf51daacc8a124b63378e03e2b", kill_on_drop: false }`
[INFO] [stderr]    Compiling proc-macro2 v1.0.24
[INFO] [stderr]    Compiling syn v1.0.60
[INFO] [stderr]    Compiling libc v0.2.105
[INFO] [stderr]    Compiling serde_derive v1.0.123
[INFO] [stderr]    Compiling serde v1.0.123
[INFO] [stderr]     Checking spin v0.5.2
[INFO] [stderr]    Compiling log v0.4.11
[INFO] [stderr]    Compiling semver-parser v0.7.0
[INFO] [stderr]    Compiling getrandom v0.1.15
[INFO] [stderr]    Compiling generic-array v0.14.4
[INFO] [stderr]     Checking subtle v2.3.0
[INFO] [stderr]    Compiling byteorder v1.3.4
[INFO] [stderr]     Checking block-padding v0.2.1
[INFO] [stderr]    Compiling typenum v1.12.0
[INFO] [stderr]     Checking regex-syntax v0.6.21
[INFO] [stderr]     Checking ahash v0.4.7
[INFO] [stderr]    Compiling crunchy v0.2.2
[INFO] [stderr]    Compiling bs58 v0.3.1
[INFO] [stderr]     Checking lazy_static v1.4.0
[INFO] [stderr]     Checking hashbrown v0.9.1
[INFO] [stderr]    Compiling semver v0.9.0
[INFO] [stderr]     Checking thread_local v1.0.1
[INFO] [stderr]     Checking generic-array v0.12.3
[INFO] [stderr]    Compiling num-traits v0.2.14
[INFO] [stderr]     Checking base64 v0.12.3
[INFO] [stderr]     Checking once_cell v1.8.0
[INFO] [stderr]    Compiling rustversion v1.0.4
[INFO] [stderr]    Compiling rustc_version v0.2.3
[INFO] [stderr]    Compiling feature-probe v0.1.1
[INFO] [stderr]     Checking termcolor v1.1.2
[INFO] [stderr]     Checking digest v0.8.1
[INFO] [stderr]     Checking itoa v0.4.6
[INFO] [stderr]     Checking arrayref v0.3.6
[INFO] [stderr]    Compiling serde_json v1.0.59
[INFO] [stderr]     Checking constant_time_eq v0.1.5
[INFO] [stderr]     Checking arrayvec v0.5.2
[INFO] [stderr]     Checking keccak v0.1.0
[INFO] [stderr]     Checking bytes v0.5.6
[INFO] [stderr]     Checking itertools v0.9.0
[INFO] [stderr]    Compiling bv v0.11.1
[INFO] [stderr]     Checking futures-core v0.3.8
[INFO] [stderr]     Checking futures-sink v0.3.8
[INFO] [stderr]    Compiling solana-frozen-abi-macro v1.8.2
[INFO] [stderr]    Compiling quote v1.0.7
[INFO] [stderr]    Compiling solana-frozen-abi v1.8.2
[INFO] [stderr]    Compiling solana-program v1.8.2
[INFO] [stderr]    Compiling proc-macro-hack v0.5.19
[INFO] [stderr]    Compiling proc-macro-nested v0.1.6
[INFO] [stderr]     Checking pin-project-lite v0.2.0
[INFO] [stderr]     Checking futures-channel v0.3.8
[INFO] [stderr]     Checking http v0.2.1
[INFO] [stderr]     Checking futures-task v0.3.8
[INFO] [stderr]     Checking futures-io v0.3.8
[INFO] [stderr]     Checking matches v0.1.8
[INFO] [stderr]     Checking tinyvec v1.1.0
[INFO] [stderr]    Compiling httparse v1.3.4
[INFO] [stderr]     Checking smallvec v1.5.0
[INFO] [stderr]    Compiling jobserver v0.1.21
[INFO] [stderr]    Compiling indexmap v1.6.0
[INFO] [stderr]     Checking form_urlencoded v1.0.0
[INFO] [stderr]     Checking atty v0.2.14
[INFO] [stderr]     Checking num_cpus v1.13.0
[INFO] [stderr]     Checking memmap2 v0.1.0
[INFO] [stderr]     Checking signal-hook-registry v1.2.2
[INFO] [stderr]    Compiling cc v1.0.71
[INFO] [stderr]     Checking rand_core v0.5.1
[INFO] [stderr]     Checking regex v1.4.2
[INFO] [stderr]     Checking iovec v0.1.4
[INFO] [stderr]     Checking unicode-bidi v0.3.4
[INFO] [stderr]     Checking tracing-core v0.1.17
[INFO] [stderr]     Checking instant v0.1.9
[INFO] [stderr]     Checking lock_api v0.4.2
[INFO] [stderr]     Checking rand_chacha v0.2.2
[INFO] [stderr]    Compiling tokio v1.13.0
[INFO] [stderr]     Checking parking_lot_core v0.8.0
[INFO] [stderr]     Checking untrusted v0.7.1
[INFO] [stderr]     Checking mio v0.7.9
[INFO] [stderr]    Compiling miniz_oxide v0.4.3
[INFO] [stderr]     Checking tracing v0.1.22
[INFO] [stderr]     Checking adler v0.2.3
[INFO] [stderr]     Checking want v0.3.0
[INFO] [stderr]     Checking gimli v0.23.0
[INFO] [stderr]     Checking rand v0.7.3
[INFO] [stderr]     Checking tower-service v0.3.0
[INFO] [stderr]     Checking unicode-normalization v0.1.16
[INFO] [stderr]     Checking parking_lot v0.11.1
[INFO] [stderr]     Checking httpdate v0.3.2
[INFO] [stderr]     Checking time v0.1.44
[INFO] [stderr]    Compiling num-integer v0.1.44
[INFO] [stderr]     Checking object v0.22.0
[INFO] [stderr]    Compiling proc-macro2 v0.4.30
[INFO] [stderr]    Compiling anyhow v1.0.34
[INFO] [stderr]     Checking rustc-demangle v0.1.18
[INFO] [stderr]    Compiling failure_derive v0.1.8
[INFO] [stderr]     Checking socket2 v0.4.2
[INFO] [stderr]     Checking signature v1.2.2
[INFO] [stderr]     Checking unicode-xid v0.2.1
[INFO] [stderr]    Compiling encoding_rs v0.8.26
[INFO] [stderr]     Checking env_logger v0.8.4
[INFO] [stderr]     Checking unicode-xid v0.1.0
[INFO] [stderr]    Compiling syn v0.15.44
[INFO] [stderr]    Compiling winapi v0.3.9
[INFO] [stderr]     Checking idna v0.2.0
[INFO] [stderr]     Checking ipnet v2.3.0
[INFO] [stderr]     Checking http-body v0.4.4
[INFO] [stderr]     Checking bytes v0.4.12
[INFO] [stderr]     Checking solana-logger v1.8.2
[INFO] [stderr]    Compiling blake3 v0.3.7
[INFO] [stderr]    Compiling ring v0.16.20
[INFO] [stderr]    Compiling solana-sdk v1.8.2
[INFO] [stderr]     Checking qstring v0.7.2
[INFO] [stderr]     Checking uriparse v0.6.3
[INFO] [stderr]     Checking quote v0.6.13
[INFO] [stderr]     Checking assert_matches v1.5.0
[INFO] [stderr]     Checking bs58 v0.4.0
[INFO] [stderr]     Checking rand_core v0.6.2
[INFO] [stderr]     Checking url v2.2.0
[INFO] [stderr]    Compiling memoffset v0.6.1
[INFO] [stderr]    Compiling unicode-segmentation v1.7.1
[INFO] [stderr]     Checking unicode-width v0.1.8
[INFO] [stderr]    Compiling memchr v2.3.4
[INFO] [stderr]     Checking remove_dir_all v0.5.0
[INFO] [stderr]    Compiling crossbeam-utils v0.8.1
[INFO] [stderr]    Compiling proc-macro2-diagnostics v0.9.1
[INFO] [stderr]    Compiling heck v0.3.3
[INFO] [stderr]    Compiling aho-corasick v0.7.15
[INFO] [stderr]     Checking addr2line v0.14.0
[INFO] [stderr]     Checking tempfile v3.1.0
[INFO] [stderr]    Compiling ryu v1.0.5
[INFO] [stderr]    Compiling proc-macro-error-attr v1.0.4
[INFO] [stderr]    Compiling cpuid-bool v0.1.2
[INFO] [stderr]    Compiling yansi v0.5.0
[INFO] [stderr]    Compiling either v1.6.1
[INFO] [stderr]    Compiling const_fn v0.4.3
[INFO] [stderr]     Checking net2 v0.2.37
[INFO] [stderr]     Checking terminal_size v0.1.15
[INFO] [stderr]     Checking gethostname v0.2.1
[INFO] [stderr]    Compiling proc-macro-error v1.0.4
[INFO] [stderr]    Compiling autocfg v0.1.7
[INFO] [stderr]     Checking rand_core v0.4.2
[INFO] [stderr]    Compiling ucd-trie v0.1.3
[INFO] [stderr]    Compiling openssl-sys v0.9.58
[INFO] [stderr]    Compiling pest v2.1.3
[INFO] [stderr]    Compiling hidapi v1.2.5
[INFO] [stderr]     Checking termios v0.3.3
[INFO] [stderr]    Compiling solana-vote-program v1.8.2
[INFO] [stderr]     Checking byte-tools v0.3.1
[INFO] [stderr]     Checking crossbeam-channel v0.5.0
[INFO] [stderr]     Checking block-padding v0.1.5
[INFO] [stderr]     Checking console v0.11.3
[INFO] [stderr]     Checking crossbeam-utils v0.7.2
[INFO] [stderr]     Checking console v0.14.1
[INFO] [stderr] The following warnings were emitted during compilation:
[INFO] [stderr] 
[INFO] [stderr] warning: build/expando.c:4:24: error: pasting "RUST_VERSION_OPENSSL_" and "(" does not give a valid preprocessing token
[INFO] [stderr] warning:     4 | #define VERSION2(n, v) RUST_VERSION_##n##_##v
[INFO] [stderr] warning:       |                        ^~~~~~~~~~~~~
[INFO] [stderr] warning: build/expando.c:5:23: note: in expansion of macro 'VERSION2'
[INFO] [stderr] warning:     5 | #define VERSION(n, v) VERSION2(n, v)
[INFO] [stderr] warning:       |                       ^~~~~~~~
[INFO] [stderr] warning: build/expando.c:10:1: note: in expansion of macro 'VERSION'
[INFO] [stderr] warning:    10 | VERSION(OPENSSL, OPENSSL_VERSION_NUMBER)
[INFO] [stderr] warning:       | ^~~~~~~
[INFO] [stderr] 
[INFO] [stderr] error: failed to run custom build command for `openssl-sys v0.9.58`
[INFO] [stderr] note: To improve backtraces for build dependencies, set the CARGO_PROFILE_DEV_BUILD_OVERRIDE_DEBUG=true environment variable to enable debug information generation.
[INFO] [stderr] 
[INFO] [stderr] Caused by:
[INFO] [stderr]   process didn't exit successfully: `/opt/rustwide/target/debug/build/openssl-sys-6a20f9248a9bfdf3/build-script-main` (exit status: 101)
[INFO] [stderr]   --- stdout
[INFO] [stderr]   cargo:rustc-cfg=const_fn
[INFO] [stderr]   cargo:rerun-if-env-changed=X86_64_UNKNOWN_LINUX_GNU_OPENSSL_LIB_DIR
[INFO] [stderr]   X86_64_UNKNOWN_LINUX_GNU_OPENSSL_LIB_DIR unset
[INFO] [stderr]   cargo:rerun-if-env-changed=OPENSSL_LIB_DIR
[INFO] [stderr]   OPENSSL_LIB_DIR unset
[INFO] [stderr]   cargo:rerun-if-env-changed=X86_64_UNKNOWN_LINUX_GNU_OPENSSL_INCLUDE_DIR
[INFO] [stderr]   X86_64_UNKNOWN_LINUX_GNU_OPENSSL_INCLUDE_DIR unset
[INFO] [stderr]   cargo:rerun-if-env-changed=OPENSSL_INCLUDE_DIR
[INFO] [stderr]   OPENSSL_INCLUDE_DIR unset
[INFO] [stderr]   cargo:rerun-if-env-changed=X86_64_UNKNOWN_LINUX_GNU_OPENSSL_DIR
[INFO] [stderr]   X86_64_UNKNOWN_LINUX_GNU_OPENSSL_DIR unset
[INFO] [stderr]   cargo:rerun-if-env-changed=OPENSSL_DIR
[INFO] [stderr]   OPENSSL_DIR unset
[INFO] [stderr]   cargo:rerun-if-env-changed=OPENSSL_NO_PKG_CONFIG
[INFO] [stderr]   cargo:rerun-if-env-changed=PKG_CONFIG
[INFO] [stderr]   cargo:rerun-if-env-changed=OPENSSL_STATIC
[INFO] [stderr]   cargo:rerun-if-env-changed=OPENSSL_DYNAMIC
[INFO] [stderr]   cargo:rerun-if-env-changed=PKG_CONFIG_ALL_STATIC
[INFO] [stderr]   cargo:rerun-if-env-changed=PKG_CONFIG_ALL_DYNAMIC
[INFO] [stderr]   cargo:rerun-if-env-changed=PKG_CONFIG_PATH_x86_64-unknown-linux-gnu
[INFO] [stderr]   cargo:rerun-if-env-changed=PKG_CONFIG_PATH_x86_64_unknown_linux_gnu
[INFO] [stderr]   cargo:rerun-if-env-changed=HOST_PKG_CONFIG_PATH
[INFO] [stderr]   cargo:rerun-if-env-changed=PKG_CONFIG_PATH
[INFO] [stderr]   cargo:rerun-if-env-changed=PKG_CONFIG_LIBDIR_x86_64-unknown-linux-gnu
[INFO] [stderr]   cargo:rerun-if-env-changed=PKG_CONFIG_LIBDIR_x86_64_unknown_linux_gnu
[INFO] [stderr]   cargo:rerun-if-env-changed=HOST_PKG_CONFIG_LIBDIR
[INFO] [stderr]   cargo:rerun-if-env-changed=PKG_CONFIG_LIBDIR
[INFO] [stderr]   cargo:rerun-if-env-changed=PKG_CONFIG_SYSROOT_DIR_x86_64-unknown-linux-gnu
[INFO] [stderr]   cargo:rerun-if-env-changed=PKG_CONFIG_SYSROOT_DIR_x86_64_unknown_linux_gnu
[INFO] [stderr]   cargo:rerun-if-env-changed=HOST_PKG_CONFIG_SYSROOT_DIR
[INFO] [stderr]   cargo:rerun-if-env-changed=PKG_CONFIG_SYSROOT_DIR
[INFO] [stderr]   cargo:rerun-if-env-changed=PKG_CONFIG_SYSROOT_DIR
[INFO] [stderr]   cargo:rerun-if-env-changed=SYSROOT
[INFO] [stderr]   cargo:rerun-if-env-changed=OPENSSL_STATIC
[INFO] [stderr]   cargo:rerun-if-env-changed=OPENSSL_DYNAMIC
[INFO] [stderr]   cargo:rerun-if-env-changed=PKG_CONFIG_ALL_STATIC
[INFO] [stderr]   cargo:rerun-if-env-changed=PKG_CONFIG_ALL_DYNAMIC
[INFO] [stderr]   cargo:rustc-link-lib=ssl
[INFO] [stderr]   cargo:rustc-link-lib=crypto
[INFO] [stderr]   cargo:rerun-if-env-changed=PKG_CONFIG
[INFO] [stderr]   cargo:rerun-if-env-changed=OPENSSL_STATIC
[INFO] [stderr]   cargo:rerun-if-env-changed=OPENSSL_DYNAMIC
[INFO] [stderr]   cargo:rerun-if-env-changed=PKG_CONFIG_ALL_STATIC
[INFO] [stderr]   cargo:rerun-if-env-changed=PKG_CONFIG_ALL_DYNAMIC
[INFO] [stderr]   cargo:rerun-if-env-changed=PKG_CONFIG_PATH_x86_64-unknown-linux-gnu
[INFO] [stderr]   cargo:rerun-if-env-changed=PKG_CONFIG_PATH_x86_64_unknown_linux_gnu
[INFO] [stderr]   cargo:rerun-if-env-changed=HOST_PKG_CONFIG_PATH
[INFO] [stderr]   cargo:rerun-if-env-changed=PKG_CONFIG_PATH
[INFO] [stderr]   cargo:rerun-if-env-changed=PKG_CONFIG_LIBDIR_x86_64-unknown-linux-gnu
[INFO] [stderr]   cargo:rerun-if-env-changed=PKG_CONFIG_LIBDIR_x86_64_unknown_linux_gnu
[INFO] [stderr]   cargo:rerun-if-env-changed=HOST_PKG_CONFIG_LIBDIR
[INFO] [stderr]   cargo:rerun-if-env-changed=PKG_CONFIG_LIBDIR
[INFO] [stderr]   cargo:rerun-if-env-changed=PKG_CONFIG_SYSROOT_DIR_x86_64-unknown-linux-gnu
[INFO] [stderr]   cargo:rerun-if-env-changed=PKG_CONFIG_SYSROOT_DIR_x86_64_unknown_linux_gnu
[INFO] [stderr]   cargo:rerun-if-env-changed=HOST_PKG_CONFIG_SYSROOT_DIR
[INFO] [stderr]   cargo:rerun-if-env-changed=PKG_CONFIG_SYSROOT_DIR
[INFO] [stderr]   OPT_LEVEL = Some("0")
[INFO] [stderr]   TARGET = Some("x86_64-unknown-linux-gnu")
[INFO] [stderr]   HOST = Some("x86_64-unknown-linux-gnu")
[INFO] [stderr]   CC_x86_64-unknown-linux-gnu = None
[INFO] [stderr]   CC_x86_64_unknown_linux_gnu = None
[INFO] [stderr]   HOST_CC = None
[INFO] [stderr]   CC = None
[INFO] [stderr]   CFLAGS_x86_64-unknown-linux-gnu = None
[INFO] [stderr]   CFLAGS_x86_64_unknown_linux_gnu = None
[INFO] [stderr]   HOST_CFLAGS = None
[INFO] [stderr]   CFLAGS = None
[INFO] [stderr]   CRATE_CC_NO_DEFAULTS = None
[INFO] [stderr]   DEBUG = Some("true")
[INFO] [stderr]   CARGO_CFG_TARGET_FEATURE = Some("fxsr,sse,sse2")
[INFO] [stderr]   running: "cc" "-O0" "-ffunction-sections" "-fdata-sections" "-fPIC" "-g" "-fno-omit-frame-pointer" "-m64" "-I" "/usr/include" "-Wall" "-Wextra" "-E" "build/expando.c"
[INFO] [stderr]   cargo:warning=build/expando.c:4:24: error: pasting "RUST_VERSION_OPENSSL_" and "(" does not give a valid preprocessing token
[INFO] [stderr]   cargo:warning=    4 | #define VERSION2(n, v) RUST_VERSION_##n##_##v
[INFO] [stderr]   cargo:warning=      |                        ^~~~~~~~~~~~~
[INFO] [stderr]   cargo:warning=build/expando.c:5:23: note: in expansion of macro 'VERSION2'
[INFO] [stderr]   cargo:warning=    5 | #define VERSION(n, v) VERSION2(n, v)
[INFO] [stderr]   cargo:warning=      |                       ^~~~~~~~
[INFO] [stderr]   cargo:warning=build/expando.c:10:1: note: in expansion of macro 'VERSION'
[INFO] [stderr]   cargo:warning=   10 | VERSION(OPENSSL, OPENSSL_VERSION_NUMBER)
[INFO] [stderr]   cargo:warning=      | ^~~~~~~
[INFO] [stderr]   exit status: 1
[INFO] [stderr] 
[INFO] [stderr]   --- stderr
[INFO] [stderr]   thread 'main' panicked at '
[INFO] [stderr]   Header expansion error:
[INFO] [stderr]   Error { kind: ToolExecError, message: "Command \"cc\" \"-O0\" \"-ffunction-sections\" \"-fdata-sections\" \"-fPIC\" \"-g\" \"-fno-omit-frame-pointer\" \"-m64\" \"-I\" \"/usr/include\" \"-Wall\" \"-Wextra\" \"-E\" \"build/expando.c\" with args \"cc\" did not execute successfully (status code exit status: 1)." }
[INFO] [stderr] 
[INFO] [stderr]   Failed to find OpenSSL development headers.
[INFO] [stderr] 
[INFO] [stderr]   You can try fixing this setting the `OPENSSL_DIR` environment variable
[INFO] [stderr]   pointing to your OpenSSL installation or installing OpenSSL headers package
[INFO] [stderr]   specific to your distribution:
[INFO] [stderr] 
[INFO] [stderr]       # On Ubuntu
[INFO] [stderr]       sudo apt-get install libssl-dev
[INFO] [stderr]       # On Arch Linux
[INFO] [stderr]       sudo pacman -S openssl
[INFO] [stderr]       # On Fedora
[INFO] [stderr]       sudo dnf install openssl-devel
[INFO] [stderr] 
[INFO] [stderr]   See rust-openssl README for more information:
[INFO] [stderr] 
[INFO] [stderr]       https://github.com/sfackler/rust-openssl#linux
[INFO] [stderr]   ', /opt/rustwide/cargo-home/registry/src/github.com-1ecc6299db9ec823/openssl-sys-0.9.58/build/main.rs:140:13
[INFO] [stderr]   stack backtrace:
[INFO] [stderr]      0:     0x55b8e9002f9a - std::backtrace_rs::backtrace::libunwind::trace::ha9053a9a07ca49cb
[INFO] [stderr]                                  at /rustc/84c898d65adf2f39a5a98507f1fe0ce10a2b8dbc/library/std/src/../../backtrace/src/backtrace/libunwind.rs:93:5
[INFO] [stderr]      1:     0x55b8e9002f9a - std::backtrace_rs::backtrace::trace_unsynchronized::h9c2852a457ad564e
[INFO] [stderr]                                  at /rustc/84c898d65adf2f39a5a98507f1fe0ce10a2b8dbc/library/std/src/../../backtrace/src/backtrace/mod.rs:66:5
[INFO] [stderr]      2:     0x55b8e9002f9a - std::sys_common::backtrace::_print_fmt::h457936fbfaa0070f
[INFO] [stderr]                                  at /rustc/84c898d65adf2f39a5a98507f1fe0ce10a2b8dbc/library/std/src/sys_common/backtrace.rs:65:5
[INFO] [stderr]      3:     0x55b8e9002f9a - <std::sys_common::backtrace::_print::DisplayBacktrace as core::fmt::Display>::fmt::h5779d7bf7f70cb0c
[INFO] [stderr]                                  at /rustc/84c898d65adf2f39a5a98507f1fe0ce10a2b8dbc/library/std/src/sys_common/backtrace.rs:44:22
[INFO] [stderr]      4:     0x55b8e902312e - core::fmt::write::h5a4baaff1bcd3eb5
[INFO] [stderr]                                  at /rustc/84c898d65adf2f39a5a98507f1fe0ce10a2b8dbc/library/core/src/fmt/mod.rs:1232:17
[INFO] [stderr]      5:     0x55b8e9000085 - std::io::Write::write_fmt::h4bc1f301cb9e9cce
[INFO] [stderr]                                  at /rustc/84c898d65adf2f39a5a98507f1fe0ce10a2b8dbc/library/std/src/io/mod.rs:1684:15
[INFO] [stderr]      6:     0x55b8e9002d65 - std::sys_common::backtrace::_print::h5fcdc36060f177e8
[INFO] [stderr]                                  at /rustc/84c898d65adf2f39a5a98507f1fe0ce10a2b8dbc/library/std/src/sys_common/backtrace.rs:47:5
[INFO] [stderr]      7:     0x55b8e9002d65 - std::sys_common::backtrace::print::h54ca9458b876c8bf
[INFO] [stderr]                                  at /rustc/84c898d65adf2f39a5a98507f1fe0ce10a2b8dbc/library/std/src/sys_common/backtrace.rs:34:9
[INFO] [stderr]      8:     0x55b8e900473f - std::panicking::default_hook::{{closure}}::hbe471161c7664ed6
[INFO] [stderr]                                  at /rustc/84c898d65adf2f39a5a98507f1fe0ce10a2b8dbc/library/std/src/panicking.rs:271:22
[INFO] [stderr]      9:     0x55b8e900447b - std::panicking::default_hook::ha3500da57aa4ac4f
[INFO] [stderr]                                  at /rustc/84c898d65adf2f39a5a98507f1fe0ce10a2b8dbc/library/std/src/panicking.rs:290:9
[INFO] [stderr]     10:     0x55b8e9004ce8 - std::panicking::rust_panic_with_hook::h50c09d000dc561d2
[INFO] [stderr]                                  at /rustc/84c898d65adf2f39a5a98507f1fe0ce10a2b8dbc/library/std/src/panicking.rs:692:13
[INFO] [stderr]     11:     0x55b8e9004be9 - std::panicking::begin_panic_handler::{{closure}}::h9e2b2176e00e0d9c
[INFO] [stderr]                                  at /rustc/84c898d65adf2f39a5a98507f1fe0ce10a2b8dbc/library/std/src/panicking.rs:583:13
[INFO] [stderr]     12:     0x55b8e9003406 - std::sys_common::backtrace::__rust_end_short_backtrace::h5739b8e512c09d02
[INFO] [stderr]                                  at /rustc/84c898d65adf2f39a5a98507f1fe0ce10a2b8dbc/library/std/src/sys_common/backtrace.rs:150:18
[INFO] [stderr]     13:     0x55b8e90048f2 - rust_begin_unwind
[INFO] [stderr]                                  at /rustc/84c898d65adf2f39a5a98507f1fe0ce10a2b8dbc/library/std/src/panicking.rs:579:5
[INFO] [stderr]     14:     0x55b8e8f647c3 - core::panicking::panic_fmt::hf33a1475b4dc5c3e
[INFO] [stderr]                                  at /rustc/84c898d65adf2f39a5a98507f1fe0ce10a2b8dbc/library/core/src/panicking.rs:64:14
[INFO] [stderr]     15:     0x55b8e8f6b8ec - build_script_main::validate_headers::h43664a17e258959c
[INFO] [stderr]     16:     0x55b8e8f6ef3e - build_script_main::find_normal::try_pkg_config::h51cdfc300878541c
[INFO] [stderr]     17:     0x55b8e8f6df3a - build_script_main::find_normal::find_openssl_dir::hba68f92983a5875d
[INFO] [stderr]     18:     0x55b8e8f6dd82 - build_script_main::find_normal::get_openssl::{{closure}}::h0ed33a5a8b8613bf
[INFO] [stderr]     19:     0x55b8e8f699ca - core::option::Option<T>::unwrap_or_else::ha20add901a8cf320
[INFO] [stderr]     20:     0x55b8e8f6db3e - build_script_main::find_normal::get_openssl::h8d56621a615b2f4e
[INFO] [stderr]     21:     0x55b8e8f6a66d - build_script_main::find_openssl::h1694ba5d08ce5800
[INFO] [stderr]     22:     0x55b8e8f6a751 - build_script_main::main::h8dcd095632b5ab4d
[INFO] [stderr]     23:     0x55b8e8f70d73 - core::ops::function::FnOnce::call_once::hf893c7fe99c748d0
[INFO] [stderr]     24:     0x55b8e8f70589 - std::sys_common::backtrace::__rust_begin_short_backtrace::h5c79c385c96bffdc
[INFO] [stderr]     25:     0x55b8e8f68089 - std::rt::lang_start::{{closure}}::h8234f0ce02224ace
[INFO] [stderr]     26:     0x55b8e8ffc8fc - core::ops::function::impls::<impl core::ops::function::FnOnce<A> for &F>::call_once::hd6efcd3bec896f2c
[INFO] [stderr]                                  at /rustc/84c898d65adf2f39a5a98507f1fe0ce10a2b8dbc/library/core/src/ops/function.rs:287:13
[INFO] [stderr]     27:     0x55b8e8ffc8fc - std::panicking::try::do_call::hce04e543bb1f4cbb
[INFO] [stderr]                                  at /rustc/84c898d65adf2f39a5a98507f1fe0ce10a2b8dbc/library/std/src/panicking.rs:487:40
[INFO] [stderr]     28:     0x55b8e8ffc8fc - std::panicking::try::h3342dd4e1f680968
[INFO] [stderr]                                  at /rustc/84c898d65adf2f39a5a98507f1fe0ce10a2b8dbc/library/std/src/panicking.rs:451:19
[INFO] [stderr]     29:     0x55b8e8ffc8fc - std::panic::catch_unwind::h148ce1e59ac0cee7
[INFO] [stderr]                                  at /rustc/84c898d65adf2f39a5a98507f1fe0ce10a2b8dbc/library/std/src/panic.rs:140:14
[INFO] [stderr]     30:     0x55b8e8ffc8fc - std::rt::lang_start_internal::{{closure}}::h25f9dda2057a67fe
[INFO] [stderr]                                  at /rustc/84c898d65adf2f39a5a98507f1fe0ce10a2b8dbc/library/std/src/rt.rs:148:48
[INFO] [stderr]     31:     0x55b8e8ffc8fc - std::panicking::try::do_call::h7caaaeaf9401650b
[INFO] [stderr]                                  at /rustc/84c898d65adf2f39a5a98507f1fe0ce10a2b8dbc/library/std/src/panicking.rs:487:40
[INFO] [stderr]     32:     0x55b8e8ffc8fc - std::panicking::try::he7d15285746cbbc2
[INFO] [stderr]                                  at /rustc/84c898d65adf2f39a5a98507f1fe0ce10a2b8dbc/library/std/src/panicking.rs:451:19
[INFO] [stderr]     33:     0x55b8e8ffc8fc - std::panic::catch_unwind::h89fb4f50c0301fe0
[INFO] [stderr]                                  at /rustc/84c898d65adf2f39a5a98507f1fe0ce10a2b8dbc/library/std/src/panic.rs:140:14
[INFO] [stderr]     34:     0x55b8e8ffc8fc - std::rt::lang_start_internal::h078acd489417d3c1
[INFO] [stderr]                                  at /rustc/84c898d65adf2f39a5a98507f1fe0ce10a2b8dbc/library/std/src/rt.rs:148:20
[INFO] [stderr]     35:     0x55b8e8f68067 - std::rt::lang_start::h72b892044c94f82b
[INFO] [stderr]     36:     0x55b8e8f6d805 - main
[INFO] [stderr]     37:     0x7f8634564d90 - <unknown>
[INFO] [stderr]     38:     0x7f8634564e40 - __libc_start_main
[INFO] [stderr]     39:     0x55b8e8f64d45 - _start
[INFO] [stderr]     40:                0x0 - <unknown>
[INFO] [stderr] warning: build failed, waiting for other jobs to finish...
[INFO] running `Command { std: "docker" "inspect" "70a572918fec2ca4b8164688a6fcd4357f0beadf51daacc8a124b63378e03e2b", kill_on_drop: false }`
[INFO] running `Command { std: "docker" "rm" "-f" "70a572918fec2ca4b8164688a6fcd4357f0beadf51daacc8a124b63378e03e2b", kill_on_drop: false }`
[INFO] [stdout] 70a572918fec2ca4b8164688a6fcd4357f0beadf51daacc8a124b63378e03e2b
