[INFO] cloning repository https://github.com/Ye980226/gmtrade-rs
[INFO] running `Command { std: "git" "-c" "credential.helper=" "-c" "credential.helper=/workspace/cargo-home/bin/git-credential-null" "clone" "--bare" "https://github.com/Ye980226/gmtrade-rs" "/workspace/cache/git-repos/https%3A%2F%2Fgithub.com%2FYe980226%2Fgmtrade-rs", kill_on_drop: false }`
[INFO] [stderr] Cloning into bare repository '/workspace/cache/git-repos/https%3A%2F%2Fgithub.com%2FYe980226%2Fgmtrade-rs'...
[INFO] running `Command { std: "git" "rev-parse" "HEAD", kill_on_drop: false }`
[INFO] [stdout] d3bcc3139fd2e5ea6e65fffebc68399f45b4d3d6
[INFO] documenting Ye980226/gmtrade-rs against beta-2023-04-20 for beta-1.70-rustdoc-1
[INFO] running `Command { std: "git" "clone" "/workspace/cache/git-repos/https%3A%2F%2Fgithub.com%2FYe980226%2Fgmtrade-rs" "/workspace/builds/worker-3-tc2/source", kill_on_drop: false }`
[INFO] [stderr] Cloning into '/workspace/builds/worker-3-tc2/source'...
[INFO] [stderr] done.
[INFO] validating manifest of git repo https://github.com/Ye980226/gmtrade-rs on toolchain beta-2023-04-20
[INFO] running `Command { std: CARGO_HOME="/workspace/cargo-home" RUSTUP_HOME="/workspace/rustup-home" "/workspace/cargo-home/bin/cargo" "+beta-2023-04-20" "metadata" "--manifest-path" "Cargo.toml" "--no-deps", kill_on_drop: false }`
[INFO] started tweaking git repo https://github.com/Ye980226/gmtrade-rs
[INFO] finished tweaking git repo https://github.com/Ye980226/gmtrade-rs
[INFO] tweaked toml for git repo https://github.com/Ye980226/gmtrade-rs written to /workspace/builds/worker-3-tc2/source/Cargo.toml
[INFO] crate git repo https://github.com/Ye980226/gmtrade-rs already has a lockfile, it will not be regenerated
[INFO] running `Command { std: CARGO_HOME="/workspace/cargo-home" RUSTUP_HOME="/workspace/rustup-home" "/workspace/cargo-home/bin/cargo" "+beta-2023-04-20" "fetch" "--manifest-path" "Cargo.toml", kill_on_drop: false }`
[INFO] [stderr]  Downloading crates ...
[INFO] [stderr]   Downloaded link-cplusplus v1.0.4
[INFO] [stderr]   Downloaded cxxbridge-flags v1.0.27
[INFO] [stderr]   Downloaded cxx v1.0.27
[INFO] [stderr]   Downloaded cxxbridge-macro v1.0.27
[INFO] [stderr]   Downloaded cxx-build v1.0.27
[INFO] running `Command { std: "docker" "create" "-v" "/var/lib/crater-agent-workspace/builds/worker-3-tc2/target:/opt/rustwide/target:rw,Z" "-v" "/var/lib/crater-agent-workspace/builds/worker-3-tc2/source:/opt/rustwide/workdir:ro,Z" "-v" "/var/lib/crater-agent-workspace/cargo-home:/opt/rustwide/cargo-home:ro,Z" "-v" "/var/lib/crater-agent-workspace/rustup-home:/opt/rustwide/rustup-home:ro,Z" "-e" "SOURCE_DIR=/opt/rustwide/workdir" "-e" "CARGO_TARGET_DIR=/opt/rustwide/target" "-e" "CARGO_HOME=/opt/rustwide/cargo-home" "-e" "RUSTUP_HOME=/opt/rustwide/rustup-home" "-w" "/opt/rustwide/workdir" "-m" "1610612736" "--user" "0:0" "--network" "none" "ghcr.io/rust-lang/crates-build-env/linux@sha256:5ff2268d62e97bff2cde7d5815dd6ed5b47097566f13b8d0ca110b04b60e07ed" "/opt/rustwide/cargo-home/bin/cargo" "+beta-2023-04-20" "metadata" "--no-deps" "--format-version=1", kill_on_drop: false }`
[INFO] [stdout] fb2bdbc2e1c49424b86dbabf3c495f1dc6e8941fde4114c1056f6d0f23444e22
[INFO] running `Command { std: "docker" "start" "-a" "fb2bdbc2e1c49424b86dbabf3c495f1dc6e8941fde4114c1056f6d0f23444e22", kill_on_drop: false }`
[INFO] running `Command { std: "docker" "inspect" "fb2bdbc2e1c49424b86dbabf3c495f1dc6e8941fde4114c1056f6d0f23444e22", kill_on_drop: false }`
[INFO] running `Command { std: "docker" "rm" "-f" "fb2bdbc2e1c49424b86dbabf3c495f1dc6e8941fde4114c1056f6d0f23444e22", kill_on_drop: false }`
[INFO] [stdout] fb2bdbc2e1c49424b86dbabf3c495f1dc6e8941fde4114c1056f6d0f23444e22
[INFO] running `Command { std: "docker" "create" "-v" "/var/lib/crater-agent-workspace/builds/worker-3-tc2/target:/opt/rustwide/target:rw,Z" "-v" "/var/lib/crater-agent-workspace/builds/worker-3-tc2/source:/opt/rustwide/workdir:ro,Z" "-v" "/var/lib/crater-agent-workspace/cargo-home:/opt/rustwide/cargo-home:ro,Z" "-v" "/var/lib/crater-agent-workspace/rustup-home:/opt/rustwide/rustup-home:ro,Z" "-e" "SOURCE_DIR=/opt/rustwide/workdir" "-e" "CARGO_TARGET_DIR=/opt/rustwide/target" "-e" "CARGO_INCREMENTAL=0" "-e" "RUST_BACKTRACE=full" "-e" "RUSTFLAGS=--cap-lints=warn" "-e" "RUSTDOCFLAGS=--cap-lints=warn" "-e" "CARGO_HOME=/opt/rustwide/cargo-home" "-e" "RUSTUP_HOME=/opt/rustwide/rustup-home" "-w" "/opt/rustwide/workdir" "-m" "1610612736" "--user" "0:0" "--network" "none" "ghcr.io/rust-lang/crates-build-env/linux@sha256:5ff2268d62e97bff2cde7d5815dd6ed5b47097566f13b8d0ca110b04b60e07ed" "/opt/rustwide/cargo-home/bin/cargo" "+beta-2023-04-20" "doc" "--frozen" "--no-deps" "--document-private-items" "--message-format=json", kill_on_drop: false }`
[INFO] [stdout] 950b3af2fcd7600311619c2df5ffd24dd6a04d2ef98dbe260ff354f11a0215f0
[INFO] running `Command { std: "docker" "start" "-a" "950b3af2fcd7600311619c2df5ffd24dd6a04d2ef98dbe260ff354f11a0215f0", kill_on_drop: false }`
[INFO] [stderr]     Blocking waiting for file lock on package cache
[INFO] [stderr]    Compiling proc-macro2 v1.0.24
[INFO] [stderr]    Compiling cc v1.0.66
[INFO] [stderr]    Compiling syn v1.0.58
[INFO] [stderr]    Compiling scratch v1.0.0
[INFO] [stderr]    Compiling termcolor v1.1.2
[INFO] [stderr]    Compiling unicode-width v0.1.8
[INFO] [stderr]    Compiling cxxbridge-flags v1.0.27
[INFO] [stderr]    Compiling libc v0.2.81
[INFO] [stderr]    Compiling codespan-reporting v0.9.5
[INFO] [stderr]    Compiling quote v1.0.7
[INFO] [stderr]    Compiling link-cplusplus v1.0.4
[INFO] [stderr]    Compiling cxx v1.0.27
[INFO] [stderr]    Compiling cxx-build v1.0.27
[INFO] [stderr]    Compiling cxxbridge-macro v1.0.27
[INFO] [stderr]    Compiling gmtrade v0.1.0 (/opt/rustwide/workdir)
[INFO] [stdout] warning: unused import: `cxx_build::CFG`
[INFO] [stdout]  --> build.rs:1:5
[INFO] [stdout]   |
[INFO] [stdout] 1 | use cxx_build::CFG;
[INFO] [stdout]   |     ^^^^^^^^^^^^^^
[INFO] [stdout]   |
[INFO] [stdout]   = note: `#[warn(unused_imports)]` on by default
[INFO] [stdout] 
[INFO] [stdout] 
[INFO] [stdout] warning: 1 warning emitted
[INFO] [stdout] 
[INFO] [stdout] 
[INFO] [stderr] The following warnings were emitted during compilation:
[INFO] [stderr] 
[INFO] [stderr] warning: In file included from /opt/rustwide/target/debug/build/gmtrade-cfff72f871520220/out/cxxbridge/sources/gmtrade/src/main.rs.cc:2:
[INFO] [stderr] warning: /opt/rustwide/target/debug/build/gmtrade-cfff72f871520220/out/cxxbridge/crate/gmtrade/include/gmtrade_csdk.h:15: warning: "NULL" redefined
[INFO] [stderr] warning:    15 | #define NULL 0
[INFO] [stderr] warning:       | 
[INFO] [stderr] warning: In file included from /usr/include/c++/11/bits/cxxabi_init_exception.h:38,
[INFO] [stderr] warning:                  from /usr/include/c++/11/bits/exception_ptr.h:38,
[INFO] [stderr] warning:                  from /usr/include/c++/11/exception:153,
[INFO] [stderr] warning:                  from /usr/include/c++/11/ext/concurrence.h:34,
[INFO] [stderr] warning:                  from /usr/include/c++/11/bits/shared_ptr_base.h:62,
[INFO] [stderr] warning:                  from /usr/include/c++/11/bits/shared_ptr.h:53,
[INFO] [stderr] warning:                  from /usr/include/c++/11/memory:77,
[INFO] [stderr] warning:                  from /opt/rustwide/target/debug/build/gmtrade-cfff72f871520220/out/cxxbridge/crate/gmtrade/include/gmtrade_def.h:1,
[INFO] [stderr] warning:                  from /opt/rustwide/target/debug/build/gmtrade-cfff72f871520220/out/cxxbridge/sources/gmtrade/src/main.rs.cc:1:
[INFO] [stderr] warning: /usr/lib/gcc/x86_64-linux-gnu/11/include/stddef.h:392: note: this is the location of the previous definition
[INFO] [stderr] warning:   392 | #define NULL __null
[INFO] [stderr] warning:       | 
[INFO] [stderr] warning: In file included from /opt/rustwide/target/debug/build/gmtrade-cfff72f871520220/out/cxxbridge/sources/gmtrade/src/main.rs.cc:3:
[INFO] [stderr] warning: /opt/rustwide/target/debug/build/gmtrade-cfff72f871520220/out/cxxbridge/crate/gmtrade/include/wrapper.h:23:6: error: declaration of 'virtual T& gmtrade::DataArray<T>::at(int)' outside of class is not definition [-fpermissive]
[INFO] [stderr] warning:    23 |   T& DataArray<T>::at(int i);
[INFO] [stderr] warning:       |      ^~~~~~~~~~~~
[INFO] [stderr] warning: /opt/rustwide/target/debug/build/gmtrade-cfff72f871520220/out/cxxbridge/crate/gmtrade/include/wrapper.h:25:7: error: declaration of 'virtual int gmtrade::DataArray<T>::count()' outside of class is not definition [-fpermissive]
[INFO] [stderr] warning:    25 |   int DataArray<T>::count();
[INFO] [stderr] warning:       |       ^~~~~~~~~~~~
[INFO] [stderr] 
[INFO] [stderr] error: failed to run custom build command for `gmtrade v0.1.0 (/opt/rustwide/workdir)`
[INFO] [stderr] note: To improve backtraces for build dependencies, set the CARGO_PROFILE_DEV_BUILD_OVERRIDE_DEBUG=true environment variable to enable debug information generation.
[INFO] [stderr] 
[INFO] [stderr] Caused by:
[INFO] [stderr]   process didn't exit successfully: `/opt/rustwide/target/debug/build/gmtrade-9b560f1be902634a/build-script-build` (exit status: 1)
[INFO] [stderr]   --- stdout
[INFO] [stderr]   cargo:CXXBRIDGE_PREFIX=gmtrade
[INFO] [stderr]   cargo:CXXBRIDGE_DIR0=/opt/rustwide/target/debug/build/gmtrade-cfff72f871520220/out/cxxbridge/include
[INFO] [stderr]   cargo:CXXBRIDGE_DIR1=/opt/rustwide/target/debug/build/gmtrade-cfff72f871520220/out/cxxbridge/crate
[INFO] [stderr]   TARGET = Some("x86_64-unknown-linux-gnu")
[INFO] [stderr]   OPT_LEVEL = Some("0")
[INFO] [stderr]   HOST = Some("x86_64-unknown-linux-gnu")
[INFO] [stderr]   CXX_x86_64-unknown-linux-gnu = None
[INFO] [stderr]   CXX_x86_64_unknown_linux_gnu = None
[INFO] [stderr]   HOST_CXX = None
[INFO] [stderr]   CXX = None
[INFO] [stderr]   CXXFLAGS_x86_64-unknown-linux-gnu = None
[INFO] [stderr]   CXXFLAGS_x86_64_unknown_linux_gnu = None
[INFO] [stderr]   HOST_CXXFLAGS = None
[INFO] [stderr]   CXXFLAGS = None
[INFO] [stderr]   CRATE_CC_NO_DEFAULTS = None
[INFO] [stderr]   DEBUG = Some("true")
[INFO] [stderr]   CARGO_CFG_TARGET_FEATURE = Some("fxsr,sse,sse2")
[INFO] [stderr]   CXX_x86_64-unknown-linux-gnu = None
[INFO] [stderr]   CXX_x86_64_unknown_linux_gnu = None
[INFO] [stderr]   HOST_CXX = None
[INFO] [stderr]   CXX = None
[INFO] [stderr]   CXXFLAGS_x86_64-unknown-linux-gnu = None
[INFO] [stderr]   CXXFLAGS_x86_64_unknown_linux_gnu = None
[INFO] [stderr]   HOST_CXXFLAGS = None
[INFO] [stderr]   CXXFLAGS = None
[INFO] [stderr]   CRATE_CC_NO_DEFAULTS = None
[INFO] [stderr]   CARGO_CFG_TARGET_FEATURE = Some("fxsr,sse,sse2")
[INFO] [stderr]   running: "c++" "-O0" "-ffunction-sections" "-fdata-sections" "-fPIC" "-g" "-fno-omit-frame-pointer" "-m64" "-I" "/opt/rustwide/target/debug/build/gmtrade-cfff72f871520220/out/cxxbridge/include" "-I" "/opt/rustwide/target/debug/build/gmtrade-cfff72f871520220/out/cxxbridge/crate" "-Wall" "-Wextra" "-std=c++14" "-o" "/opt/rustwide/target/debug/build/gmtrade-cfff72f871520220/out/cxxbridge/sources/gmtrade/src/main.rs.o" "-c" "/opt/rustwide/target/debug/build/gmtrade-cfff72f871520220/out/cxxbridge/sources/gmtrade/src/main.rs.cc"
[INFO] [stderr]   cargo:warning=In file included from /opt/rustwide/target/debug/build/gmtrade-cfff72f871520220/out/cxxbridge/sources/gmtrade/src/main.rs.cc:2:
[INFO] [stderr]   cargo:warning=/opt/rustwide/target/debug/build/gmtrade-cfff72f871520220/out/cxxbridge/crate/gmtrade/include/gmtrade_csdk.h:15: warning: "NULL" redefined
[INFO] [stderr]   cargo:warning=   15 | #define NULL 0
[INFO] [stderr]   cargo:warning=      | 
[INFO] [stderr]   cargo:warning=In file included from /usr/include/c++/11/bits/cxxabi_init_exception.h:38,
[INFO] [stderr]   cargo:warning=                 from /usr/include/c++/11/bits/exception_ptr.h:38,
[INFO] [stderr]   cargo:warning=                 from /usr/include/c++/11/exception:153,
[INFO] [stderr]   cargo:warning=                 from /usr/include/c++/11/ext/concurrence.h:34,
[INFO] [stderr]   cargo:warning=                 from /usr/include/c++/11/bits/shared_ptr_base.h:62,
[INFO] [stderr]   cargo:warning=                 from /usr/include/c++/11/bits/shared_ptr.h:53,
[INFO] [stderr]   cargo:warning=                 from /usr/include/c++/11/memory:77,
[INFO] [stderr]   cargo:warning=                 from /opt/rustwide/target/debug/build/gmtrade-cfff72f871520220/out/cxxbridge/crate/gmtrade/include/gmtrade_def.h:1,
[INFO] [stderr]   cargo:warning=                 from /opt/rustwide/target/debug/build/gmtrade-cfff72f871520220/out/cxxbridge/sources/gmtrade/src/main.rs.cc:1:
[INFO] [stderr]   cargo:warning=/usr/lib/gcc/x86_64-linux-gnu/11/include/stddef.h:392: note: this is the location of the previous definition
[INFO] [stderr]   cargo:warning=  392 | #define NULL __null
[INFO] [stderr]   cargo:warning=      | 
[INFO] [stderr]   cargo:warning=In file included from /opt/rustwide/target/debug/build/gmtrade-cfff72f871520220/out/cxxbridge/sources/gmtrade/src/main.rs.cc:3:
[INFO] [stderr]   cargo:warning=/opt/rustwide/target/debug/build/gmtrade-cfff72f871520220/out/cxxbridge/crate/gmtrade/include/wrapper.h:23:6: error: declaration of 'virtual T& gmtrade::DataArray<T>::at(int)' outside of class is not definition [-fpermissive]
[INFO] [stderr]   cargo:warning=   23 |   T& DataArray<T>::at(int i);
[INFO] [stderr]   cargo:warning=      |      ^~~~~~~~~~~~
[INFO] [stderr]   cargo:warning=/opt/rustwide/target/debug/build/gmtrade-cfff72f871520220/out/cxxbridge/crate/gmtrade/include/wrapper.h:25:7: error: declaration of 'virtual int gmtrade::DataArray<T>::count()' outside of class is not definition [-fpermissive]
[INFO] [stderr]   cargo:warning=   25 |   int DataArray<T>::count();
[INFO] [stderr]   cargo:warning=      |       ^~~~~~~~~~~~
[INFO] [stderr]   exit status: 1
[INFO] [stderr] 
[INFO] [stderr]   --- stderr
[INFO] [stderr] 
[INFO] [stderr]   CXX include path:
[INFO] [stderr]     /opt/rustwide/target/debug/build/gmtrade-cfff72f871520220/out/cxxbridge/include
[INFO] [stderr]     /opt/rustwide/target/debug/build/gmtrade-cfff72f871520220/out/cxxbridge/crate
[INFO] [stderr] 
[INFO] [stderr] 
[INFO] [stderr]   error occurred: Command "c++" "-O0" "-ffunction-sections" "-fdata-sections" "-fPIC" "-g" "-fno-omit-frame-pointer" "-m64" "-I" "/opt/rustwide/target/debug/build/gmtrade-cfff72f871520220/out/cxxbridge/include" "-I" "/opt/rustwide/target/debug/build/gmtrade-cfff72f871520220/out/cxxbridge/crate" "-Wall" "-Wextra" "-std=c++14" "-o" "/opt/rustwide/target/debug/build/gmtrade-cfff72f871520220/out/cxxbridge/sources/gmtrade/src/main.rs.o" "-c" "/opt/rustwide/target/debug/build/gmtrade-cfff72f871520220/out/cxxbridge/sources/gmtrade/src/main.rs.cc" with args "c++" did not execute successfully (status code exit status: 1).
[INFO] [stderr] 
[INFO] [stderr] 
[INFO] [stderr] warning: build failed, waiting for other jobs to finish...
[INFO] running `Command { std: "docker" "inspect" "950b3af2fcd7600311619c2df5ffd24dd6a04d2ef98dbe260ff354f11a0215f0", kill_on_drop: false }`
[INFO] running `Command { std: "docker" "rm" "-f" "950b3af2fcd7600311619c2df5ffd24dd6a04d2ef98dbe260ff354f11a0215f0", kill_on_drop: false }`
[INFO] [stdout] 950b3af2fcd7600311619c2df5ffd24dd6a04d2ef98dbe260ff354f11a0215f0
