[INFO] cloning repository https://github.com/XadillaX/zh-rust-by-example
[INFO] running `Command { std: "git" "-c" "credential.helper=" "-c" "credential.helper=/workspace/cargo-home/bin/git-credential-null" "clone" "--bare" "https://github.com/XadillaX/zh-rust-by-example" "/workspace/cache/git-repos/https%3A%2F%2Fgithub.com%2FXadillaX%2Fzh-rust-by-example", kill_on_drop: false }`
[INFO] [stderr] Cloning into bare repository '/workspace/cache/git-repos/https%3A%2F%2Fgithub.com%2FXadillaX%2Fzh-rust-by-example'...
[INFO] running `Command { std: "git" "rev-parse" "HEAD", kill_on_drop: false }`
[INFO] [stdout] e930ac171f2c6b2e97953462ce5cfcf2dd941a0a
[INFO] documenting XadillaX/zh-rust-by-example against 1.69.0 for beta-1.70-rustdoc-1
[INFO] running `Command { std: "git" "clone" "/workspace/cache/git-repos/https%3A%2F%2Fgithub.com%2FXadillaX%2Fzh-rust-by-example" "/workspace/builds/worker-4-tc1/source", kill_on_drop: false }`
[INFO] [stderr] Cloning into '/workspace/builds/worker-4-tc1/source'...
[INFO] [stderr] done.
[INFO] validating manifest of git repo https://github.com/XadillaX/zh-rust-by-example on toolchain 1.69.0
[INFO] running `Command { std: CARGO_HOME="/workspace/cargo-home" RUSTUP_HOME="/workspace/rustup-home" "/workspace/cargo-home/bin/cargo" "+1.69.0" "metadata" "--manifest-path" "Cargo.toml" "--no-deps", kill_on_drop: false }`
[INFO] started tweaking git repo https://github.com/XadillaX/zh-rust-by-example
[INFO] finished tweaking git repo https://github.com/XadillaX/zh-rust-by-example
[INFO] tweaked toml for git repo https://github.com/XadillaX/zh-rust-by-example written to /workspace/builds/worker-4-tc1/source/Cargo.toml
[INFO] crate git repo https://github.com/XadillaX/zh-rust-by-example already has a lockfile, it will not be regenerated
[INFO] running `Command { std: CARGO_HOME="/workspace/cargo-home" RUSTUP_HOME="/workspace/rustup-home" "/workspace/cargo-home/bin/cargo" "+1.69.0" "fetch" "--manifest-path" "Cargo.toml", kill_on_drop: false }`
[INFO] [stderr]  Downloading crates ...
[INFO] [stderr]   Downloaded rustc-serialize v0.2.10
[INFO] [stderr]   Downloaded regex v0.1.11
[INFO] running `Command { std: "docker" "create" "-v" "/var/lib/crater-agent-workspace/builds/worker-4-tc1/target:/opt/rustwide/target:rw,Z" "-v" "/var/lib/crater-agent-workspace/builds/worker-4-tc1/source:/opt/rustwide/workdir:ro,Z" "-v" "/var/lib/crater-agent-workspace/cargo-home:/opt/rustwide/cargo-home:ro,Z" "-v" "/var/lib/crater-agent-workspace/rustup-home:/opt/rustwide/rustup-home:ro,Z" "-e" "SOURCE_DIR=/opt/rustwide/workdir" "-e" "CARGO_TARGET_DIR=/opt/rustwide/target" "-e" "CARGO_HOME=/opt/rustwide/cargo-home" "-e" "RUSTUP_HOME=/opt/rustwide/rustup-home" "-w" "/opt/rustwide/workdir" "-m" "1610612736" "--user" "0:0" "--network" "none" "ghcr.io/rust-lang/crates-build-env/linux@sha256:5ff2268d62e97bff2cde7d5815dd6ed5b47097566f13b8d0ca110b04b60e07ed" "/opt/rustwide/cargo-home/bin/cargo" "+1.69.0" "metadata" "--no-deps" "--format-version=1", kill_on_drop: false }`
[INFO] [stdout] c4c182638e2d558d6d4d35b85a3622f46b9603c77c3998d0114b22127a7cadcd
[INFO] running `Command { std: "docker" "start" "-a" "c4c182638e2d558d6d4d35b85a3622f46b9603c77c3998d0114b22127a7cadcd", kill_on_drop: false }`
[INFO] running `Command { std: "docker" "inspect" "c4c182638e2d558d6d4d35b85a3622f46b9603c77c3998d0114b22127a7cadcd", kill_on_drop: false }`
[INFO] running `Command { std: "docker" "rm" "-f" "c4c182638e2d558d6d4d35b85a3622f46b9603c77c3998d0114b22127a7cadcd", kill_on_drop: false }`
[INFO] [stdout] c4c182638e2d558d6d4d35b85a3622f46b9603c77c3998d0114b22127a7cadcd
[INFO] running `Command { std: "docker" "create" "-v" "/var/lib/crater-agent-workspace/builds/worker-4-tc1/target:/opt/rustwide/target:rw,Z" "-v" "/var/lib/crater-agent-workspace/builds/worker-4-tc1/source:/opt/rustwide/workdir:ro,Z" "-v" "/var/lib/crater-agent-workspace/cargo-home:/opt/rustwide/cargo-home:ro,Z" "-v" "/var/lib/crater-agent-workspace/rustup-home:/opt/rustwide/rustup-home:ro,Z" "-e" "SOURCE_DIR=/opt/rustwide/workdir" "-e" "CARGO_TARGET_DIR=/opt/rustwide/target" "-e" "CARGO_INCREMENTAL=0" "-e" "RUST_BACKTRACE=full" "-e" "RUSTFLAGS=--cap-lints=warn" "-e" "RUSTDOCFLAGS=--cap-lints=warn" "-e" "CARGO_HOME=/opt/rustwide/cargo-home" "-e" "RUSTUP_HOME=/opt/rustwide/rustup-home" "-w" "/opt/rustwide/workdir" "-m" "1610612736" "--user" "0:0" "--network" "none" "ghcr.io/rust-lang/crates-build-env/linux@sha256:5ff2268d62e97bff2cde7d5815dd6ed5b47097566f13b8d0ca110b04b60e07ed" "/opt/rustwide/cargo-home/bin/cargo" "+1.69.0" "doc" "--frozen" "--no-deps" "--document-private-items" "--message-format=json", kill_on_drop: false }`
[INFO] [stdout] 6c431f8444abda4a81f6162a054e3f6504054a9bc7770105c228ccb162ece0ab
[INFO] running `Command { std: "docker" "start" "-a" "6c431f8444abda4a81f6162a054e3f6504054a9bc7770105c228ccb162ece0ab", kill_on_drop: false }`
[INFO] [stderr]     Checking rustc-serialize v0.2.10
[INFO] [stderr]     Checking regex v0.1.11
[INFO] [stdout] error: expected expression, found `]`
[INFO] [stdout]    --> /opt/rustwide/cargo-home/registry/src/github.com-1ecc6299db9ec823/rustc-serialize-0.2.10/src/serialize.rs:329:26
[INFO] [stdout]     |
[INFO] [stdout] 329 |         s.emit_str(&self[])
[INFO] [stdout]     |                          ^ expected expression
[INFO] [stdout] 
[INFO] [stdout] 
[INFO] [stdout] error: expected parameter name, found `:`
[INFO] [stdout]    --> /opt/rustwide/cargo-home/registry/src/github.com-1ecc6299db9ec823/regex-0.1.11/src/re.rs:783:46
[INFO] [stdout]     |
[INFO] [stdout] 783 |         let text = re.replace_all(text, |&mut: refs: &Captures| -> String {
[INFO] [stdout]     |                                              ^ expected parameter name
[INFO] [stdout] 
[INFO] [stdout] 
[INFO] [stdout] error: expected expression, found `]`
[INFO] [stdout]     --> /opt/rustwide/cargo-home/registry/src/github.com-1ecc6299db9ec823/rustc-serialize-0.2.10/src/json.rs:1028:44
[INFO] [stdout]      |
[INFO] [stdout] 1028 |             Json::String(ref s) => Some(&s[]),
[INFO] [stdout]      |                                            ^ expected expression
[INFO] [stdout] 
[INFO] [stdout] 
[INFO] [stdout] error: expected expression, found `]`
[INFO] [stdout]     --> /opt/rustwide/cargo-home/registry/src/github.com-1ecc6299db9ec823/rustc-serialize-0.2.10/src/json.rs:2123:63
[INFO] [stdout]      |
[INFO] [stdout] 2123 |         let idx = match names.iter().position(|n| *n == &name[]) {
[INFO] [stdout]      |                   ----- while parsing this `match` expression ^ expected expression
[INFO] [stdout] 
[INFO] [stdout] 
[INFO] [stdout] error: expected expression, found `]`
[INFO] [stdout]     --> /opt/rustwide/cargo-home/registry/src/github.com-1ecc6299db9ec823/rustc-serialize-0.2.10/src/json.rs:3348:43
[INFO] [stdout]      |
[INFO] [stdout] 3348 |         let json_str = from_utf8(&mem_buf[]).unwrap();
[INFO] [stdout]      |                                           ^ expected expression
[INFO] [stdout] 
[INFO] [stdout] 
[INFO] [stdout] error: expected expression, found `]`
[INFO] [stdout]     --> /opt/rustwide/cargo-home/registry/src/github.com-1ecc6299db9ec823/rustc-serialize-0.2.10/src/json.rs:3364:43
[INFO] [stdout]      |
[INFO] [stdout] 3364 |         let json_str = from_utf8(&mem_buf[]).unwrap();
[INFO] [stdout]      |                                           ^ expected expression
[INFO] [stdout] 
[INFO] [stdout] 
[INFO] [stdout] error: expected expression, found `]`
[INFO] [stdout]     --> /opt/rustwide/cargo-home/registry/src/github.com-1ecc6299db9ec823/rustc-serialize-0.2.10/src/json.rs:3404:45
[INFO] [stdout]      |
[INFO] [stdout] 3404 |             let printed = from_utf8(&writer[]).unwrap();
[INFO] [stdout]      |                                             ^ expected expression
[INFO] [stdout] 
[INFO] [stdout] 
[INFO] [stdout] error[E0463]: can't find crate for `unicode`
[INFO] [stdout]    --> /opt/rustwide/cargo-home/registry/src/github.com-1ecc6299db9ec823/regex-0.1.11/src/lib.rs:378:1
[INFO] [stdout]     |
[INFO] [stdout] 378 | extern crate unicode;
[INFO] [stdout]     | ^^^^^^^^^^^^^^^^^^^^^ can't find crate
[INFO] [stdout] 
[INFO] [stdout] 
[INFO] [stdout] error[E0463]: can't find crate for `unicode`
[INFO] [stdout]   --> /opt/rustwide/cargo-home/registry/src/github.com-1ecc6299db9ec823/rustc-serialize-0.2.10/src/lib.rs:23:1
[INFO] [stdout]    |
[INFO] [stdout] 23 | extern crate unicode;
[INFO] [stdout]    | ^^^^^^^^^^^^^^^^^^^^^ can't find crate
[INFO] [stdout] 
[INFO] [stdout] 
[INFO] [stdout] error[E0432]: unresolved import `std::borrow::IntoCow`
[INFO] [stdout]   --> /opt/rustwide/cargo-home/registry/src/github.com-1ecc6299db9ec823/regex-0.1.11/src/re.rs:14:5
[INFO] [stdout]    |
[INFO] [stdout] 14 | use std::borrow::IntoCow;
[INFO] [stdout]    |     ^^^^^^^^^^^^^^^^^^^^ no `IntoCow` in `borrow`
[INFO] [stdout] 
[INFO] [stdout] 
[INFO] [stdout] error[E0432]: unresolved import `std::string::CowString`
[INFO] [stdout]   --> /opt/rustwide/cargo-home/registry/src/github.com-1ecc6299db9ec823/regex-0.1.11/src/re.rs:17:5
[INFO] [stdout]    |
[INFO] [stdout] 17 | use std::string::CowString;
[INFO] [stdout]    |     ^^^^^^^^^^^^^---------
[INFO] [stdout]    |     |            |
[INFO] [stdout]    |     |            help: a similar name exists in the module: `ToString`
[INFO] [stdout]    |     no `CowString` in `string`
[INFO] [stdout] 
[INFO] [stdout] 
[INFO] [stdout] error[E0432]: unresolved import `std::slice::SliceExt`
[INFO] [stdout]   --> /opt/rustwide/cargo-home/registry/src/github.com-1ecc6299db9ec823/regex-0.1.11/src/vm.rs:42:5
[INFO] [stdout]    |
[INFO] [stdout] 42 | use std::slice::SliceExt;
[INFO] [stdout]    |     ^^^^^^^^^^^^^^^^^^^^ no `SliceExt` in `slice`
[INFO] [stdout] 
[INFO] [stdout] 
[INFO] [stdout] error: cannot find derive macro `Show` in this scope
[INFO] [stdout]   --> /opt/rustwide/cargo-home/registry/src/github.com-1ecc6299db9ec823/regex-0.1.11/src/compile.rs:27:10
[INFO] [stdout]    |
[INFO] [stdout] 27 | #[derive(Show, Clone)]
[INFO] [stdout]    |          ^^^^
[INFO] [stdout] 
[INFO] [stdout] 
[INFO] [stdout] error: cannot find derive macro `Show` in this scope
[INFO] [stdout]   --> /opt/rustwide/cargo-home/registry/src/github.com-1ecc6299db9ec823/regex-0.1.11/src/parse.rs:33:10
[INFO] [stdout]    |
[INFO] [stdout] 33 | #[derive(Show)]
[INFO] [stdout]    |          ^^^^
[INFO] [stdout] 
[INFO] [stdout] 
[INFO] [stdout] error: cannot find derive macro `Show` in this scope
[INFO] [stdout]   --> /opt/rustwide/cargo-home/registry/src/github.com-1ecc6299db9ec823/regex-0.1.11/src/parse.rs:56:10
[INFO] [stdout]    |
[INFO] [stdout] 56 | #[derive(Show, Clone)]
[INFO] [stdout]    |          ^^^^
[INFO] [stdout] 
[INFO] [stdout] 
[INFO] [stdout] error: cannot find derive macro `Show` in this scope
[INFO] [stdout]   --> /opt/rustwide/cargo-home/registry/src/github.com-1ecc6299db9ec823/regex-0.1.11/src/parse.rs:73:10
[INFO] [stdout]    |
[INFO] [stdout] 73 | #[derive(Show, PartialEq, Clone)]
[INFO] [stdout]    |          ^^^^
[INFO] [stdout] 
[INFO] [stdout] 
[INFO] [stdout] error: cannot find derive macro `Show` in this scope
[INFO] [stdout]   --> /opt/rustwide/cargo-home/registry/src/github.com-1ecc6299db9ec823/regex-0.1.11/src/parse.rs:80:10
[INFO] [stdout]    |
[INFO] [stdout] 80 | #[derive(Show, Clone)]
[INFO] [stdout]    |          ^^^^
[INFO] [stdout] 
[INFO] [stdout] 
[INFO] [stdout] error: cannot find derive macro `Show` in this scope
[INFO] [stdout]    --> /opt/rustwide/cargo-home/registry/src/github.com-1ecc6299db9ec823/regex-0.1.11/src/parse.rs:109:10
[INFO] [stdout]     |
[INFO] [stdout] 109 | #[derive(Show)]
[INFO] [stdout]     |          ^^^^
[INFO] [stdout] 
[INFO] [stdout] 
[INFO] [stdout] error[E0642]: patterns aren't allowed in functions without bodies
[INFO] [stdout]    --> /opt/rustwide/cargo-home/registry/src/github.com-1ecc6299db9ec823/rustc-serialize-0.2.10/src/serialize.rs:142:45
[INFO] [stdout]     |
[INFO] [stdout] 142 | ...                   &f_name: &str,
[INFO] [stdout]     |                       ^^^^^^^ pattern not allowed in function without body
[INFO] [stdout] 
[INFO] [stdout] 
[INFO] [stdout] error[E0423]: expected function, found module `iter::range`
[INFO] [stdout]    --> /opt/rustwide/cargo-home/registry/src/github.com-1ecc6299db9ec823/regex-0.1.11/src/parse.rs:570:22
[INFO] [stdout]     |
[INFO] [stdout] 570 |             for _ in iter::range(0, min) {
[INFO] [stdout]     |                      ^^^^^^^^^^^ not a function
[INFO] [stdout]     |
[INFO] [stdout] help: consider importing this function instead
[INFO] [stdout]     |
[INFO] [stdout] 11  | use std::slice::range;
[INFO] [stdout]     |
[INFO] [stdout] help: if you import `range`, refer to it directly
[INFO] [stdout]     |
[INFO] [stdout] 570 -             for _ in iter::range(0, min) {
[INFO] [stdout] 570 +             for _ in range(0, min) {
[INFO] [stdout]     |
[INFO] [stdout] 
[INFO] [stdout] 
[INFO] [stdout] error[E0423]: expected function, found module `iter::range`
[INFO] [stdout]    --> /opt/rustwide/cargo-home/registry/src/github.com-1ecc6299db9ec823/regex-0.1.11/src/parse.rs:578:22
[INFO] [stdout]     |
[INFO] [stdout] 578 |             for _ in iter::range(0, min) {
[INFO] [stdout]     |                      ^^^^^^^^^^^ not a function
[INFO] [stdout]     |
[INFO] [stdout] help: consider importing this function instead
[INFO] [stdout]     |
[INFO] [stdout] 11  | use std::slice::range;
[INFO] [stdout]     |
[INFO] [stdout] help: if you import `range`, refer to it directly
[INFO] [stdout]     |
[INFO] [stdout] 578 -             for _ in iter::range(0, min) {
[INFO] [stdout] 578 +             for _ in range(0, min) {
[INFO] [stdout]     |
[INFO] [stdout] 
[INFO] [stdout] 
[INFO] [stdout] error[E0423]: expected function, found module `iter::range`
[INFO] [stdout]    --> /opt/rustwide/cargo-home/registry/src/github.com-1ecc6299db9ec823/regex-0.1.11/src/parse.rs:582:26
[INFO] [stdout]     |
[INFO] [stdout] 582 |                 for _ in iter::range(min, max.unwrap()) {
[INFO] [stdout]     |                          ^^^^^^^^^^^ not a function
[INFO] [stdout]     |
[INFO] [stdout] help: consider importing this function instead
[INFO] [stdout]     |
[INFO] [stdout] 11  | use std::slice::range;
[INFO] [stdout]     |
[INFO] [stdout] help: if you import `range`, refer to it directly
[INFO] [stdout]     |
[INFO] [stdout] 582 -                 for _ in iter::range(min, max.unwrap()) {
[INFO] [stdout] 582 +                 for _ in range(min, max.unwrap()) {
[INFO] [stdout]     |
[INFO] [stdout] 
[INFO] [stdout] 
[INFO] [stdout] error[E0425]: cannot find function `from_str_radix` in module `num`
[INFO] [stdout]    --> /opt/rustwide/cargo-home/registry/src/github.com-1ecc6299db9ec823/regex-0.1.11/src/parse.rs:687:20
[INFO] [stdout]     |
[INFO] [stdout] 687 |         match num::from_str_radix::<u32>(s.as_slice(), 8) {
[INFO] [stdout]     |                    ^^^^^^^^^^^^^^ not found in `num`
[INFO] [stdout] 
[INFO] [stdout] 
[INFO] [stdout] error[E0425]: cannot find function `from_str_radix` in module `num`
[INFO] [stdout]    --> /opt/rustwide/cargo-home/registry/src/github.com-1ecc6299db9ec823/regex-0.1.11/src/parse.rs:731:20
[INFO] [stdout]     |
[INFO] [stdout] 731 |         match num::from_str_radix::<u32>(s, 16) {
[INFO] [stdout]     |                    ^^^^^^^^^^^^^^ not found in `num`
[INFO] [stdout] 
[INFO] [stdout] 
[INFO] [stdout] error[E0425]: cannot find function `range` in this scope
[INFO] [stdout]    --> /opt/rustwide/cargo-home/registry/src/github.com-1ecc6299db9ec823/regex-0.1.11/src/vm.rs:184:22
[INFO] [stdout]     |
[INFO] [stdout] 184 |             for i in range(0, clist.size) {
[INFO] [stdout]     |                      ^^^^^ not found in this scope
[INFO] [stdout]     |
[INFO] [stdout] help: consider importing this function
[INFO] [stdout]     |
[INFO] [stdout] 36  | use std::slice::range;
[INFO] [stdout]     |
[INFO] [stdout] 
[INFO] [stdout] 
[INFO] [stdout] error[E0425]: cannot find function `range` in this scope
[INFO] [stdout]    --> /opt/rustwide/cargo-home/registry/src/github.com-1ecc6299db9ec823/regex-0.1.11/src/vm.rs:467:20
[INFO] [stdout]     |
[INFO] [stdout] 467 |             queue: range(0, num_insts).map(|_| {
[INFO] [stdout]     |                    ^^^^^ not found in this scope
[INFO] [stdout]     |
[INFO] [stdout] help: consider importing this function
[INFO] [stdout]     |
[INFO] [stdout] 36  | use std::slice::range;
[INFO] [stdout]     |
[INFO] [stdout] 
[INFO] [stdout] 
[INFO] [stdout] error[E0603]: module `range` is private
[INFO] [stdout]    --> /opt/rustwide/cargo-home/registry/src/github.com-1ecc6299db9ec823/regex-0.1.11/src/parse.rs:570:28
[INFO] [stdout]     |
[INFO] [stdout] 570 |             for _ in iter::range(0, min) {
[INFO] [stdout]     |                            ^^^^^ private module
[INFO] [stdout]     |
[INFO] [stdout] note: the module `range` is defined here
[INFO] [stdout]    --> /rustc/84c898d65adf2f39a5a98507f1fe0ce10a2b8dbc/library/core/src/iter/mod.rs:457:1
[INFO] [stdout] 
[INFO] [stdout] 
[INFO] [stdout] error[E0603]: module `range` is private
[INFO] [stdout]    --> /opt/rustwide/cargo-home/registry/src/github.com-1ecc6299db9ec823/regex-0.1.11/src/parse.rs:578:28
[INFO] [stdout]     |
[INFO] [stdout] 578 |             for _ in iter::range(0, min) {
[INFO] [stdout]     |                            ^^^^^ private module
[INFO] [stdout]     |
[INFO] [stdout] note: the module `range` is defined here
[INFO] [stdout]    --> /rustc/84c898d65adf2f39a5a98507f1fe0ce10a2b8dbc/library/core/src/iter/mod.rs:457:1
[INFO] [stdout] 
[INFO] [stdout] 
[INFO] [stdout] error[E0603]: module `range` is private
[INFO] [stdout]    --> /opt/rustwide/cargo-home/registry/src/github.com-1ecc6299db9ec823/regex-0.1.11/src/parse.rs:582:32
[INFO] [stdout]     |
[INFO] [stdout] 582 |                 for _ in iter::range(min, max.unwrap()) {
[INFO] [stdout]     |                                ^^^^^ private module
[INFO] [stdout]     |
[INFO] [stdout] note: the module `range` is defined here
[INFO] [stdout]    --> /rustc/84c898d65adf2f39a5a98507f1fe0ce10a2b8dbc/library/core/src/iter/mod.rs:457:1
[INFO] [stdout] 
[INFO] [stdout] 
[INFO] [stdout] error[E0432]: unresolved imports `std::collections::DList`, `std::collections::RingBuf`, `std::collections::VecMap`
[INFO] [stdout]   --> /opt/rustwide/cargo-home/registry/src/github.com-1ecc6299db9ec823/rustc-serialize-0.2.10/src/collection_impls.rs:17:24
[INFO] [stdout]    |
[INFO] [stdout] 17 | use std::collections::{DList, RingBuf, BTreeMap, BTreeSet, HashMap, HashSet, VecMap};
[INFO] [stdout]    |                        ^^^^^  ^^^^^^^ no `RingBuf` in `collections`          ^^^^^^ no `VecMap` in `collections`
[INFO] [stdout]    |                        |
[INFO] [stdout]    |                        no `DList` in `collections`
[INFO] [stdout] 
[INFO] [stdout] 
[INFO] [stdout] error[E0432]: unresolved import `std::collections::hash_state`
[INFO] [stdout]   --> /opt/rustwide/cargo-home/registry/src/github.com-1ecc6299db9ec823/rustc-serialize-0.2.10/src/collection_impls.rs:18:23
[INFO] [stdout]    |
[INFO] [stdout] 18 | use std::collections::hash_state::HashState;
[INFO] [stdout]    |                       ^^^^^^^^^^ could not find `hash_state` in `collections`
[INFO] [stdout] 
[INFO] [stdout] 
[INFO] [stdout] error[E0432]: unresolved imports `std::num::Float`, `std::num::Int`
[INFO] [stdout]    --> /opt/rustwide/cargo-home/registry/src/github.com-1ecc6299db9ec823/rustc-serialize-0.2.10/src/json.rs:247:16
[INFO] [stdout]     |
[INFO] [stdout] 247 | use std::num::{Float, Int};
[INFO] [stdout]     |                ^^^^^  ^^^ no `Int` in `num`
[INFO] [stdout]     |                |
[INFO] [stdout]     |                no `Float` in `num`
[INFO] [stdout] 
[INFO] [stdout] 
[INFO] [stdout] error[E0432]: unresolved import `std::old_io`
[INFO] [stdout]    --> /opt/rustwide/cargo-home/registry/src/github.com-1ecc6299db9ec823/rustc-serialize-0.2.10/src/json.rs:251:27
[INFO] [stdout]     |
[INFO] [stdout] 251 | use std::{char, f64, fmt, old_io, num, str};
[INFO] [stdout]     |                           ^^^^^^ no `old_io` in the root
[INFO] [stdout] 
[INFO] [stdout] 
[INFO] [stdout] error: cannot find derive macro `Show` in this scope
[INFO] [stdout]    --> /opt/rustwide/cargo-home/registry/src/github.com-1ecc6299db9ec823/rustc-serialize-0.2.10/src/json.rs:259:40
[INFO] [stdout]     |
[INFO] [stdout] 259 | #[derive(Clone, PartialEq, PartialOrd, Show)]
[INFO] [stdout]     |                                        ^^^^
[INFO] [stdout] 
[INFO] [stdout] 
[INFO] [stdout] error: cannot find derive macro `Show` in this scope
[INFO] [stdout]    --> /opt/rustwide/cargo-home/registry/src/github.com-1ecc6299db9ec823/rustc-serialize-0.2.10/src/json.rs:301:34
[INFO] [stdout]     |
[INFO] [stdout] 301 | #[derive(Clone, Copy, PartialEq, Show)]
[INFO] [stdout]     |                                  ^^^^
[INFO] [stdout] 
[INFO] [stdout] 
[INFO] [stdout] error: cannot find derive macro `Show` in this scope
[INFO] [stdout]    --> /opt/rustwide/cargo-home/registry/src/github.com-1ecc6299db9ec823/rustc-serialize-0.2.10/src/json.rs:311:28
[INFO] [stdout]     |
[INFO] [stdout] 311 | #[derive(Clone, PartialEq, Show)]
[INFO] [stdout]     |                            ^^^^
[INFO] [stdout] 
[INFO] [stdout] 
[INFO] [stdout] error: cannot find derive macro `Show` in this scope
[INFO] [stdout]    --> /opt/rustwide/cargo-home/registry/src/github.com-1ecc6299db9ec823/rustc-serialize-0.2.10/src/json.rs:320:16
[INFO] [stdout]     |
[INFO] [stdout] 320 | #[derive(Copy, Show)]
[INFO] [stdout]     |                ^^^^
[INFO] [stdout] 
[INFO] [stdout] 
[INFO] [stdout] error: cannot find derive macro `Show` in this scope
[INFO] [stdout]     --> /opt/rustwide/cargo-home/registry/src/github.com-1ecc6299db9ec823/rustc-serialize-0.2.10/src/json.rs:1145:28
[INFO] [stdout]      |
[INFO] [stdout] 1145 | #[derive(PartialEq, Clone, Show)]
[INFO] [stdout]      |                            ^^^^
[INFO] [stdout] 
[INFO] [stdout] 
[INFO] [stdout] error: cannot find derive macro `Show` in this scope
[INFO] [stdout]     --> /opt/rustwide/cargo-home/registry/src/github.com-1ecc6299db9ec823/rustc-serialize-0.2.10/src/json.rs:1160:21
[INFO] [stdout]      |
[INFO] [stdout] 1160 | #[derive(PartialEq, Show)]
[INFO] [stdout]      |                     ^^^^
[INFO] [stdout] 
[INFO] [stdout] 
[INFO] [stdout] error: cannot find derive macro `Show` in this scope
[INFO] [stdout]     --> /opt/rustwide/cargo-home/registry/src/github.com-1ecc6299db9ec823/rustc-serialize-0.2.10/src/json.rs:1189:28
[INFO] [stdout]      |
[INFO] [stdout] 1189 | #[derive(PartialEq, Clone, Show)]
[INFO] [stdout]      |                            ^^^^
[INFO] [stdout] 
[INFO] [stdout] 
[INFO] [stdout] error: cannot find derive macro `Show` in this scope
[INFO] [stdout]     --> /opt/rustwide/cargo-home/registry/src/github.com-1ecc6299db9ec823/rustc-serialize-0.2.10/src/json.rs:1197:28
[INFO] [stdout]      |
[INFO] [stdout] 1197 | #[derive(PartialEq, Clone, Show)]
[INFO] [stdout]      |                            ^^^^
[INFO] [stdout] 
[INFO] [stdout] 
[INFO] [stdout] error[E0433]: failed to resolve: could not find `posix` in `path`
[INFO] [stdout]    --> /opt/rustwide/cargo-home/registry/src/github.com-1ecc6299db9ec823/rustc-serialize-0.2.10/src/serialize.rs:541:26
[INFO] [stdout]     |
[INFO] [stdout] 541 | impl Encodable for path::posix::Path {
[INFO] [stdout]     |                          ^^^^^ could not find `posix` in `path`
[INFO] [stdout] 
[INFO] [stdout] 
[INFO] [stdout] error[E0433]: failed to resolve: could not find `posix` in `path`
[INFO] [stdout]    --> /opt/rustwide/cargo-home/registry/src/github.com-1ecc6299db9ec823/rustc-serialize-0.2.10/src/serialize.rs:547:26
[INFO] [stdout]     |
[INFO] [stdout] 547 | impl Decodable for path::posix::Path {
[INFO] [stdout]     |                          ^^^^^ could not find `posix` in `path`
[INFO] [stdout] 
[INFO] [stdout] 
[INFO] [stdout] error[E0433]: failed to resolve: could not find `posix` in `path`
[INFO] [stdout]    --> /opt/rustwide/cargo-home/registry/src/github.com-1ecc6299db9ec823/rustc-serialize-0.2.10/src/serialize.rs:548:54
[INFO] [stdout]     |
[INFO] [stdout] 548 |     fn decode<D: Decoder>(d: &mut D) -> Result<path::posix::Path, D::Error> {
[INFO] [stdout]     |                                                      ^^^^^ could not find `posix` in `path`
[INFO] [stdout] 
[INFO] [stdout] 
[INFO] [stdout] error[E0433]: failed to resolve: could not find `windows` in `path`
[INFO] [stdout]    --> /opt/rustwide/cargo-home/registry/src/github.com-1ecc6299db9ec823/rustc-serialize-0.2.10/src/serialize.rs:554:26
[INFO] [stdout]     |
[INFO] [stdout] 554 | impl Encodable for path::windows::Path {
[INFO] [stdout]     |                          ^^^^^^^ could not find `windows` in `path`
[INFO] [stdout] 
[INFO] [stdout] 
[INFO] [stdout] error[E0433]: failed to resolve: could not find `windows` in `path`
[INFO] [stdout]    --> /opt/rustwide/cargo-home/registry/src/github.com-1ecc6299db9ec823/rustc-serialize-0.2.10/src/serialize.rs:560:26
[INFO] [stdout]     |
[INFO] [stdout] 560 | impl Decodable for path::windows::Path {
[INFO] [stdout]     |                          ^^^^^^^ could not find `windows` in `path`
[INFO] [stdout] 
[INFO] [stdout] 
[INFO] [stdout] error[E0433]: failed to resolve: could not find `windows` in `path`
[INFO] [stdout]    --> /opt/rustwide/cargo-home/registry/src/github.com-1ecc6299db9ec823/rustc-serialize-0.2.10/src/serialize.rs:561:54
[INFO] [stdout]     |
[INFO] [stdout] 561 |     fn decode<D: Decoder>(d: &mut D) -> Result<path::windows::Path, D::Error> {
[INFO] [stdout]     |                                                      ^^^^^^^ could not find `windows` in `path`
[INFO] [stdout] 
[INFO] [stdout] 
[INFO] [stdout] error[E0392]: parameter `'r` is never used
[INFO] [stdout]    --> /opt/rustwide/cargo-home/registry/src/github.com-1ecc6299db9ec823/regex-0.1.11/src/compile.rs:137:17
[INFO] [stdout]     |
[INFO] [stdout] 137 | struct Compiler<'r> {
[INFO] [stdout]     |                 ^^ unused parameter
[INFO] [stdout]     |
[INFO] [stdout]     = help: consider removing `'r`, referring to it in a field, or using a marker such as `PhantomData`
[INFO] [stdout] 
[INFO] [stdout] 
[INFO] [stdout] error[E0392]: parameter `'a` is never used
[INFO] [stdout]    --> /opt/rustwide/cargo-home/registry/src/github.com-1ecc6299db9ec823/regex-0.1.11/src/parse.rs:179:15
[INFO] [stdout]     |
[INFO] [stdout] 179 | struct Parser<'a> {
[INFO] [stdout]     |               ^^ unused parameter
[INFO] [stdout]     |
[INFO] [stdout]     = help: consider removing `'a`, referring to it in a field, or using a marker such as `PhantomData`
[INFO] [stdout] 
[INFO] [stdout] 
[INFO] [stdout] error[E0425]: cannot find function `range` in this scope
[INFO] [stdout]    --> /opt/rustwide/cargo-home/registry/src/github.com-1ecc6299db9ec823/rustc-serialize-0.2.10/src/serialize.rs:464:22
[INFO] [stdout]     |
[INFO] [stdout] 464 |             for i in range(0, len) {
[INFO] [stdout]     |                      ^^^^^ not found in this scope
[INFO] [stdout]     |
[INFO] [stdout] help: consider importing this function
[INFO] [stdout]     |
[INFO] [stdout] 17  | use std::slice::range;
[INFO] [stdout]     |
[INFO] [stdout] 
[INFO] [stdout] 
[INFO] [stdout] error[E0433]: failed to resolve: could not find `posix` in `path`
[INFO] [stdout]    --> /opt/rustwide/cargo-home/registry/src/github.com-1ecc6299db9ec823/rustc-serialize-0.2.10/src/serialize.rs:550:18
[INFO] [stdout]     |
[INFO] [stdout] 550 |         Ok(path::posix::Path::new(bytes))
[INFO] [stdout]     |                  ^^^^^ could not find `posix` in `path`
[INFO] [stdout]     |
[INFO] [stdout] help: consider importing this struct
[INFO] [stdout]     |
[INFO] [stdout] 17  | use serialize::path::Path;
[INFO] [stdout]     |
[INFO] [stdout] help: if you import `Path`, refer to it directly
[INFO] [stdout]     |
[INFO] [stdout] 550 -         Ok(path::posix::Path::new(bytes))
[INFO] [stdout] 550 +         Ok(Path::new(bytes))
[INFO] [stdout]     |
[INFO] [stdout] 
[INFO] [stdout] 
[INFO] [stdout] error[E0433]: failed to resolve: could not find `windows` in `path`
[INFO] [stdout]    --> /opt/rustwide/cargo-home/registry/src/github.com-1ecc6299db9ec823/rustc-serialize-0.2.10/src/serialize.rs:563:18
[INFO] [stdout]     |
[INFO] [stdout] 563 |         Ok(path::windows::Path::new(bytes))
[INFO] [stdout]     |                  ^^^^^^^ could not find `windows` in `path`
[INFO] [stdout]     |
[INFO] [stdout] help: consider importing this struct
[INFO] [stdout]     |
[INFO] [stdout] 17  | use serialize::path::Path;
[INFO] [stdout]     |
[INFO] [stdout] help: if you import `Path`, refer to it directly
[INFO] [stdout]     |
[INFO] [stdout] 563 -         Ok(path::windows::Path::new(bytes))
[INFO] [stdout] 563 +         Ok(Path::new(bytes))
[INFO] [stdout]     |
[INFO] [stdout] 
[INFO] [stdout] 
[INFO] [stdout] error[E0425]: cannot find function `range` in this scope
[INFO] [stdout]    --> /opt/rustwide/cargo-home/registry/src/github.com-1ecc6299db9ec823/rustc-serialize-0.2.10/src/serialize.rs:644:22
[INFO] [stdout]     |
[INFO] [stdout] 644 |             for i in range(0, len) {
[INFO] [stdout]     |                      ^^^^^ not found in this scope
[INFO] [stdout]     |
[INFO] [stdout] help: consider importing this function
[INFO] [stdout]     |
[INFO] [stdout] 17  | use std::slice::range;
[INFO] [stdout]     |
[INFO] [stdout] 
[INFO] [stdout] 
[INFO] [stdout] error[E0425]: cannot find function `range` in this scope
[INFO] [stdout]   --> /opt/rustwide/cargo-home/registry/src/github.com-1ecc6299db9ec823/rustc-serialize-0.2.10/src/collection_impls.rs:37:22
[INFO] [stdout]    |
[INFO] [stdout] 37 |             for i in range(0, len) {
[INFO] [stdout]    |                      ^^^^^ not found in this scope
[INFO] [stdout]    |
[INFO] [stdout] help: consider importing this function
[INFO] [stdout]    |
[INFO] [stdout] 13 | use std::slice::range;
[INFO] [stdout]    |
[INFO] [stdout] 
[INFO] [stdout] 
[INFO] [stdout] error[E0425]: cannot find function `range` in this scope
[INFO] [stdout]   --> /opt/rustwide/cargo-home/registry/src/github.com-1ecc6299db9ec823/rustc-serialize-0.2.10/src/collection_impls.rs:60:22
[INFO] [stdout]    |
[INFO] [stdout] 60 |             for i in range(0, len) {
[INFO] [stdout]    |                      ^^^^^ not found in this scope
[INFO] [stdout]    |
[INFO] [stdout] help: consider importing this function
[INFO] [stdout]    |
[INFO] [stdout] 13 | use std::slice::range;
[INFO] [stdout]    |
[INFO] [stdout] 
[INFO] [stdout] 
[INFO] [stdout] error[E0425]: cannot find function `range` in this scope
[INFO] [stdout]   --> /opt/rustwide/cargo-home/registry/src/github.com-1ecc6299db9ec823/rustc-serialize-0.2.10/src/collection_impls.rs:92:22
[INFO] [stdout]    |
[INFO] [stdout] 92 |             for i in range(0, len) {
[INFO] [stdout]    |                      ^^^^^ not found in this scope
[INFO] [stdout]    |
[INFO] [stdout] help: consider importing this function
[INFO] [stdout]    |
[INFO] [stdout] 13 | use std::slice::range;
[INFO] [stdout]    |
[INFO] [stdout] 
[INFO] [stdout] 
[INFO] [stdout] error[E0425]: cannot find function `range` in this scope
[INFO] [stdout]    --> /opt/rustwide/cargo-home/registry/src/github.com-1ecc6299db9ec823/rustc-serialize-0.2.10/src/collection_impls.rs:123:22
[INFO] [stdout]     |
[INFO] [stdout] 123 |             for i in range(0, len) {
[INFO] [stdout]     |                      ^^^^^ not found in this scope
[INFO] [stdout]     |
[INFO] [stdout] help: consider importing this function
[INFO] [stdout]     |
[INFO] [stdout] 13  | use std::slice::range;
[INFO] [stdout]     |
[INFO] [stdout] 
[INFO] [stdout] 
[INFO] [stdout] error[E0425]: cannot find function `range` in this scope
[INFO] [stdout]    --> /opt/rustwide/cargo-home/registry/src/github.com-1ecc6299db9ec823/rustc-serialize-0.2.10/src/collection_impls.rs:160:22
[INFO] [stdout]     |
[INFO] [stdout] 160 |             for i in range(0, len) {
[INFO] [stdout]     |                      ^^^^^ not found in this scope
[INFO] [stdout]     |
[INFO] [stdout] help: consider importing this function
[INFO] [stdout]     |
[INFO] [stdout] 13  | use std::slice::range;
[INFO] [stdout]     |
[INFO] [stdout] 
[INFO] [stdout] 
[INFO] [stdout] error[E0425]: cannot find function `range` in this scope
[INFO] [stdout]    --> /opt/rustwide/cargo-home/registry/src/github.com-1ecc6299db9ec823/rustc-serialize-0.2.10/src/collection_impls.rs:196:22
[INFO] [stdout]     |
[INFO] [stdout] 196 |             for i in range(0, len) {
[INFO] [stdout]     |                      ^^^^^ not found in this scope
[INFO] [stdout]     |
[INFO] [stdout] help: consider importing this function
[INFO] [stdout]     |
[INFO] [stdout] 13  | use std::slice::range;
[INFO] [stdout]     |
[INFO] [stdout] 
[INFO] [stdout] 
[INFO] [stdout] error[E0425]: cannot find function `range` in this scope
[INFO] [stdout]    --> /opt/rustwide/cargo-home/registry/src/github.com-1ecc6299db9ec823/rustc-serialize-0.2.10/src/collection_impls.rs:219:22
[INFO] [stdout]     |
[INFO] [stdout] 219 |             for i in range(0, len) {
[INFO] [stdout]     |                      ^^^^^ not found in this scope
[INFO] [stdout]     |
[INFO] [stdout] help: consider importing this function
[INFO] [stdout]     |
[INFO] [stdout] 13  | use std::slice::range;
[INFO] [stdout]     |
[INFO] [stdout] 
[INFO] [stdout] 
[INFO] [stdout] error[E0405]: cannot find trait `FromError` in module `std::error`
[INFO] [stdout]    --> /opt/rustwide/cargo-home/registry/src/github.com-1ecc6299db9ec823/rustc-serialize-0.2.10/src/json.rs:416:18
[INFO] [stdout]     |
[INFO] [stdout] 416 | impl std::error::FromError<fmt::Error> for EncoderError {
[INFO] [stdout]     |                  ^^^^^^^^^ not found in `std::error`
[INFO] [stdout] 
[INFO] [stdout] 
[INFO] [stdout] error[E0412]: cannot find type `Writer` in module `fmt`
[INFO] [stdout]    --> /opt/rustwide/cargo-home/registry/src/github.com-1ecc6299db9ec823/rustc-serialize-0.2.10/src/json.rs:423:29
[INFO] [stdout]     |
[INFO] [stdout] 423 | fn escape_str(wr: &mut fmt::Writer, v: &str) -> EncodeResult<()> {
[INFO] [stdout]     |                             ^^^^^^ help: a trait with a similar name exists: `Write`
[INFO] [stdout]    --> /rustc/84c898d65adf2f39a5a98507f1fe0ce10a2b8dbc/library/core/src/fmt/mod.rs:110:1
[INFO] [stdout]     |
[INFO] [stdout]     = note: similarly named trait `Write` defined here
[INFO] [stdout] 
[INFO] [stdout] 
[INFO] [stdout] error[E0412]: cannot find type `Writer` in module `fmt`
[INFO] [stdout]    --> /opt/rustwide/cargo-home/registry/src/github.com-1ecc6299db9ec823/rustc-serialize-0.2.10/src/json.rs:485:34
[INFO] [stdout]     |
[INFO] [stdout] 485 | fn escape_char(writer: &mut fmt::Writer, v: char) -> EncodeResult<()> {
[INFO] [stdout]     |                                  ^^^^^^ help: a trait with a similar name exists: `Write`
[INFO] [stdout]    --> /rustc/84c898d65adf2f39a5a98507f1fe0ce10a2b8dbc/library/core/src/fmt/mod.rs:110:1
[INFO] [stdout]     |
[INFO] [stdout]     = note: similarly named trait `Write` defined here
[INFO] [stdout] 
[INFO] [stdout] 
[INFO] [stdout] error[E0412]: cannot find type `Writer` in module `fmt`
[INFO] [stdout]    --> /opt/rustwide/cargo-home/registry/src/github.com-1ecc6299db9ec823/rustc-serialize-0.2.10/src/json.rs:492:25
[INFO] [stdout]     |
[INFO] [stdout] 492 | fn spaces(wr: &mut fmt::Writer, n: u32) -> EncodeResult<()> {
[INFO] [stdout]     |                         ^^^^^^ help: a trait with a similar name exists: `Write`
[INFO] [stdout]    --> /rustc/84c898d65adf2f39a5a98507f1fe0ce10a2b8dbc/library/core/src/fmt/mod.rs:110:1
[INFO] [stdout]     |
[INFO] [stdout]     = note: similarly named trait `Write` defined here
[INFO] [stdout] 
[INFO] [stdout] 
[INFO] [stdout] error[E0405]: cannot find trait `Writer` in module `fmt`
[INFO] [stdout]    --> /opt/rustwide/cargo-home/registry/src/github.com-1ecc6299db9ec823/rustc-serialize-0.2.10/src/json.rs:539:27
[INFO] [stdout]     |
[INFO] [stdout] 539 |     writer: &'a mut (fmt::Writer+'a),
[INFO] [stdout]     |                           ^^^^^^ help: a trait with a similar name exists: `Write`
[INFO] [stdout]    --> /rustc/84c898d65adf2f39a5a98507f1fe0ce10a2b8dbc/library/core/src/fmt/mod.rs:110:1
[INFO] [stdout]     |
[INFO] [stdout]     = note: similarly named trait `Write` defined here
[INFO] [stdout] 
[INFO] [stdout] 
[INFO] [stdout] error[E0412]: cannot find type `Writer` in module `fmt`
[INFO] [stdout]    --> /opt/rustwide/cargo-home/registry/src/github.com-1ecc6299db9ec823/rustc-serialize-0.2.10/src/json.rs:547:44
[INFO] [stdout]     |
[INFO] [stdout] 547 |     pub fn new_pretty(writer: &'a mut fmt::Writer) -> Encoder<'a> {
[INFO] [stdout]     |                                            ^^^^^^ help: a trait with a similar name exists: `Write`
[INFO] [stdout]    --> /rustc/84c898d65adf2f39a5a98507f1fe0ce10a2b8dbc/library/core/src/fmt/mod.rs:110:1
[INFO] [stdout]     |
[INFO] [stdout]     = note: similarly named trait `Write` defined here
[INFO] [stdout] 
[INFO] [stdout] 
[INFO] [stdout] error[E0412]: cannot find type `Writer` in module `fmt`
[INFO] [stdout]    --> /opt/rustwide/cargo-home/registry/src/github.com-1ecc6299db9ec823/rustc-serialize-0.2.10/src/json.rs:560:37
[INFO] [stdout]     |
[INFO] [stdout] 560 |     pub fn new(writer: &'a mut fmt::Writer) -> Encoder<'a> {
[INFO] [stdout]     |                                     ^^^^^^ help: a trait with a similar name exists: `Write`
[INFO] [stdout]    --> /rustc/84c898d65adf2f39a5a98507f1fe0ce10a2b8dbc/library/core/src/fmt/mod.rs:110:1
[INFO] [stdout]     |
[INFO] [stdout]     = note: similarly named trait `Write` defined here
[INFO] [stdout] 
[INFO] [stdout] 
[INFO] [stdout] error[E0425]: cannot find function `cast` in module `num`
[INFO] [stdout]     --> /opt/rustwide/cargo-home/registry/src/github.com-1ecc6299db9ec823/rustc-serialize-0.2.10/src/json.rs:1070:34
[INFO] [stdout]      |
[INFO] [stdout] 1070 |             Json::U64(n) => num::cast(n),
[INFO] [stdout]      |                                  ^^^^ not found in `num`
[INFO] [stdout] 
[INFO] [stdout] 
[INFO] [stdout] error[E0425]: cannot find function `cast` in module `num`
[INFO] [stdout]     --> /opt/rustwide/cargo-home/registry/src/github.com-1ecc6299db9ec823/rustc-serialize-0.2.10/src/json.rs:1079:34
[INFO] [stdout]      |
[INFO] [stdout] 1079 |             Json::I64(n) => num::cast(n),
[INFO] [stdout]      |                                  ^^^^ not found in `num`
[INFO] [stdout] 
[INFO] [stdout] 
[INFO] [stdout] error[E0425]: cannot find function `cast` in module `num`
[INFO] [stdout]     --> /opt/rustwide/cargo-home/registry/src/github.com-1ecc6299db9ec823/rustc-serialize-0.2.10/src/json.rs:1089:34
[INFO] [stdout]      |
[INFO] [stdout] 1089 |             Json::I64(n) => num::cast(n),
[INFO] [stdout]      |                                  ^^^^ not found in `num`
[INFO] [stdout] 
[INFO] [stdout] 
[INFO] [stdout] error[E0425]: cannot find function `cast` in module `num`
[INFO] [stdout]     --> /opt/rustwide/cargo-home/registry/src/github.com-1ecc6299db9ec823/rustc-serialize-0.2.10/src/json.rs:1090:34
[INFO] [stdout]      |
[INFO] [stdout] 1090 |             Json::U64(n) => num::cast(n),
[INFO] [stdout]      |                                  ^^^^ not found in `num`
[INFO] [stdout] 
[INFO] [stdout] 
[INFO] [stdout] error[E0425]: cannot find function `range` in this scope
[INFO] [stdout]     --> /opt/rustwide/cargo-home/registry/src/github.com-1ecc6299db9ec823/rustc-serialize-0.2.10/src/json.rs:1230:18
[INFO] [stdout]      |
[INFO] [stdout] 1230 |         for i in range(0, rhs.len()) {
[INFO] [stdout]      |                  ^^^^^ not found in this scope
[INFO] [stdout]      |
[INFO] [stdout] help: consider importing this function
[INFO] [stdout]      |
[INFO] [stdout] 237  | use std::slice::range;
[INFO] [stdout]      |
[INFO] [stdout] 
[INFO] [stdout] 
[INFO] [stdout] error[E0425]: cannot find function `range` in this scope
[INFO] [stdout]     --> /opt/rustwide/cargo-home/registry/src/github.com-1ecc6299db9ec823/rustc-serialize-0.2.10/src/json.rs:1240:18
[INFO] [stdout]      |
[INFO] [stdout] 1240 |         for i in range(0, rhs.len()) {
[INFO] [stdout]      |                  ^^^^^ not found in this scope
[INFO] [stdout]      |
[INFO] [stdout] help: consider importing this function
[INFO] [stdout]      |
[INFO] [stdout] 237  | use std::slice::range;
[INFO] [stdout]      |
[INFO] [stdout] 
[INFO] [stdout] 
[INFO] [stdout] error[E0425]: cannot find function `range` in this scope
[INFO] [stdout]     --> /opt/rustwide/cargo-home/registry/src/github.com-1ecc6299db9ec823/rustc-serialize-0.2.10/src/json.rs:1251:18
[INFO] [stdout]      |
[INFO] [stdout] 1251 |         for i in range(0, rhs.len()) {
[INFO] [stdout]      |                  ^^^^^ not found in this scope
[INFO] [stdout]      |
[INFO] [stdout] help: consider importing this function
[INFO] [stdout]      |
[INFO] [stdout] 237  | use std::slice::range;
[INFO] [stdout]      |
[INFO] [stdout] 
[INFO] [stdout] 
[INFO] [stdout] error[E0425]: cannot find function `cast` in module `num`
[INFO] [stdout]     --> /opt/rustwide/cargo-home/registry/src/github.com-1ecc6299db9ec823/rustc-serialize-0.2.10/src/json.rs:2002:44
[INFO] [stdout]      |
[INFO] [stdout] 2002 |                 Json::I64(f) => match num::cast(f) {
[INFO] [stdout]      |                                            ^^^^ not found in `num`
[INFO] [stdout] ...
[INFO] [stdout] 2030 |     read_primitive! { read_usize, usize }
[INFO] [stdout]      |     ------------------------------------- in this macro invocation
[INFO] [stdout]      |
[INFO] [stdout]      = note: this error originates in the macro `read_primitive` (in Nightly builds, run with -Z macro-backtrace for more info)
[INFO] [stdout] 
[INFO] [stdout] 
[INFO] [stdout] error[E0425]: cannot find function `cast` in module `num`
[INFO] [stdout]     --> /opt/rustwide/cargo-home/registry/src/github.com-1ecc6299db9ec823/rustc-serialize-0.2.10/src/json.rs:2006:44
[INFO] [stdout]      |
[INFO] [stdout] 2006 |                 Json::U64(f) => match num::cast(f) {
[INFO] [stdout]      |                                            ^^^^ not found in `num`
[INFO] [stdout] ...
[INFO] [stdout] 2030 |     read_primitive! { read_usize, usize }
[INFO] [stdout]      |     ------------------------------------- in this macro invocation
[INFO] [stdout]      |
[INFO] [stdout]      = note: this error originates in the macro `read_primitive` (in Nightly builds, run with -Z macro-backtrace for more info)
[INFO] [stdout] 
[INFO] [stdout] 
[INFO] [stdout] error[E0425]: cannot find function `cast` in module `num`
[INFO] [stdout]     --> /opt/rustwide/cargo-home/registry/src/github.com-1ecc6299db9ec823/rustc-serialize-0.2.10/src/json.rs:2002:44
[INFO] [stdout]      |
[INFO] [stdout] 2002 |                 Json::I64(f) => match num::cast(f) {
[INFO] [stdout]      |                                            ^^^^ not found in `num`
[INFO] [stdout] ...
[INFO] [stdout] 2031 |     read_primitive! { read_u8, u8 }
[INFO] [stdout]      |     ------------------------------- in this macro invocation
[INFO] [stdout]      |
[INFO] [stdout]      = note: this error originates in the macro `read_primitive` (in Nightly builds, run with -Z macro-backtrace for more info)
[INFO] [stdout] 
[INFO] [stdout] 
[INFO] [stdout] error[E0277]: the trait bound `MatchKind: Clone` is not satisfied
[INFO] [stdout]   --> /opt/rustwide/cargo-home/registry/src/github.com-1ecc6299db9ec823/regex-0.1.11/src/vm.rs:62:15
[INFO] [stdout]    |
[INFO] [stdout] 62 | impl Copy for MatchKind {}
[INFO] [stdout]    |               ^^^^^^^^^ the trait `Clone` is not implemented for `MatchKind`
[INFO] [stdout]    |
[INFO] [stdout] note: required by a bound in `Copy`
[INFO] [stdout]   --> /rustc/84c898d65adf2f39a5a98507f1fe0ce10a2b8dbc/library/core/src/marker.rs:392:1
[INFO] [stdout] help: consider annotating `MatchKind` with `#[derive(Clone)]`
[INFO] [stdout]    |
[INFO] [stdout] 52 | #[derive(Clone)]
[INFO] [stdout]    |
[INFO] [stdout] 
[INFO] [stdout] 
[INFO] [stdout] error[E0425]: cannot find function `cast` in module `num`
[INFO] [stdout]     --> /opt/rustwide/cargo-home/registry/src/github.com-1ecc6299db9ec823/rustc-serialize-0.2.10/src/json.rs:2006:44
[INFO] [stdout]      |
[INFO] [stdout] 2006 |                 Json::U64(f) => match num::cast(f) {
[INFO] [stdout]      |                                            ^^^^ not found in `num`
[INFO] [stdout] ...
[INFO] [stdout] 2031 |     read_primitive! { read_u8, u8 }
[INFO] [stdout]      |     ------------------------------- in this macro invocation
[INFO] [stdout]      |
[INFO] [stdout]      = note: this error originates in the macro `read_primitive` (in Nightly builds, run with -Z macro-backtrace for more info)
[INFO] [stdout] 
[INFO] [stdout] 
[INFO] [stdout] error[E0425]: cannot find function `cast` in module `num`
[INFO] [stdout]     --> /opt/rustwide/cargo-home/registry/src/github.com-1ecc6299db9ec823/rustc-serialize-0.2.10/src/json.rs:2002:44
[INFO] [stdout]      |
[INFO] [stdout] 2002 |                 Json::I64(f) => match num::cast(f) {
[INFO] [stdout]      |                                            ^^^^ not found in `num`
[INFO] [stdout] ...
[INFO] [stdout] 2032 |     read_primitive! { read_u16, u16 }
[INFO] [stdout]      |     --------------------------------- in this macro invocation
[INFO] [stdout]      |
[INFO] [stdout]      = note: this error originates in the macro `read_primitive` (in Nightly builds, run with -Z macro-backtrace for more info)
[INFO] [stdout] 
[INFO] [stdout] 
[INFO] [stdout] error[E0425]: cannot find function `cast` in module `num`
[INFO] [stdout]     --> /opt/rustwide/cargo-home/registry/src/github.com-1ecc6299db9ec823/rustc-serialize-0.2.10/src/json.rs:2006:44
[INFO] [stdout]      |
[INFO] [stdout] 2006 |                 Json::U64(f) => match num::cast(f) {
[INFO] [stdout]      |                                            ^^^^ not found in `num`
[INFO] [stdout] ...
[INFO] [stdout] 2032 |     read_primitive! { read_u16, u16 }
[INFO] [stdout]      |     --------------------------------- in this macro invocation
[INFO] [stdout]      |
[INFO] [stdout]      = note: this error originates in the macro `read_primitive` (in Nightly builds, run with -Z macro-backtrace for more info)
[INFO] [stdout] 
[INFO] [stdout] 
[INFO] [stdout] error[E0425]: cannot find function `cast` in module `num`
[INFO] [stdout]     --> /opt/rustwide/cargo-home/registry/src/github.com-1ecc6299db9ec823/rustc-serialize-0.2.10/src/json.rs:2002:44
[INFO] [stdout]      |
[INFO] [stdout] 2002 |                 Json::I64(f) => match num::cast(f) {
[INFO] [stdout]      |                                            ^^^^ not found in `num`
[INFO] [stdout] ...
[INFO] [stdout] 2033 |     read_primitive! { read_u32, u32 }
[INFO] [stdout]      |     --------------------------------- in this macro invocation
[INFO] [stdout]      |
[INFO] [stdout]      = note: this error originates in the macro `read_primitive` (in Nightly builds, run with -Z macro-backtrace for more info)
[INFO] [stdout] 
[INFO] [stdout] 
[INFO] [stdout] error[E0425]: cannot find function `cast` in module `num`
[INFO] [stdout]     --> /opt/rustwide/cargo-home/registry/src/github.com-1ecc6299db9ec823/rustc-serialize-0.2.10/src/json.rs:2006:44
[INFO] [stdout]      |
[INFO] [stdout] 2006 |                 Json::U64(f) => match num::cast(f) {
[INFO] [stdout]      |                                            ^^^^ not found in `num`
[INFO] [stdout] ...
[INFO] [stdout] 2033 |     read_primitive! { read_u32, u32 }
[INFO] [stdout]      |     --------------------------------- in this macro invocation
[INFO] [stdout]      |
[INFO] [stdout]      = note: this error originates in the macro `read_primitive` (in Nightly builds, run with -Z macro-backtrace for more info)
[INFO] [stdout] 
[INFO] [stdout] 
[INFO] [stdout] error[E0425]: cannot find function `cast` in module `num`
[INFO] [stdout]     --> /opt/rustwide/cargo-home/registry/src/github.com-1ecc6299db9ec823/rustc-serialize-0.2.10/src/json.rs:2002:44
[INFO] [stdout]      |
[INFO] [stdout] 2002 |                 Json::I64(f) => match num::cast(f) {
[INFO] [stdout]      |                                            ^^^^ not found in `num`
[INFO] [stdout] ...
[INFO] [stdout] 2034 |     read_primitive! { read_u64, u64 }
[INFO] [stdout]      |     --------------------------------- in this macro invocation
[INFO] [stdout]      |
[INFO] [stdout]      = note: this error originates in the macro `read_primitive` (in Nightly builds, run with -Z macro-backtrace for more info)
[INFO] [stdout] 
[INFO] [stdout] 
[INFO] [stdout] error[E0277]: the trait bound `StepState: Clone` is not satisfied
[INFO] [stdout]    --> /opt/rustwide/cargo-home/registry/src/github.com-1ecc6299db9ec823/regex-0.1.11/src/vm.rs:111:15
[INFO] [stdout]     |
[INFO] [stdout] 111 | impl Copy for StepState {}
[INFO] [stdout]     |               ^^^^^^^^^ the trait `Clone` is not implemented for `StepState`
[INFO] [stdout]     |
[INFO] [stdout] note: required by a bound in `Copy`
[INFO] [stdout]    --> /rustc/84c898d65adf2f39a5a98507f1fe0ce10a2b8dbc/library/core/src/marker.rs:392:1
[INFO] [stdout] help: consider annotating `StepState` with `#[derive(Clone)]`
[INFO] [stdout]     |
[INFO] [stdout] 98  | #[derive(Clone)]
[INFO] [stdout]     |
[INFO] [stdout] 
[INFO] [stdout] 
[INFO] [stdout] error[E0425]: cannot find function `cast` in module `num`
[INFO] [stdout]     --> /opt/rustwide/cargo-home/registry/src/github.com-1ecc6299db9ec823/rustc-serialize-0.2.10/src/json.rs:2006:44
[INFO] [stdout]      |
[INFO] [stdout] 2006 |                 Json::U64(f) => match num::cast(f) {
[INFO] [stdout]      |                                            ^^^^ not found in `num`
[INFO] [stdout] ...
[INFO] [stdout] 2034 |     read_primitive! { read_u64, u64 }
[INFO] [stdout]      |     --------------------------------- in this macro invocation
[INFO] [stdout]      |
[INFO] [stdout]      = note: this error originates in the macro `read_primitive` (in Nightly builds, run with -Z macro-backtrace for more info)
[INFO] [stdout] 
[INFO] [stdout] 
[INFO] [stdout] error[E0425]: cannot find function `cast` in module `num`
[INFO] [stdout]     --> /opt/rustwide/cargo-home/registry/src/github.com-1ecc6299db9ec823/rustc-serialize-0.2.10/src/json.rs:2002:44
[INFO] [stdout]      |
[INFO] [stdout] 2002 |                 Json::I64(f) => match num::cast(f) {
[INFO] [stdout]      |                                            ^^^^ not found in `num`
[INFO] [stdout] ...
[INFO] [stdout] 2035 |     read_primitive! { read_isize, isize }
[INFO] [stdout]      |     ------------------------------------- in this macro invocation
[INFO] [stdout]      |
[INFO] [stdout]      = note: this error originates in the macro `read_primitive` (in Nightly builds, run with -Z macro-backtrace for more info)
[INFO] [stdout] 
[INFO] [stdout] 
[INFO] [stdout] error[E0425]: cannot find function `cast` in module `num`
[INFO] [stdout]     --> /opt/rustwide/cargo-home/registry/src/github.com-1ecc6299db9ec823/rustc-serialize-0.2.10/src/json.rs:2006:44
[INFO] [stdout]      |
[INFO] [stdout] 2006 |                 Json::U64(f) => match num::cast(f) {
[INFO] [stdout]      |                                            ^^^^ not found in `num`
[INFO] [stdout] ...
[INFO] [stdout] 2035 |     read_primitive! { read_isize, isize }
[INFO] [stdout]      |     ------------------------------------- in this macro invocation
[INFO] [stdout]      |
[INFO] [stdout]      = note: this error originates in the macro `read_primitive` (in Nightly builds, run with -Z macro-backtrace for more info)
[INFO] [stdout] 
[INFO] [stdout] 
[INFO] [stdout] error[E0425]: cannot find function `cast` in module `num`
[INFO] [stdout]     --> /opt/rustwide/cargo-home/registry/src/github.com-1ecc6299db9ec823/rustc-serialize-0.2.10/src/json.rs:2002:44
[INFO] [stdout]      |
[INFO] [stdout] 2002 |                 Json::I64(f) => match num::cast(f) {
[INFO] [stdout]      |                                            ^^^^ not found in `num`
[INFO] [stdout] ...
[INFO] [stdout] 2036 |     read_primitive! { read_i8, i8 }
[INFO] [stdout]      |     ------------------------------- in this macro invocation
[INFO] [stdout]      |
[INFO] [stdout]      = note: this error originates in the macro `read_primitive` (in Nightly builds, run with -Z macro-backtrace for more info)
[INFO] [stdout] 
[INFO] [stdout] 
[INFO] [stdout] error[E0425]: cannot find function `cast` in module `num`
[INFO] [stdout]     --> /opt/rustwide/cargo-home/registry/src/github.com-1ecc6299db9ec823/rustc-serialize-0.2.10/src/json.rs:2006:44
[INFO] [stdout]      |
[INFO] [stdout] 2006 |                 Json::U64(f) => match num::cast(f) {
[INFO] [stdout]      |                                            ^^^^ not found in `num`
[INFO] [stdout] ...
[INFO] [stdout] 2036 |     read_primitive! { read_i8, i8 }
[INFO] [stdout]      |     ------------------------------- in this macro invocation
[INFO] [stdout]      |
[INFO] [stdout]      = note: this error originates in the macro `read_primitive` (in Nightly builds, run with -Z macro-backtrace for more info)
[INFO] [stdout] 
[INFO] [stdout] 
[INFO] [stdout] error[E0425]: cannot find function `cast` in module `num`
[INFO] [stdout]     --> /opt/rustwide/cargo-home/registry/src/github.com-1ecc6299db9ec823/rustc-serialize-0.2.10/src/json.rs:2002:44
[INFO] [stdout]      |
[INFO] [stdout] 2002 |                 Json::I64(f) => match num::cast(f) {
[INFO] [stdout]      |                                            ^^^^ not found in `num`
[INFO] [stdout] ...
[INFO] [stdout] 2037 |     read_primitive! { read_i16, i16 }
[INFO] [stdout]      |     --------------------------------- in this macro invocation
[INFO] [stdout]      |
[INFO] [stdout]      = note: this error originates in the macro `read_primitive` (in Nightly builds, run with -Z macro-backtrace for more info)
[INFO] [stdout] 
[INFO] [stdout] 
[INFO] [stdout] error[E0425]: cannot find function `cast` in module `num`
[INFO] [stdout]     --> /opt/rustwide/cargo-home/registry/src/github.com-1ecc6299db9ec823/rustc-serialize-0.2.10/src/json.rs:2006:44
[INFO] [stdout]      |
[INFO] [stdout] 2006 |                 Json::U64(f) => match num::cast(f) {
[INFO] [stdout]      |                                            ^^^^ not found in `num`
[INFO] [stdout] ...
[INFO] [stdout] 2037 |     read_primitive! { read_i16, i16 }
[INFO] [stdout]      |     --------------------------------- in this macro invocation
[INFO] [stdout]      |
[INFO] [stdout]      = note: this error originates in the macro `read_primitive` (in Nightly builds, run with -Z macro-backtrace for more info)
[INFO] [stdout] 
[INFO] [stdout] 
[INFO] [stdout] error[E0425]: cannot find function `cast` in module `num`
[INFO] [stdout]     --> /opt/rustwide/cargo-home/registry/src/github.com-1ecc6299db9ec823/rustc-serialize-0.2.10/src/json.rs:2002:44
[INFO] [stdout]      |
[INFO] [stdout] 2002 |                 Json::I64(f) => match num::cast(f) {
[INFO] [stdout]      |                                            ^^^^ not found in `num`
[INFO] [stdout] ...
[INFO] [stdout] 2038 |     read_primitive! { read_i32, i32 }
[INFO] [stdout]      |     --------------------------------- in this macro invocation
[INFO] [stdout]      |
[INFO] [stdout]      = note: this error originates in the macro `read_primitive` (in Nightly builds, run with -Z macro-backtrace for more info)
[INFO] [stdout] 
[INFO] [stdout] 
[INFO] [stdout] error[E0425]: cannot find function `cast` in module `num`
[INFO] [stdout]     --> /opt/rustwide/cargo-home/registry/src/github.com-1ecc6299db9ec823/rustc-serialize-0.2.10/src/json.rs:2006:44
[INFO] [stdout]      |
[INFO] [stdout] 2006 |                 Json::U64(f) => match num::cast(f) {
[INFO] [stdout]      |                                            ^^^^ not found in `num`
[INFO] [stdout] ...
[INFO] [stdout] 2038 |     read_primitive! { read_i32, i32 }
[INFO] [stdout]      |     --------------------------------- in this macro invocation
[INFO] [stdout]      |
[INFO] [stdout]      = note: this error originates in the macro `read_primitive` (in Nightly builds, run with -Z macro-backtrace for more info)
[INFO] [stdout] 
[INFO] [stdout] 
[INFO] [stdout] error[E0425]: cannot find function `cast` in module `num`
[INFO] [stdout]     --> /opt/rustwide/cargo-home/registry/src/github.com-1ecc6299db9ec823/rustc-serialize-0.2.10/src/json.rs:2002:44
[INFO] [stdout]      |
[INFO] [stdout] 2002 |                 Json::I64(f) => match num::cast(f) {
[INFO] [stdout]      |                                            ^^^^ not found in `num`
[INFO] [stdout] ...
[INFO] [stdout] 2039 |     read_primitive! { read_i64, i64 }
[INFO] [stdout]      |     --------------------------------- in this macro invocation
[INFO] [stdout]      |
[INFO] [stdout]      = note: this error originates in the macro `read_primitive` (in Nightly builds, run with -Z macro-backtrace for more info)
[INFO] [stdout] 
[INFO] [stdout] 
[INFO] [stdout] error[E0425]: cannot find function `cast` in module `num`
[INFO] [stdout]     --> /opt/rustwide/cargo-home/registry/src/github.com-1ecc6299db9ec823/rustc-serialize-0.2.10/src/json.rs:2006:44
[INFO] [stdout]      |
[INFO] [stdout] 2006 |                 Json::U64(f) => match num::cast(f) {
[INFO] [stdout]      |                                            ^^^^ not found in `num`
[INFO] [stdout] ...
[INFO] [stdout] 2039 |     read_primitive! { read_i64, i64 }
[INFO] [stdout]      |     --------------------------------- in this macro invocation
[INFO] [stdout]      |
[INFO] [stdout]      = note: this error originates in the macro `read_primitive` (in Nightly builds, run with -Z macro-backtrace for more info)
[INFO] [stdout] 
[INFO] [stdout] 
[INFO] [stdout] error[E0405]: cannot find trait `Writer` in module `fmt`
[INFO] [stdout]     --> /opt/rustwide/cargo-home/registry/src/github.com-1ecc6299db9ec823/rustc-serialize-0.2.10/src/json.rs:2415:19
[INFO] [stdout]      |
[INFO] [stdout] 2415 | impl<'a, 'b> fmt::Writer for FormatShim<'a, 'b> {
[INFO] [stdout]      |                   ^^^^^^ help: a trait with a similar name exists: `Write`
[INFO] [stdout]     --> /rustc/84c898d65adf2f39a5a98507f1fe0ce10a2b8dbc/library/core/src/fmt/mod.rs:110:1
[INFO] [stdout]      |
[INFO] [stdout]      = note: similarly named trait `Write` defined here
[INFO] [stdout] 
[INFO] [stdout] 
[INFO] [stdout] error: aborting due to 25 previous errors
[INFO] [stdout] 
[INFO] [stdout] 
[INFO] [stdout] Some errors have detailed explanations: E0277, E0392, E0423, E0425, E0432, E0463, E0603.
[INFO] [stdout] 
[INFO] [stdout] For more information about an error, try `rustc --explain E0277`.
[INFO] [stdout] 
[INFO] [stderr] error: could not compile `regex` due to 26 previous errors
[INFO] [stderr] warning: build failed, waiting for other jobs to finish...
[INFO] [stdout] error[E0107]: trait takes 0 generic arguments but 1 generic argument was supplied
[INFO] [stdout]    --> /opt/rustwide/cargo-home/registry/src/github.com-1ecc6299db9ec823/rustc-serialize-0.2.10/src/collection_impls.rs:132:26
[INFO] [stdout]     |
[INFO] [stdout] 132 |     where K: Encodable + Hash< <S as HashState>::Hasher> + Eq,
[INFO] [stdout]     |                          ^^^^--------------------------- help: remove these generics
[INFO] [stdout]     |                          |
[INFO] [stdout]     |                          expected 0 generic arguments
[INFO] [stdout] 
[INFO] [stdout] 
[INFO] [stdout] error: aborting due to 73 previous errors
[INFO] [stdout] 
[INFO] [stdout] 
[INFO] [stdout] Some errors have detailed explanations: E0107, E0405, E0412, E0425, E0432, E0433, E0463, E0642.
[INFO] [stdout] 
[INFO] [stdout] For more information about an error, try `rustc --explain E0107`.
[INFO] [stdout] 
[INFO] [stderr] error: could not compile `rustc-serialize` due to 74 previous errors
[INFO] running `Command { std: "docker" "inspect" "6c431f8444abda4a81f6162a054e3f6504054a9bc7770105c228ccb162ece0ab", kill_on_drop: false }`
[INFO] running `Command { std: "docker" "rm" "-f" "6c431f8444abda4a81f6162a054e3f6504054a9bc7770105c228ccb162ece0ab", kill_on_drop: false }`
[INFO] [stdout] 6c431f8444abda4a81f6162a054e3f6504054a9bc7770105c228ccb162ece0ab
