[INFO] cloning repository https://github.com/WeirdConstructor/WBlockDSP
[INFO] running `Command { std: "git" "-c" "credential.helper=" "-c" "credential.helper=/workspace/cargo-home/bin/git-credential-null" "clone" "--bare" "https://github.com/WeirdConstructor/WBlockDSP" "/workspace/cache/git-repos/https%3A%2F%2Fgithub.com%2FWeirdConstructor%2FWBlockDSP", kill_on_drop: false }`
[INFO] [stderr] Cloning into bare repository '/workspace/cache/git-repos/https%3A%2F%2Fgithub.com%2FWeirdConstructor%2FWBlockDSP'...
[INFO] running `Command { std: "git" "rev-parse" "HEAD", kill_on_drop: false }`
[INFO] [stdout] 282d157d73ee89c77c8ff4443c316232b0c37a5f
[INFO] documenting WeirdConstructor/WBlockDSP against beta-2023-04-20 for beta-1.70-rustdoc-1
[INFO] running `Command { std: "git" "clone" "/workspace/cache/git-repos/https%3A%2F%2Fgithub.com%2FWeirdConstructor%2FWBlockDSP" "/workspace/builds/worker-7-tc2/source", kill_on_drop: false }`
[INFO] [stderr] Cloning into '/workspace/builds/worker-7-tc2/source'...
[INFO] [stderr] done.
[INFO] validating manifest of git repo https://github.com/WeirdConstructor/WBlockDSP on toolchain beta-2023-04-20
[INFO] running `Command { std: CARGO_HOME="/workspace/cargo-home" RUSTUP_HOME="/workspace/rustup-home" "/workspace/cargo-home/bin/cargo" "+beta-2023-04-20" "metadata" "--manifest-path" "Cargo.toml" "--no-deps", kill_on_drop: false }`
[INFO] started tweaking git repo https://github.com/WeirdConstructor/WBlockDSP
[INFO] finished tweaking git repo https://github.com/WeirdConstructor/WBlockDSP
[INFO] tweaked toml for git repo https://github.com/WeirdConstructor/WBlockDSP written to /workspace/builds/worker-7-tc2/source/Cargo.toml
[INFO] running `Command { std: CARGO_HOME="/workspace/cargo-home" RUSTUP_HOME="/workspace/rustup-home" __CARGO_TEST_CHANNEL_OVERRIDE_DO_NOT_USE_THIS="nightly" "/workspace/cargo-home/bin/cargo" "+beta-2023-04-20" "generate-lockfile" "--manifest-path" "Cargo.toml" "-Zno-index-update", kill_on_drop: false }`
[INFO] [stderr]     Updating git repository `https://github.com/WeirdConstructor/WLambda.git`
[INFO] running `Command { std: CARGO_HOME="/workspace/cargo-home" RUSTUP_HOME="/workspace/rustup-home" "/workspace/cargo-home/bin/cargo" "+beta-2023-04-20" "fetch" "--manifest-path" "Cargo.toml", kill_on_drop: false }`
[INFO] [stderr]  Downloading crates ...
[INFO] [stderr]   Downloaded cranelift v0.85.3
[INFO] [stderr]   Downloaded cranelift-bforest v0.85.3
[INFO] [stderr]   Downloaded cranelift-codegen-shared v0.85.3
[INFO] [stderr]   Downloaded cranelift-native v0.85.3
[INFO] [stderr]   Downloaded cranelift-jit v0.85.3
[INFO] [stderr]   Downloaded cranelift-module v0.85.3
[INFO] [stderr]   Downloaded cranelift-frontend v0.85.3
[INFO] [stderr]   Downloaded cranelift-entity v0.85.3
[INFO] [stderr]   Downloaded cranelift-isle v0.85.3
[INFO] [stderr]   Downloaded cranelift-codegen-meta v0.85.3
[INFO] [stderr]   Downloaded regalloc2 v0.2.3
[INFO] [stderr]   Downloaded cranelift-codegen v0.85.3
[INFO] [stderr]   Downloaded dirs-next v1.0.2
[INFO] [stderr]   Downloaded rustyline v6.3.0
[INFO] running `Command { std: "docker" "create" "-v" "/var/lib/crater-agent-workspace/builds/worker-7-tc2/target:/opt/rustwide/target:rw,Z" "-v" "/var/lib/crater-agent-workspace/builds/worker-7-tc2/source:/opt/rustwide/workdir:ro,Z" "-v" "/var/lib/crater-agent-workspace/cargo-home:/opt/rustwide/cargo-home:ro,Z" "-v" "/var/lib/crater-agent-workspace/rustup-home:/opt/rustwide/rustup-home:ro,Z" "-e" "SOURCE_DIR=/opt/rustwide/workdir" "-e" "CARGO_TARGET_DIR=/opt/rustwide/target" "-e" "CARGO_HOME=/opt/rustwide/cargo-home" "-e" "RUSTUP_HOME=/opt/rustwide/rustup-home" "-w" "/opt/rustwide/workdir" "-m" "1610612736" "--user" "0:0" "--network" "none" "ghcr.io/rust-lang/crates-build-env/linux@sha256:5ff2268d62e97bff2cde7d5815dd6ed5b47097566f13b8d0ca110b04b60e07ed" "/opt/rustwide/cargo-home/bin/cargo" "+beta-2023-04-20" "metadata" "--no-deps" "--format-version=1", kill_on_drop: false }`
[INFO] [stdout] f3a7f8d4e071e06722af81ebdfddf55ebc884ad530f5c8a54e2d58be0499d9aa
[INFO] running `Command { std: "docker" "start" "-a" "f3a7f8d4e071e06722af81ebdfddf55ebc884ad530f5c8a54e2d58be0499d9aa", kill_on_drop: false }`
[INFO] running `Command { std: "docker" "inspect" "f3a7f8d4e071e06722af81ebdfddf55ebc884ad530f5c8a54e2d58be0499d9aa", kill_on_drop: false }`
[INFO] running `Command { std: "docker" "rm" "-f" "f3a7f8d4e071e06722af81ebdfddf55ebc884ad530f5c8a54e2d58be0499d9aa", kill_on_drop: false }`
[INFO] [stdout] f3a7f8d4e071e06722af81ebdfddf55ebc884ad530f5c8a54e2d58be0499d9aa
[INFO] running `Command { std: "docker" "create" "-v" "/var/lib/crater-agent-workspace/builds/worker-7-tc2/target:/opt/rustwide/target:rw,Z" "-v" "/var/lib/crater-agent-workspace/builds/worker-7-tc2/source:/opt/rustwide/workdir:ro,Z" "-v" "/var/lib/crater-agent-workspace/cargo-home:/opt/rustwide/cargo-home:ro,Z" "-v" "/var/lib/crater-agent-workspace/rustup-home:/opt/rustwide/rustup-home:ro,Z" "-e" "SOURCE_DIR=/opt/rustwide/workdir" "-e" "CARGO_TARGET_DIR=/opt/rustwide/target" "-e" "CARGO_INCREMENTAL=0" "-e" "RUST_BACKTRACE=full" "-e" "RUSTFLAGS=--cap-lints=warn" "-e" "RUSTDOCFLAGS=--cap-lints=warn" "-e" "CARGO_HOME=/opt/rustwide/cargo-home" "-e" "RUSTUP_HOME=/opt/rustwide/rustup-home" "-w" "/opt/rustwide/workdir" "-m" "1610612736" "--user" "0:0" "--network" "none" "ghcr.io/rust-lang/crates-build-env/linux@sha256:5ff2268d62e97bff2cde7d5815dd6ed5b47097566f13b8d0ca110b04b60e07ed" "/opt/rustwide/cargo-home/bin/cargo" "+beta-2023-04-20" "doc" "--frozen" "--no-deps" "--document-private-items" "--message-format=json", kill_on_drop: false }`
[INFO] [stdout] 89f7e4d9386a763807a77829724e74ec438b687cb22af5497383f8cca05dd272
[INFO] running `Command { std: "docker" "start" "-a" "89f7e4d9386a763807a77829724e74ec438b687cb22af5497383f8cca05dd272", kill_on_drop: false }`
[INFO] [stderr]    Compiling autocfg v1.1.0
[INFO] [stderr]    Compiling libc v0.2.142
[INFO] [stderr]    Compiling log v0.4.17
[INFO] [stderr]    Compiling proc-macro2 v1.0.56
[INFO] [stderr]    Compiling cranelift-isle v0.85.3
[INFO] [stderr]    Compiling quote v1.0.26
[INFO] [stderr]    Compiling unicode-ident v1.0.8
[INFO] [stderr]    Compiling cranelift-codegen-shared v0.85.3
[INFO] [stderr]    Compiling target-lexicon v0.12.7
[INFO] [stderr]     Checking hashbrown v0.12.3
[INFO] [stderr]    Compiling serde_derive v1.0.160
[INFO] [stderr]     Checking cranelift-entity v0.85.3
[INFO] [stderr]    Compiling memchr v2.5.0
[INFO] [stderr]     Checking smallvec v1.10.0
[INFO] [stderr]     Checking fxhash v0.2.1
[INFO] [stderr]     Checking slice-group-by v0.3.0
[INFO] [stderr]    Compiling cranelift-codegen-meta v0.85.3
[INFO] [stderr]    Compiling serde v1.0.160
[INFO] [stderr]    Compiling paste v1.0.12
[INFO] [stderr]    Compiling crc32fast v1.3.2
[INFO] [stderr]     Checking cranelift-bforest v0.85.3
[INFO] [stderr]    Compiling anyhow v1.0.71
[INFO] [stderr]    Compiling serde_json v1.0.96
[INFO] [stderr]     Checking miniz_oxide v0.7.1
[INFO] [stderr]     Checking regalloc2 v0.2.3
[INFO] [stderr]     Checking itoa v1.0.6
[INFO] [stderr]    Compiling indexmap v1.9.3
[INFO] [stderr]    Compiling num-traits v0.2.15
[INFO] [stderr]    Compiling num-integer v0.1.45
[INFO] [stderr]     Checking aho-corasick v1.0.1
[INFO] [stderr]     Checking iana-time-zone v0.1.56
[INFO] [stderr]     Checking ryu v1.0.13
[INFO] [stderr]     Checking regex-syntax v0.7.1
[INFO] [stderr]     Checking unicode-segmentation v1.10.1
[INFO] [stderr]     Checking unicode-width v0.1.10
[INFO] [stderr]     Checking utf8parse v0.2.1
[INFO] [stderr]     Checking flate2 v1.0.26
[INFO] [stderr]     Checking quick-xml v0.27.1
[INFO] [stderr]     Checking base64 v0.13.1
[INFO] [stderr]     Checking weezl v0.1.7
[INFO] [stderr]     Checking fnv v1.0.7
[INFO] [stderr]    Compiling syn v2.0.15
[INFO] [stderr]     Checking gimli v0.26.2
[INFO] [stderr]     Checking dirs-sys-next v0.1.2
[INFO] [stderr]     Checking nix v0.18.0
[INFO] [stderr]     Checking time v0.1.45
[INFO] [stderr]     Checking socket2 v0.5.2
[INFO] [stderr]     Checking region v2.2.0
[INFO] [stderr]     Checking dirs-next v1.0.2
[INFO] [stderr]    Compiling cranelift-codegen v0.85.3
[INFO] [stderr]     Checking rmp v0.8.11
[INFO] [stderr]     Checking chrono v0.4.24
[INFO] [stderr]     Checking regex v1.8.1
[INFO] [stderr]     Checking rustyline v6.3.0
[INFO] [stderr]     Checking rmp-serde v1.1.1
[INFO] [stderr]     Checking toml v0.5.11
[INFO] [stderr]     Checking wlambda v0.8.1 (https://github.com/WeirdConstructor/WLambda.git#105a59f6)
[INFO] [stderr]     Checking cranelift-module v0.85.3
[INFO] [stderr]     Checking cranelift-frontend v0.85.3
[INFO] [stderr]     Checking cranelift-native v0.85.3
[INFO] [stdout] error[E0433]: failed to resolve: use of undeclared type `BodyStructure`
[INFO] [stdout]   --> /opt/rustwide/cargo-home/git/checkouts/wlambda-8816cd86338e332c/105a59f/src/stdlib/imap.rs:56:9
[INFO] [stdout]    |
[INFO] [stdout] 56 |         BodyStructure::Basic { common, .. } => {
[INFO] [stdout]    |         ^^^^^^^^^^^^^ use of undeclared type `BodyStructure`
[INFO] [stdout] 
[INFO] [stdout] 
[INFO] [stdout] error[E0433]: failed to resolve: use of undeclared type `BodyStructure`
[INFO] [stdout]   --> /opt/rustwide/cargo-home/git/checkouts/wlambda-8816cd86338e332c/105a59f/src/stdlib/imap.rs:59:9
[INFO] [stdout]    |
[INFO] [stdout] 59 |         BodyStructure::Text { common, .. } => {
[INFO] [stdout]    |         ^^^^^^^^^^^^^ use of undeclared type `BodyStructure`
[INFO] [stdout] 
[INFO] [stdout] 
[INFO] [stdout] error[E0433]: failed to resolve: use of undeclared type `BodyStructure`
[INFO] [stdout]   --> /opt/rustwide/cargo-home/git/checkouts/wlambda-8816cd86338e332c/105a59f/src/stdlib/imap.rs:62:9
[INFO] [stdout]    |
[INFO] [stdout] 62 |         BodyStructure::Message { common, body, .. } => {
[INFO] [stdout]    |         ^^^^^^^^^^^^^ use of undeclared type `BodyStructure`
[INFO] [stdout] 
[INFO] [stdout] 
[INFO] [stdout] error[E0433]: failed to resolve: use of undeclared type `BodyStructure`
[INFO] [stdout]   --> /opt/rustwide/cargo-home/git/checkouts/wlambda-8816cd86338e332c/105a59f/src/stdlib/imap.rs:67:9
[INFO] [stdout]    |
[INFO] [stdout] 67 |         BodyStructure::Multipart { common, bodies, .. } => {
[INFO] [stdout]    |         ^^^^^^^^^^^^^ use of undeclared type `BodyStructure`
[INFO] [stdout] 
[INFO] [stdout] 
[INFO] [stdout] error[E0433]: failed to resolve: use of undeclared type `MessageSection`
[INFO] [stdout]   --> /opt/rustwide/cargo-home/git/checkouts/wlambda-8816cd86338e332c/105a59f/src/stdlib/imap.rs:84:48
[INFO] [stdout]    |
[INFO] [stdout] 84 |             "header" => Some(SectionPath::Full(MessageSection::Header)),
[INFO] [stdout]    |                                                ^^^^^^^^^^^^^^ use of undeclared type `MessageSection`
[INFO] [stdout] 
[INFO] [stdout] 
[INFO] [stdout] error[E0433]: failed to resolve: use of undeclared type `MessageSection`
[INFO] [stdout]   --> /opt/rustwide/cargo-home/git/checkouts/wlambda-8816cd86338e332c/105a59f/src/stdlib/imap.rs:85:46
[INFO] [stdout]    |
[INFO] [stdout] 85 |             "mime" => Some(SectionPath::Full(MessageSection::Mime)),
[INFO] [stdout]    |                                              ^^^^^^^^^^^^^^ use of undeclared type `MessageSection`
[INFO] [stdout] 
[INFO] [stdout] 
[INFO] [stdout] error[E0433]: failed to resolve: use of undeclared type `MessageSection`
[INFO] [stdout]   --> /opt/rustwide/cargo-home/git/checkouts/wlambda-8816cd86338e332c/105a59f/src/stdlib/imap.rs:86:46
[INFO] [stdout]    |
[INFO] [stdout] 86 |             "text" => Some(SectionPath::Full(MessageSection::Text)),
[INFO] [stdout]    |                                              ^^^^^^^^^^^^^^ use of undeclared type `MessageSection`
[INFO] [stdout] 
[INFO] [stdout] 
[INFO] [stdout] error[E0433]: failed to resolve: use of undeclared type `MessageSection`
[INFO] [stdout]    --> /opt/rustwide/cargo-home/git/checkouts/wlambda-8816cd86338e332c/105a59f/src/stdlib/imap.rs:110:63
[INFO] [stdout]     |
[INFO] [stdout] 110 |                 "header" => Some(SectionPath::Part(path, Some(MessageSection::Header))),
[INFO] [stdout]     |                                                               ^^^^^^^^^^^^^^ use of undeclared type `MessageSection`
[INFO] [stdout] 
[INFO] [stdout] 
[INFO] [stdout] error[E0433]: failed to resolve: use of undeclared type `MessageSection`
[INFO] [stdout]    --> /opt/rustwide/cargo-home/git/checkouts/wlambda-8816cd86338e332c/105a59f/src/stdlib/imap.rs:111:61
[INFO] [stdout]     |
[INFO] [stdout] 111 |                 "mime" => Some(SectionPath::Part(path, Some(MessageSection::Mime))),
[INFO] [stdout]     |                                                             ^^^^^^^^^^^^^^ use of undeclared type `MessageSection`
[INFO] [stdout] 
[INFO] [stdout] 
[INFO] [stdout] error[E0433]: failed to resolve: use of undeclared type `MessageSection`
[INFO] [stdout]    --> /opt/rustwide/cargo-home/git/checkouts/wlambda-8816cd86338e332c/105a59f/src/stdlib/imap.rs:112:61
[INFO] [stdout]     |
[INFO] [stdout] 112 |                 "text" => Some(SectionPath::Part(path, Some(MessageSection::Text))),
[INFO] [stdout]     |                                                             ^^^^^^^^^^^^^^ use of undeclared type `MessageSection`
[INFO] [stdout] 
[INFO] [stdout] 
[INFO] [stdout] error[E0412]: cannot find type `VImapSession` in this scope
[INFO] [stdout]   --> /opt/rustwide/cargo-home/git/checkouts/wlambda-8816cd86338e332c/105a59f/src/stdlib/imap.rs:36:40
[INFO] [stdout]    |
[INFO] [stdout] 36 | impl crate::threads::ThreadSafeUsr for VImapSession {
[INFO] [stdout]    |                                        ^^^^^^^^^^^^ not found in this scope
[INFO] [stdout] 
[INFO] [stdout] 
[INFO] [stdout] error[E0422]: cannot find struct, variant or union type `VImapSession` in this scope
[INFO] [stdout]   --> /opt/rustwide/cargo-home/git/checkouts/wlambda-8816cd86338e332c/105a59f/src/stdlib/imap.rs:38:23
[INFO] [stdout]    |
[INFO] [stdout] 38 |         VVal::new_usr(VImapSession { session: self.session.clone() })
[INFO] [stdout]    |                       ^^^^^^^^^^^^ not found in this scope
[INFO] [stdout] 
[INFO] [stdout] 
[INFO] [stdout] error[E0412]: cannot find type `BodyContentCommon` in this scope
[INFO] [stdout]   --> /opt/rustwide/cargo-home/git/checkouts/wlambda-8816cd86338e332c/105a59f/src/stdlib/imap.rs:42:30
[INFO] [stdout]    |
[INFO] [stdout] 42 | fn body_cont2vv<'a>(bcc: &'a BodyContentCommon) -> VVal {
[INFO] [stdout]    |                              ^^^^^^^^^^^^^^^^^ not found in this scope
[INFO] [stdout] 
[INFO] [stdout] 
[INFO] [stdout] error[E0412]: cannot find type `BodyStructure` in this scope
[INFO] [stdout]   --> /opt/rustwide/cargo-home/git/checkouts/wlambda-8816cd86338e332c/105a59f/src/stdlib/imap.rs:54:33
[INFO] [stdout]    |
[INFO] [stdout] 54 | fn bodystructure2vv<'a>(bs: &'a BodyStructure) -> VVal {
[INFO] [stdout]    |                                 ^^^^^^^^^^^^^ not found in this scope
[INFO] [stdout] 
[INFO] [stdout] 
[INFO] [stdout] error[E0412]: cannot find type `SectionPath` in this scope
[INFO] [stdout]   --> /opt/rustwide/cargo-home/git/checkouts/wlambda-8816cd86338e332c/105a59f/src/stdlib/imap.rs:81:41
[INFO] [stdout]    |
[INFO] [stdout] 81 | fn vv2section_path(vv: &VVal) -> Option<SectionPath> {
[INFO] [stdout]    |                                         ^^^^^^^^^^^ not found in this scope
[INFO] [stdout]    |
[INFO] [stdout] help: you might be missing a type parameter
[INFO] [stdout]    |
[INFO] [stdout] 81 | fn vv2section_path<SectionPath>(vv: &VVal) -> Option<SectionPath> {
[INFO] [stdout]    |                   +++++++++++++
[INFO] [stdout] 
[INFO] [stdout] 
[INFO] [stdout] error[E0412]: cannot find type `Fetch` in this scope
[INFO] [stdout]    --> /opt/rustwide/cargo-home/git/checkouts/wlambda-8816cd86338e332c/105a59f/src/stdlib/imap.rs:119:32
[INFO] [stdout]     |
[INFO] [stdout] 119 | fn fetch2vv(env: &mut Env, f: &Fetch, arg: VVal) -> VVal {
[INFO] [stdout]     |                                ^^^^^ not found in this scope
[INFO] [stdout] 
[INFO] [stdout] 
[INFO] [stdout] error[E0412]: cannot find type `ParsedMail` in this scope
[INFO] [stdout]    --> /opt/rustwide/cargo-home/git/checkouts/wlambda-8816cd86338e332c/105a59f/src/stdlib/imap.rs:317:39
[INFO] [stdout]     |
[INFO] [stdout] 317 | fn mail_part2vv(env: &mut Env, part: &ParsedMail) -> Result<VVal, VVal> {
[INFO] [stdout]     |                                       ^^^^^^^^^^ not found in this scope
[INFO] [stdout] 
[INFO] [stdout] 
[INFO] [stdout] error[E0412]: cannot find type `ParsedMail` in this scope
[INFO] [stdout]    --> /opt/rustwide/cargo-home/git/checkouts/wlambda-8816cd86338e332c/105a59f/src/stdlib/imap.rs:358:34
[INFO] [stdout]     |
[INFO] [stdout] 358 | fn mail2vv(env: &mut Env, mail: &ParsedMail) -> Result<VVal, VVal> {
[INFO] [stdout]     |                                  ^^^^^^^^^^ not found in this scope
[INFO] [stdout] 
[INFO] [stdout] 
[INFO] [stdout] error[E0412]: cannot find type `VSqliteConnection` in this scope
[INFO] [stdout]    --> /opt/rustwide/cargo-home/git/checkouts/wlambda-8816cd86338e332c/105a59f/src/stdlib/sqlite.rs:162:40
[INFO] [stdout]     |
[INFO] [stdout] 162 | impl crate::threads::ThreadSafeUsr for VSqliteConnection {
[INFO] [stdout]     |                                        ^^^^^^^^^^^^^^^^^ not found in this scope
[INFO] [stdout] 
[INFO] [stdout] 
[INFO] [stdout] error[E0422]: cannot find struct, variant or union type `VSqliteConnection` in this scope
[INFO] [stdout]    --> /opt/rustwide/cargo-home/git/checkouts/wlambda-8816cd86338e332c/105a59f/src/stdlib/sqlite.rs:164:23
[INFO] [stdout]     |
[INFO] [stdout] 164 |         VVal::new_usr(VSqliteConnection { con: self.con.clone() })
[INFO] [stdout]     |                       ^^^^^^^^^^^^^^^^^ not found in this scope
[INFO] [stdout] 
[INFO] [stdout] 
[INFO] [stderr]     Checking cranelift-jit v0.85.3
[INFO] [stderr]     Checking cranelift v0.85.3
[INFO] [stdout] error[E0433]: failed to resolve: use of undeclared type `SectionPath`
[INFO] [stdout]   --> /opt/rustwide/cargo-home/git/checkouts/wlambda-8816cd86338e332c/105a59f/src/stdlib/imap.rs:84:30
[INFO] [stdout]    |
[INFO] [stdout] 84 |             "header" => Some(SectionPath::Full(MessageSection::Header)),
[INFO] [stdout]    |                              ^^^^^^^^^^^ use of undeclared type `SectionPath`
[INFO] [stdout] 
[INFO] [stdout] 
[INFO] [stdout] error[E0433]: failed to resolve: use of undeclared type `SectionPath`
[INFO] [stdout]   --> /opt/rustwide/cargo-home/git/checkouts/wlambda-8816cd86338e332c/105a59f/src/stdlib/imap.rs:85:28
[INFO] [stdout]    |
[INFO] [stdout] 85 |             "mime" => Some(SectionPath::Full(MessageSection::Mime)),
[INFO] [stdout]    |                            ^^^^^^^^^^^ use of undeclared type `SectionPath`
[INFO] [stdout] 
[INFO] [stdout] 
[INFO] [stdout] error[E0433]: failed to resolve: use of undeclared type `SectionPath`
[INFO] [stdout]   --> /opt/rustwide/cargo-home/git/checkouts/wlambda-8816cd86338e332c/105a59f/src/stdlib/imap.rs:86:28
[INFO] [stdout]    |
[INFO] [stdout] 86 |             "text" => Some(SectionPath::Full(MessageSection::Text)),
[INFO] [stdout]    |                            ^^^^^^^^^^^ use of undeclared type `SectionPath`
[INFO] [stdout] 
[INFO] [stdout] 
[INFO] [stdout] error[E0433]: failed to resolve: use of undeclared type `SectionPath`
[INFO] [stdout]   --> /opt/rustwide/cargo-home/git/checkouts/wlambda-8816cd86338e332c/105a59f/src/stdlib/imap.rs:97:14
[INFO] [stdout]    |
[INFO] [stdout] 97 |         Some(SectionPath::Part(path, None))
[INFO] [stdout]    |              ^^^^^^^^^^^ use of undeclared type `SectionPath`
[INFO] [stdout] 
[INFO] [stdout] 
[INFO] [stdout] error[E0433]: failed to resolve: use of undeclared type `SectionPath`
[INFO] [stdout]    --> /opt/rustwide/cargo-home/git/checkouts/wlambda-8816cd86338e332c/105a59f/src/stdlib/imap.rs:107:18
[INFO] [stdout]     |
[INFO] [stdout] 107 |             Some(SectionPath::Part(path, None))
[INFO] [stdout]     |                  ^^^^^^^^^^^ use of undeclared type `SectionPath`
[INFO] [stdout] 
[INFO] [stdout] 
[INFO] [stdout] error[E0433]: failed to resolve: use of undeclared type `SectionPath`
[INFO] [stdout]    --> /opt/rustwide/cargo-home/git/checkouts/wlambda-8816cd86338e332c/105a59f/src/stdlib/imap.rs:110:34
[INFO] [stdout]     |
[INFO] [stdout] 110 |                 "header" => Some(SectionPath::Part(path, Some(MessageSection::Header))),
[INFO] [stdout]     |                                  ^^^^^^^^^^^ use of undeclared type `SectionPath`
[INFO] [stdout] 
[INFO] [stdout] 
[INFO] [stdout] error[E0433]: failed to resolve: use of undeclared type `SectionPath`
[INFO] [stdout]    --> /opt/rustwide/cargo-home/git/checkouts/wlambda-8816cd86338e332c/105a59f/src/stdlib/imap.rs:111:32
[INFO] [stdout]     |
[INFO] [stdout] 111 |                 "mime" => Some(SectionPath::Part(path, Some(MessageSection::Mime))),
[INFO] [stdout]     |                                ^^^^^^^^^^^ use of undeclared type `SectionPath`
[INFO] [stdout] 
[INFO] [stdout] 
[INFO] [stdout] error[E0433]: failed to resolve: use of undeclared type `SectionPath`
[INFO] [stdout]    --> /opt/rustwide/cargo-home/git/checkouts/wlambda-8816cd86338e332c/105a59f/src/stdlib/imap.rs:112:32
[INFO] [stdout]     |
[INFO] [stdout] 112 |                 "text" => Some(SectionPath::Part(path, Some(MessageSection::Text))),
[INFO] [stdout]     |                                ^^^^^^^^^^^ use of undeclared type `SectionPath`
[INFO] [stdout] 
[INFO] [stdout] 
[INFO] [stdout] error: aborting due to 28 previous errors
[INFO] [stdout] 
[INFO] [stdout] 
[INFO] [stdout] Some errors have detailed explanations: E0412, E0422, E0433.
[INFO] [stdout] 
[INFO] [stdout] For more information about an error, try `rustc --explain E0412`.
[INFO] [stdout] 
[INFO] [stderr] error: could not compile `wlambda` (lib) due to 29 previous errors
[INFO] running `Command { std: "docker" "inspect" "89f7e4d9386a763807a77829724e74ec438b687cb22af5497383f8cca05dd272", kill_on_drop: false }`
[INFO] running `Command { std: "docker" "rm" "-f" "89f7e4d9386a763807a77829724e74ec438b687cb22af5497383f8cca05dd272", kill_on_drop: false }`
[INFO] [stdout] 89f7e4d9386a763807a77829724e74ec438b687cb22af5497383f8cca05dd272
