[INFO] cloning repository https://github.com/Txuritan/meteors
[INFO] running `Command { std: "git" "-c" "credential.helper=" "-c" "credential.helper=/workspace/cargo-home/bin/git-credential-null" "clone" "--bare" "https://github.com/Txuritan/meteors" "/workspace/cache/git-repos/https%3A%2F%2Fgithub.com%2FTxuritan%2Fmeteors", kill_on_drop: false }`
[INFO] [stderr] Cloning into bare repository '/workspace/cache/git-repos/https%3A%2F%2Fgithub.com%2FTxuritan%2Fmeteors'...
[INFO] running `Command { std: "git" "rev-parse" "HEAD", kill_on_drop: false }`
[INFO] [stdout] 98527ff37c2c8d7213d94d88c300615db9c074bd
[INFO] documenting Txuritan/meteors against 1.69.0 for beta-1.70-rustdoc-1
[INFO] running `Command { std: "git" "clone" "/workspace/cache/git-repos/https%3A%2F%2Fgithub.com%2FTxuritan%2Fmeteors" "/workspace/builds/worker-7-tc1/source", kill_on_drop: false }`
[INFO] [stderr] Cloning into '/workspace/builds/worker-7-tc1/source'...
[INFO] [stderr] done.
[INFO] validating manifest of git repo https://github.com/Txuritan/meteors on toolchain 1.69.0
[INFO] running `Command { std: CARGO_HOME="/workspace/cargo-home" RUSTUP_HOME="/workspace/rustup-home" "/workspace/cargo-home/bin/cargo" "+1.69.0" "metadata" "--manifest-path" "Cargo.toml" "--no-deps", kill_on_drop: false }`
[INFO] removed /workspace/builds/worker-7-tc1/source/rust-toolchain
[INFO] started tweaking git repo https://github.com/Txuritan/meteors
[INFO] finished tweaking git repo https://github.com/Txuritan/meteors
[INFO] tweaked toml for git repo https://github.com/Txuritan/meteors written to /workspace/builds/worker-7-tc1/source/Cargo.toml
[INFO] crate git repo https://github.com/Txuritan/meteors already has a lockfile, it will not be regenerated
[INFO] running `Command { std: CARGO_HOME="/workspace/cargo-home" RUSTUP_HOME="/workspace/rustup-home" "/workspace/cargo-home/bin/cargo" "+1.69.0" "fetch" "--manifest-path" "Cargo.toml", kill_on_drop: false }`
[INFO] [stderr]  Downloading crates ...
[INFO] [stderr]   Downloaded honeycomb v0.1.4
[INFO] [stderr]   Downloaded venial v0.3.0
[INFO] running `Command { std: "docker" "create" "-v" "/var/lib/crater-agent-workspace/builds/worker-7-tc1/target:/opt/rustwide/target:rw,Z" "-v" "/var/lib/crater-agent-workspace/builds/worker-7-tc1/source:/opt/rustwide/workdir:ro,Z" "-v" "/var/lib/crater-agent-workspace/cargo-home:/opt/rustwide/cargo-home:ro,Z" "-v" "/var/lib/crater-agent-workspace/rustup-home:/opt/rustwide/rustup-home:ro,Z" "-e" "SOURCE_DIR=/opt/rustwide/workdir" "-e" "CARGO_TARGET_DIR=/opt/rustwide/target" "-e" "CARGO_HOME=/opt/rustwide/cargo-home" "-e" "RUSTUP_HOME=/opt/rustwide/rustup-home" "-w" "/opt/rustwide/workdir" "-m" "1610612736" "--user" "0:0" "--network" "none" "ghcr.io/rust-lang/crates-build-env/linux@sha256:5ff2268d62e97bff2cde7d5815dd6ed5b47097566f13b8d0ca110b04b60e07ed" "/opt/rustwide/cargo-home/bin/cargo" "+1.69.0" "metadata" "--no-deps" "--format-version=1", kill_on_drop: false }`
[INFO] [stdout] 52d475fc2ee6f6e4ea9a028e2fe27f7ed2eca00ef1cc5fb4c57e8deddc80cb18
[INFO] running `Command { std: "docker" "start" "-a" "52d475fc2ee6f6e4ea9a028e2fe27f7ed2eca00ef1cc5fb4c57e8deddc80cb18", kill_on_drop: false }`
[INFO] running `Command { std: "docker" "inspect" "52d475fc2ee6f6e4ea9a028e2fe27f7ed2eca00ef1cc5fb4c57e8deddc80cb18", kill_on_drop: false }`
[INFO] running `Command { std: "docker" "rm" "-f" "52d475fc2ee6f6e4ea9a028e2fe27f7ed2eca00ef1cc5fb4c57e8deddc80cb18", kill_on_drop: false }`
[INFO] [stdout] 52d475fc2ee6f6e4ea9a028e2fe27f7ed2eca00ef1cc5fb4c57e8deddc80cb18
[INFO] running `Command { std: "docker" "create" "-v" "/var/lib/crater-agent-workspace/builds/worker-7-tc1/target:/opt/rustwide/target:rw,Z" "-v" "/var/lib/crater-agent-workspace/builds/worker-7-tc1/source:/opt/rustwide/workdir:ro,Z" "-v" "/var/lib/crater-agent-workspace/cargo-home:/opt/rustwide/cargo-home:ro,Z" "-v" "/var/lib/crater-agent-workspace/rustup-home:/opt/rustwide/rustup-home:ro,Z" "-e" "SOURCE_DIR=/opt/rustwide/workdir" "-e" "CARGO_TARGET_DIR=/opt/rustwide/target" "-e" "CARGO_INCREMENTAL=0" "-e" "RUST_BACKTRACE=full" "-e" "RUSTFLAGS=--cap-lints=warn" "-e" "RUSTDOCFLAGS=--cap-lints=warn" "-e" "CARGO_HOME=/opt/rustwide/cargo-home" "-e" "RUSTUP_HOME=/opt/rustwide/rustup-home" "-w" "/opt/rustwide/workdir" "-m" "1610612736" "--user" "0:0" "--network" "none" "ghcr.io/rust-lang/crates-build-env/linux@sha256:5ff2268d62e97bff2cde7d5815dd6ed5b47097566f13b8d0ca110b04b60e07ed" "/opt/rustwide/cargo-home/bin/cargo" "+1.69.0" "doc" "--frozen" "--no-deps" "--document-private-items" "--message-format=json", kill_on_drop: false }`
[INFO] [stdout] f6957adfccff20da9e21399b319b8f95e781ee4e829f2e684e69ea964e556014
[INFO] running `Command { std: "docker" "start" "-a" "f6957adfccff20da9e21399b319b8f95e781ee4e829f2e684e69ea964e556014", kill_on_drop: false }`
[INFO] [stderr]    Compiling proc-macro2 v1.0.37
[INFO] [stderr]    Compiling syn v1.0.91
[INFO] [stderr]    Compiling libc v0.2.123
[INFO] [stderr]    Compiling autocfg v1.1.0
[INFO] [stderr]    Compiling anyhow v1.0.56
[INFO] [stderr]     Checking miniz_oxide v0.5.1
[INFO] [stderr]    Compiling ucd-trie v0.1.3
[INFO] [stderr]    Compiling maplit v1.0.2
[INFO] [stderr]     Checking fastrand v1.7.0
[INFO] [stderr]    Compiling pest v2.1.3
[INFO] [stderr]     Checking unicode-xid v0.2.2
[INFO] [stderr]    Compiling memoffset v0.6.5
[INFO] [stderr]    Compiling num-traits v0.2.14
[INFO] [stderr]    Compiling log v0.4.16
[INFO] [stderr]    Compiling crc32fast v1.3.2
[INFO] [stderr]     Checking quote v1.0.18
[INFO] [stderr]    Compiling num-integer v0.1.44
[INFO] [stderr]     Checking bitflags v1.3.2
[INFO] [stderr]    Compiling pest_meta v2.1.3
[INFO] [stderr]    Compiling venial v0.3.0
[INFO] [stderr]     Checking humantime v2.1.0
[INFO] [stderr]     Checking getrandom v0.2.6
[INFO] [stderr]     Checking fs2 v0.4.3
[INFO] [stderr]     Checking memmap2 v0.5.3
[INFO] [stderr]     Checking nix v0.23.1
[INFO] [stderr]     Checking flate2 v1.0.23
[INFO] [stderr]     Checking byteorder v1.4.3
[INFO] [stderr]     Checking once_cell v1.10.0
[INFO] [stderr]     Checking zip v0.6.2
[INFO] [stderr]    Compiling aloene-macros v0.1.0 (/opt/rustwide/workdir/crates/aloene-macros)
[INFO] [stderr]    Compiling opal-macros v0.1.0 (/opt/rustwide/workdir/crates/opal-macros)
[INFO] [stderr]     Checking chrono v0.4.19
[INFO] [stderr]     Checking honeycomb v0.1.4
[INFO] [stderr]  Documenting markup-parser v0.1.0 (/opt/rustwide/workdir/crates/markup-parser)
[INFO] [stderr]  Documenting aloene-macros v0.1.0 (/opt/rustwide/workdir/crates/aloene-macros)
[INFO] [stderr]     Checking aloene v0.1.0 (/opt/rustwide/workdir/crates/aloene)
[INFO] [stderr]  Documenting aloene v0.1.0 (/opt/rustwide/workdir/crates/aloene)
[INFO] [stderr]  Documenting opal-macros v0.1.0 (/opt/rustwide/workdir/crates/opal-macros)
[INFO] [stdout] error[E0554]: `#![feature]` may not be used on the stable release channel
[INFO] [stdout]  --> crates/aloene/src/lib.rs:1:1
[INFO] [stdout]   |
[INFO] [stdout] 1 | #![feature(decl_macro)]
[INFO] [stdout]   | ^^^^^^^^^^^^^^^^^^^^^^^
[INFO] [stdout] 
[INFO] [stdout] 
[INFO] [stderr]  Documenting eaves-vm v0.1.0 (/opt/rustwide/workdir/crates/eaves-vm)
[INFO] [stdout] error[E0554]: `#![feature]` may not be used on the stable release channel
[INFO] [stdout]  --> crates/aloene/src/lib.rs:1:1
[INFO] [stdout]   |
[INFO] [stdout] 1 | #![feature(decl_macro)]
[INFO] [stdout]   | ^^^^^^^^^^^^^^^^^^^^^^^
[INFO] [stdout] 
[INFO] [stdout] 
[INFO] [stdout] error: aborting due to previous error
[INFO] [stdout] 
[INFO] [stdout] 
[INFO] [stdout] For more information about this error, try `rustc --explain E0554`.
[INFO] [stdout] 
[INFO] [stderr] error: could not document `aloene`
[INFO] [stderr] 
[INFO] [stderr] Caused by:
[INFO] [stderr]   process didn't exit successfully: `rustdoc --edition=2021 --crate-type lib --crate-name aloene crates/aloene/src/lib.rs -o /opt/rustwide/target/doc --error-format=json --json=diagnostic-rendered-ansi,artifacts,future-incompat --document-private-items -C metadata=b3801bd254ec1434 -L dependency=/opt/rustwide/target/debug/deps --extern aloene_macros=/opt/rustwide/target/debug/deps/libaloene_macros-e8f7dff1a1efbcd4.so --cap-lints=warn --crate-version 0.1.0` (exit status: 1)
[INFO] [stderr] warning: build failed, waiting for other jobs to finish...
[INFO] [stdout] error: aborting due to previous error
[INFO] [stdout] 
[INFO] [stdout] 
[INFO] [stdout] For more information about this error, try `rustc --explain E0554`.
[INFO] [stdout] 
[INFO] [stderr] error: could not compile `aloene` due to 2 previous errors
[INFO] [stdout] error[E0554]: `#![feature]` may not be used on the stable release channel
[INFO] [stdout]  --> crates/eaves-vm/src/lib.rs:1:1
[INFO] [stdout]   |
[INFO] [stdout] 1 | #![feature(const_trait_impl)]
[INFO] [stdout]   | ^^^^^^^^^^^^^^^^^^^^^^^^^^^^^
[INFO] [stdout] 
[INFO] [stdout] 
[INFO] [stdout] error: aborting due to previous error
[INFO] [stdout] 
[INFO] [stdout] 
[INFO] [stdout] For more information about this error, try `rustc --explain E0554`.
[INFO] [stdout] 
[INFO] [stderr] error: could not document `eaves-vm`
[INFO] [stderr] 
[INFO] [stderr] Caused by:
[INFO] [stderr]   process didn't exit successfully: `rustdoc --edition=2021 --crate-type lib --crate-name eaves_vm crates/eaves-vm/src/lib.rs -o /opt/rustwide/target/doc --error-format=json --json=diagnostic-rendered-ansi,artifacts,future-incompat --document-private-items -C metadata=7991ffd2e9cfc7a7 -L dependency=/opt/rustwide/target/debug/deps --cap-lints=warn --crate-version 0.1.0` (exit status: 1)
[INFO] running `Command { std: "docker" "inspect" "f6957adfccff20da9e21399b319b8f95e781ee4e829f2e684e69ea964e556014", kill_on_drop: false }`
[INFO] running `Command { std: "docker" "rm" "-f" "f6957adfccff20da9e21399b319b8f95e781ee4e829f2e684e69ea964e556014", kill_on_drop: false }`
[INFO] [stdout] f6957adfccff20da9e21399b319b8f95e781ee4e829f2e684e69ea964e556014
