[INFO] cloning repository https://github.com/TomboFry/creature-evolution
[INFO] running `Command { std: "git" "-c" "credential.helper=" "-c" "credential.helper=/workspace/cargo-home/bin/git-credential-null" "clone" "--bare" "https://github.com/TomboFry/creature-evolution" "/workspace/cache/git-repos/https%3A%2F%2Fgithub.com%2FTomboFry%2Fcreature-evolution", kill_on_drop: false }`
[INFO] [stderr] Cloning into bare repository '/workspace/cache/git-repos/https%3A%2F%2Fgithub.com%2FTomboFry%2Fcreature-evolution'...
[INFO] running `Command { std: "git" "rev-parse" "HEAD", kill_on_drop: false }`
[INFO] [stdout] 249f66c5b2c79bbffac369bd4553a9d6acb88baa
[INFO] documenting TomboFry/creature-evolution against 1.69.0 for beta-1.70-rustdoc-1
[INFO] running `Command { std: "git" "clone" "/workspace/cache/git-repos/https%3A%2F%2Fgithub.com%2FTomboFry%2Fcreature-evolution" "/workspace/builds/worker-7-tc1/source", kill_on_drop: false }`
[INFO] [stderr] Cloning into '/workspace/builds/worker-7-tc1/source'...
[INFO] [stderr] done.
[INFO] validating manifest of git repo https://github.com/TomboFry/creature-evolution on toolchain 1.69.0
[INFO] running `Command { std: CARGO_HOME="/workspace/cargo-home" RUSTUP_HOME="/workspace/rustup-home" "/workspace/cargo-home/bin/cargo" "+1.69.0" "metadata" "--manifest-path" "Cargo.toml" "--no-deps", kill_on_drop: false }`
[INFO] started tweaking git repo https://github.com/TomboFry/creature-evolution
[INFO] finished tweaking git repo https://github.com/TomboFry/creature-evolution
[INFO] tweaked toml for git repo https://github.com/TomboFry/creature-evolution written to /workspace/builds/worker-7-tc1/source/Cargo.toml
[INFO] crate git repo https://github.com/TomboFry/creature-evolution already has a lockfile, it will not be regenerated
[INFO] running `Command { std: CARGO_HOME="/workspace/cargo-home" RUSTUP_HOME="/workspace/rustup-home" "/workspace/cargo-home/bin/cargo" "+1.69.0" "fetch" "--manifest-path" "Cargo.toml", kill_on_drop: false }`
[INFO] [stderr]  Downloading crates ...
[INFO] [stderr]   Downloaded adler32 v1.0.0
[INFO] [stderr]   Downloaded piston-gfx_texture v0.21.1
[INFO] [stderr]   Downloaded stb_truetype v0.2.1
[INFO] [stderr]   Downloaded deflate v0.7.14
[INFO] [stderr]   Downloaded arrayvec v0.3.23
[INFO] [stderr]   Downloaded futures v0.1.14
[INFO] [stderr]   Downloaded num-complex v0.1.39
[INFO] [stderr]   Downloaded piston2d-graphics v0.20.1
[INFO] [stderr]   Downloaded tempfile v2.1.6
[INFO] [stderr]   Downloaded num-bigint v0.1.40
[INFO] [stderr]   Downloaded num_cpus v1.6.2
[INFO] [stderr]   Downloaded assert_approx_eq v1.0.0
[INFO] [stderr]   Downloaded redox_syscall v0.1.26
[INFO] [stderr]   Downloaded scopeguard v0.3.2
[INFO] [stderr]   Downloaded shared_library v0.1.6
[INFO] [stderr]   Downloaded fixedbitset v0.1.6
[INFO] [stderr]   Downloaded num-rational v0.1.39
[INFO] [stderr]   Downloaded gl v0.6.3
[INFO] [stderr]   Downloaded gfx v0.14.1
[INFO] [stderr]   Downloaded open v1.2.0
[INFO] [stderr]   Downloaded gfx_core v0.6.1
[INFO] [stderr]   Downloaded vecmath v0.3.0
[INFO] [stderr]   Downloaded jpeg-decoder v0.1.13
[INFO] [stderr]   Downloaded gfx_device_gl v0.13.1
[INFO] [stderr]   Downloaded pistoncore-glutin_window v0.35.1
[INFO] [stderr]   Downloaded x11-dl v2.14.0
[INFO] [stderr]   Downloaded xml-rs v0.6.0
[INFO] [stderr]   Downloaded clap v2.25.1
[INFO] [stderr]   Downloaded libc v0.2.27
[INFO] [stderr]   Downloaded piston2d-gfx_graphics v0.37.0
[INFO] [stderr]   Downloaded conrod v0.51.1
[INFO] [stderr]   Downloaded piston_window v0.63.0
[INFO] running `Command { std: "docker" "create" "-v" "/var/lib/crater-agent-workspace/builds/worker-7-tc1/target:/opt/rustwide/target:rw,Z" "-v" "/var/lib/crater-agent-workspace/builds/worker-7-tc1/source:/opt/rustwide/workdir:ro,Z" "-v" "/var/lib/crater-agent-workspace/cargo-home:/opt/rustwide/cargo-home:ro,Z" "-v" "/var/lib/crater-agent-workspace/rustup-home:/opt/rustwide/rustup-home:ro,Z" "-e" "SOURCE_DIR=/opt/rustwide/workdir" "-e" "CARGO_TARGET_DIR=/opt/rustwide/target" "-e" "CARGO_HOME=/opt/rustwide/cargo-home" "-e" "RUSTUP_HOME=/opt/rustwide/rustup-home" "-w" "/opt/rustwide/workdir" "-m" "1610612736" "--user" "0:0" "--network" "none" "ghcr.io/rust-lang/crates-build-env/linux@sha256:5ff2268d62e97bff2cde7d5815dd6ed5b47097566f13b8d0ca110b04b60e07ed" "/opt/rustwide/cargo-home/bin/cargo" "+1.69.0" "metadata" "--no-deps" "--format-version=1", kill_on_drop: false }`
[INFO] [stdout] 6125ce82822720c0049a1098ce8264dfb9a3b5765cc02a5c3e783afa6f8a2638
[INFO] running `Command { std: "docker" "start" "-a" "6125ce82822720c0049a1098ce8264dfb9a3b5765cc02a5c3e783afa6f8a2638", kill_on_drop: false }`
[INFO] running `Command { std: "docker" "inspect" "6125ce82822720c0049a1098ce8264dfb9a3b5765cc02a5c3e783afa6f8a2638", kill_on_drop: false }`
[INFO] running `Command { std: "docker" "rm" "-f" "6125ce82822720c0049a1098ce8264dfb9a3b5765cc02a5c3e783afa6f8a2638", kill_on_drop: false }`
[INFO] [stdout] 6125ce82822720c0049a1098ce8264dfb9a3b5765cc02a5c3e783afa6f8a2638
[INFO] running `Command { std: "docker" "create" "-v" "/var/lib/crater-agent-workspace/builds/worker-7-tc1/target:/opt/rustwide/target:rw,Z" "-v" "/var/lib/crater-agent-workspace/builds/worker-7-tc1/source:/opt/rustwide/workdir:ro,Z" "-v" "/var/lib/crater-agent-workspace/cargo-home:/opt/rustwide/cargo-home:ro,Z" "-v" "/var/lib/crater-agent-workspace/rustup-home:/opt/rustwide/rustup-home:ro,Z" "-e" "SOURCE_DIR=/opt/rustwide/workdir" "-e" "CARGO_TARGET_DIR=/opt/rustwide/target" "-e" "CARGO_INCREMENTAL=0" "-e" "RUST_BACKTRACE=full" "-e" "RUSTFLAGS=--cap-lints=warn" "-e" "RUSTDOCFLAGS=--cap-lints=warn" "-e" "CARGO_HOME=/opt/rustwide/cargo-home" "-e" "RUSTUP_HOME=/opt/rustwide/rustup-home" "-w" "/opt/rustwide/workdir" "-m" "1610612736" "--user" "0:0" "--network" "none" "ghcr.io/rust-lang/crates-build-env/linux@sha256:5ff2268d62e97bff2cde7d5815dd6ed5b47097566f13b8d0ca110b04b60e07ed" "/opt/rustwide/cargo-home/bin/cargo" "+1.69.0" "doc" "--frozen" "--no-deps" "--document-private-items" "--message-format=json", kill_on_drop: false }`
[INFO] [stdout] 2975510dbafe9eb7f9716a560b1ae28b9dfd38ab5182c9c934c71bd51e2fb3c0
[INFO] running `Command { std: "docker" "start" "-a" "2975510dbafe9eb7f9716a560b1ae28b9dfd38ab5182c9c934c71bd51e2fb3c0", kill_on_drop: false }`
[INFO] [stderr]     Checking libc v0.2.27
[INFO] [stderr]     Checking lazy_static v0.2.8
[INFO] [stderr]    Compiling siphasher v0.2.2
[INFO] [stderr]     Checking bitflags v0.7.0
[INFO] [stderr]    Compiling dtoa v0.4.1
[INFO] [stderr]    Compiling num-traits v0.1.40
[INFO] [stderr]    Compiling serde v0.9.15
[INFO] [stderr]     Checking rustc-serialize v0.3.24
[INFO] [stderr]    Compiling bitflags v0.9.1
[INFO] [stderr]    Compiling itoa v0.3.1
[INFO] [stderr]    Compiling phf_shared v0.7.21
[INFO] [stderr]    Compiling xml-rs v0.6.0
[INFO] [stderr]     Checking rand v0.3.15
[INFO] [stderr]    Compiling khronos_api v1.0.1
[INFO] [stderr]    Compiling phf v0.7.21
[INFO] [stderr]    Compiling log v0.3.8
[INFO] [stderr]     Checking piston-float v0.3.0
[INFO] [stderr]     Checking byteorder v1.1.0
[INFO] [stderr]    Compiling xml-rs v0.3.6
[INFO] [stderr]    Compiling gl_generator v0.5.5
[INFO] [stderr]     Checking num-integer v0.1.35
[INFO] [stderr]    Compiling phf_generator v0.7.21
[INFO] [stderr]    Compiling winapi-build v0.1.1
[INFO] [stderr]    Compiling phf_codegen v0.7.21
[INFO] [stderr]     Checking piston-viewport v0.3.0
[INFO] [stderr]    Compiling target_build_utils v0.3.1
[INFO] [stderr]    Compiling kernel32-sys v0.2.2
[INFO] [stderr]    Compiling wayland-scanner v0.7.8
[INFO] [stderr]     Checking either v1.1.0
[INFO] [stderr]     Checking scopeguard v0.3.2
[INFO] [stderr]    Compiling rayon-core v1.2.1
[INFO] [stderr]     Checking winapi v0.2.8
[INFO] [stderr]     Checking num-bigint v0.1.40
[INFO] [stderr]     Checking coco v0.1.1
[INFO] [stderr]     Checking num-iter v0.1.34
[INFO] [stderr]     Checking num_cpus v1.6.2
[INFO] [stderr]     Checking bitflags v0.6.0
[INFO] [stderr]    Compiling wayland-client v0.7.8
[INFO] [stderr]     Checking futures v0.1.14
[INFO] [stderr]    Compiling pkg-config v0.3.9
[INFO] [stderr]     Checking fs2 v0.2.5
[INFO] [stderr]     Checking draw_state v0.6.0
[INFO] [stderr]    Compiling serde_json v0.9.10
[INFO] [stderr]     Checking pistoncore-input v0.17.1
[INFO] [stderr]     Checking num-rational v0.1.39
[INFO] [stderr]    Compiling x11-dl v2.14.0
[INFO] [stderr]     Checking adler32 v1.0.0
[INFO] [stderr]     Checking shader_version v0.2.2
[INFO] [stderr]     Checking odds v0.2.25
[INFO] [stderr]     Checking deflate v0.7.14
[INFO] [stderr]     Checking gfx_core v0.6.1
[INFO] [stderr]     Checking nodrop v0.1.9
[INFO] [stderr]     Checking memmap v0.4.0
[INFO] [stderr]     Checking tempfile v2.1.6
[INFO] [stderr]     Checking shared_library v0.1.6
[INFO] [stderr]     Checking piston-texture v0.5.0
[INFO] [stderr]     Checking byteorder v0.4.2
[INFO] [stderr]     Checking color_quant v1.0.0
[INFO] [stderr]     Checking inflate v0.1.1
[INFO] [stderr]     Checking rayon v0.8.2
[INFO] [stderr]     Checking lzw v0.10.0
[INFO] [stderr]     Checking stb_truetype v0.2.1
[INFO] [stderr]     Checking gif v0.9.2
[INFO] [stderr]     Checking arrayvec v0.3.23
[INFO] [stderr]     Checking pistoncore-window v0.26.2
[INFO] [stderr]    Compiling glutin v0.7.4
[INFO] [stderr]    Compiling gfx_gl v0.3.1
[INFO] [stderr]    Compiling gl v0.6.3
[INFO] [stderr]     Checking enum_primitive v0.1.1
[INFO] [stderr]     Checking vecmath v0.3.0
[INFO] [stderr]     Checking png v0.6.2
[INFO] [stderr]     Checking jpeg-decoder v0.1.13
[INFO] [stderr]     Checking scoped_threadpool v0.1.7
[INFO] [stderr]     Checking read_color v0.1.0
[INFO] [stderr]     Checking linked-hash-map v0.0.10
[INFO] [stderr]     Checking interpolation v0.1.0
[INFO] [stderr]     Checking gfx v0.14.1
[INFO] [stderr]     Checking image v0.12.4
[INFO] [stderr]     Checking piston2d-graphics v0.20.1
[INFO] [stderr]     Checking rusttype v0.2.1
[INFO] [stderr]     Checking osmesa-sys v0.1.2
[INFO] [stderr]     Checking fixedbitset v0.1.6
[INFO] [stderr]     Checking pistoncore-event_loop v0.31.4
[INFO] [stdout] error[E0311]: the parameter type `K` may not live long enough
[INFO] [stdout]   --> /opt/rustwide/cargo-home/registry/src/github.com-1ecc6299db9ec823/rusttype-0.2.1/src/support/bst/map.rs:81:19
[INFO] [stdout]    |
[INFO] [stdout] 81 |             match node.force() {
[INFO] [stdout]    |                   ^^^^
[INFO] [stdout]    |
[INFO] [stdout] note: the parameter type `K` must be valid for the anonymous lifetime defined here...
[INFO] [stdout]   --> /opt/rustwide/cargo-home/registry/src/github.com-1ecc6299db9ec823/rusttype-0.2.1/src/support/bst/map.rs:78:37
[INFO] [stdout]    |
[INFO] [stdout] 78 |                 node: node::NodeRef<marker::Immut, K, V, marker::LeafOrInternal>)
[INFO] [stdout]    |                                     ^^^^^^^^^^^^^
[INFO] [stdout] note: ...so that the type `K` will meet its required lifetime bounds
[INFO] [stdout]   --> /opt/rustwide/cargo-home/registry/src/github.com-1ecc6299db9ec823/rusttype-0.2.1/src/support/bst/map.rs:81:19
[INFO] [stdout]    |
[INFO] [stdout] 81 |             match node.force() {
[INFO] [stdout]    |                   ^^^^
[INFO] [stdout] help: consider adding an explicit lifetime bound...
[INFO] [stdout]    |
[INFO] [stdout] 77 ~         fn clone_subtree<'a, K: Clone + 'a, V: Clone>(
[INFO] [stdout] 78 ~                 node: node::NodeRef<marker::Immut<'a>, K, V, marker::LeafOrInternal>)
[INFO] [stdout]    |
[INFO] [stdout] 
[INFO] [stdout] 
[INFO] [stdout] error[E0311]: the parameter type `V` may not live long enough
[INFO] [stdout]   --> /opt/rustwide/cargo-home/registry/src/github.com-1ecc6299db9ec823/rusttype-0.2.1/src/support/bst/map.rs:81:19
[INFO] [stdout]    |
[INFO] [stdout] 81 |             match node.force() {
[INFO] [stdout]    |                   ^^^^
[INFO] [stdout]    |
[INFO] [stdout] note: the parameter type `V` must be valid for the anonymous lifetime defined here...
[INFO] [stdout]   --> /opt/rustwide/cargo-home/registry/src/github.com-1ecc6299db9ec823/rusttype-0.2.1/src/support/bst/map.rs:78:37
[INFO] [stdout]    |
[INFO] [stdout] 78 |                 node: node::NodeRef<marker::Immut, K, V, marker::LeafOrInternal>)
[INFO] [stdout]    |                                     ^^^^^^^^^^^^^
[INFO] [stdout] note: ...so that the type `V` will meet its required lifetime bounds
[INFO] [stdout]   --> /opt/rustwide/cargo-home/registry/src/github.com-1ecc6299db9ec823/rusttype-0.2.1/src/support/bst/map.rs:81:19
[INFO] [stdout]    |
[INFO] [stdout] 81 |             match node.force() {
[INFO] [stdout]    |                   ^^^^
[INFO] [stdout] help: consider adding an explicit lifetime bound...
[INFO] [stdout]    |
[INFO] [stdout] 77 ~         fn clone_subtree<'a, K: Clone, V: Clone + 'a>(
[INFO] [stdout] 78 ~                 node: node::NodeRef<marker::Immut<'a>, K, V, marker::LeafOrInternal>)
[INFO] [stdout]    |
[INFO] [stdout] 
[INFO] [stdout] 
[INFO] [stderr]     Checking petgraph v0.2.9
[INFO] [stdout] error: aborting due to 2 previous errors
[INFO] [stdout] 
[INFO] [stdout] 
[INFO] [stdout] For more information about this error, try `rustc --explain E0311`.
[INFO] [stdout] 
[INFO] [stderr] error: could not compile `rusttype` due to 3 previous errors
[INFO] [stderr] warning: build failed, waiting for other jobs to finish...
[INFO] [stdout] error[E0034]: multiple applicable items in scope
[INFO] [stdout]    --> /opt/rustwide/cargo-home/registry/src/github.com-1ecc6299db9ec823/petgraph-0.2.9/src/graph.rs:421:21
[INFO] [stdout]     |
[INFO] [stdout] 421 |         assert!(Ix::max().index() == !0 || NodeIndex::end() != node_idx);
[INFO] [stdout]     |                     ^^^ multiple `max` found
[INFO] [stdout]     |
[INFO] [stdout] note: candidate #1 is defined in the trait `IndexType`
[INFO] [stdout]    --> /opt/rustwide/cargo-home/registry/src/github.com-1ecc6299db9ec823/petgraph-0.2.9/src/graph.rs:31:5
[INFO] [stdout]     |
[INFO] [stdout] 31  |     fn max() -> Self;
[INFO] [stdout]     |     ^^^^^^^^^^^^^^^^^
[INFO] [stdout] note: candidate #2 is defined in the trait `Ord`
[INFO] [stdout]    --> /rustc/84c898d65adf2f39a5a98507f1fe0ce10a2b8dbc/library/core/src/cmp.rs:798:5
[INFO] [stdout] help: disambiguate the associated function for candidate #1
[INFO] [stdout]     |
[INFO] [stdout] 421 |         assert!(<Ix as IndexType>::max().index() == !0 || NodeIndex::end() != node_idx);
[INFO] [stdout]     |                 ~~~~~~~~~~~~~~~~~~~
[INFO] [stdout] help: disambiguate the method for candidate #2
[INFO] [stdout]     |
[INFO] [stdout] 421 |         assert!(<Ix as Ord>::max().index() == !0 || NodeIndex::end() != node_idx);
[INFO] [stdout]     |                 ~~~~~~~~~~~~~
[INFO] [stdout] 
[INFO] [stdout] 
[INFO] [stdout] error[E0308]: mismatched types
[INFO] [stdout]    --> /opt/rustwide/cargo-home/registry/src/github.com-1ecc6299db9ec823/petgraph-0.2.9/src/graph.rs:421:38
[INFO] [stdout]     |
[INFO] [stdout] 374 | impl<N, E, Ty, Ix> Graph<N, E, Ty, Ix>
[INFO] [stdout]     |                -- this type parameter
[INFO] [stdout] ...
[INFO] [stdout] 421 |         assert!(Ix::max().index() == !0 || NodeIndex::end() != node_idx);
[INFO] [stdout]     |                                      ^^ expected type parameter `Ix`, found integer
[INFO] [stdout]     |
[INFO] [stdout]     = note: expected type parameter `Ix`
[INFO] [stdout]                          found type `{integer}`
[INFO] [stdout] 
[INFO] [stdout] 
[INFO] [stdout] error[E0034]: multiple applicable items in scope
[INFO] [stdout]    --> /opt/rustwide/cargo-home/registry/src/github.com-1ecc6299db9ec823/petgraph-0.2.9/src/graph.rs:458:21
[INFO] [stdout]     |
[INFO] [stdout] 458 |         assert!(Ix::max().index() == !0 || EdgeIndex::end() != edge_idx);
[INFO] [stdout]     |                     ^^^ multiple `max` found
[INFO] [stdout]     |
[INFO] [stdout] note: candidate #1 is defined in the trait `IndexType`
[INFO] [stdout]    --> /opt/rustwide/cargo-home/registry/src/github.com-1ecc6299db9ec823/petgraph-0.2.9/src/graph.rs:31:5
[INFO] [stdout]     |
[INFO] [stdout] 31  |     fn max() -> Self;
[INFO] [stdout]     |     ^^^^^^^^^^^^^^^^^
[INFO] [stdout] note: candidate #2 is defined in the trait `Ord`
[INFO] [stdout]    --> /rustc/84c898d65adf2f39a5a98507f1fe0ce10a2b8dbc/library/core/src/cmp.rs:798:5
[INFO] [stdout] help: disambiguate the associated function for candidate #1
[INFO] [stdout]     |
[INFO] [stdout] 458 |         assert!(<Ix as IndexType>::max().index() == !0 || EdgeIndex::end() != edge_idx);
[INFO] [stdout]     |                 ~~~~~~~~~~~~~~~~~~~
[INFO] [stdout] help: disambiguate the method for candidate #2
[INFO] [stdout]     |
[INFO] [stdout] 458 |         assert!(<Ix as Ord>::max().index() == !0 || EdgeIndex::end() != edge_idx);
[INFO] [stdout]     |                 ~~~~~~~~~~~~~
[INFO] [stdout] 
[INFO] [stdout] 
[INFO] [stdout] error[E0308]: mismatched types
[INFO] [stdout]    --> /opt/rustwide/cargo-home/registry/src/github.com-1ecc6299db9ec823/petgraph-0.2.9/src/graph.rs:458:38
[INFO] [stdout]     |
[INFO] [stdout] 374 | impl<N, E, Ty, Ix> Graph<N, E, Ty, Ix>
[INFO] [stdout]     |                -- this type parameter
[INFO] [stdout] ...
[INFO] [stdout] 458 |         assert!(Ix::max().index() == !0 || EdgeIndex::end() != edge_idx);
[INFO] [stdout]     |                                      ^^ expected type parameter `Ix`, found integer
[INFO] [stdout]     |
[INFO] [stdout]     = note: expected type parameter `Ix`
[INFO] [stdout]                          found type `{integer}`
[INFO] [stdout] 
[INFO] [stdout] 
[INFO] [stdout] error: aborting due to 4 previous errors
[INFO] [stdout] 
[INFO] [stdout] 
[INFO] [stdout] Some errors have detailed explanations: E0034, E0308.
[INFO] [stdout] 
[INFO] [stdout] For more information about an error, try `rustc --explain E0034`.
[INFO] [stdout] 
[INFO] [stderr] error: could not compile `petgraph` due to 5 previous errors
[INFO] running `Command { std: "docker" "inspect" "2975510dbafe9eb7f9716a560b1ae28b9dfd38ab5182c9c934c71bd51e2fb3c0", kill_on_drop: false }`
[INFO] running `Command { std: "docker" "rm" "-f" "2975510dbafe9eb7f9716a560b1ae28b9dfd38ab5182c9c934c71bd51e2fb3c0", kill_on_drop: false }`
[INFO] [stdout] 2975510dbafe9eb7f9716a560b1ae28b9dfd38ab5182c9c934c71bd51e2fb3c0
