[INFO] cloning repository https://github.com/TinyPandas/TinyGuardianRS
[INFO] running `Command { std: "git" "-c" "credential.helper=" "-c" "credential.helper=/workspace/cargo-home/bin/git-credential-null" "clone" "--bare" "https://github.com/TinyPandas/TinyGuardianRS" "/workspace/cache/git-repos/https%3A%2F%2Fgithub.com%2FTinyPandas%2FTinyGuardianRS", kill_on_drop: false }`
[INFO] [stderr] Cloning into bare repository '/workspace/cache/git-repos/https%3A%2F%2Fgithub.com%2FTinyPandas%2FTinyGuardianRS'...
[INFO] running `Command { std: "git" "rev-parse" "HEAD", kill_on_drop: false }`
[INFO] [stdout] 50969d0660c3ca2152964a8020452ab70e484c08
[INFO] documenting TinyPandas/TinyGuardianRS against beta-2023-04-20 for beta-1.70-rustdoc-1
[INFO] running `Command { std: "git" "clone" "/workspace/cache/git-repos/https%3A%2F%2Fgithub.com%2FTinyPandas%2FTinyGuardianRS" "/workspace/builds/worker-1-tc2/source", kill_on_drop: false }`
[INFO] [stderr] Cloning into '/workspace/builds/worker-1-tc2/source'...
[INFO] [stderr] done.
[INFO] validating manifest of git repo https://github.com/TinyPandas/TinyGuardianRS on toolchain beta-2023-04-20
[INFO] running `Command { std: CARGO_HOME="/workspace/cargo-home" RUSTUP_HOME="/workspace/rustup-home" "/workspace/cargo-home/bin/cargo" "+beta-2023-04-20" "metadata" "--manifest-path" "Cargo.toml" "--no-deps", kill_on_drop: false }`
[INFO] started tweaking git repo https://github.com/TinyPandas/TinyGuardianRS
[INFO] finished tweaking git repo https://github.com/TinyPandas/TinyGuardianRS
[INFO] tweaked toml for git repo https://github.com/TinyPandas/TinyGuardianRS written to /workspace/builds/worker-1-tc2/source/Cargo.toml
[INFO] crate git repo https://github.com/TinyPandas/TinyGuardianRS already has a lockfile, it will not be regenerated
[INFO] running `Command { std: CARGO_HOME="/workspace/cargo-home" RUSTUP_HOME="/workspace/rustup-home" "/workspace/cargo-home/bin/cargo" "+beta-2023-04-20" "fetch" "--manifest-path" "Cargo.toml", kill_on_drop: false }`
[INFO] [stderr]     Updating crates.io index
[INFO] [stderr]  Downloading crates ...
[INFO] [stderr]   Downloaded ammonia v3.1.0
[INFO] [stderr]   Downloaded toml-query_derive v0.9.2
[INFO] [stderr]   Downloaded redis v0.15.1
[INFO] [stderr]   Downloaded command_attr v0.3.0-rc.0
[INFO] [stderr]   Downloaded svgtypes v0.4.4
[INFO] [stderr]   Downloaded ws v0.9.1
[INFO] [stderr]   Downloaded zip v0.5.6
[INFO] [stderr]   Downloaded serenity v0.9.0-rc.0
[INFO] [stderr]   Downloaded sw-composite v0.5.10
[INFO] [stderr]   Downloaded rgb v0.8.24
[INFO] [stderr]   Downloaded sequence_trie v0.3.6
[INFO] [stderr]   Downloaded kankyo v0.2.0
[INFO] [stderr]   Downloaded typed-builder v0.3.0
[INFO] [stderr]   Downloaded rctree v0.3.3
[INFO] [stderr]   Downloaded raqote v0.5.5
[INFO] [stderr]   Downloaded raqote v0.6.4
[INFO] [stderr]   Downloaded resvg v0.7.0
[INFO] [stderr]   Downloaded elasticlunr-rs v2.3.9
[INFO] [stderr]   Downloaded bson v1.0.0
[INFO] [stderr]   Downloaded reqwest v0.10.7
[INFO] [stderr]   Downloaded md-5 v0.8.0
[INFO] [stderr]   Downloaded futures-intrusive v0.3.1
[INFO] [stderr]   Downloaded harfbuzz_rs v1.2.0
[INFO] [stderr]   Downloaded tracing v0.1.18
[INFO] [stderr]   Downloaded data-url v0.1.0
[INFO] [stderr]   Downloaded pulldown-cmark v0.5.3
[INFO] [stderr]   Downloaded mongodb v1.0.0
[INFO] [stderr]   Downloaded mdbook-latex v0.1.24
[INFO] [stderr]   Downloaded rlua v0.17.0
[INFO] [stderr]   Downloaded roxmltree v0.6.1
[INFO] [stderr]   Downloaded svgdom v0.17.0
[INFO] [stderr]   Downloaded structopt v0.3.16
[INFO] [stderr]   Downloaded os_info v2.0.7
[INFO] [stderr]   Downloaded kurbo v0.2.3
[INFO] [stderr]   Downloaded xmlparser v0.9.0
[INFO] [stderr]   Downloaded filetime v0.2.12
[INFO] [stderr]   Downloaded darling_core v0.8.6
[INFO] [stderr]   Downloaded darling v0.8.6
[INFO] [stderr]   Downloaded toml-query v0.9.2
[INFO] [stderr]   Downloaded serde_with v1.4.0
[INFO] [stderr]   Downloaded async-tungstenite v0.4.2
[INFO] [stderr]   Downloaded tracing-core v0.1.13
[INFO] [stderr]   Downloaded simplecss v0.1.0
[INFO] [stderr]   Downloaded ttf-parser v0.1.0
[INFO] [stderr]   Downloaded unicode-script v0.3.0
[INFO] [stderr]   Downloaded md2tex v0.1.3
[INFO] [stderr]   Downloaded gitignore v1.0.7
[INFO] [stderr]   Downloaded iron v0.6.1
[INFO] [stderr]   Downloaded mount v0.4.0
[INFO] [stderr]   Downloaded staticfile v0.5.0
[INFO] [stderr]   Downloaded is-match v0.1.0
[INFO] [stderr]   Downloaded darling_macro v0.8.6
[INFO] [stderr]   Downloaded mdbook v0.3.7
[INFO] [stderr]   Downloaded app_dirs v1.2.1
[INFO] [stderr]   Downloaded headers-core v0.1.1
[INFO] [stderr]   Downloaded structopt-derive v0.4.9
[INFO] [stderr]   Downloaded tectonic_cfg_support v0.0.1
[INFO] [stderr]   Downloaded podio v0.1.7
[INFO] [stderr]   Downloaded rustversion v1.0.3
[INFO] [stderr]   Downloaded serde_with_macros v1.1.0
[INFO] [stderr]   Downloaded r2d2_redis v0.13.0
[INFO] [stderr]   Downloaded unicode-vo v0.1.0
[INFO] [stderr]   Downloaded tectonic_xdv v0.1.8
[INFO] [stderr]   Downloaded libz-sys v1.1.0
[INFO] [stderr]   Downloaded usvg v0.7.0
[INFO] [stderr]   Downloaded core-text v13.3.2
[INFO] [stderr]   Downloaded font-kit v0.4.0
[INFO] [stderr]   Downloaded string_cache v0.8.0
[INFO] [stderr]   Downloaded headers v0.2.3
[INFO] [stderr]   Downloaded pulldown-cmark v0.6.1
[INFO] [stderr]   Downloaded harfbuzz-sys v0.3.4
[INFO] [stderr]   Downloaded tectonic v0.1.12
[INFO] running `Command { std: "docker" "create" "-v" "/var/lib/crater-agent-workspace/builds/worker-1-tc2/target:/opt/rustwide/target:rw,Z" "-v" "/var/lib/crater-agent-workspace/builds/worker-1-tc2/source:/opt/rustwide/workdir:ro,Z" "-v" "/var/lib/crater-agent-workspace/cargo-home:/opt/rustwide/cargo-home:ro,Z" "-v" "/var/lib/crater-agent-workspace/rustup-home:/opt/rustwide/rustup-home:ro,Z" "-e" "SOURCE_DIR=/opt/rustwide/workdir" "-e" "CARGO_TARGET_DIR=/opt/rustwide/target" "-e" "CARGO_HOME=/opt/rustwide/cargo-home" "-e" "RUSTUP_HOME=/opt/rustwide/rustup-home" "-w" "/opt/rustwide/workdir" "-m" "1610612736" "--user" "0:0" "--network" "none" "ghcr.io/rust-lang/crates-build-env/linux@sha256:5ff2268d62e97bff2cde7d5815dd6ed5b47097566f13b8d0ca110b04b60e07ed" "/opt/rustwide/cargo-home/bin/cargo" "+beta-2023-04-20" "metadata" "--no-deps" "--format-version=1", kill_on_drop: false }`
[INFO] [stdout] 257772cd4efccd2047b963a2922d57b3dacb4c6eeb17be291581b361d692989f
[INFO] running `Command { std: "docker" "start" "-a" "257772cd4efccd2047b963a2922d57b3dacb4c6eeb17be291581b361d692989f", kill_on_drop: false }`
[INFO] running `Command { std: "docker" "inspect" "257772cd4efccd2047b963a2922d57b3dacb4c6eeb17be291581b361d692989f", kill_on_drop: false }`
[INFO] running `Command { std: "docker" "rm" "-f" "257772cd4efccd2047b963a2922d57b3dacb4c6eeb17be291581b361d692989f", kill_on_drop: false }`
[INFO] [stdout] 257772cd4efccd2047b963a2922d57b3dacb4c6eeb17be291581b361d692989f
[INFO] running `Command { std: "docker" "create" "-v" "/var/lib/crater-agent-workspace/builds/worker-1-tc2/target:/opt/rustwide/target:rw,Z" "-v" "/var/lib/crater-agent-workspace/builds/worker-1-tc2/source:/opt/rustwide/workdir:ro,Z" "-v" "/var/lib/crater-agent-workspace/cargo-home:/opt/rustwide/cargo-home:ro,Z" "-v" "/var/lib/crater-agent-workspace/rustup-home:/opt/rustwide/rustup-home:ro,Z" "-e" "SOURCE_DIR=/opt/rustwide/workdir" "-e" "CARGO_TARGET_DIR=/opt/rustwide/target" "-e" "CARGO_INCREMENTAL=0" "-e" "RUST_BACKTRACE=full" "-e" "RUSTFLAGS=--cap-lints=warn" "-e" "RUSTDOCFLAGS=--cap-lints=warn" "-e" "CARGO_HOME=/opt/rustwide/cargo-home" "-e" "RUSTUP_HOME=/opt/rustwide/rustup-home" "-w" "/opt/rustwide/workdir" "-m" "1610612736" "--user" "0:0" "--network" "none" "ghcr.io/rust-lang/crates-build-env/linux@sha256:5ff2268d62e97bff2cde7d5815dd6ed5b47097566f13b8d0ca110b04b60e07ed" "/opt/rustwide/cargo-home/bin/cargo" "+beta-2023-04-20" "doc" "--frozen" "--no-deps" "--document-private-items" "--message-format=json", kill_on_drop: false }`
[INFO] [stdout] 283617570f5325befeeef9a19a7ab0c4ecbc557a95cbe33ae6973d4d6d8445f5
[INFO] running `Command { std: "docker" "start" "-a" "283617570f5325befeeef9a19a7ab0c4ecbc557a95cbe33ae6973d4d6d8445f5", kill_on_drop: false }`
[INFO] [stderr] warning: tinyguardian v0.1.0 (/opt/rustwide/workdir) ignoring invalid dependency `mdbook-latex` which is missing a lib target
[INFO] [stderr]    Compiling libc v0.2.74
[INFO] [stderr]     Checking cfg-if v0.1.10
[INFO] [stderr]    Compiling proc-macro2 v1.0.19
[INFO] [stderr]    Compiling unicode-xid v0.2.1
[INFO] [stderr]    Compiling syn v1.0.38
[INFO] [stderr]    Compiling cc v1.0.58
[INFO] [stderr]    Compiling log v0.4.11
[INFO] [stderr]    Compiling autocfg v1.0.0
[INFO] [stderr]    Compiling memchr v2.3.3
[INFO] [stderr]     Checking once_cell v1.4.0
[INFO] [stderr]     Checking futures-core v0.3.5
[INFO] [stderr]     Checking slab v0.4.2
[INFO] [stderr]     Checking bytes v0.5.6
[INFO] [stderr]     Checking fnv v1.0.7
[INFO] [stderr]    Compiling pin-project-internal v0.4.23
[INFO] [stderr]     Checking futures-sink v0.3.5
[INFO] [stderr]     Checking arc-swap v0.4.7
[INFO] [stderr]    Compiling proc-macro-hack v0.5.18
[INFO] [stderr]     Checking pin-project-lite v0.1.7
[INFO] [stderr]    Compiling proc-macro-nested v0.1.6
[INFO] [stderr]    Compiling byteorder v1.3.4
[INFO] [stderr]    Compiling version_check v0.9.2
[INFO] [stderr]     Checking spin v0.5.2
[INFO] [stderr]     Checking untrusted v0.7.1
[INFO] [stderr]     Checking futures-channel v0.3.5
[INFO] [stderr]     Checking futures-task v0.3.5
[INFO] [stderr]     Checking itoa v0.4.6
[INFO] [stderr]     Checking pin-utils v0.1.0
[INFO] [stderr]     Checking futures-io v0.3.5
[INFO] [stderr]    Compiling typenum v1.12.0
[INFO] [stderr]    Compiling pkg-config v0.3.18
[INFO] [stderr]     Checking tinyvec v0.3.3
[INFO] [stderr]    Compiling getrandom v0.1.14
[INFO] [stderr]     Checking matches v0.1.8
[INFO] [stderr]    Compiling hashbrown v0.8.1
[INFO] [stderr]    Compiling indexmap v1.5.0
[INFO] [stderr]    Compiling serde_derive v1.0.114
[INFO] [stderr]     Checking unicode-bidi v0.3.4
[INFO] [stderr]     Checking smallvec v1.4.1
[INFO] [stderr]     Checking percent-encoding v2.1.0
[INFO] [stderr]     Checking unicode-normalization v0.1.13
[INFO] [stderr]    Compiling serde v1.0.114
[INFO] [stderr]     Checking ppv-lite86 v0.2.8
[INFO] [stderr]     Checking http v0.2.1
[INFO] [stderr]     Checking byte-tools v0.3.1
[INFO] [stderr]    Compiling httparse v1.3.4
[INFO] [stderr]    Compiling unicase v2.6.0
[INFO] [stderr]    Compiling ring v0.16.15
[INFO] [stderr]    Compiling quote v1.0.7
[INFO] [stderr]     Checking block-padding v0.1.5
[INFO] [stderr]    Compiling num-traits v0.2.12
[INFO] [stderr]     Checking net2 v0.2.34
[INFO] [stderr]     Checking iovec v0.1.4
[INFO] [stderr]     Checking num_cpus v1.13.0
[INFO] [stderr]     Checking signal-hook-registry v1.2.1
[INFO] [stderr]    Compiling openssl-sys v0.9.58
[INFO] [stderr]     Checking time v0.1.43
[INFO] [stderr]     Checking tracing-core v0.1.13
[INFO] [stderr]     Checking adler v0.2.3
[INFO] [stderr]     Checking rand_core v0.5.1
[INFO] [stderr]    Compiling openssl v0.10.30
[INFO] [stderr]     Checking mio v0.6.22
[INFO] [stderr]     Checking idna v0.2.0
[INFO] [stderr]     Checking foreign-types-shared v0.1.1
[INFO] [stderr]     Checking opaque-debug v0.2.3
[INFO] [stderr]     Checking base64 v0.12.3
[INFO] [stderr]     Checking rand_chacha v0.2.2
[INFO] [stderr]     Checking rand_pcg v0.2.1
[INFO] [stderr]     Checking foreign-types v0.3.2
[INFO] [stderr]     Checking tracing v0.1.18
[INFO] [stderr]     Checking miniz_oxide v0.4.0
[INFO] [stderr]    Compiling num-integer v0.1.43
[INFO] [stderr]     Checking rand v0.7.3
[INFO] [stderr]     Checking try-lock v0.2.3
[INFO] [stderr]    Compiling proc-macro2 v0.4.30
[INFO] [stderr]    Compiling serde_json v1.0.57
[INFO] [stderr]    Compiling native-tls v0.2.4
[INFO] [stderr]     Checking generic-array v0.12.3
[INFO] [stderr]     Checking base64 v0.11.0
[INFO] [stderr]     Checking quick-error v1.2.3
[INFO] [stderr]    Compiling rustversion v1.0.3
[INFO] [stderr]     Checking mio-uds v0.6.8
[INFO] [stderr]     Checking url v2.1.1
[INFO] [stderr]     Checking fake-simd v0.1.2
[INFO] [stderr]     Checking want v0.3.0
[INFO] [stderr]     Checking socket2 v0.3.12
[INFO] [stderr]    Compiling proc-macro-error-attr v1.0.4
[INFO] [stderr] The following warnings were emitted during compilation:
[INFO] [stderr] 
[INFO] [stderr] warning: build/expando.c:4:24: error: pasting "RUST_VERSION_OPENSSL_" and "(" does not give a valid preprocessing token
[INFO] [stderr] warning:     4 | #define VERSION2(n, v) RUST_VERSION_##n##_##v
[INFO] [stderr] warning:       |                        ^~~~~~~~~~~~~
[INFO] [stderr] warning: build/expando.c:5:23: note: in expansion of macro 'VERSION2'
[INFO] [stderr] warning:     5 | #define VERSION(n, v) VERSION2(n, v)
[INFO] [stderr] warning:       |                       ^~~~~~~~
[INFO] [stderr] warning: build/expando.c:10:1: note: in expansion of macro 'VERSION'
[INFO] [stderr] warning:    10 | VERSION(OPENSSL, OPENSSL_VERSION_NUMBER)
[INFO] [stderr] warning:       | ^~~~~~~
[INFO] [stderr] 
[INFO] [stderr] error: failed to run custom build command for `openssl-sys v0.9.58`
[INFO] [stderr] note: To improve backtraces for build dependencies, set the CARGO_PROFILE_DEV_BUILD_OVERRIDE_DEBUG=true environment variable to enable debug information generation.
[INFO] [stderr] 
[INFO] [stderr] Caused by:
[INFO] [stderr]   process didn't exit successfully: `/opt/rustwide/target/debug/build/openssl-sys-c296814f15039650/build-script-main` (exit status: 101)
[INFO] [stderr]   --- stdout
[INFO] [stderr]   cargo:rustc-cfg=const_fn
[INFO] [stderr]   cargo:rerun-if-env-changed=X86_64_UNKNOWN_LINUX_GNU_OPENSSL_LIB_DIR
[INFO] [stderr]   X86_64_UNKNOWN_LINUX_GNU_OPENSSL_LIB_DIR unset
[INFO] [stderr]   cargo:rerun-if-env-changed=OPENSSL_LIB_DIR
[INFO] [stderr]   OPENSSL_LIB_DIR unset
[INFO] [stderr]   cargo:rerun-if-env-changed=X86_64_UNKNOWN_LINUX_GNU_OPENSSL_INCLUDE_DIR
[INFO] [stderr]   X86_64_UNKNOWN_LINUX_GNU_OPENSSL_INCLUDE_DIR unset
[INFO] [stderr]   cargo:rerun-if-env-changed=OPENSSL_INCLUDE_DIR
[INFO] [stderr]   OPENSSL_INCLUDE_DIR unset
[INFO] [stderr]   cargo:rerun-if-env-changed=X86_64_UNKNOWN_LINUX_GNU_OPENSSL_DIR
[INFO] [stderr]   X86_64_UNKNOWN_LINUX_GNU_OPENSSL_DIR unset
[INFO] [stderr]   cargo:rerun-if-env-changed=OPENSSL_DIR
[INFO] [stderr]   OPENSSL_DIR unset
[INFO] [stderr]   cargo:rerun-if-env-changed=OPENSSL_NO_PKG_CONFIG
[INFO] [stderr]   cargo:rerun-if-env-changed=PKG_CONFIG
[INFO] [stderr]   cargo:rerun-if-env-changed=OPENSSL_STATIC
[INFO] [stderr]   cargo:rerun-if-env-changed=OPENSSL_DYNAMIC
[INFO] [stderr]   cargo:rerun-if-env-changed=PKG_CONFIG_ALL_STATIC
[INFO] [stderr]   cargo:rerun-if-env-changed=PKG_CONFIG_ALL_DYNAMIC
[INFO] [stderr]   cargo:rerun-if-env-changed=PKG_CONFIG_PATH_x86_64-unknown-linux-gnu
[INFO] [stderr]   cargo:rerun-if-env-changed=PKG_CONFIG_PATH_x86_64_unknown_linux_gnu
[INFO] [stderr]   cargo:rerun-if-env-changed=HOST_PKG_CONFIG_PATH
[INFO] [stderr]   cargo:rerun-if-env-changed=PKG_CONFIG_PATH
[INFO] [stderr]   cargo:rerun-if-env-changed=PKG_CONFIG_LIBDIR_x86_64-unknown-linux-gnu
[INFO] [stderr]   cargo:rerun-if-env-changed=PKG_CONFIG_LIBDIR_x86_64_unknown_linux_gnu
[INFO] [stderr]   cargo:rerun-if-env-changed=HOST_PKG_CONFIG_LIBDIR
[INFO] [stderr]   cargo:rerun-if-env-changed=PKG_CONFIG_LIBDIR
[INFO] [stderr]   cargo:rerun-if-env-changed=PKG_CONFIG_SYSROOT_DIR_x86_64-unknown-linux-gnu
[INFO] [stderr]   cargo:rerun-if-env-changed=PKG_CONFIG_SYSROOT_DIR_x86_64_unknown_linux_gnu
[INFO] [stderr]   cargo:rerun-if-env-changed=HOST_PKG_CONFIG_SYSROOT_DIR
[INFO] [stderr]   cargo:rerun-if-env-changed=PKG_CONFIG_SYSROOT_DIR
[INFO] [stderr]   cargo:rerun-if-env-changed=OPENSSL_STATIC
[INFO] [stderr]   cargo:rerun-if-env-changed=OPENSSL_DYNAMIC
[INFO] [stderr]   cargo:rerun-if-env-changed=PKG_CONFIG_ALL_STATIC
[INFO] [stderr]   cargo:rerun-if-env-changed=PKG_CONFIG_ALL_DYNAMIC
[INFO] [stderr]   cargo:rustc-link-lib=ssl
[INFO] [stderr]   cargo:rustc-link-lib=crypto
[INFO] [stderr]   cargo:rerun-if-env-changed=PKG_CONFIG
[INFO] [stderr]   cargo:rerun-if-env-changed=OPENSSL_STATIC
[INFO] [stderr]   cargo:rerun-if-env-changed=OPENSSL_DYNAMIC
[INFO] [stderr]   cargo:rerun-if-env-changed=PKG_CONFIG_ALL_STATIC
[INFO] [stderr]   cargo:rerun-if-env-changed=PKG_CONFIG_ALL_DYNAMIC
[INFO] [stderr]   cargo:rerun-if-env-changed=PKG_CONFIG_PATH_x86_64-unknown-linux-gnu
[INFO] [stderr]   cargo:rerun-if-env-changed=PKG_CONFIG_PATH_x86_64_unknown_linux_gnu
[INFO] [stderr]   cargo:rerun-if-env-changed=HOST_PKG_CONFIG_PATH
[INFO] [stderr]   cargo:rerun-if-env-changed=PKG_CONFIG_PATH
[INFO] [stderr]   cargo:rerun-if-env-changed=PKG_CONFIG_LIBDIR_x86_64-unknown-linux-gnu
[INFO] [stderr]   cargo:rerun-if-env-changed=PKG_CONFIG_LIBDIR_x86_64_unknown_linux_gnu
[INFO] [stderr]   cargo:rerun-if-env-changed=HOST_PKG_CONFIG_LIBDIR
[INFO] [stderr]   cargo:rerun-if-env-changed=PKG_CONFIG_LIBDIR
[INFO] [stderr]   cargo:rerun-if-env-changed=PKG_CONFIG_SYSROOT_DIR_x86_64-unknown-linux-gnu
[INFO] [stderr]   cargo:rerun-if-env-changed=PKG_CONFIG_SYSROOT_DIR_x86_64_unknown_linux_gnu
[INFO] [stderr]   cargo:rerun-if-env-changed=HOST_PKG_CONFIG_SYSROOT_DIR
[INFO] [stderr]   cargo:rerun-if-env-changed=PKG_CONFIG_SYSROOT_DIR
[INFO] [stderr]   OPT_LEVEL = Some("0")
[INFO] [stderr]   TARGET = Some("x86_64-unknown-linux-gnu")
[INFO] [stderr]   HOST = Some("x86_64-unknown-linux-gnu")
[INFO] [stderr]   CC_x86_64-unknown-linux-gnu = None
[INFO] [stderr]   CC_x86_64_unknown_linux_gnu = None
[INFO] [stderr]   HOST_CC = None
[INFO] [stderr]   CC = None
[INFO] [stderr]   CFLAGS_x86_64-unknown-linux-gnu = None
[INFO] [stderr]   CFLAGS_x86_64_unknown_linux_gnu = None
[INFO] [stderr]   HOST_CFLAGS = None
[INFO] [stderr]   CFLAGS = None
[INFO] [stderr]   CRATE_CC_NO_DEFAULTS = None
[INFO] [stderr]   DEBUG = Some("true")
[INFO] [stderr]   CARGO_CFG_TARGET_FEATURE = Some("fxsr,sse,sse2")
[INFO] [stderr]   running: "cc" "-O0" "-ffunction-sections" "-fdata-sections" "-fPIC" "-g" "-fno-omit-frame-pointer" "-m64" "-I" "/usr/include" "-Wall" "-Wextra" "-E" "build/expando.c"
[INFO] [stderr]   cargo:warning=build/expando.c:4:24: error: pasting "RUST_VERSION_OPENSSL_" and "(" does not give a valid preprocessing token
[INFO] [stderr]   cargo:warning=    4 | #define VERSION2(n, v) RUST_VERSION_##n##_##v
[INFO] [stderr]   cargo:warning=      |                        ^~~~~~~~~~~~~
[INFO] [stderr]   cargo:warning=build/expando.c:5:23: note: in expansion of macro 'VERSION2'
[INFO] [stderr]   cargo:warning=    5 | #define VERSION(n, v) VERSION2(n, v)
[INFO] [stderr]   cargo:warning=      |                       ^~~~~~~~
[INFO] [stderr]   cargo:warning=build/expando.c:10:1: note: in expansion of macro 'VERSION'
[INFO] [stderr]   cargo:warning=   10 | VERSION(OPENSSL, OPENSSL_VERSION_NUMBER)
[INFO] [stderr]   cargo:warning=      | ^~~~~~~
[INFO] [stderr]   exit status: 1
[INFO] [stderr] 
[INFO] [stderr]   --- stderr
[INFO] [stderr]   thread 'main' panicked at '
[INFO] [stderr]   Header expansion error:
[INFO] [stderr]   Error { kind: ToolExecError, message: "Command \"cc\" \"-O0\" \"-ffunction-sections\" \"-fdata-sections\" \"-fPIC\" \"-g\" \"-fno-omit-frame-pointer\" \"-m64\" \"-I\" \"/usr/include\" \"-Wall\" \"-Wextra\" \"-E\" \"build/expando.c\" with args \"cc\" did not execute successfully (status code exit status: 1)." }
[INFO] [stderr] 
[INFO] [stderr]   Failed to find OpenSSL development headers.
[INFO] [stderr] 
[INFO] [stderr]   You can try fixing this setting the `OPENSSL_DIR` environment variable
[INFO] [stderr]   pointing to your OpenSSL installation or installing OpenSSL headers package
[INFO] [stderr]   specific to your distribution:
[INFO] [stderr] 
[INFO] [stderr]       # On Ubuntu
[INFO] [stderr]       sudo apt-get install libssl-dev
[INFO] [stderr]       # On Arch Linux
[INFO] [stderr]       sudo pacman -S openssl
[INFO] [stderr]       # On Fedora
[INFO] [stderr]       sudo dnf install openssl-devel
[INFO] [stderr] 
[INFO] [stderr]   See rust-openssl README for more information:
[INFO] [stderr] 
[INFO] [stderr]       https://github.com/sfackler/rust-openssl#linux
[INFO] [stderr]   ', /opt/rustwide/cargo-home/registry/src/index.crates.io-6f17d22bba15001f/openssl-sys-0.9.58/build/main.rs:140:13
[INFO] [stderr]   stack backtrace:
[INFO] [stderr]      0:     0x5557239f5e9a - std::backtrace_rs::backtrace::libunwind::trace::h2f05d0192276a8f6
[INFO] [stderr]                                  at /rustc/1b7dd2252b99671ce5d1cb9664c5f8636329436d/library/std/src/../../backtrace/src/backtrace/libunwind.rs:93:5
[INFO] [stderr]      1:     0x5557239f5e9a - std::backtrace_rs::backtrace::trace_unsynchronized::hedc23dff7a1af150
[INFO] [stderr]                                  at /rustc/1b7dd2252b99671ce5d1cb9664c5f8636329436d/library/std/src/../../backtrace/src/backtrace/mod.rs:66:5
[INFO] [stderr]      2:     0x5557239f5e9a - std::sys_common::backtrace::_print_fmt::h17541ef7592f3ce2
[INFO] [stderr]                                  at /rustc/1b7dd2252b99671ce5d1cb9664c5f8636329436d/library/std/src/sys_common/backtrace.rs:65:5
[INFO] [stderr]      3:     0x5557239f5e9a - <std::sys_common::backtrace::_print::DisplayBacktrace as core::fmt::Display>::fmt::h20f75df5ab0c0792
[INFO] [stderr]                                  at /rustc/1b7dd2252b99671ce5d1cb9664c5f8636329436d/library/std/src/sys_common/backtrace.rs:44:22
[INFO] [stderr]      4:     0x555723a1666f - core::fmt::write::h78109e6f466b3af6
[INFO] [stderr]                                  at /rustc/1b7dd2252b99671ce5d1cb9664c5f8636329436d/library/core/src/fmt/mod.rs:1254:17
[INFO] [stderr]      5:     0x5557239f30b5 - std::io::Write::write_fmt::hc59e1b02dd273c8a
[INFO] [stderr]                                  at /rustc/1b7dd2252b99671ce5d1cb9664c5f8636329436d/library/std/src/io/mod.rs:1698:15
[INFO] [stderr]      6:     0x5557239f5c65 - std::sys_common::backtrace::_print::h8dac57a9f8fbf9a5
[INFO] [stderr]                                  at /rustc/1b7dd2252b99671ce5d1cb9664c5f8636329436d/library/std/src/sys_common/backtrace.rs:47:5
[INFO] [stderr]      7:     0x5557239f5c65 - std::sys_common::backtrace::print::hf9ecbf41d1aa712f
[INFO] [stderr]                                  at /rustc/1b7dd2252b99671ce5d1cb9664c5f8636329436d/library/std/src/sys_common/backtrace.rs:34:9
[INFO] [stderr]      8:     0x5557239f752e - std::panicking::default_hook::{{closure}}::h04c07acfc84ca028
[INFO] [stderr]                                  at /rustc/1b7dd2252b99671ce5d1cb9664c5f8636329436d/library/std/src/panicking.rs:269:22
[INFO] [stderr]      9:     0x5557239f72d5 - std::panicking::default_hook::h01f6bb23e1eceb2c
[INFO] [stderr]                                  at /rustc/1b7dd2252b99671ce5d1cb9664c5f8636329436d/library/std/src/panicking.rs:288:9
[INFO] [stderr]     10:     0x5557239f7a8e - std::panicking::rust_panic_with_hook::h2bb3722bbaf2f6df
[INFO] [stderr]                                  at /rustc/1b7dd2252b99671ce5d1cb9664c5f8636329436d/library/std/src/panicking.rs:691:13
[INFO] [stderr]     11:     0x5557239f7989 - std::panicking::begin_panic_handler::{{closure}}::h91bc7f36a4be011b
[INFO] [stderr]                                  at /rustc/1b7dd2252b99671ce5d1cb9664c5f8636329436d/library/std/src/panicking.rs:582:13
[INFO] [stderr]     12:     0x5557239f6306 - std::sys_common::backtrace::__rust_end_short_backtrace::h8b3d3717114f9e59
[INFO] [stderr]                                  at /rustc/1b7dd2252b99671ce5d1cb9664c5f8636329436d/library/std/src/sys_common/backtrace.rs:150:18
[INFO] [stderr]     13:     0x5557239f76e2 - rust_begin_unwind
[INFO] [stderr]                                  at /rustc/1b7dd2252b99671ce5d1cb9664c5f8636329436d/library/std/src/panicking.rs:578:5
[INFO] [stderr]     14:     0x5557239667f3 - core::panicking::panic_fmt::hfd368e3fbdabea26
[INFO] [stderr]                                  at /rustc/1b7dd2252b99671ce5d1cb9664c5f8636329436d/library/core/src/panicking.rs:67:14
[INFO] [stderr]     15:     0x555723969a28 - build_script_main::validate_headers::h109895dffdac7391
[INFO] [stderr]     16:     0x555723970a36 - build_script_main::find_normal::try_pkg_config::hd9c3d51e9e817993
[INFO] [stderr]     17:     0x55572396fa36 - build_script_main::find_normal::find_openssl_dir::hd86e31b81507b2bc
[INFO] [stderr]     18:     0x55572396f882 - build_script_main::find_normal::get_openssl::{{closure}}::h3b5463a6b8e3c2e8
[INFO] [stderr]     19:     0x555723970f2a - core::option::Option<T>::unwrap_or_else::h6cb8d75952e06cc7
[INFO] [stderr]     20:     0x55572396f63e - build_script_main::find_normal::get_openssl::h0c7fc40d4cb30237
[INFO] [stderr]     21:     0x55572396874d - build_script_main::find_openssl::h8f2339499a4ab802
[INFO] [stderr]     22:     0x55572396882d - build_script_main::main::h7893a7e8ac0695d4
[INFO] [stderr]     23:     0x555723971ac3 - core::ops::function::FnOnce::call_once::h07a75a99e62f1781
[INFO] [stderr]     24:     0x5557239719d6 - std::sys_common::backtrace::__rust_begin_short_backtrace::h196cd2ef545f8aeb
[INFO] [stderr]     25:     0x55572396cea9 - std::rt::lang_start::{{closure}}::he6ed6f444de20c49
[INFO] [stderr]     26:     0x5557239efc5e - core::ops::function::impls::<impl core::ops::function::FnOnce<A> for &F>::call_once::h2eb19b8ce4148df4
[INFO] [stderr]                                  at /rustc/1b7dd2252b99671ce5d1cb9664c5f8636329436d/library/core/src/ops/function.rs:287:13
[INFO] [stderr]     27:     0x5557239efc5e - std::panicking::try::do_call::h2e900feff5d504c5
[INFO] [stderr]                                  at /rustc/1b7dd2252b99671ce5d1cb9664c5f8636329436d/library/std/src/panicking.rs:485:40
[INFO] [stderr]     28:     0x5557239efc5e - std::panicking::try::h8854836cb85aa9f2
[INFO] [stderr]                                  at /rustc/1b7dd2252b99671ce5d1cb9664c5f8636329436d/library/std/src/panicking.rs:449:19
[INFO] [stderr]     29:     0x5557239efc5e - std::panic::catch_unwind::h706025dd4c48f64b
[INFO] [stderr]                                  at /rustc/1b7dd2252b99671ce5d1cb9664c5f8636329436d/library/std/src/panic.rs:140:14
[INFO] [stderr]     30:     0x5557239efc5e - std::rt::lang_start_internal::{{closure}}::h7be5b97f4a07a91a
[INFO] [stderr]                                  at /rustc/1b7dd2252b99671ce5d1cb9664c5f8636329436d/library/std/src/rt.rs:148:48
[INFO] [stderr]     31:     0x5557239efc5e - std::panicking::try::do_call::h59847e9d0a176965
[INFO] [stderr]                                  at /rustc/1b7dd2252b99671ce5d1cb9664c5f8636329436d/library/std/src/panicking.rs:485:40
[INFO] [stderr]     32:     0x5557239efc5e - std::panicking::try::h399a918ba8522823
[INFO] [stderr]                                  at /rustc/1b7dd2252b99671ce5d1cb9664c5f8636329436d/library/std/src/panicking.rs:449:19
[INFO] [stderr]     33:     0x5557239efc5e - std::panic::catch_unwind::hca7ca6c55b2a2e26
[INFO] [stderr]                                  at /rustc/1b7dd2252b99671ce5d1cb9664c5f8636329436d/library/std/src/panic.rs:140:14
[INFO] [stderr]     34:     0x5557239efc5e - std::rt::lang_start_internal::h2c807a81560459eb
[INFO] [stderr]                                  at /rustc/1b7dd2252b99671ce5d1cb9664c5f8636329436d/library/std/src/rt.rs:148:20
[INFO] [stderr]     35:     0x55572396ce87 - std::rt::lang_start::h119b3efba06a95bc
[INFO] [stderr]     36:     0x55572396b8a5 - main
[INFO] [stderr]     37:     0x7f7314a6ad90 - <unknown>
[INFO] [stderr]     38:     0x7f7314a6ae40 - __libc_start_main
[INFO] [stderr]     39:     0x555723966e65 - _start
[INFO] [stderr]     40:                0x0 - <unknown>
[INFO] [stderr] warning: build failed, waiting for other jobs to finish...
[INFO] [stdout] error[E0512]: cannot transmute between types of different sizes, or dependently-sized types
[INFO] [stdout]    --> /opt/rustwide/cargo-home/registry/src/index.crates.io-6f17d22bba15001f/socket2-0.3.12/src/sockaddr.rs:176:9
[INFO] [stdout]     |
[INFO] [stdout] 176 |         mem::transmute::<SocketAddrV4, sockaddr_in>(v4);
[INFO] [stdout]     |         ^^^^^^^^^^^^^^^^^^^^^^^^^^^^^^^^^^^^^^^^^^^
[INFO] [stdout]     |
[INFO] [stdout]     = note: source type: `SocketAddrV4` (48 bits)
[INFO] [stdout]     = note: target type: `sockaddr_in` (128 bits)
[INFO] [stdout] 
[INFO] [stdout] 
[INFO] [stdout] error: aborting due to previous error
[INFO] [stdout] 
[INFO] [stdout] 
[INFO] [stdout] For more information about this error, try `rustc --explain E0512`.
[INFO] [stdout] 
[INFO] [stderr] error: could not compile `socket2` (lib) due to 2 previous errors
[INFO] running `Command { std: "docker" "inspect" "283617570f5325befeeef9a19a7ab0c4ecbc557a95cbe33ae6973d4d6d8445f5", kill_on_drop: false }`
[INFO] running `Command { std: "docker" "rm" "-f" "283617570f5325befeeef9a19a7ab0c4ecbc557a95cbe33ae6973d4d6d8445f5", kill_on_drop: false }`
[INFO] [stdout] 283617570f5325befeeef9a19a7ab0c4ecbc557a95cbe33ae6973d4d6d8445f5
