[INFO] cloning repository https://github.com/TTNguyenDev/near_core_validator
[INFO] running `Command { std: "git" "-c" "credential.helper=" "-c" "credential.helper=/workspace/cargo-home/bin/git-credential-null" "clone" "--bare" "https://github.com/TTNguyenDev/near_core_validator" "/workspace/cache/git-repos/https%3A%2F%2Fgithub.com%2FTTNguyenDev%2Fnear_core_validator", kill_on_drop: false }`
[INFO] [stderr] Cloning into bare repository '/workspace/cache/git-repos/https%3A%2F%2Fgithub.com%2FTTNguyenDev%2Fnear_core_validator'...
[INFO] running `Command { std: "git" "rev-parse" "HEAD", kill_on_drop: false }`
[INFO] [stdout] d8c1135bd2743facee54b321143acbcfbeb5f571
[INFO] documenting TTNguyenDev/near_core_validator against 1.69.0 for beta-1.70-rustdoc-1
[INFO] running `Command { std: "git" "clone" "/workspace/cache/git-repos/https%3A%2F%2Fgithub.com%2FTTNguyenDev%2Fnear_core_validator" "/workspace/builds/worker-7-tc1/source", kill_on_drop: false }`
[INFO] [stderr] Cloning into '/workspace/builds/worker-7-tc1/source'...
[INFO] [stderr] done.
[INFO] validating manifest of git repo https://github.com/TTNguyenDev/near_core_validator on toolchain 1.69.0
[INFO] running `Command { std: CARGO_HOME="/workspace/cargo-home" RUSTUP_HOME="/workspace/rustup-home" "/workspace/cargo-home/bin/cargo" "+1.69.0" "metadata" "--manifest-path" "Cargo.toml" "--no-deps", kill_on_drop: false }`
[INFO] removed /workspace/builds/worker-7-tc1/source/rust-toolchain.toml
[INFO] started tweaking git repo https://github.com/TTNguyenDev/near_core_validator
[INFO] finished tweaking git repo https://github.com/TTNguyenDev/near_core_validator
[INFO] tweaked toml for git repo https://github.com/TTNguyenDev/near_core_validator written to /workspace/builds/worker-7-tc1/source/Cargo.toml
[INFO] crate git repo https://github.com/TTNguyenDev/near_core_validator already has a lockfile, it will not be regenerated
[INFO] running `Command { std: CARGO_HOME="/workspace/cargo-home" RUSTUP_HOME="/workspace/rustup-home" "/workspace/cargo-home/bin/cargo" "+1.69.0" "fetch" "--manifest-path" "Cargo.toml", kill_on_drop: false }`
[INFO] [stderr]     Updating git repository `https://github.com/near/sysinfo`
[INFO] [stderr]     Updating git repository `https://github.com/near/actix-extras.git`
[INFO] [stderr]     Updating git repository `https://github.com/near/paperclip`
[INFO] [stderr]  Downloading crates ...
[INFO] [stderr]   Downloaded lightbeam v0.25.0
[INFO] [stderr]   Downloaded zeroize v1.4.2
[INFO] [stderr]   Downloaded actix-server v2.0.0-beta.6
[INFO] [stderr]   Downloaded wasmer-engine-universal-near v2.1.2
[INFO] [stderr]   Downloaded near-rust-allocator-proxy v0.3.0
[INFO] [stderr]   Downloaded capstone v0.7.0
[INFO] [stderr]   Downloaded cranelift-entity v0.72.0
[INFO] [stderr]   Downloaded wasmtime-profiling v0.25.0
[INFO] [stderr]   Downloaded wasmtime-jit v0.25.0
[INFO] [stderr]   Downloaded wasmer-vm-near v2.1.2
[INFO] [stderr]   Downloaded wasmprinter v0.2.26
[INFO] [stderr]   Downloaded cranelift-wasm v0.72.0
[INFO] [stderr]   Downloaded cached_proc_macro v0.6.1
[INFO] [stderr]   Downloaded wasmtime-cranelift v0.25.0
[INFO] [stderr]   Downloaded actix-rt v2.3.0
[INFO] [stderr]   Downloaded wasmer-compiler-near v2.1.2
[INFO] [stderr]   Downloaded wasmtime-debug v0.25.0
[INFO] [stderr]   Downloaded cranelift-frontend v0.72.0
[INFO] [stderr]   Downloaded psm v0.1.16
[INFO] [stderr]   Downloaded camino v1.0.5
[INFO] [stderr]   Downloaded zeroize_derive v1.2.0
[INFO] [stderr]   Downloaded c2-chacha v0.3.2
[INFO] [stderr]   Downloaded cranelift-codegen-shared v0.72.0
[INFO] [stderr]   Downloaded libfuzzer-sys v0.4.2
[INFO] [stderr]   Downloaded deepsize v0.2.0
[INFO] [stderr]   Downloaded portpicker v0.1.1
[INFO] [stderr]   Downloaded iter-enum v0.2.7
[INFO] [stderr]   Downloaded cranelift-native v0.72.0
[INFO] [stderr]   Downloaded wasmtime-lightbeam v0.25.0
[INFO] [stderr]   Downloaded wasmer-engine-near v2.1.2
[INFO] [stderr]   Downloaded wasmtime-environ v0.25.0
[INFO] [stderr]   Downloaded conqueue v0.4.0
[INFO] [stderr]   Downloaded tokio-openssl v0.6.2
[INFO] [stderr]   Downloaded rend v0.3.5
[INFO] [stderr]   Downloaded wasmparser v0.76.0
[INFO] [stderr]   Downloaded cargo_metadata v0.14.1
[INFO] [stderr]   Downloaded deepsize_derive v0.1.2
[INFO] [stderr]   Downloaded arbitrary v1.0.2
[INFO] [stderr]   Downloaded cranelift-codegen-meta v0.72.0
[INFO] [stderr]   Downloaded tikv-jemallocator v0.4.1
[INFO] [stderr]   Downloaded wasmtime-obj v0.25.0
[INFO] [stderr]   Downloaded wasmer-types-near v2.1.2
[INFO] [stderr]   Downloaded hex-literal-impl v0.2.2
[INFO] [stderr]   Downloaded rkyv_derive v0.7.26
[INFO] [stderr]   Downloaded tracing-span-tree v0.1.0
[INFO] [stderr]   Downloaded derive_arbitrary v1.0.2
[INFO] [stderr]   Downloaded awc v3.0.0-beta.5
[INFO] [stderr]   Downloaded wasm-encoder v0.7.0
[INFO] [stderr]   Downloaded wasm-smith v0.8.0
[INFO] [stderr]   Downloaded sha256 v1.0.3
[INFO] [stderr]   Downloaded cranelift-bforest v0.72.0
[INFO] [stderr]   Downloaded wasmer-singlepass-backend-near v0.18.1
[INFO] [stderr]   Downloaded zeropool-bn v0.5.9
[INFO] [stderr]   Downloaded wasmer-compiler-singlepass-near v2.1.2
[INFO] [stderr]   Downloaded wasmer-runtime-core-near v0.18.2
[INFO] [stderr]   Downloaded wasmtime v0.25.0
[INFO] [stderr]   Downloaded pwasm-utils v0.18.2
[INFO] [stderr]   Downloaded actix-tls v3.0.0-beta.6
[INFO] [stderr]   Downloaded protobuf v2.25.1
[INFO] [stderr]   Downloaded cranelift-codegen v0.72.0
[INFO] [stderr]   Downloaded tikv-jemalloc-sys v0.4.2+5.2.1-patched.2
[INFO] [stderr]   Downloaded wasmtime-runtime v0.25.0
[INFO] [stderr]   Downloaded actix_derive v0.6.0-beta.1
[INFO] [stderr]   Downloaded capstone-sys v0.11.0
[INFO] [stderr]   Downloaded openssl-src v111.16.0+1.1.1l
[INFO] [stderr]   Downloaded wasmer-runtime-near v0.18.0
[INFO] [stderr]   Downloaded rkyv v0.7.26
[INFO] running `Command { std: "docker" "create" "-v" "/var/lib/crater-agent-workspace/builds/worker-7-tc1/target:/opt/rustwide/target:rw,Z" "-v" "/var/lib/crater-agent-workspace/builds/worker-7-tc1/source:/opt/rustwide/workdir:ro,Z" "-v" "/var/lib/crater-agent-workspace/cargo-home:/opt/rustwide/cargo-home:ro,Z" "-v" "/var/lib/crater-agent-workspace/rustup-home:/opt/rustwide/rustup-home:ro,Z" "-e" "SOURCE_DIR=/opt/rustwide/workdir" "-e" "CARGO_TARGET_DIR=/opt/rustwide/target" "-e" "CARGO_HOME=/opt/rustwide/cargo-home" "-e" "RUSTUP_HOME=/opt/rustwide/rustup-home" "-w" "/opt/rustwide/workdir" "-m" "1610612736" "--user" "0:0" "--network" "none" "ghcr.io/rust-lang/crates-build-env/linux@sha256:5ff2268d62e97bff2cde7d5815dd6ed5b47097566f13b8d0ca110b04b60e07ed" "/opt/rustwide/cargo-home/bin/cargo" "+1.69.0" "metadata" "--no-deps" "--format-version=1", kill_on_drop: false }`
[INFO] [stdout] 92cd7a5907b5af5f6a8c8f98016a321b49770cd4b64b84849ee8063fa64eb11a
[INFO] running `Command { std: "docker" "start" "-a" "92cd7a5907b5af5f6a8c8f98016a321b49770cd4b64b84849ee8063fa64eb11a", kill_on_drop: false }`
[INFO] running `Command { std: "docker" "inspect" "92cd7a5907b5af5f6a8c8f98016a321b49770cd4b64b84849ee8063fa64eb11a", kill_on_drop: false }`
[INFO] running `Command { std: "docker" "rm" "-f" "92cd7a5907b5af5f6a8c8f98016a321b49770cd4b64b84849ee8063fa64eb11a", kill_on_drop: false }`
[INFO] [stdout] 92cd7a5907b5af5f6a8c8f98016a321b49770cd4b64b84849ee8063fa64eb11a
[INFO] running `Command { std: "docker" "create" "-v" "/var/lib/crater-agent-workspace/builds/worker-7-tc1/target:/opt/rustwide/target:rw,Z" "-v" "/var/lib/crater-agent-workspace/builds/worker-7-tc1/source:/opt/rustwide/workdir:ro,Z" "-v" "/var/lib/crater-agent-workspace/cargo-home:/opt/rustwide/cargo-home:ro,Z" "-v" "/var/lib/crater-agent-workspace/rustup-home:/opt/rustwide/rustup-home:ro,Z" "-e" "SOURCE_DIR=/opt/rustwide/workdir" "-e" "CARGO_TARGET_DIR=/opt/rustwide/target" "-e" "CARGO_INCREMENTAL=0" "-e" "RUST_BACKTRACE=full" "-e" "RUSTFLAGS=--cap-lints=warn" "-e" "RUSTDOCFLAGS=--cap-lints=warn" "-e" "CARGO_HOME=/opt/rustwide/cargo-home" "-e" "RUSTUP_HOME=/opt/rustwide/rustup-home" "-w" "/opt/rustwide/workdir" "-m" "1610612736" "--user" "0:0" "--network" "none" "ghcr.io/rust-lang/crates-build-env/linux@sha256:5ff2268d62e97bff2cde7d5815dd6ed5b47097566f13b8d0ca110b04b60e07ed" "/opt/rustwide/cargo-home/bin/cargo" "+1.69.0" "doc" "--frozen" "--no-deps" "--document-private-items" "--message-format=json", kill_on_drop: false }`
[INFO] [stdout] fcc557dfbd8dcd6605c05ad137c1106e580ad468238b7b85dac612ecb611dadc
[INFO] running `Command { std: "docker" "start" "-a" "fcc557dfbd8dcd6605c05ad137c1106e580ad468238b7b85dac612ecb611dadc", kill_on_drop: false }`
[INFO] [stderr]    Compiling proc-macro2 v1.0.30
[INFO] [stderr]    Compiling unicode-xid v0.2.2
[INFO] [stderr]    Compiling syn v1.0.57
[INFO] [stderr]    Compiling libc v0.2.104
[INFO] [stderr]    Compiling autocfg v1.0.1
[INFO] [stderr]    Compiling serde_derive v1.0.118
[INFO] [stderr]     Checking cfg-if v1.0.0
[INFO] [stderr]    Compiling serde v1.0.118
[INFO] [stderr]    Compiling version_check v0.9.3
[INFO] [stderr]     Checking ahash v0.4.7
[INFO] [stderr]     Checking smallvec v1.7.0
[INFO] [stderr]     Checking lazy_static v1.4.0
[INFO] [stderr]    Compiling memchr v2.4.1
[INFO] [stderr]    Compiling log v0.4.14
[INFO] [stderr]     Checking once_cell v1.8.0
[INFO] [stderr]    Compiling typenum v1.14.0
[INFO] [stderr]     Checking pin-project-lite v0.2.7
[INFO] [stderr]     Checking scopeguard v1.1.0
[INFO] [stderr]     Checking itoa v0.4.8
[INFO] [stderr]     Checking hashbrown v0.9.1
[INFO] [stderr]    Compiling ryu v1.0.5
[INFO] [stderr]     Checking byteorder v1.4.3
[INFO] [stderr]     Checking bitflags v1.3.2
[INFO] [stderr]    Compiling serde_json v1.0.68
[INFO] [stderr]     Checking ppv-lite86 v0.2.14
[INFO] [stderr]     Checking block-padding v0.2.1
[INFO] [stderr]     Checking opaque-debug v0.3.0
[INFO] [stderr]    Compiling generic-array v0.14.4
[INFO] [stderr]     Checking tracing-core v0.1.21
[INFO] [stderr]     Checking cpufeatures v0.2.1
[INFO] [stderr]    Compiling indexmap v1.6.1
[INFO] [stderr]    Compiling parking_lot_core v0.8.5
[INFO] [stderr]     Checking instant v0.1.12
[INFO] [stderr]    Compiling convert_case v0.4.0
[INFO] [stderr]     Checking lock_api v0.4.6
[INFO] [stderr]    Compiling num-traits v0.2.14
[INFO] [stderr]    Compiling getrandom v0.1.16
[INFO] [stderr]    Compiling futures-core v0.3.17
[INFO] [stderr]    Compiling num-integer v0.1.44
[INFO] [stderr]     Checking bytes v1.1.0
[INFO] [stderr]    Compiling quote v1.0.10
[INFO] [stderr]    Compiling crc32fast v1.2.1
[INFO] [stderr]    Compiling cfg-if v0.1.10
[INFO] [stderr]     Checking subtle v2.4.1
[INFO] [stderr]     Checking regex-syntax v0.6.25
[INFO] [stderr]    Compiling tokio v1.12.0
[INFO] [stderr]     Checking futures-sink v0.3.17
[INFO] [stderr]    Compiling miniz_oxide v0.4.4
[INFO] [stderr]    Compiling num-bigint v0.3.3
[INFO] [stderr]    Compiling radium v0.6.2
[INFO] [stderr]    Compiling futures-task v0.3.17
[INFO] [stderr]    Compiling num-rational v0.3.2
[INFO] [stderr]     Checking arrayvec v0.5.2
[INFO] [stderr]     Checking bs58 v0.4.0
[INFO] [stderr]     Checking adler v1.0.2
[INFO] [stderr]     Checking aho-corasick v0.7.18
[INFO] [stderr]     Checking stable_deref_trait v1.2.0
[INFO] [stderr]     Checking fallible-iterator v0.2.0
[INFO] [stderr]     Checking funty v1.1.0
[INFO] [stderr]    Compiling crunchy v0.2.2
[INFO] [stderr]     Checking getrandom v0.2.3
[INFO] [stderr]     Checking num_cpus v1.13.0
[INFO] [stderr]     Checking signal-hook-registry v1.4.0
[INFO] [stderr]     Checking mio v0.7.14
[INFO] [stderr]     Checking rand_core v0.6.3
[INFO] [stderr]    Compiling jobserver v0.1.24
[INFO] [stderr]     Checking parking_lot v0.11.1
[INFO] [stderr]     Checking rand_core v0.5.1
[INFO] [stderr]     Checking wyz v0.2.0
[INFO] [stderr]     Checking tap v1.0.1
[INFO] [stderr]     Checking arrayref v0.3.6
[INFO] [stderr]     Checking time v0.1.43
[INFO] [stderr]     Checking rand_chacha v0.3.1
[INFO] [stderr]    Compiling cc v1.0.71
[INFO] [stderr]     Checking rand_chacha v0.2.2
[INFO] [stderr]     Checking digest v0.9.0
[INFO] [stderr]     Checking block-buffer v0.9.0
[INFO] [stderr]     Checking crypto-mac v0.8.0
[INFO] [stderr]     Checking arrayvec v0.7.1
[INFO] [stderr]     Checking byte-slice-cast v1.2.0
[INFO] [stderr]     Checking bitvec v0.20.4
[INFO] [stderr]     Checking static_assertions v1.1.0
[INFO] [stderr]     Checking signature v1.3.1
[INFO] [stderr]     Checking sha2 v0.9.8
[INFO] [stderr]     Checking bytesize v1.1.0
[INFO] [stderr]     Checking rustc-hex v2.1.0
[INFO] [stderr]     Checking cipher v0.2.5
[INFO] [stderr]     Checking rand v0.8.4
[INFO] [stderr]    Compiling crossbeam-utils v0.8.5
[INFO] [stderr]     Checking rand v0.7.3
[INFO] [stderr]     Checking blake2 v0.9.2
[INFO] [stderr]    Compiling reed-solomon-erasure v4.0.2
[INFO] [stderr]     Checking ed25519 v1.2.0
[INFO] [stderr]     Checking base64 v0.11.0
[INFO] [stderr]    Compiling unicode-segmentation v1.8.0
[INFO] [stderr]    Compiling anyhow v1.0.51
[INFO] [stderr]     Checking c2-chacha v0.3.2
[INFO] [stderr]     Checking regex v1.5.4
[INFO] [stderr]    Compiling proc-macro-hack v0.5.19
[INFO] [stderr]    Compiling easy-ext v0.2.9
[INFO] [stderr]     Checking fnv v1.0.7
[INFO] [stderr]     Checking rustc-demangle v0.1.21
[INFO] [stderr]     Checking either v1.6.1
[INFO] [stderr]    Compiling futures-macro v0.3.17
[INFO] [stderr]    Compiling heck v0.3.3
[INFO] [stderr]     Checking fixed-hash v0.7.0
[INFO] [stderr]    Compiling futures-channel v0.3.17
[INFO] [stderr]     Checking crossbeam-channel v0.5.1
[INFO] [stderr]    Compiling proc-macro-nested v0.1.7
[INFO] [stderr]    Compiling futures-util v0.3.17
[INFO] [stderr]    Compiling memoffset v0.6.4
[INFO] [stderr]     Checking pin-utils v0.1.0
[INFO] [stderr]     Checking futures-io v0.3.17
[INFO] [stderr]     Checking slab v0.4.5
[INFO] [stderr]     Checking base64 v0.13.0
[INFO] [stderr]    Compiling parity-secp256k1 v0.7.0
[INFO] [stderr]    Compiling ahash v0.7.6
[INFO] [stderr]     Checking itertools v0.10.1
[INFO] [stderr]    Compiling ident_case v1.0.1
[INFO] [stderr]    Compiling protobuf v2.25.1
[INFO] [stderr]    Compiling glob v0.3.0
[INFO] [stderr]    Compiling openssl-src v111.16.0+1.1.1l
[INFO] [stderr]    Compiling nom v5.1.2
[INFO] [stderr]    Compiling prometheus v0.11.0
[INFO] [stderr]    Compiling pkg-config v0.3.20
[INFO] [stderr]    Compiling crossbeam-epoch v0.9.5
[INFO] [stderr]    Compiling libloading v0.7.1
[INFO] [stderr]    Compiling paste v1.0.5
[INFO] [stderr]    Compiling failure_derive v0.1.8
[INFO] [stderr]    Compiling clang-sys v1.2.2
[INFO] [stderr]    Compiling rayon-core v1.9.1
[INFO] [stderr]    Compiling bindgen v0.57.0
[INFO] [stderr]     Checking lru v0.6.5
[INFO] [stderr]    Compiling openssl-sys v0.9.72
[INFO] [stderr]    Compiling shlex v0.1.1
[INFO] [stderr]    Compiling rustc-hash v1.1.0
[INFO] [stderr]    Compiling lazycell v1.3.0
[INFO] [stderr]    Compiling peeking_take_while v0.1.2
[INFO] [stderr]    Compiling rayon v1.5.1
[INFO] [stderr]     Checking crossbeam-deque v0.8.1
[INFO] [stderr]     Checking keccak v0.1.0
[INFO] [stderr]    Compiling standback v0.2.17
[INFO] [stderr]    Compiling openssl v0.10.38
[INFO] [stderr]    Compiling heapsize v0.4.2
[INFO] [stderr]     Checking foreign-types-shared v0.1.1
[INFO] [stderr]     Checking http v0.2.5
[INFO] [stderr]     Checking sha3 v0.9.1
[INFO] [stderr]     Checking foreign-types v0.3.2
[INFO] [stderr]     Checking percent-encoding v2.1.0
[INFO] [stderr]     Checking fs2 v0.4.3
[INFO] [stderr]    Compiling proc-macro-error-attr v1.0.4
[INFO] [stderr]    Compiling httparse v1.5.1
[INFO] [stderr]     Checking local-waker v0.1.1
[INFO] [stderr]     Checking matches v0.1.9
[INFO] [stderr]    Compiling const_fn v0.4.8
[INFO] [stderr]    Compiling brotli-sys v0.3.2
[INFO] [stderr]     Checking elastic-array v0.11.0
[INFO] [stderr]    Compiling time v0.2.27
[INFO] [stderr]    Compiling proc-macro-error v1.0.4
[INFO] [stderr]    Compiling target-lexicon v0.11.2
[INFO] [stderr]    Compiling tokio-openssl v0.6.2
[INFO] [stderr]    Compiling borsh-schema-derive-internal v0.9.1
[INFO] [stderr]    Compiling borsh-derive-internal v0.9.1
[INFO] [stderr]    Compiling synstructure v0.12.6
[INFO] [stderr]    Compiling borsh-derive-internal v0.8.2
[INFO] [stderr]    Compiling cexpr v0.4.0
[INFO] [stderr]    Compiling borsh-schema-derive-internal v0.8.2
[INFO] [stderr]     Checking form_urlencoded v1.0.1
[INFO] [stderr]     Checking actix-utils v3.0.0
[INFO] [stderr]     Checking actix-service v2.0.1
[INFO] [stderr]     Checking more-asserts v0.2.1
[INFO] [stderr]    Compiling encoding_rs v0.8.29
[INFO] [stderr]     Checking bytestring v1.0.0
[INFO] [stderr]    Compiling cookie v0.15.1
[INFO] [stderr]     Checking tinyvec_macros v0.1.0
[INFO] [stderr]     Checking flate2 v1.0.22
[INFO] [stderr]     Checking tinyvec v1.5.0
[INFO] [stderr]     Checking sha-1 v0.9.8
[INFO] [stderr]     Checking language-tags v0.2.2
[INFO] [stderr]    Compiling Inflector v0.11.4
[INFO] [stderr]    Compiling wee_alloc v0.4.5
[INFO] [stderr]     Checking mime v0.3.16
[INFO] [stderr]    Compiling near-sdk-core v3.1.0
[INFO] [stderr]     Checking near-runtime-utils v4.0.0-pre.1
[INFO] [stderr]     Checking memory_units v0.4.0
[INFO] [stderr]     Checking unicode-bidi v0.3.7
[INFO] [stderr]    Compiling bytecheck v0.6.7
[INFO] [stderr]     Checking socket2 v0.4.2
[INFO] [stderr]    Compiling strsim v0.9.3
[INFO] [stderr]    Compiling rustversion v1.0.5
[INFO] [stderr]    Compiling rend v0.3.5
[INFO] [stderr]     Checking wasmparser v0.76.0
[INFO] [stderr]    Compiling strsim v0.10.0
[INFO] [stderr]    Compiling darling_core v0.10.2
[INFO] [stderr]     Checking parking_lot_core v0.7.2
[INFO] [stderr]     Checking unicode-normalization v0.1.19
[INFO] [stderr]    Compiling darling_core v0.12.4
[INFO] [stderr]    Compiling blake3 v0.3.8
[INFO] [stderr]     Checking region v2.2.0
[INFO] [stderr]    Compiling rkyv v0.7.26
[INFO] [stderr]     Checking leb128 v0.2.5
[INFO] [stderr]     Checking hashbrown v0.11.2
[INFO] [stderr]     Checking seahash v4.1.0
[INFO] [stderr]     Checking idna v0.2.3
[INFO] [stderr]    Compiling semver-parser v0.7.0
[INFO] [stderr]    Compiling event-listener v2.5.1
[INFO] [stderr]    Compiling psm v0.1.16
[INFO] [stderr]    Compiling async-mutex v1.4.0
[INFO] [stderr]    Compiling semver v0.9.0
[INFO] [stderr]    Compiling wasmer-vm-near v2.1.2
[INFO] [stderr]     Checking url v2.2.2
[INFO] [stderr]    Compiling target-lexicon v0.12.2
[INFO] [stderr]    Compiling cached_proc_macro_types v0.1.0
[INFO] [stderr]    Compiling constant_time_eq v0.1.5
[INFO] [stderr]    Compiling thiserror-impl v1.0.30
[INFO] [stderr]    Compiling tracing-attributes v0.1.18
[INFO] [stderr]    Compiling derive_more v0.99.14
[INFO] [stderr]    Compiling tokio-macros v1.6.0
[INFO] [stderr]    Compiling zeroize_derive v1.2.0
[INFO] [stderr]    Compiling impl-trait-for-tuples v0.2.1
[INFO] [stderr]    Compiling smart-default v0.6.0
[INFO] [stderr]    Compiling actix-macros v0.2.3
[INFO] [stderr]    Compiling strum_macros v0.20.1
[INFO] [stderr]    Compiling actix_derive v0.6.0-beta.1
[INFO] [stderr]     Checking zeroize v1.4.2
[INFO] [stderr]    Compiling time-macros-impl v0.1.2
[INFO] [stderr]     Checking curve25519-dalek v3.2.0
[INFO] [stderr]    Compiling pin-project-internal v1.0.8
[INFO] [stderr]     Checking tracing v0.1.29
[INFO] [stderr]    Compiling ptr_meta_derive v0.1.4
[INFO] [stderr]    Compiling near-sdk-macros v3.1.0
[INFO] [stderr]    Compiling bytecheck_derive v0.6.7
[INFO] [stderr]    Compiling darling_macro v0.12.4
[INFO] [stderr]     Checking thiserror v1.0.30
[INFO] [stderr]     Checking time-macros v0.1.1
[INFO] [stderr]    Compiling darling_macro v0.10.2
[INFO] [stderr]     Checking strum v0.20.0
[INFO] [stderr]     Checking ptr_meta v0.1.4
[INFO] [stderr]    Compiling loupe-derive v0.1.3
[INFO] [stderr]    Compiling actix-web-codegen v0.5.0-beta.2
[INFO] [stderr]    Compiling rkyv_derive v0.7.26
[INFO] [stderr]    Compiling darling v0.12.4
[INFO] [stderr]     Checking near-metrics v0.0.0 (/opt/rustwide/workdir/core/metrics)
[INFO] [stderr]    Compiling near-performance-metrics-macros v0.0.0 (/opt/rustwide/workdir/utils/near-performance-metrics-macros)
[INFO] [stderr]    Compiling enumset_derive v0.5.4
[INFO] [stderr]    Compiling darling v0.10.2
[INFO] [stderr]    Compiling cached_proc_macro v0.6.1
[INFO] [stderr]     Checking pin-project v1.0.8
[INFO] [stderr]    Compiling async-trait v0.1.42
[INFO] [stderr]    Compiling rustc_version v0.2.3
[INFO] [stderr]    Compiling wasmtime-runtime v0.25.0
[INFO] [stderr]     Checking region v3.0.0
[INFO] [stderr]    Compiling nix v0.15.0
[INFO] [stderr]    Compiling librocksdb-sys v6.17.3
[INFO] [stderr]    Compiling autocfg v0.1.7
[INFO] [stderr]    Compiling target-lexicon v0.10.0
[INFO] [stderr]     Checking ansi_term v0.12.1
[INFO] [stderr]    Compiling dynasm v1.1.0
[INFO] [stderr]     Checking enumset v1.0.6
[INFO] [stderr]     Checking generic-array v0.12.4
[INFO] [stderr]     Checking memmap2 v0.2.3
[INFO] [stderr]     Checking tokio-util v0.6.9
[INFO] [stderr]     Checking actix-rt v2.3.0
[INFO] [stderr]     Checking tokio-stream v0.1.7
[INFO] [stderr]     Checking rand_core v0.4.2
[INFO] [stderr]     Checking void v1.0.2
[INFO] [stderr]     Checking futures-executor v0.3.17
[INFO] [stderr]     Checking local-channel v0.1.2
[INFO] [stderr]     Checking wasmparser v0.78.2
[INFO] [stderr]     Checking actix-server v2.0.0-beta.6
[INFO] [stderr]     Checking conqueue v0.4.0
[INFO] [stderr]     Checking futures v0.3.17
[INFO] [stderr]     Checking digest v0.8.1
[INFO] [stderr]     Checking actix v0.11.0-beta.2
[INFO] [stderr]     Checking actix-codec v0.4.0
[INFO] [stderr]     Checking errno v0.2.7
[INFO] [stderr]     Checking cached v0.23.0
[INFO] [stderr]     Checking page_size v0.4.2
[INFO] [stderr]     Checking wasmparser v0.51.4
[INFO] [stderr]    Compiling cpp_demangle v0.3.3
[INFO] [stderr]    Compiling doc-comment v0.3.3
[INFO] [stderr]     Checking ripemd160 v0.9.1
[INFO] [stderr]     Checking memmap2 v0.5.0
[INFO] [stderr]    Compiling sysinfo v0.14.3 (https://github.com/near/sysinfo?rev=3cb97ee79a02754407d2f0f63628f247d7c65e7b#3cb97ee7)
[INFO] [stderr]     Checking rand_core v0.3.1
[INFO] [stderr]     Checking uuid v0.8.2
[INFO] [stderr]     Checking memmap v0.7.0
[INFO] [stderr]     Checking parity-wasm v0.42.2
[INFO] [stderr]     Checking near-performance-metrics v0.0.0 (/opt/rustwide/workdir/utils/near-performance-metrics)
[INFO] [stderr]     Checking near-rate-limiter v0.0.0 (/opt/rustwide/workdir/utils/near-rate-limiter)
[INFO] [stderr]     Checking parity-wasm v0.41.0
[INFO] [stderr]     Checking unicode-width v0.1.9
[INFO] [stderr]     Checking near-cache v0.0.0 (/opt/rustwide/workdir/utils/near-cache)
[INFO] [stderr]     Checking threadpool v1.8.1
[INFO] [stderr]     Checking near-stable-hasher v0.0.0 (/opt/rustwide/workdir/utils/near-stable-hasher)
[INFO] [stderr]    Compiling rand_chacha v0.1.1
[INFO] [stderr]    Compiling rand_pcg v0.1.2
[INFO] [stderr]    Compiling rand v0.6.5
[INFO] [stderr]    Compiling native-tls v0.2.8
[INFO] [stderr]     Checking rand_hc v0.1.0
[INFO] [stderr]     Checking rand_xorshift v0.1.1
[INFO] [stderr]     Checking rand_isaac v0.1.1
[INFO] [stderr]     Checking rand_jitter v0.1.4
[INFO] [stderr]     Checking openssl-probe v0.1.4
[INFO] [stderr]     Checking try-lock v0.2.3
[INFO] [stderr]     Checking http-body v0.4.4
[INFO] [stderr]     Checking terminal_size v0.1.17
[INFO] [stderr]     Checking httpdate v1.0.1
[INFO] [stderr]     Checking want v0.3.0
[INFO] [stderr]     Checking pwasm-utils v0.18.2
[INFO] [stderr]     Checking tower-service v0.3.1
[INFO] [stderr]     Checking pwasm-utils v0.12.0
[INFO] [stderr]     Checking console v0.14.1
[INFO] [stderr]     Checking dirs-sys v0.3.6
[INFO] [stderr]     Checking remove_dir_all v0.5.3
[INFO] [stderr]     Checking number_prefix v0.3.0
[INFO] [stderr]     Checking dirs v3.0.2
[INFO] [stderr]     Checking tempfile v3.2.0
[INFO] [stderr]    Compiling manifest-dir-macros v0.1.11
[INFO] [stderr]     Checking atty v0.2.14
[INFO] [stderr]     Checking regex-automata v0.1.10
[INFO] [stderr]     Checking vec_map v0.8.2
[INFO] [stderr]     Checking indicatif v0.15.0
[INFO] [stderr]     Checking wast v38.0.1
[INFO] [stderr]    Compiling near-test-contracts v0.0.0 (/opt/rustwide/workdir/runtime/near-test-contracts)
[INFO] [stderr]     Checking tracing-log v0.1.2
[INFO] [stderr]     Checking thread_local v1.1.3
[INFO] [stderr]     Checking sharded-slab v0.1.4
[INFO] [stderr]     Checking termcolor v1.1.2
[INFO] [stderr]     Checking textwrap v0.12.1
[INFO] [stderr]     Checking textwrap v0.11.0
[INFO] [stderr]    Compiling clap_derive v3.0.0-beta.2
[INFO] [stderr]     Checking os_str_bytes v2.4.0
[INFO] [stderr]     Checking strsim v0.8.0
[INFO] [stderr]     Checking ansi_term v0.11.0
[INFO] [stderr]     Checking matchers v0.0.1
[INFO] [stderr]     Checking linked-hash-map v0.5.4
[INFO] [stderr]     Checking clap v2.33.3
[INFO] [stderr]     Checking hex v0.4.3
[INFO] [stderr]     Checking chrono v0.4.19
[INFO] [stderr]     Checking ed25519-dalek v1.0.1
[INFO] [stderr]     Checking cranelift-entity v0.72.0
[INFO] [stderr]     Checking uint v0.9.1
[INFO] [stderr]     Checking cranelift-codegen-shared v0.72.0
[INFO] [stderr]     Checking gimli v0.23.0
[INFO] [stderr]     Checking object v0.23.0
[INFO] [stderr]    Compiling toml v0.5.8
[INFO] [stderr]    Compiling near-rpc-error-core v0.0.0 (/opt/rustwide/workdir/tools/rpctypegen/core)
[INFO] [stderr]     Checking h2 v0.3.6
[INFO] [stderr]    Compiling near-rpc-error-macro v0.0.0 (/opt/rustwide/workdir/tools/rpctypegen/macro)
[INFO] [stderr]    Compiling cranelift-codegen-meta v0.72.0
[INFO] [stderr]     Checking cranelift-bforest v0.72.0
[INFO] [stderr]     Checking regalloc v0.0.31
[INFO] [stderr]    Compiling proc-macro-crate v0.1.5
[INFO] [stderr] error: could not compile `dynasm`
[INFO] [stderr] 
[INFO] [stderr] Caused by:
[INFO] [stderr]   process didn't exit successfully: `rustc --crate-name dynasm --edition=2018 /opt/rustwide/cargo-home/registry/src/github.com-1ecc6299db9ec823/dynasm-1.1.0/src/lib.rs --error-format=json --json=diagnostic-rendered-ansi,artifacts,future-incompat --crate-type proc-macro --emit=dep-info,link -C prefer-dynamic -C embed-bitcode=no --cfg 'feature="default"' -C metadata=e6cdfd76c8dc93a6 -C extra-filename=-e6cdfd76c8dc93a6 --out-dir /opt/rustwide/target/debug/deps -L dependency=/opt/rustwide/target/debug/deps --extern bitflags=/opt/rustwide/target/debug/deps/libbitflags-f94f0ff7526172c3.rlib --extern byteorder=/opt/rustwide/target/debug/deps/libbyteorder-364b79ba2074981f.rlib --extern lazy_static=/opt/rustwide/target/debug/deps/liblazy_static-fffb742395d36153.rlib --extern proc_macro_error=/opt/rustwide/target/debug/deps/libproc_macro_error-dbdbdea6a6224ad2.rlib --extern proc_macro2=/opt/rustwide/target/debug/deps/libproc_macro2-a14f91ec61603ea6.rlib --extern quote=/opt/rustwide/target/debug/deps/libquote-8fc883944201ea43.rlib --extern syn=/opt/rustwide/target/debug/deps/libsyn-8e85f6fe91cc9fc2.rlib --extern proc_macro --cap-lints allow --cap-lints=warn` (signal: 9, SIGKILL: kill)
[INFO] [stderr] warning: build failed, waiting for other jobs to finish...
[INFO] [stderr] error: failed to run custom build command for `near-test-contracts v0.0.0 (/opt/rustwide/workdir/runtime/near-test-contracts)`
[INFO] [stderr] note: To improve backtraces for build dependencies, set the CARGO_PROFILE_DEV_BUILD_OVERRIDE_DEBUG=true environment variable to enable debug information generation.
[INFO] [stderr] 
[INFO] [stderr] Caused by:
[INFO] [stderr]   process didn't exit successfully: `/opt/rustwide/target/debug/build/near-test-contracts-1b1253d0e6cb0e79/build-script-build` (exit status: 1)
[INFO] [stderr]   --- stderr
[INFO] [stderr]       Blocking waiting for file lock on package cache
[INFO] [stderr]      Compiling ryu v1.0.0
[INFO] [stderr]      Compiling serde v1.0.101
[INFO] [stderr]      Compiling wee_alloc v0.4.5
[INFO] [stderr]      Compiling serde_json v1.0.62
[INFO] [stderr]   error[E0463]: can't find crate for `core`
[INFO] [stderr]     |
[INFO] [stderr]     = note: the `wasm32-unknown-unknown` target may not be installed
[INFO] [stderr]     = help: consider downloading the target with `rustup target add wasm32-unknown-unknown`
[INFO] [stderr] 
[INFO] [stderr]   error[E0463]: can't find crate for `compiler_builtins`
[INFO] [stderr] 
[INFO] [stderr]   error: cannot find macro `debug_assert` in this scope
[INFO] [stderr]      --> /opt/rustwide/cargo-home/registry/src/github.com-1ecc6299db9ec823/ryu-1.0.0/src/pretty/mod.rs:181:5
[INFO] [stderr]       |
[INFO] [stderr]   181 |     debug_assert!(k >= -45);
[INFO] [stderr]       |     ^^^^^^^^^^^^
[INFO] [stderr] 
[INFO] [stderr]   error: cannot find macro `debug_assert` in this scope
[INFO] [stderr]     --> /opt/rustwide/cargo-home/registry/src/github.com-1ecc6299db9ec823/ryu-1.0.0/src/pretty/mod.rs:76:5
[INFO] [stderr]      |
[INFO] [stderr]   76 |     debug_assert!(k >= -324);
[INFO] [stderr]      |     ^^^^^^^^^^^^
[INFO] [stderr] 
[INFO] [stderr]   error: cannot find macro `debug_assert` in this scope
[INFO] [stderr]     --> /opt/rustwide/cargo-home/registry/src/github.com-1ecc6299db9ec823/ryu-1.0.0/src/pretty/exponent.rs:40:5
[INFO] [stderr]      |
[INFO] [stderr]   40 |     debug_assert!(k < 100);
[INFO] [stderr]      |     ^^^^^^^^^^^^
[INFO] [stderr] 
[INFO] [stderr]   error: cannot find macro `debug_assert` in this scope
[INFO] [stderr]     --> /opt/rustwide/cargo-home/registry/src/github.com-1ecc6299db9ec823/ryu-1.0.0/src/pretty/exponent.rs:14:5
[INFO] [stderr]      |
[INFO] [stderr]   14 |     debug_assert!(k < 1000);
[INFO] [stderr]      |     ^^^^^^^^^^^^
[INFO] [stderr] 
[INFO] [stderr]   error: cannot find macro `debug_assert` in this scope
[INFO] [stderr]      --> /opt/rustwide/cargo-home/registry/src/github.com-1ecc6299db9ec823/ryu-1.0.0/src/f2s.rs:172:5
[INFO] [stderr]       |
[INFO] [stderr]   172 |     debug_assert!(i < FLOAT_POW5_SPLIT.len() as u32);
[INFO] [stderr]       |     ^^^^^^^^^^^^
[INFO] [stderr] 
[INFO] [stderr]   error: cannot find macro `debug_assert` in this scope
[INFO] [stderr]      --> /opt/rustwide/cargo-home/registry/src/github.com-1ecc6299db9ec823/ryu-1.0.0/src/f2s.rs:166:5
[INFO] [stderr]       |
[INFO] [stderr]   166 |     debug_assert!(q < FLOAT_POW5_INV_SPLIT.len() as u32);
[INFO] [stderr]       |     ^^^^^^^^^^^^
[INFO] [stderr] 
[INFO] [stderr]   error: cannot find macro `debug_assert` in this scope
[INFO] [stderr]      --> /opt/rustwide/cargo-home/registry/src/github.com-1ecc6299db9ec823/ryu-1.0.0/src/f2s.rs:160:5
[INFO] [stderr]       |
[INFO] [stderr]   160 |     debug_assert!(shifted_sum <= u32::max_value() as u64);
[INFO] [stderr]       |     ^^^^^^^^^^^^
[INFO] [stderr] 
[INFO] [stderr]   error: cannot find macro `debug_assert` in this scope
[INFO] [stderr]      --> /opt/rustwide/cargo-home/registry/src/github.com-1ecc6299db9ec823/ryu-1.0.0/src/f2s.rs:149:5
[INFO] [stderr]       |
[INFO] [stderr]   149 |     debug_assert!(shift > 32);
[INFO] [stderr]       |     ^^^^^^^^^^^^
[INFO] [stderr] 
[INFO] [stderr]   error: cannot find macro `debug_assert` in this scope
[INFO] [stderr]      --> /opt/rustwide/cargo-home/registry/src/github.com-1ecc6299db9ec823/ryu-1.0.0/src/f2s.rs:120:9
[INFO] [stderr]       |
[INFO] [stderr]   120 |         debug_assert!(value != 0);
[INFO] [stderr]       |         ^^^^^^^^^^^^
[INFO] [stderr] 
[INFO] [stderr]   error: cannot find macro `debug_assert` in this scope
[INFO] [stderr]      --> /opt/rustwide/cargo-home/registry/src/github.com-1ecc6299db9ec823/ryu-1.0.0/src/d2s_intrinsics.rs:102:5
[INFO] [stderr]       |
[INFO] [stderr]   102 |     debug_assert!(value != 0);
[INFO] [stderr]       |     ^^^^^^^^^^^^
[INFO] [stderr] 
[INFO] [stderr]   error: cannot find macro `debug_assert` in this scope
[INFO] [stderr]     --> /opt/rustwide/cargo-home/registry/src/github.com-1ecc6299db9ec823/ryu-1.0.0/src/d2s_intrinsics.rs:80:9
[INFO] [stderr]      |
[INFO] [stderr]   80 |         debug_assert!(value != 0);
[INFO] [stderr]      |         ^^^^^^^^^^^^
[INFO] [stderr] 
[INFO] [stderr]   error: cannot find macro `debug_assert` in this scope
[INFO] [stderr]      --> /opt/rustwide/cargo-home/registry/src/github.com-1ecc6299db9ec823/ryu-1.0.0/src/d2s.rs:240:17
[INFO] [stderr]       |
[INFO] [stderr]   240 |                 debug_assert!(i < DOUBLE_POW5_SPLIT.len() as i32);
[INFO] [stderr]       |                 ^^^^^^^^^^^^
[INFO] [stderr] 
[INFO] [stderr]   error: cannot find macro `debug_assert` in this scope
[INFO] [stderr]      --> /opt/rustwide/cargo-home/registry/src/github.com-1ecc6299db9ec823/ryu-1.0.0/src/d2s.rs:200:17
[INFO] [stderr]       |
[INFO] [stderr]   200 |                 debug_assert!(q < DOUBLE_POW5_INV_SPLIT.len() as u32);
[INFO] [stderr]       |                 ^^^^^^^^^^^^
[INFO] [stderr] 
[INFO] [stderr]   error: cannot find macro `debug_assert` in this scope
[INFO] [stderr]      --> /opt/rustwide/cargo-home/registry/src/github.com-1ecc6299db9ec823/ryu-1.0.0/src/d2s.rs:106:5
[INFO] [stderr]       |
[INFO] [stderr]   106 |     debug_assert!(v < 100000000000000000);
[INFO] [stderr]       |     ^^^^^^^^^^^^
[INFO] [stderr] 
[INFO] [stderr]   error: cannot find macro `debug_assert` in this scope
[INFO] [stderr]     --> /opt/rustwide/cargo-home/registry/src/github.com-1ecc6299db9ec823/ryu-1.0.0/src/common.rs:73:5
[INFO] [stderr]      |
[INFO] [stderr]   73 |     debug_assert!(e <= 2620);
[INFO] [stderr]      |     ^^^^^^^^^^^^
[INFO] [stderr] 
[INFO] [stderr]   error: cannot find macro `debug_assert` in this scope
[INFO] [stderr]     --> /opt/rustwide/cargo-home/registry/src/github.com-1ecc6299db9ec823/ryu-1.0.0/src/common.rs:72:5
[INFO] [stderr]      |
[INFO] [stderr]   72 |     debug_assert!(e >= 0);
[INFO] [stderr]      |     ^^^^^^^^^^^^
[INFO] [stderr] 
[INFO] [stderr]   error: cannot find macro `debug_assert` in this scope
[INFO] [stderr]     --> /opt/rustwide/cargo-home/registry/src/github.com-1ecc6299db9ec823/ryu-1.0.0/src/common.rs:64:5
[INFO] [stderr]      |
[INFO] [stderr]   64 |     debug_assert!(e <= 1650);
[INFO] [stderr]      |     ^^^^^^^^^^^^
[INFO] [stderr] 
[INFO] [stderr]   error: cannot find macro `debug_assert` in this scope
[INFO] [stderr]     --> /opt/rustwide/cargo-home/registry/src/github.com-1ecc6299db9ec823/ryu-1.0.0/src/common.rs:63:5
[INFO] [stderr]      |
[INFO] [stderr]   63 |     debug_assert!(e >= 0);
[INFO] [stderr]      |     ^^^^^^^^^^^^
[INFO] [stderr] 
[INFO] [stderr]   error: cannot find macro `debug_assert` in this scope
[INFO] [stderr]     --> /opt/rustwide/cargo-home/registry/src/github.com-1ecc6299db9ec823/ryu-1.0.0/src/common.rs:55:5
[INFO] [stderr]      |
[INFO] [stderr]   55 |     debug_assert!(e <= 3528);
[INFO] [stderr]      |     ^^^^^^^^^^^^
[INFO] [stderr] 
[INFO] [stderr]   error: cannot find macro `debug_assert` in this scope
[INFO] [stderr]     --> /opt/rustwide/cargo-home/registry/src/github.com-1ecc6299db9ec823/ryu-1.0.0/src/common.rs:54:5
[INFO] [stderr]      |
[INFO] [stderr]   54 |     debug_assert!(e >= 0);
[INFO] [stderr]      |     ^^^^^^^^^^^^
[INFO] [stderr] 
[INFO] [stderr]   error: cannot find macro `debug_assert` in this scope
[INFO] [stderr]     --> /opt/rustwide/cargo-home/registry/src/github.com-1ecc6299db9ec823/ryu-1.0.0/src/common.rs:25:5
[INFO] [stderr]      |
[INFO] [stderr]   25 |     debug_assert!(v < 1000000000);
[INFO] [stderr]      |     ^^^^^^^^^^^^
[INFO] [stderr] 
[INFO] [stderr]   error: cannot find macro `debug_assert` in this scope
[INFO] [stderr]     --> /opt/rustwide/cargo-home/registry/src/github.com-1ecc6299db9ec823/ryu-1.0.0/src/buffer/mod.rs:78:13
[INFO] [stderr]      |
[INFO] [stderr]   78 |             debug_assert!(n <= self.bytes.len());
[INFO] [stderr]      |             ^^^^^^^^^^^^
[INFO] [stderr] 
[INFO] [stderr]   error: cannot find attribute `derive` in this scope
[INFO] [stderr]     --> /opt/rustwide/cargo-home/registry/src/github.com-1ecc6299db9ec823/ryu-1.0.0/src/buffer/mod.rs:21:3
[INFO] [stderr]      |
[INFO] [stderr]   21 | #[derive(Copy, Clone)]
[INFO] [stderr]      |   ^^^^^^
[INFO] [stderr] 
[INFO] [stderr]   error[E0405]: cannot find trait `Default` in this scope
[INFO] [stderr]     --> /opt/rustwide/cargo-home/registry/src/github.com-1ecc6299db9ec823/ryu-1.0.0/src/buffer/mod.rs:85:6
[INFO] [stderr]      |
[INFO] [stderr]   85 | impl Default for Buffer {
[INFO] [stderr]      |      ^^^^^^^ not found in this scope
[INFO] [stderr] 
[INFO] [stderr]   error[E0405]: cannot find trait `Copy` in this scope
[INFO] [stderr]      --> /opt/rustwide/cargo-home/registry/src/github.com-1ecc6299db9ec823/ryu-1.0.0/src/buffer/mod.rs:102:19
[INFO] [stderr]       |
[INFO] [stderr]   102 | pub trait Sealed: Copy {
[INFO] [stderr]       |                   ^^^^ not found in this scope
[INFO] [stderr] 
[INFO] [stderr]   Some errors have detailed explanations: E0405, E0463.
[INFO] [stderr]   For more information about an error, try `rustc --explain E0405`.
[INFO] [stderr]   error: could not compile `ryu` due to 27 previous errors
[INFO] [stderr]   warning: build failed, waiting for other jobs to finish...
[INFO] [stderr]   command `cd "./test-contract-rs" && CARGO_TARGET_DIR="/opt/rustwide/target/near-test-contracts" RUSTFLAGS="-C link-arg=-s" "cargo" "build" "--target=wasm32-unknown-unknown" "--release"` exited with non-zero status: ExitStatus(unix_wait_status(25856))
[INFO] [stderr] error: could not compile `cranelift-codegen-meta`
[INFO] [stderr] 
[INFO] [stderr] Caused by:
[INFO] [stderr]   process didn't exit successfully: `rustc --crate-name cranelift_codegen_meta --edition=2018 /opt/rustwide/cargo-home/registry/src/github.com-1ecc6299db9ec823/cranelift-codegen-meta-0.72.0/src/lib.rs --error-format=json --json=diagnostic-rendered-ansi,artifacts,future-incompat --crate-type lib --emit=dep-info,metadata,link -C embed-bitcode=no -C metadata=db24baaa97ce39e2 -C extra-filename=-db24baaa97ce39e2 --out-dir /opt/rustwide/target/debug/deps -L dependency=/opt/rustwide/target/debug/deps --extern cranelift_codegen_shared=/opt/rustwide/target/debug/deps/libcranelift_codegen_shared-429c3e558c88bf42.rmeta --extern cranelift_entity=/opt/rustwide/target/debug/deps/libcranelift_entity-fe7dec9cf7e66c28.rmeta --cap-lints allow --cap-lints=warn` (signal: 9, SIGKILL: kill)
[INFO] [stderr] The following warnings were emitted during compilation:
[INFO] [stderr] 
[INFO] [stderr] warning: c++: fatal error: Killed signal terminated program cc1plus
[INFO] [stderr] warning: compilation terminated.
[INFO] [stderr] warning: c++: fatal error: Killed signal terminated program cc1plus
[INFO] [stderr] warning: compilation terminated.
[INFO] [stderr] warning: c++: fatal error: Killed signal terminated program cc1plus
[INFO] [stderr] warning: compilation terminated.
[INFO] [stderr] warning: c++: fatal error: Killed signal terminated program cc1plus
[INFO] [stderr] warning: compilation terminated.
[INFO] [stderr] warning: c++: fatal error: Killed signal terminated program cc1plus
[INFO] [stderr] warning: compilation terminated.
[INFO] [stderr] warning: c++: fatal error: Killed signal terminated program cc1plus
[INFO] [stderr] warning: compilation terminated.
[INFO] [stderr] 
[INFO] [stderr] error: failed to run custom build command for `librocksdb-sys v6.17.3`
[INFO] [stderr] note: To improve backtraces for build dependencies, set the CARGO_PROFILE_DEV_BUILD_OVERRIDE_DEBUG=true environment variable to enable debug information generation.
[INFO] [stderr] 
[INFO] [stderr] Caused by:
[INFO] [stderr]   process didn't exit successfully: `/opt/rustwide/target/debug/build/librocksdb-sys-d1587f11f447f758/build-script-build` (exit status: 1)
[INFO] [stderr]   --- stdout
[INFO] [stderr]   cargo:rerun-if-changed=rocksdb/
[INFO] [stderr]   TARGET = Some("x86_64-unknown-linux-gnu")
[INFO] [stderr]   OPT_LEVEL = Some("0")
[INFO] [stderr]   HOST = Some("x86_64-unknown-linux-gnu")
[INFO] [stderr]   CXX_x86_64-unknown-linux-gnu = None
[INFO] [stderr]   CXX_x86_64_unknown_linux_gnu = None
[INFO] [stderr]   HOST_CXX = None
[INFO] [stderr]   CXX = None
[INFO] [stderr]   CXXFLAGS_x86_64-unknown-linux-gnu = None
[INFO] [stderr]   CXXFLAGS_x86_64_unknown_linux_gnu = None
[INFO] [stderr]   HOST_CXXFLAGS = None
[INFO] [stderr]   CXXFLAGS = None
[INFO] [stderr]   CRATE_CC_NO_DEFAULTS = None
[INFO] [stderr]   DEBUG = Some("true")
[INFO] [stderr]   CARGO_CFG_TARGET_FEATURE = Some("fxsr,sse,sse2")
[INFO] [stderr]   CXX_x86_64-unknown-linux-gnu = None
[INFO] [stderr]   CXX_x86_64_unknown_linux_gnu = None
[INFO] [stderr]   HOST_CXX = None
[INFO] [stderr]   CXX = None
[INFO] [stderr]   CXXFLAGS_x86_64-unknown-linux-gnu = None
[INFO] [stderr]   CXXFLAGS_x86_64_unknown_linux_gnu = None
[INFO] [stderr]   HOST_CXXFLAGS = None
[INFO] [stderr]   CXXFLAGS = None
[INFO] [stderr]   CRATE_CC_NO_DEFAULTS = None
[INFO] [stderr]   CARGO_CFG_TARGET_FEATURE = Some("fxsr,sse,sse2")
[INFO] [stderr]   CXX_x86_64-unknown-linux-gnu = None
[INFO] [stderr]   CXX_x86_64_unknown_linux_gnu = None
[INFO] [stderr]   HOST_CXX = None
[INFO] [stderr]   CXX = None
[INFO] [stderr]   CXXFLAGS_x86_64-unknown-linux-gnu = None
[INFO] [stderr]   CXXFLAGS_x86_64_unknown_linux_gnu = None
[INFO] [stderr]   HOST_CXXFLAGS = None
[INFO] [stderr]   CXXFLAGS = None
[INFO] [stderr]   CRATE_CC_NO_DEFAULTS = None
[INFO] [stderr]   CARGO_CFG_TARGET_FEATURE = Some("fxsr,sse,sse2")
[INFO] [stderr]   CXX_x86_64-unknown-linux-gnu = None
[INFO] [stderr]   CXX_x86_64_unknown_linux_gnu = None
[INFO] [stderr]   HOST_CXX = None
[INFO] [stderr]   CXX = None
[INFO] [stderr]   CXXFLAGS_x86_64-unknown-linux-gnu = None
[INFO] [stderr]   CXXFLAGS_x86_64_unknown_linux_gnu = None
[INFO] [stderr]   HOST_CXXFLAGS = None
[INFO] [stderr]   CXXFLAGS = None
[INFO] [stderr]   CRATE_CC_NO_DEFAULTS = None
[INFO] [stderr]   CARGO_CFG_TARGET_FEATURE = Some("fxsr,sse,sse2")
[INFO] [stderr]   CXX_x86_64-unknown-linux-gnu = None
[INFO] [stderr]   CXX_x86_64_unknown_linux_gnu = None
[INFO] [stderr]   HOST_CXX = None
[INFO] [stderr]   CXX = None
[INFO] [stderr]   CXXFLAGS_x86_64-unknown-linux-gnu = None
[INFO] [stderr]   CXXFLAGS_x86_64_unknown_linux_gnu = None
[INFO] [stderr]   HOST_CXXFLAGS = None
[INFO] [stderr]   CXXFLAGS = None
[INFO] [stderr]   CRATE_CC_NO_DEFAULTS = None
[INFO] [stderr]   CARGO_CFG_TARGET_FEATURE = Some("fxsr,sse,sse2")
[INFO] [stderr]   running: "c++" "-O0" "-ffunction-sections" "-fdata-sections" "-fPIC" "-g" "-fno-omit-frame-pointer" "-m64" "-I" "rocksdb/include/" "-I" "rocksdb/" "-I" "rocksdb/third-party/gtest-1.8.1/fused-src/" "-I" "snappy/" "-I" "lz4/lib/" "-I" "zstd/lib/" "-I" "zstd/lib/dictBuilder/" "-I" "zlib/" "-I" "bzip2/" "-I" "." "-Wall" "-Wextra" "-std=c++11" "-Wno-unused-parameter" "-msse2" "-msse4.1" "-msse4.2" "-mpclmul" "-DSNAPPY=1" "-DLZ4=1" "-DZSTD=1" "-DZLIB=1" "-DBZIP2=1" "-DNDEBUG=1" "-DHAVE_SSE42=1" "-DHAVE_PCLMUL=1" "-DOS_LINUX" "-DROCKSDB_PLATFORM_POSIX" "-DROCKSDB_LIB_IO_POSIX" "-o" "/opt/rustwide/target/debug/build/librocksdb-sys-304f128ae59e22c4/out/rocksdb/cache/cache.o" "-c" "rocksdb/cache/cache.cc"
[INFO] [stderr]   exit status: 0
[INFO] [stderr]   running: "c++" "-O0" "-ffunction-sections" "-fdata-sections" "-fPIC" "-g" "-fno-omit-frame-pointer" "-m64" "-I" "rocksdb/include/" "-I" "rocksdb/" "-I" "rocksdb/third-party/gtest-1.8.1/fused-src/" "-I" "snappy/" "-I" "lz4/lib/" "-I" "zstd/lib/" "-I" "zstd/lib/dictBuilder/" "-I" "zlib/" "-I" "bzip2/" "-I" "." "-Wall" "-Wextra" "-std=c++11" "-Wno-unused-parameter" "-msse2" "-msse4.1" "-msse4.2" "-mpclmul" "-DSNAPPY=1" "-DLZ4=1" "-DZSTD=1" "-DZLIB=1" "-DBZIP2=1" "-DNDEBUG=1" "-DHAVE_SSE42=1" "-DHAVE_PCLMUL=1" "-DOS_LINUX" "-DROCKSDB_PLATFORM_POSIX" "-DROCKSDB_LIB_IO_POSIX" "-o" "/opt/rustwide/target/debug/build/librocksdb-sys-304f128ae59e22c4/out/rocksdb/cache/clock_cache.o" "-c" "rocksdb/cache/clock_cache.cc"
[INFO] [stderr]   running: "c++" "-O0" "-ffunction-sections" "-fdata-sections" "-fPIC" "-g" "-fno-omit-frame-pointer" "-m64" "-I" "rocksdb/include/" "-I" "rocksdb/" "-I" "rocksdb/third-party/gtest-1.8.1/fused-src/" "-I" "snappy/" "-I" "lz4/lib/" "-I" "zstd/lib/" "-I" "zstd/lib/dictBuilder/" "-I" "zlib/" "-I" "bzip2/" "-I" "." "-Wall" "-Wextra" "-std=c++11" "-Wno-unused-parameter" "-msse2" "-msse4.1" "-msse4.2" "-mpclmul" "-DSNAPPY=1" "-DLZ4=1" "-DZSTD=1" "-DZLIB=1" "-DBZIP2=1" "-DNDEBUG=1" "-DHAVE_SSE42=1" "-DHAVE_PCLMUL=1" "-DOS_LINUX" "-DROCKSDB_PLATFORM_POSIX" "-DROCKSDB_LIB_IO_POSIX" "-o" "/opt/rustwide/target/debug/build/librocksdb-sys-304f128ae59e22c4/out/rocksdb/cache/lru_cache.o" "-c" "rocksdb/cache/lru_cache.cc"
[INFO] [stderr]   running: "c++" "-O0" "-ffunction-sections" "-fdata-sections" "-fPIC" "-g" "-fno-omit-frame-pointer" "-m64" "-I" "rocksdb/include/" "-I" "rocksdb/" "-I" "rocksdb/third-party/gtest-1.8.1/fused-src/" "-I" "snappy/" "-I" "lz4/lib/" "-I" "zstd/lib/" "-I" "zstd/lib/dictBuilder/" "-I" "zlib/" "-I" "bzip2/" "-I" "." "-Wall" "-Wextra" "-std=c++11" "-Wno-unused-parameter" "-msse2" "-msse4.1" "-msse4.2" "-mpclmul" "-DSNAPPY=1" "-DLZ4=1" "-DZSTD=1" "-DZLIB=1" "-DBZIP2=1" "-DNDEBUG=1" "-DHAVE_SSE42=1" "-DHAVE_PCLMUL=1" "-DOS_LINUX" "-DROCKSDB_PLATFORM_POSIX" "-DROCKSDB_LIB_IO_POSIX" "-o" "/opt/rustwide/target/debug/build/librocksdb-sys-304f128ae59e22c4/out/rocksdb/cache/sharded_cache.o" "-c" "rocksdb/cache/sharded_cache.cc"
[INFO] [stderr]   running: "c++" "-O0" "-ffunction-sections" "-fdata-sections" "-fPIC" "-g" "-fno-omit-frame-pointer" "-m64" "-I" "rocksdb/include/" "-I" "rocksdb/" "-I" "rocksdb/third-party/gtest-1.8.1/fused-src/" "-I" "snappy/" "-I" "lz4/lib/" "-I" "zstd/lib/" "-I" "zstd/lib/dictBuilder/" "-I" "zlib/" "-I" "bzip2/" "-I" "." "-Wall" "-Wextra" "-std=c++11" "-Wno-unused-parameter" "-msse2" "-msse4.1" "-msse4.2" "-mpclmul" "-DSNAPPY=1" "-DLZ4=1" "-DZSTD=1" "-DZLIB=1" "-DBZIP2=1" "-DNDEBUG=1" "-DHAVE_SSE42=1" "-DHAVE_PCLMUL=1" "-DOS_LINUX" "-DROCKSDB_PLATFORM_POSIX" "-DROCKSDB_LIB_IO_POSIX" "-o" "/opt/rustwide/target/debug/build/librocksdb-sys-304f128ae59e22c4/out/rocksdb/db/arena_wrapped_db_iter.o" "-c" "rocksdb/db/arena_wrapped_db_iter.cc"
[INFO] [stderr]   running: "c++" "-O0" "-ffunction-sections" "-fdata-sections" "-fPIC" "-g" "-fno-omit-frame-pointer" "-m64" "-I" "rocksdb/include/" "-I" "rocksdb/" "-I" "rocksdb/third-party/gtest-1.8.1/fused-src/" "-I" "snappy/" "-I" "lz4/lib/" "-I" "zstd/lib/" "-I" "zstd/lib/dictBuilder/" "-I" "zlib/" "-I" "bzip2/" "-I" "." "-Wall" "-Wextra" "-std=c++11" "-Wno-unused-parameter" "-msse2" "-msse4.1" "-msse4.2" "-mpclmul" "-DSNAPPY=1" "-DLZ4=1" "-DZSTD=1" "-DZLIB=1" "-DBZIP2=1" "-DNDEBUG=1" "-DHAVE_SSE42=1" "-DHAVE_PCLMUL=1" "-DOS_LINUX" "-DROCKSDB_PLATFORM_POSIX" "-DROCKSDB_LIB_IO_POSIX" "-o" "/opt/rustwide/target/debug/build/librocksdb-sys-304f128ae59e22c4/out/rocksdb/db/blob/blob_file_builder.o" "-c" "rocksdb/db/blob/blob_file_builder.cc"
[INFO] [stderr]   running: "c++" "-O0" "-ffunction-sections" "-fdata-sections" "-fPIC" "-g" "-fno-omit-frame-pointer" "-m64" "-I" "rocksdb/include/" "-I" "rocksdb/" "-I" "rocksdb/third-party/gtest-1.8.1/fused-src/" "-I" "snappy/" "-I" "lz4/lib/" "-I" "zstd/lib/" "-I" "zstd/lib/dictBuilder/" "-I" "zlib/" "-I" "bzip2/" "-I" "." "-Wall" "-Wextra" "-std=c++11" "-Wno-unused-parameter" "-msse2" "-msse4.1" "-msse4.2" "-mpclmul" "-DSNAPPY=1" "-DLZ4=1" "-DZSTD=1" "-DZLIB=1" "-DBZIP2=1" "-DNDEBUG=1" "-DHAVE_SSE42=1" "-DHAVE_PCLMUL=1" "-DOS_LINUX" "-DROCKSDB_PLATFORM_POSIX" "-DROCKSDB_LIB_IO_POSIX" "-o" "/opt/rustwide/target/debug/build/librocksdb-sys-304f128ae59e22c4/out/rocksdb/db/blob/blob_file_addition.o" "-c" "rocksdb/db/blob/blob_file_addition.cc"
[INFO] [stderr]   exit status: 0
[INFO] [stderr]   running: "c++" "-O0" "-ffunction-sections" "-fdata-sections" "-fPIC" "-g" "-fno-omit-frame-pointer" "-m64" "-I" "rocksdb/include/" "-I" "rocksdb/" "-I" "rocksdb/third-party/gtest-1.8.1/fused-src/" "-I" "snappy/" "-I" "lz4/lib/" "-I" "zstd/lib/" "-I" "zstd/lib/dictBuilder/" "-I" "zlib/" "-I" "bzip2/" "-I" "." "-Wall" "-Wextra" "-std=c++11" "-Wno-unused-parameter" "-msse2" "-msse4.1" "-msse4.2" "-mpclmul" "-DSNAPPY=1" "-DLZ4=1" "-DZSTD=1" "-DZLIB=1" "-DBZIP2=1" "-DNDEBUG=1" "-DHAVE_SSE42=1" "-DHAVE_PCLMUL=1" "-DOS_LINUX" "-DROCKSDB_PLATFORM_POSIX" "-DROCKSDB_LIB_IO_POSIX" "-o" "/opt/rustwide/target/debug/build/librocksdb-sys-304f128ae59e22c4/out/rocksdb/db/blob/blob_file_cache.o" "-c" "rocksdb/db/blob/blob_file_cache.cc"
[INFO] [stderr]   running: "c++" "-O0" "-ffunction-sections" "-fdata-sections" "-fPIC" "-g" "-fno-omit-frame-pointer" "-m64" "-I" "rocksdb/include/" "-I" "rocksdb/" "-I" "rocksdb/third-party/gtest-1.8.1/fused-src/" "-I" "snappy/" "-I" "lz4/lib/" "-I" "zstd/lib/" "-I" "zstd/lib/dictBuilder/" "-I" "zlib/" "-I" "bzip2/" "-I" "." "-Wall" "-Wextra" "-std=c++11" "-Wno-unused-parameter" "-msse2" "-msse4.1" "-msse4.2" "-mpclmul" "-DSNAPPY=1" "-DLZ4=1" "-DZSTD=1" "-DZLIB=1" "-DBZIP2=1" "-DNDEBUG=1" "-DHAVE_SSE42=1" "-DHAVE_PCLMUL=1" "-DOS_LINUX" "-DROCKSDB_PLATFORM_POSIX" "-DROCKSDB_LIB_IO_POSIX" "-o" "/opt/rustwide/target/debug/build/librocksdb-sys-304f128ae59e22c4/out/rocksdb/db/blob/blob_file_garbage.o" "-c" "rocksdb/db/blob/blob_file_garbage.cc"
[INFO] [stderr]   exit status: 0
[INFO] [stderr]   running: "c++" "-O0" "-ffunction-sections" "-fdata-sections" "-fPIC" "-g" "-fno-omit-frame-pointer" "-m64" "-I" "rocksdb/include/" "-I" "rocksdb/" "-I" "rocksdb/third-party/gtest-1.8.1/fused-src/" "-I" "snappy/" "-I" "lz4/lib/" "-I" "zstd/lib/" "-I" "zstd/lib/dictBuilder/" "-I" "zlib/" "-I" "bzip2/" "-I" "." "-Wall" "-Wextra" "-std=c++11" "-Wno-unused-parameter" "-msse2" "-msse4.1" "-msse4.2" "-mpclmul" "-DSNAPPY=1" "-DLZ4=1" "-DZSTD=1" "-DZLIB=1" "-DBZIP2=1" "-DNDEBUG=1" "-DHAVE_SSE42=1" "-DHAVE_PCLMUL=1" "-DOS_LINUX" "-DROCKSDB_PLATFORM_POSIX" "-DROCKSDB_LIB_IO_POSIX" "-o" "/opt/rustwide/target/debug/build/librocksdb-sys-304f128ae59e22c4/out/rocksdb/db/blob/blob_file_meta.o" "-c" "rocksdb/db/blob/blob_file_meta.cc"
[INFO] [stderr]   exit status: 0
[INFO] [stderr]   running: "c++" "-O0" "-ffunction-sections" "-fdata-sections" "-fPIC" "-g" "-fno-omit-frame-pointer" "-m64" "-I" "rocksdb/include/" "-I" "rocksdb/" "-I" "rocksdb/third-party/gtest-1.8.1/fused-src/" "-I" "snappy/" "-I" "lz4/lib/" "-I" "zstd/lib/" "-I" "zstd/lib/dictBuilder/" "-I" "zlib/" "-I" "bzip2/" "-I" "." "-Wall" "-Wextra" "-std=c++11" "-Wno-unused-parameter" "-msse2" "-msse4.1" "-msse4.2" "-mpclmul" "-DSNAPPY=1" "-DLZ4=1" "-DZSTD=1" "-DZLIB=1" "-DBZIP2=1" "-DNDEBUG=1" "-DHAVE_SSE42=1" "-DHAVE_PCLMUL=1" "-DOS_LINUX" "-DROCKSDB_PLATFORM_POSIX" "-DROCKSDB_LIB_IO_POSIX" "-o" "/opt/rustwide/target/debug/build/librocksdb-sys-304f128ae59e22c4/out/rocksdb/db/blob/blob_file_reader.o" "-c" "rocksdb/db/blob/blob_file_reader.cc"
[INFO] [stderr]   exit status: 0
[INFO] [stderr]   running: "c++" "-O0" "-ffunction-sections" "-fdata-sections" "-fPIC" "-g" "-fno-omit-frame-pointer" "-m64" "-I" "rocksdb/include/" "-I" "rocksdb/" "-I" "rocksdb/third-party/gtest-1.8.1/fused-src/" "-I" "snappy/" "-I" "lz4/lib/" "-I" "zstd/lib/" "-I" "zstd/lib/dictBuilder/" "-I" "zlib/" "-I" "bzip2/" "-I" "." "-Wall" "-Wextra" "-std=c++11" "-Wno-unused-parameter" "-msse2" "-msse4.1" "-msse4.2" "-mpclmul" "-DSNAPPY=1" "-DLZ4=1" "-DZSTD=1" "-DZLIB=1" "-DBZIP2=1" "-DNDEBUG=1" "-DHAVE_SSE42=1" "-DHAVE_PCLMUL=1" "-DOS_LINUX" "-DROCKSDB_PLATFORM_POSIX" "-DROCKSDB_LIB_IO_POSIX" "-o" "/opt/rustwide/target/debug/build/librocksdb-sys-304f128ae59e22c4/out/rocksdb/db/blob/blob_log_format.o" "-c" "rocksdb/db/blob/blob_log_format.cc"
[INFO] [stderr]   running: "c++" "-O0" "-ffunction-sections" "-fdata-sections" "-fPIC" "-g" "-fno-omit-frame-pointer" "-m64" "-I" "rocksdb/include/" "-I" "rocksdb/" "-I" "rocksdb/third-party/gtest-1.8.1/fused-src/" "-I" "snappy/" "-I" "lz4/lib/" "-I" "zstd/lib/" "-I" "zstd/lib/dictBuilder/" "-I" "zlib/" "-I" "bzip2/" "-I" "." "-Wall" "-Wextra" "-std=c++11" "-Wno-unused-parameter" "-msse2" "-msse4.1" "-msse4.2" "-mpclmul" "-DSNAPPY=1" "-DLZ4=1" "-DZSTD=1" "-DZLIB=1" "-DBZIP2=1" "-DNDEBUG=1" "-DHAVE_SSE42=1" "-DHAVE_PCLMUL=1" "-DOS_LINUX" "-DROCKSDB_PLATFORM_POSIX" "-DROCKSDB_LIB_IO_POSIX" "-o" "/opt/rustwide/target/debug/build/librocksdb-sys-304f128ae59e22c4/out/rocksdb/db/blob/blob_log_sequential_reader.o" "-c" "rocksdb/db/blob/blob_log_sequential_reader.cc"
[INFO] [stderr]   exit status: 0
[INFO] [stderr]   exit status: 0
[INFO] [stderr]   running: "c++" "-O0" "-ffunction-sections" "-fdata-sections" "-fPIC" "-g" "-fno-omit-frame-pointer" "-m64" "-I" "rocksdb/include/" "-I" "rocksdb/" "-I" "rocksdb/third-party/gtest-1.8.1/fused-src/" "-I" "snappy/" "-I" "lz4/lib/" "-I" "zstd/lib/" "-I" "zstd/lib/dictBuilder/" "-I" "zlib/" "-I" "bzip2/" "-I" "." "-Wall" "-Wextra" "-std=c++11" "-Wno-unused-parameter" "-msse2" "-msse4.1" "-msse4.2" "-mpclmul" "-DSNAPPY=1" "-DLZ4=1" "-DZSTD=1" "-DZLIB=1" "-DBZIP2=1" "-DNDEBUG=1" "-DHAVE_SSE42=1" "-DHAVE_PCLMUL=1" "-DOS_LINUX" "-DROCKSDB_PLATFORM_POSIX" "-DROCKSDB_LIB_IO_POSIX" "-o" "/opt/rustwide/target/debug/build/librocksdb-sys-304f128ae59e22c4/out/rocksdb/db/blob/blob_log_writer.o" "-c" "rocksdb/db/blob/blob_log_writer.cc"
[INFO] [stderr]   running: "c++" "-O0" "-ffunction-sections" "-fdata-sections" "-fPIC" "-g" "-fno-omit-frame-pointer" "-m64" "-I" "rocksdb/include/" "-I" "rocksdb/" "-I" "rocksdb/third-party/gtest-1.8.1/fused-src/" "-I" "snappy/" "-I" "lz4/lib/" "-I" "zstd/lib/" "-I" "zstd/lib/dictBuilder/" "-I" "zlib/" "-I" "bzip2/" "-I" "." "-Wall" "-Wextra" "-std=c++11" "-Wno-unused-parameter" "-msse2" "-msse4.1" "-msse4.2" "-mpclmul" "-DSNAPPY=1" "-DLZ4=1" "-DZSTD=1" "-DZLIB=1" "-DBZIP2=1" "-DNDEBUG=1" "-DHAVE_SSE42=1" "-DHAVE_PCLMUL=1" "-DOS_LINUX" "-DROCKSDB_PLATFORM_POSIX" "-DROCKSDB_LIB_IO_POSIX" "-o" "/opt/rustwide/target/debug/build/librocksdb-sys-304f128ae59e22c4/out/rocksdb/db/builder.o" "-c" "rocksdb/db/builder.cc"
[INFO] [stderr]   running: "c++" "-O0" "-ffunction-sections" "-fdata-sections" "-fPIC" "-g" "-fno-omit-frame-pointer" "-m64" "-I" "rocksdb/include/" "-I" "rocksdb/" "-I" "rocksdb/third-party/gtest-1.8.1/fused-src/" "-I" "snappy/" "-I" "lz4/lib/" "-I" "zstd/lib/" "-I" "zstd/lib/dictBuilder/" "-I" "zlib/" "-I" "bzip2/" "-I" "." "-Wall" "-Wextra" "-std=c++11" "-Wno-unused-parameter" "-msse2" "-msse4.1" "-msse4.2" "-mpclmul" "-DSNAPPY=1" "-DLZ4=1" "-DZSTD=1" "-DZLIB=1" "-DBZIP2=1" "-DNDEBUG=1" "-DHAVE_SSE42=1" "-DHAVE_PCLMUL=1" "-DOS_LINUX" "-DROCKSDB_PLATFORM_POSIX" "-DROCKSDB_LIB_IO_POSIX" "-o" "/opt/rustwide/target/debug/build/librocksdb-sys-304f128ae59e22c4/out/rocksdb/db/c.o" "-c" "rocksdb/db/c.cc"
[INFO] [stderr]   exit status: 0
[INFO] [stderr]   running: "c++" "-O0" "-ffunction-sections" "-fdata-sections" "-fPIC" "-g" "-fno-omit-frame-pointer" "-m64" "-I" "rocksdb/include/" "-I" "rocksdb/" "-I" "rocksdb/third-party/gtest-1.8.1/fused-src/" "-I" "snappy/" "-I" "lz4/lib/" "-I" "zstd/lib/" "-I" "zstd/lib/dictBuilder/" "-I" "zlib/" "-I" "bzip2/" "-I" "." "-Wall" "-Wextra" "-std=c++11" "-Wno-unused-parameter" "-msse2" "-msse4.1" "-msse4.2" "-mpclmul" "-DSNAPPY=1" "-DLZ4=1" "-DZSTD=1" "-DZLIB=1" "-DBZIP2=1" "-DNDEBUG=1" "-DHAVE_SSE42=1" "-DHAVE_PCLMUL=1" "-DOS_LINUX" "-DROCKSDB_PLATFORM_POSIX" "-DROCKSDB_LIB_IO_POSIX" "-o" "/opt/rustwide/target/debug/build/librocksdb-sys-304f128ae59e22c4/out/rocksdb/db/column_family.o" "-c" "rocksdb/db/column_family.cc"
[INFO] [stderr]   exit status: 0
[INFO] [stderr]   running: "c++" "-O0" "-ffunction-sections" "-fdata-sections" "-fPIC" "-g" "-fno-omit-frame-pointer" "-m64" "-I" "rocksdb/include/" "-I" "rocksdb/" "-I" "rocksdb/third-party/gtest-1.8.1/fused-src/" "-I" "snappy/" "-I" "lz4/lib/" "-I" "zstd/lib/" "-I" "zstd/lib/dictBuilder/" "-I" "zlib/" "-I" "bzip2/" "-I" "." "-Wall" "-Wextra" "-std=c++11" "-Wno-unused-parameter" "-msse2" "-msse4.1" "-msse4.2" "-mpclmul" "-DSNAPPY=1" "-DLZ4=1" "-DZSTD=1" "-DZLIB=1" "-DBZIP2=1" "-DNDEBUG=1" "-DHAVE_SSE42=1" "-DHAVE_PCLMUL=1" "-DOS_LINUX" "-DROCKSDB_PLATFORM_POSIX" "-DROCKSDB_LIB_IO_POSIX" "-o" "/opt/rustwide/target/debug/build/librocksdb-sys-304f128ae59e22c4/out/rocksdb/db/compacted_db_impl.o" "-c" "rocksdb/db/compacted_db_impl.cc"
[INFO] [stderr]   running: "c++" "-O0" "-ffunction-sections" "-fdata-sections" "-fPIC" "-g" "-fno-omit-frame-pointer" "-m64" "-I" "rocksdb/include/" "-I" "rocksdb/" "-I" "rocksdb/third-party/gtest-1.8.1/fused-src/" "-I" "snappy/" "-I" "lz4/lib/" "-I" "zstd/lib/" "-I" "zstd/lib/dictBuilder/" "-I" "zlib/" "-I" "bzip2/" "-I" "." "-Wall" "-Wextra" "-std=c++11" "-Wno-unused-parameter" "-msse2" "-msse4.1" "-msse4.2" "-mpclmul" "-DSNAPPY=1" "-DLZ4=1" "-DZSTD=1" "-DZLIB=1" "-DBZIP2=1" "-DNDEBUG=1" "-DHAVE_SSE42=1" "-DHAVE_PCLMUL=1" "-DOS_LINUX" "-DROCKSDB_PLATFORM_POSIX" "-DROCKSDB_LIB_IO_POSIX" "-o" "/opt/rustwide/target/debug/build/librocksdb-sys-304f128ae59e22c4/out/rocksdb/db/compaction/compaction.o" "-c" "rocksdb/db/compaction/compaction.cc"
[INFO] [stderr]   running: "c++" "-O0" "-ffunction-sections" "-fdata-sections" "-fPIC" "-g" "-fno-omit-frame-pointer" "-m64" "-I" "rocksdb/include/" "-I" "rocksdb/" "-I" "rocksdb/third-party/gtest-1.8.1/fused-src/" "-I" "snappy/" "-I" "lz4/lib/" "-I" "zstd/lib/" "-I" "zstd/lib/dictBuilder/" "-I" "zlib/" "-I" "bzip2/" "-I" "." "-Wall" "-Wextra" "-std=c++11" "-Wno-unused-parameter" "-msse2" "-msse4.1" "-msse4.2" "-mpclmul" "-DSNAPPY=1" "-DLZ4=1" "-DZSTD=1" "-DZLIB=1" "-DBZIP2=1" "-DNDEBUG=1" "-DHAVE_SSE42=1" "-DHAVE_PCLMUL=1" "-DOS_LINUX" "-DROCKSDB_PLATFORM_POSIX" "-DROCKSDB_LIB_IO_POSIX" "-o" "/opt/rustwide/target/debug/build/librocksdb-sys-304f128ae59e22c4/out/rocksdb/db/compaction/compaction_iterator.o" "-c" "rocksdb/db/compaction/compaction_iterator.cc"
[INFO] [stderr]   cargo:warning=c++: fatal error: Killed signal terminated program cc1plus
[INFO] [stderr]   cargo:warning=compilation terminated.
[INFO] [stderr]   exit status: 1
[INFO] [stderr]   running: "c++" "-O0" "-ffunction-sections" "-fdata-sections" "-fPIC" "-g" "-fno-omit-frame-pointer" "-m64" "-I" "rocksdb/include/" "-I" "rocksdb/" "-I" "rocksdb/third-party/gtest-1.8.1/fused-src/" "-I" "snappy/" "-I" "lz4/lib/" "-I" "zstd/lib/" "-I" "zstd/lib/dictBuilder/" "-I" "zlib/" "-I" "bzip2/" "-I" "." "-Wall" "-Wextra" "-std=c++11" "-Wno-unused-parameter" "-msse2" "-msse4.1" "-msse4.2" "-mpclmul" "-DSNAPPY=1" "-DLZ4=1" "-DZSTD=1" "-DZLIB=1" "-DBZIP2=1" "-DNDEBUG=1" "-DHAVE_SSE42=1" "-DHAVE_PCLMUL=1" "-DOS_LINUX" "-DROCKSDB_PLATFORM_POSIX" "-DROCKSDB_LIB_IO_POSIX" "-o" "/opt/rustwide/target/debug/build/librocksdb-sys-304f128ae59e22c4/out/rocksdb/db/compaction/compaction_job.o" "-c" "rocksdb/db/compaction/compaction_job.cc"
[INFO] [stderr]   cargo:warning=c++: fatal error: Killed signal terminated program cc1plus
[INFO] [stderr]   cargo:warning=compilation terminated.
[INFO] [stderr]   exit status: 1
[INFO] [stderr]   exit status: 0
[INFO] [stderr]   exit status: 0
[INFO] [stderr]   cargo:warning=c++: fatal error: Killed signal terminated program cc1plus
[INFO] [stderr]   cargo:warning=compilation terminated.
[INFO] [stderr]   exit status: 1
[INFO] [stderr]   cargo:warning=c++: fatal error: Killed signal terminated program cc1plus
[INFO] [stderr]   cargo:warning=compilation terminated.
[INFO] [stderr]   exit status: 1
[INFO] [stderr]   cargo:warning=c++: fatal error: Killed signal terminated program cc1plus
[INFO] [stderr]   cargo:warning=compilation terminated.
[INFO] [stderr]   exit status: 1
[INFO] [stderr]   cargo:warning=c++: fatal error: Killed signal terminated program cc1plus
[INFO] [stderr]   cargo:warning=compilation terminated.
[INFO] [stderr]   exit status: 1
[INFO] [stderr]   exit status: 0
[INFO] [stderr]   exit status: 0
[INFO] [stderr]   exit status: 0
[INFO] [stderr]   exit status: 0
[INFO] [stderr] 
[INFO] [stderr]   --- stderr
[INFO] [stderr]   error: 'rustfmt' is not installed for the toolchain '1.69.0-x86_64-unknown-linux-gnu'
[INFO] [stderr]   To install, run `rustup component add rustfmt --toolchain 1.69.0-x86_64-unknown-linux-gnu`
[INFO] [stderr]   Failed to run rustfmt: Internal rustfmt error (non-fatal, continuing)
[INFO] [stderr] 
[INFO] [stderr] 
[INFO] [stderr]   error occurred: Command "c++" "-O0" "-ffunction-sections" "-fdata-sections" "-fPIC" "-g" "-fno-omit-frame-pointer" "-m64" "-I" "rocksdb/include/" "-I" "rocksdb/" "-I" "rocksdb/third-party/gtest-1.8.1/fused-src/" "-I" "snappy/" "-I" "lz4/lib/" "-I" "zstd/lib/" "-I" "zstd/lib/dictBuilder/" "-I" "zlib/" "-I" "bzip2/" "-I" "." "-Wall" "-Wextra" "-std=c++11" "-Wno-unused-parameter" "-msse2" "-msse4.1" "-msse4.2" "-mpclmul" "-DSNAPPY=1" "-DLZ4=1" "-DZSTD=1" "-DZLIB=1" "-DBZIP2=1" "-DNDEBUG=1" "-DHAVE_SSE42=1" "-DHAVE_PCLMUL=1" "-DOS_LINUX" "-DROCKSDB_PLATFORM_POSIX" "-DROCKSDB_LIB_IO_POSIX" "-o" "/opt/rustwide/target/debug/build/librocksdb-sys-304f128ae59e22c4/out/rocksdb/db/arena_wrapped_db_iter.o" "-c" "rocksdb/db/arena_wrapped_db_iter.cc" with args "c++" did not execute successfully (status code exit status: 1).
[INFO] [stderr] 
[INFO] [stderr] 
[INFO] running `Command { std: "docker" "inspect" "fcc557dfbd8dcd6605c05ad137c1106e580ad468238b7b85dac612ecb611dadc", kill_on_drop: false }`
[INFO] running `Command { std: "docker" "rm" "-f" "fcc557dfbd8dcd6605c05ad137c1106e580ad468238b7b85dac612ecb611dadc", kill_on_drop: false }`
[INFO] [stdout] fcc557dfbd8dcd6605c05ad137c1106e580ad468238b7b85dac612ecb611dadc
