[INFO] cloning repository https://github.com/TF2Maps/impnao
[INFO] running `Command { std: "git" "-c" "credential.helper=" "-c" "credential.helper=/workspace/cargo-home/bin/git-credential-null" "clone" "--bare" "https://github.com/TF2Maps/impnao" "/workspace/cache/git-repos/https%3A%2F%2Fgithub.com%2FTF2Maps%2Fimpnao", kill_on_drop: false }`
[INFO] [stderr] Cloning into bare repository '/workspace/cache/git-repos/https%3A%2F%2Fgithub.com%2FTF2Maps%2Fimpnao'...
[INFO] running `Command { std: "git" "rev-parse" "HEAD", kill_on_drop: false }`
[INFO] [stdout] 2054f6179506b4d54cc9ac31ed2f21b5d6c976cf
[INFO] documenting TF2Maps/impnao against 1.69.0 for beta-1.70-rustdoc-1
[INFO] running `Command { std: "git" "clone" "/workspace/cache/git-repos/https%3A%2F%2Fgithub.com%2FTF2Maps%2Fimpnao" "/workspace/builds/worker-4-tc1/source", kill_on_drop: false }`
[INFO] [stderr] Cloning into '/workspace/builds/worker-4-tc1/source'...
[INFO] [stderr] done.
[INFO] validating manifest of git repo https://github.com/TF2Maps/impnao on toolchain 1.69.0
[INFO] running `Command { std: CARGO_HOME="/workspace/cargo-home" RUSTUP_HOME="/workspace/rustup-home" "/workspace/cargo-home/bin/cargo" "+1.69.0" "metadata" "--manifest-path" "Cargo.toml" "--no-deps", kill_on_drop: false }`
[INFO] started tweaking git repo https://github.com/TF2Maps/impnao
[INFO] finished tweaking git repo https://github.com/TF2Maps/impnao
[INFO] tweaked toml for git repo https://github.com/TF2Maps/impnao written to /workspace/builds/worker-4-tc1/source/Cargo.toml
[INFO] crate git repo https://github.com/TF2Maps/impnao already has a lockfile, it will not be regenerated
[INFO] running `Command { std: CARGO_HOME="/workspace/cargo-home" RUSTUP_HOME="/workspace/rustup-home" "/workspace/cargo-home/bin/cargo" "+1.69.0" "fetch" "--manifest-path" "Cargo.toml", kill_on_drop: false }`
[INFO] [stderr]     Updating git repository `https://github.com/carbidegames/clockwork.git`
[INFO] [stderr]     Updating git repository `https://github.com/carbidegames/clockwork-handlebars.git`
[INFO] [stderr]     Updating git repository `https://github.com/carbidegames/clockwork-server.git`
[INFO] [stderr]     Updating git repository `https://github.com/carbidegames/webapp.git`
[INFO] [stderr]     Updating git repository `https://github.com/hyperium/hyper.git`
[INFO] [stderr]  Downloading crates ...
[INFO] [stderr]   Downloaded serde-value v0.2.1
[INFO] [stderr]   Downloaded ordered-float v0.1.0
[INFO] [stderr]   Downloaded url v1.2.0
[INFO] [stderr]   Downloaded log4rs v0.4.8
[INFO] [stderr]   Downloaded num v0.1.35
[INFO] [stderr]   Downloaded quick-error v1.1.0
[INFO] [stderr]   Downloaded crossbeam v0.2.10
[INFO] [stderr]   Downloaded regex v0.1.73
[INFO] [stderr]   Downloaded thread_local v0.2.6
[INFO] [stderr]   Downloaded serde v0.8.2
[INFO] [stderr]   Downloaded handlebars v0.20.3
[INFO] [stderr]   Downloaded regex-syntax v0.3.4
[INFO] [stderr]   Downloaded quasi v0.17.0
[INFO] [stderr]   Downloaded route-recognizer v0.1.11
[INFO] [stderr]   Downloaded cookie v0.3.0
[INFO] [stderr]   Downloaded humantime v0.1.3
[INFO] [stderr]   Downloaded serde_json v0.8.1
[INFO] [stderr]   Downloaded rotor v0.6.3
[INFO] [stderr]   Downloaded quick-error v0.2.2
[INFO] [stderr]   Downloaded libc v0.2.15
[INFO] [stderr]   Downloaded serde_codegen v0.8.2
[INFO] [stderr]   Downloaded serde_macros v0.8.2
[INFO] [stderr]   Downloaded quasi_codegen v0.17.0
[INFO] [stderr]   Downloaded quasi_macros v0.17.0
[INFO] [stderr]   Downloaded aho-corasick v0.5.2
[INFO] [stderr]   Downloaded serde_codegen_internals v0.6.0
[INFO] [stderr]   Downloaded aster v0.24.0
[INFO] [stderr]   Downloaded gcc v0.3.32
[INFO] [stderr]   Downloaded try_opt v0.1.1
[INFO] [stderr]   Downloaded vecio v0.1.0
[INFO] [stderr]   Downloaded spmc v0.2.1
[INFO] running `Command { std: "docker" "create" "-v" "/var/lib/crater-agent-workspace/builds/worker-4-tc1/target:/opt/rustwide/target:rw,Z" "-v" "/var/lib/crater-agent-workspace/builds/worker-4-tc1/source:/opt/rustwide/workdir:ro,Z" "-v" "/var/lib/crater-agent-workspace/cargo-home:/opt/rustwide/cargo-home:ro,Z" "-v" "/var/lib/crater-agent-workspace/rustup-home:/opt/rustwide/rustup-home:ro,Z" "-e" "SOURCE_DIR=/opt/rustwide/workdir" "-e" "CARGO_TARGET_DIR=/opt/rustwide/target" "-e" "CARGO_HOME=/opt/rustwide/cargo-home" "-e" "RUSTUP_HOME=/opt/rustwide/rustup-home" "-w" "/opt/rustwide/workdir" "-m" "1610612736" "--user" "0:0" "--network" "none" "ghcr.io/rust-lang/crates-build-env/linux@sha256:5ff2268d62e97bff2cde7d5815dd6ed5b47097566f13b8d0ca110b04b60e07ed" "/opt/rustwide/cargo-home/bin/cargo" "+1.69.0" "metadata" "--no-deps" "--format-version=1", kill_on_drop: false }`
[INFO] [stdout] 95240db031e4f6a34b8cdd417b34b79327cde32fbbcbc9d5e4e3b147a5366c44
[INFO] running `Command { std: "docker" "start" "-a" "95240db031e4f6a34b8cdd417b34b79327cde32fbbcbc9d5e4e3b147a5366c44", kill_on_drop: false }`
[INFO] running `Command { std: "docker" "inspect" "95240db031e4f6a34b8cdd417b34b79327cde32fbbcbc9d5e4e3b147a5366c44", kill_on_drop: false }`
[INFO] running `Command { std: "docker" "rm" "-f" "95240db031e4f6a34b8cdd417b34b79327cde32fbbcbc9d5e4e3b147a5366c44", kill_on_drop: false }`
[INFO] [stdout] 95240db031e4f6a34b8cdd417b34b79327cde32fbbcbc9d5e4e3b147a5366c44
[INFO] running `Command { std: "docker" "create" "-v" "/var/lib/crater-agent-workspace/builds/worker-4-tc1/target:/opt/rustwide/target:rw,Z" "-v" "/var/lib/crater-agent-workspace/builds/worker-4-tc1/source:/opt/rustwide/workdir:ro,Z" "-v" "/var/lib/crater-agent-workspace/cargo-home:/opt/rustwide/cargo-home:ro,Z" "-v" "/var/lib/crater-agent-workspace/rustup-home:/opt/rustwide/rustup-home:ro,Z" "-e" "SOURCE_DIR=/opt/rustwide/workdir" "-e" "CARGO_TARGET_DIR=/opt/rustwide/target" "-e" "CARGO_INCREMENTAL=0" "-e" "RUST_BACKTRACE=full" "-e" "RUSTFLAGS=--cap-lints=warn" "-e" "RUSTDOCFLAGS=--cap-lints=warn" "-e" "CARGO_HOME=/opt/rustwide/cargo-home" "-e" "RUSTUP_HOME=/opt/rustwide/rustup-home" "-w" "/opt/rustwide/workdir" "-m" "1610612736" "--user" "0:0" "--network" "none" "ghcr.io/rust-lang/crates-build-env/linux@sha256:5ff2268d62e97bff2cde7d5815dd6ed5b47097566f13b8d0ca110b04b60e07ed" "/opt/rustwide/cargo-home/bin/cargo" "+1.69.0" "doc" "--frozen" "--no-deps" "--document-private-items" "--message-format=json", kill_on_drop: false }`
[INFO] [stdout] 56b6e8f2b6335ea1745428422014055df263777751ff67035155fb052417eb4b
[INFO] running `Command { std: "docker" "start" "-a" "56b6e8f2b6335ea1745428422014055df263777751ff67035155fb052417eb4b", kill_on_drop: false }`
[INFO] [stderr]     Blocking waiting for file lock on package cache
[INFO] [stderr]     Checking libc v0.2.15
[INFO] [stderr]    Compiling gcc v0.3.32
[INFO] [stderr]     Checking num-traits v0.1.35
[INFO] [stderr]     Checking matches v0.1.2
[INFO] [stderr]    Compiling ws2_32-sys v0.2.1
[INFO] [stderr]     Checking cfg-if v0.1.0
[INFO] [stderr]     Checking bitflags v0.4.0
[INFO] [stderr]     Checking lazy_static v0.2.1
[INFO] [stderr]     Checking unicode-bidi v0.2.3
[INFO] [stderr]     Checking rustc-serialize v0.3.19
[INFO] [stderr]     Checking bytes v0.3.0
[INFO] [stderr]     Checking quick-error v0.2.2
[INFO] [stdout] error[E0642]: patterns aren't allowed in functions without bodies
[INFO] [stdout]    --> /opt/rustwide/cargo-home/registry/src/github.com-1ecc6299db9ec823/rustc-serialize-0.3.19/src/serialize.rs:147:45
[INFO] [stdout]     |
[INFO] [stdout] 147 | ...                   &f_name: &str,
[INFO] [stdout]     |                       ^^^^^^^ pattern not allowed in function without body
[INFO] [stdout] 
[INFO] [stdout] 
[INFO] [stderr]     Checking spmc v0.2.1
[INFO] [stderr]     Checking idna v0.1.0
[INFO] [stderr]     Checking time v0.1.35
[INFO] [stderr]     Checking openssl-sys v0.7.17
[INFO] [stderr]     Checking net2 v0.2.26
[INFO] [stderr]     Checking nix v0.5.1
[INFO] [stderr]     Checking num-integer v0.1.32
[INFO] [stderr]     Checking vecio v0.1.0
[INFO] [stderr]     Checking num-iter v0.1.32
[INFO] [stderr]     Checking miow v0.1.3
[INFO] [stderr]     Checking memchr v0.1.11
[INFO] [stderr]     Checking thread-id v2.0.0
[INFO] [stderr]    Compiling openssl-sys-extras v0.7.14
[INFO] [stderr]    Compiling openssl v0.7.14
[INFO] [stderr]    Compiling aster v0.24.0
[INFO] [stderr]     Checking httparse v1.1.2
[INFO] [stderr]     Checking aho-corasick v0.5.2
[INFO] [stdout] error[E0463]: can't find crate for `syntax`
[INFO] [stdout]   --> /opt/rustwide/cargo-home/registry/src/github.com-1ecc6299db9ec823/aster-0.24.0/src/lib.rs:10:1
[INFO] [stdout]    |
[INFO] [stdout] 10 | extern crate syntax;
[INFO] [stdout]    | ^^^^^^^^^^^^^^^^^^^^ can't find crate
[INFO] [stdout] 
[INFO] [stdout] 
[INFO] [stdout] error[E0554]: `#![feature]` may not be used on the stable release channel
[INFO] [stdout]  --> /opt/rustwide/cargo-home/registry/src/github.com-1ecc6299db9ec823/aster-0.24.0/src/lib.rs:1:43
[INFO] [stdout]   |
[INFO] [stdout] 1 | #![cfg_attr(not(feature = "with-syntex"), feature(rustc_private))]
[INFO] [stdout]   |                                           ^^^^^^^^^^^^^^^^^^^^^^
[INFO] [stdout] 
[INFO] [stdout] 
[INFO] [stderr]     Checking url v1.2.0
[INFO] [stdout] error: aborting due to 2 previous errors
[INFO] [stdout] 
[INFO] [stdout] 
[INFO] [stdout] Some errors have detailed explanations: E0463, E0554.
[INFO] [stdout] 
[INFO] [stdout] For more information about an error, try `rustc --explain E0463`.
[INFO] [stdout] 
[INFO] [stderr] error: could not compile `aster` due to 3 previous errors
[INFO] [stderr] warning: build failed, waiting for other jobs to finish...
[INFO] [stdout] error: aborting due to previous error
[INFO] [stdout] 
[INFO] [stdout] 
[INFO] [stdout] For more information about this error, try `rustc --explain E0642`.
[INFO] [stdout] 
[INFO] [stderr] error: could not compile `rustc-serialize` due to 2 previous errors; 1 warning emitted
[INFO] [stdout] error[E0713]: borrow may still be in use when destructor runs
[INFO] [stdout]    --> /opt/rustwide/cargo-home/registry/src/github.com-1ecc6299db9ec823/url-1.2.0/src/form_urlencoded.rs:246:40
[INFO] [stdout]     |
[INFO] [stdout] 244 | impl<'a> Target for ::UrlQuery<'a> {
[INFO] [stdout]     |      -- lifetime `'a` defined here
[INFO] [stdout] 245 |     fn as_mut_string(&mut self) -> &mut String { &mut self.url.serialization }
[INFO] [stdout] 246 |     fn finish(self) -> &'a mut ::Url { self.url }
[INFO] [stdout]     |                                        ^^^^^^^^ - here, drop of `self` needs exclusive access to `*self.url`, because the type `UrlQuery<'_>` implements the `Drop` trait
[INFO] [stdout]     |                                        |
[INFO] [stdout]     |                                        returning this value requires that `*self.url` is borrowed for `'a`
[INFO] [stdout] 
[INFO] [stdout] 
[INFO] [stdout] error: aborting due to previous error
[INFO] [stdout] 
[INFO] [stdout] 
[INFO] [stdout] For more information about this error, try `rustc --explain E0713`.
[INFO] [stdout] 
[INFO] [stderr] error: could not compile `url` due to 2 previous errors
[INFO] running `Command { std: "docker" "inspect" "56b6e8f2b6335ea1745428422014055df263777751ff67035155fb052417eb4b", kill_on_drop: false }`
[INFO] running `Command { std: "docker" "rm" "-f" "56b6e8f2b6335ea1745428422014055df263777751ff67035155fb052417eb4b", kill_on_drop: false }`
[INFO] [stdout] 56b6e8f2b6335ea1745428422014055df263777751ff67035155fb052417eb4b
