[INFO] cloning repository https://github.com/Starpact/tlc
[INFO] running `Command { std: "git" "-c" "credential.helper=" "-c" "credential.helper=/workspace/cargo-home/bin/git-credential-null" "clone" "--bare" "https://github.com/Starpact/tlc" "/workspace/cache/git-repos/https%3A%2F%2Fgithub.com%2FStarpact%2Ftlc", kill_on_drop: false }`
[INFO] [stderr] Cloning into bare repository '/workspace/cache/git-repos/https%3A%2F%2Fgithub.com%2FStarpact%2Ftlc'...
[INFO] running `Command { std: "git" "rev-parse" "HEAD", kill_on_drop: false }`
[INFO] [stdout] a14eaf31d94d73869c19482d047dbe52a628dca0
[INFO] documenting Starpact/tlc against 1.69.0 for beta-1.70-rustdoc-1
[INFO] running `Command { std: "git" "clone" "/workspace/cache/git-repos/https%3A%2F%2Fgithub.com%2FStarpact%2Ftlc" "/workspace/builds/worker-4-tc1/source", kill_on_drop: false }`
[INFO] [stderr] Cloning into '/workspace/builds/worker-4-tc1/source'...
[INFO] [stderr] done.
[INFO] validating manifest of git repo https://github.com/Starpact/tlc on toolchain 1.69.0
[INFO] running `Command { std: CARGO_HOME="/workspace/cargo-home" RUSTUP_HOME="/workspace/rustup-home" "/workspace/cargo-home/bin/cargo" "+1.69.0" "metadata" "--manifest-path" "Cargo.toml" "--no-deps", kill_on_drop: false }`
[INFO] started tweaking git repo https://github.com/Starpact/tlc
[INFO] finished tweaking git repo https://github.com/Starpact/tlc
[INFO] tweaked toml for git repo https://github.com/Starpact/tlc written to /workspace/builds/worker-4-tc1/source/Cargo.toml
[INFO] crate git repo https://github.com/Starpact/tlc already has a lockfile, it will not be regenerated
[INFO] running `Command { std: CARGO_HOME="/workspace/cargo-home" RUSTUP_HOME="/workspace/rustup-home" "/workspace/cargo-home/bin/cargo" "+1.69.0" "fetch" "--manifest-path" "Cargo.toml", kill_on_drop: false }`
[INFO] [stderr]     Updating git repository `https://github.com/salsa-rs/salsa`
[INFO] [stderr]  Downloading crates ...
[INFO] [stderr]   Downloaded os_pipe v1.1.3
[INFO] [stderr]   Downloaded tauri-build v1.2.1
[INFO] [stderr]   Downloaded ico v0.2.0
[INFO] [stderr]   Downloaded dwt v0.5.2
[INFO] [stderr]   Downloaded tauri-macros v1.2.1
[INFO] [stderr]   Downloaded ffmpeg-sys-next v5.1.1
[INFO] [stderr]   Downloaded doubled v0.3.1
[INFO] [stderr]   Downloaded system-deps v6.0.4
[INFO] [stderr]   Downloaded tauri-runtime v0.12.1
[INFO] [stderr]   Downloaded median v0.3.2
[INFO] [stderr]   Downloaded tauri-codegen v1.2.1
[INFO] [stderr]   Downloaded cfg-expr v0.14.0
[INFO] [stderr]   Downloaded tauri-runtime-wry v0.12.2
[INFO] [stderr]   Downloaded cargo_toml v0.13.3
[INFO] [stderr]   Downloaded attohttpc v0.22.0
[INFO] [stderr]   Downloaded ffmpeg-next v5.1.1
[INFO] [stderr]   Downloaded tauri-utils v1.2.1
[INFO] [stderr]   Downloaded quick-xml v0.28.1
[INFO] [stderr]   Downloaded tauri v1.2.4
[INFO] [stderr]   Downloaded libdbus-sys v0.2.4
[INFO] [stderr]   Downloaded tao v0.15.8
[INFO] [stderr]   Downloaded wry v0.23.4
[INFO] [stderr]   Downloaded sleef v0.3.0
[INFO] running `Command { std: "docker" "create" "-v" "/var/lib/crater-agent-workspace/builds/worker-4-tc1/target:/opt/rustwide/target:rw,Z" "-v" "/var/lib/crater-agent-workspace/builds/worker-4-tc1/source:/opt/rustwide/workdir:ro,Z" "-v" "/var/lib/crater-agent-workspace/cargo-home:/opt/rustwide/cargo-home:ro,Z" "-v" "/var/lib/crater-agent-workspace/rustup-home:/opt/rustwide/rustup-home:ro,Z" "-e" "SOURCE_DIR=/opt/rustwide/workdir" "-e" "CARGO_TARGET_DIR=/opt/rustwide/target" "-e" "CARGO_HOME=/opt/rustwide/cargo-home" "-e" "RUSTUP_HOME=/opt/rustwide/rustup-home" "-w" "/opt/rustwide/workdir" "-m" "1610612736" "--user" "0:0" "--network" "none" "ghcr.io/rust-lang/crates-build-env/linux@sha256:97d61d7686bf65f8ecb15491ab51835e82dc9176a96a831f143a431b191fc501" "/opt/rustwide/cargo-home/bin/cargo" "+1.69.0" "metadata" "--no-deps" "--format-version=1", kill_on_drop: false }`
[INFO] [stdout] f6379fa2a5d4bebcbe407c1fa7f56cd5c3e7c0d8ffb9f60bf5d060aa44952b9b
[INFO] running `Command { std: "docker" "start" "-a" "f6379fa2a5d4bebcbe407c1fa7f56cd5c3e7c0d8ffb9f60bf5d060aa44952b9b", kill_on_drop: false }`
[INFO] running `Command { std: "docker" "inspect" "f6379fa2a5d4bebcbe407c1fa7f56cd5c3e7c0d8ffb9f60bf5d060aa44952b9b", kill_on_drop: false }`
[INFO] running `Command { std: "docker" "rm" "-f" "f6379fa2a5d4bebcbe407c1fa7f56cd5c3e7c0d8ffb9f60bf5d060aa44952b9b", kill_on_drop: false }`
[INFO] [stdout] f6379fa2a5d4bebcbe407c1fa7f56cd5c3e7c0d8ffb9f60bf5d060aa44952b9b
[INFO] running `Command { std: "docker" "create" "-v" "/var/lib/crater-agent-workspace/builds/worker-4-tc1/target:/opt/rustwide/target:rw,Z" "-v" "/var/lib/crater-agent-workspace/builds/worker-4-tc1/source:/opt/rustwide/workdir:ro,Z" "-v" "/var/lib/crater-agent-workspace/cargo-home:/opt/rustwide/cargo-home:ro,Z" "-v" "/var/lib/crater-agent-workspace/rustup-home:/opt/rustwide/rustup-home:ro,Z" "-e" "SOURCE_DIR=/opt/rustwide/workdir" "-e" "CARGO_TARGET_DIR=/opt/rustwide/target" "-e" "CARGO_INCREMENTAL=0" "-e" "RUST_BACKTRACE=full" "-e" "RUSTFLAGS=--cap-lints=warn" "-e" "RUSTDOCFLAGS=--cap-lints=warn" "-e" "CARGO_HOME=/opt/rustwide/cargo-home" "-e" "RUSTUP_HOME=/opt/rustwide/rustup-home" "-w" "/opt/rustwide/workdir" "-m" "1610612736" "--user" "0:0" "--network" "none" "ghcr.io/rust-lang/crates-build-env/linux@sha256:97d61d7686bf65f8ecb15491ab51835e82dc9176a96a831f143a431b191fc501" "/opt/rustwide/cargo-home/bin/cargo" "+1.69.0" "doc" "--frozen" "--no-deps" "--document-private-items" "--message-format=json", kill_on_drop: false }`
[INFO] [stdout] 93edfaff6719cdb5d26c2971a58e8138adaecbf9403a1e90a18b16b13175525b
[INFO] running `Command { std: "docker" "start" "-a" "93edfaff6719cdb5d26c2971a58e8138adaecbf9403a1e90a18b16b13175525b", kill_on_drop: false }`
[INFO] [stderr]    Compiling proc-macro2 v1.0.56
[INFO] [stderr]    Compiling quote v1.0.26
[INFO] [stderr]    Compiling unicode-ident v1.0.8
[INFO] [stderr]    Compiling libc v0.2.141
[INFO] [stderr]    Compiling autocfg v1.1.0
[INFO] [stderr]    Compiling cfg-if v1.0.0
[INFO] [stderr]    Compiling serde_derive v1.0.159
[INFO] [stderr]    Compiling serde v1.0.159
[INFO] [stderr]    Compiling pkg-config v0.3.26
[INFO] [stderr]    Compiling version_check v0.9.4
[INFO] [stderr]    Compiling once_cell v1.17.1
[INFO] [stderr]    Compiling smallvec v1.10.0
[INFO] [stderr]    Compiling syn v1.0.109
[INFO] [stderr]    Compiling heck v0.4.1
[INFO] [stderr]    Compiling winnow v0.4.1
[INFO] [stderr]    Compiling syn v2.0.13
[INFO] [stderr]    Compiling ahash v0.7.6
[INFO] [stderr]    Compiling indexmap v1.9.3
[INFO] [stderr]    Compiling getrandom v0.2.9
[INFO] [stderr]    Compiling cfg-expr v0.14.0
[INFO] [stderr]    Compiling version-compare v0.1.1
[INFO] [stderr]    Compiling hashbrown v0.12.3
[INFO] [stderr]    Compiling log v0.4.17
[INFO] [stderr]    Compiling thiserror v1.0.40
[INFO] [stderr]    Compiling ppv-lite86 v0.2.17
[INFO] [stderr]    Compiling siphasher v0.3.10
[INFO] [stderr]    Compiling lock_api v0.4.9
[INFO] [stderr]    Compiling memchr v2.5.0
[INFO] [stderr]    Compiling getrandom v0.1.16
[INFO] [stderr]     Checking bitflags v1.3.2
[INFO] [stderr]     Checking scopeguard v1.1.0
[INFO] [stderr]    Compiling phf_shared v0.8.0
[INFO] [stderr]    Compiling parking_lot_core v0.9.7
[INFO] [stderr]    Compiling proc-macro-hack v0.5.20+deprecated
[INFO] [stderr]    Compiling cc v1.0.79
[INFO] [stderr]    Compiling futures-core v0.3.28
[INFO] [stderr]    Compiling rand_core v0.5.1
[INFO] [stderr]    Compiling anyhow v1.0.70
[INFO] [stderr]    Compiling rand_core v0.6.4
[INFO] [stderr]    Compiling rand_pcg v0.2.1
[INFO] [stderr]    Compiling rand_chacha v0.2.2
[INFO] [stderr]    Compiling memoffset v0.8.0
[INFO] [stderr]    Compiling rand v0.7.3
[INFO] [stderr]    Compiling rand_chacha v0.3.1
[INFO] [stderr]    Compiling phf_shared v0.10.0
[INFO] [stderr]    Compiling crossbeam-utils v0.8.15
[INFO] [stderr]    Compiling rand v0.8.5
[INFO] [stderr]    Compiling phf_generator v0.8.0
[INFO] [stderr]    Compiling crc32fast v1.3.2
[INFO] [stderr]     Checking pin-project-lite v0.2.9
[INFO] [stderr]    Compiling phf_generator v0.10.0
[INFO] [stderr]    Compiling phf_codegen v0.8.0
[INFO] [stderr]    Compiling serde_json v1.0.95
[INFO] [stderr]    Compiling proc-macro-error-attr v1.0.4
[INFO] [stderr]    Compiling semver v1.0.17
[INFO] [stderr]    Compiling slab v0.4.8
[INFO] [stderr]    Compiling proc-macro-error v1.0.4
[INFO] [stderr]    Compiling futures-task v0.3.28
[INFO] [stderr]    Compiling futures-util v0.3.28
[INFO] [stderr]    Compiling glob v0.3.1
[INFO] [stderr]    Compiling string_cache_codegen v0.5.2
[INFO] [stderr]     Checking pin-utils v0.1.0
[INFO] [stderr]    Compiling futures-channel v0.3.28
[INFO] [stderr]     Checking crossbeam-channel v0.5.7
[INFO] [stderr]     Checking adler v1.0.2
[INFO] [stderr]     Checking itoa v1.0.6
[INFO] [stderr]    Compiling unicode-segmentation v1.10.1
[INFO] [stderr]     Checking byteorder v1.4.3
[INFO] [stderr]     Checking miniz_oxide v0.6.2
[INFO] [stderr]    Compiling heck v0.3.3
[INFO] [stderr]    Compiling crossbeam-epoch v0.9.14
[INFO] [stderr]    Compiling cfg-expr v0.9.1
[INFO] [stderr]    Compiling markup5ever v0.10.1
[INFO] [stderr]    Compiling fnv v1.0.7
[INFO] [stderr]    Compiling strsim v0.10.0
[INFO] [stderr]    Compiling ident_case v1.0.1
[INFO] [stderr]    Compiling version-compare v0.0.11
[INFO] [stderr]    Compiling darling_core v0.13.4
[INFO] [stderr]    Compiling selectors v0.22.0
[INFO] [stderr]    Compiling num-traits v0.2.15
[INFO] [stderr]    Compiling typenum v1.16.0
[INFO] [stderr]    Compiling convert_case v0.4.0
[INFO] [stderr]     Checking flate2 v1.0.25
[INFO] [stderr]     Checking ryu v1.0.13
[INFO] [stderr]     Checking crossbeam-deque v0.8.3
[INFO] [stderr]     Checking parking_lot v0.12.1
[INFO] [stderr]     Checking num_cpus v1.15.0
[INFO] [stderr]    Compiling generic-array v0.14.7
[INFO] [stderr]     Checking lazy_static v1.4.0
[INFO] [stderr]    Compiling new_debug_unreachable v1.0.4
[INFO] [stderr]    Compiling aho-corasick v0.7.20
[INFO] [stderr]    Compiling precomputed-hash v0.1.1
[INFO] [stderr]    Compiling rayon-core v1.11.0
[INFO] [stderr]    Compiling regex-syntax v0.6.29
[INFO] [stderr]    Compiling mac v0.1.1
[INFO] [stderr]    Compiling ucd-trie v0.1.5
[INFO] [stderr]    Compiling gio v0.15.12
[INFO] [stderr]    Compiling futf v0.1.5
[INFO] [stderr]    Compiling clang-sys v1.6.1
[INFO] [stderr]     Checking futures-io v0.3.28
[INFO] [stderr]    Compiling utf-8 v0.7.6
[INFO] [stderr]    Compiling tinyvec_macros v0.1.1
[INFO] [stderr]    Compiling dtoa v0.4.8
[INFO] [stderr]    Compiling tinyvec v1.6.0
[INFO] [stderr]    Compiling dtoa-short v0.3.3
[INFO] [stderr]    Compiling regex v1.7.3
[INFO] [stderr]    Compiling tendril v0.4.3
[INFO] [stderr]    Compiling num-integer v0.1.45
[INFO] [stderr]    Compiling alloc-no-stdlib v2.0.4
[INFO] [stderr]    Compiling itoa v0.4.8
[INFO] [stderr]    Compiling matches v0.1.10
[INFO] [stderr]    Compiling minimal-lexical v0.2.1
[INFO] [stderr]    Compiling stable_deref_trait v1.2.0
[INFO] [stderr]    Compiling nodrop v0.1.14
[INFO] [stderr]     Checking same-file v1.0.6
[INFO] [stderr]     Checking walkdir v2.3.3
[INFO] [stderr]    Compiling nom v7.1.3
[INFO] [stderr]    Compiling servo_arc v0.1.1
[INFO] [stderr]    Compiling alloc-stdlib v0.2.2
[INFO] [stderr]    Compiling unicode-normalization v0.1.22
[INFO] [stderr]    Compiling fxhash v0.2.1
[INFO] [stderr]     Checking png v0.17.7
[INFO] [stderr]    Compiling libloading v0.7.4
[INFO] [stderr]    Compiling bindgen v0.59.2
[INFO] [stderr]    Compiling unicode-bidi v0.3.13
[INFO] [stderr]     Checking percent-encoding v2.2.0
[INFO] [stderr]     Checking either v1.8.1
[INFO] [stderr]    Compiling uuid v0.8.2
[INFO] [stderr]     Checking bytes v1.4.0
[INFO] [stderr]    Compiling thin-slice v0.1.1
[INFO] [stderr]    Compiling form_urlencoded v1.1.0
[INFO] [stderr]    Compiling cfb v0.6.1
[INFO] [stderr]     Checking rayon v1.7.0
[INFO] [stderr]    Compiling idna v0.3.0
[INFO] [stderr]    Compiling cexpr v0.6.0
[INFO] [stderr]    Compiling brotli-decompressor v2.3.4
[INFO] [stderr]    Compiling openssl-sys v0.9.84
[INFO] [stderr]    Compiling cmake v0.1.50
[INFO] [stderr]    Compiling gtk v0.15.5
[INFO] [stderr]    Compiling rustc-hash v1.1.0
[INFO] [stderr]    Compiling lazycell v1.3.0
[INFO] [stderr]    Compiling shlex v1.1.0
[INFO] [stderr]     Checking weezl v0.1.7
[INFO] [stderr]    Compiling peeking_take_while v0.1.2
[INFO] [stderr]    Compiling freetype-sys v0.13.1
[INFO] [stderr]    Compiling brotli v3.3.4
[INFO] [stderr]    Compiling infer v0.7.0
[INFO] [stderr]     Checking spin v0.9.8
[INFO] [stderr]     Checking nanorand v0.7.0
[INFO] [stderr]    Compiling x11 v2.21.0
[INFO] [stderr]    Compiling yeslogic-fontconfig-sys v3.2.0
[INFO] [stderr]    Compiling num-rational v0.4.1
[INFO] [stderr]     Checking simd-adler32 v0.3.5
[INFO] [stderr]     Checking futures-sink v0.3.28
[INFO] [stderr]     Checking color_quant v1.1.0
[INFO] [stderr]     Checking zune-inflate v0.2.53
[INFO] [stderr]     Checking jpeg-decoder v0.3.0
[INFO] [stderr]     Checking dirs-sys-next v0.1.2
[INFO] [stderr]    Compiling x11-dl v2.21.0
[INFO] [stderr]     Checking encoding_rs v0.8.32
[INFO] [stderr]     Checking bytemuck v1.13.1
[INFO] [stderr]     Checking bit_field v0.10.2
[INFO] [stderr]     Checking raw-window-handle v0.5.2
[INFO] [stderr]     Checking half v2.2.1
[INFO] [stderr]    Compiling eyre v0.6.8
[INFO] [stderr]     Checking lebe v0.5.2
[INFO] [stderr]    Compiling crossbeam-queue v0.3.8
[INFO] [stderr]     Checking qoi v0.4.1
[INFO] [stderr]     Checking dlib v0.5.0
[INFO] [stderr]     Checking dirs-next v2.0.0
[INFO] [stderr]     Checking tiff v0.8.1
[INFO] [stderr]    Compiling thiserror-impl v1.0.40
[INFO] [stderr]    Compiling futures-macro v0.3.28
[INFO] [stderr]     Checking gif v0.12.0
[INFO] [stderr]    Compiling crypto-common v0.1.6
[INFO] [stderr]    Compiling block-buffer v0.10.4
[INFO] [stderr]     Checking http v0.2.9
[INFO] [stderr]    Compiling tao v0.15.8
[INFO] [stderr]     Checking uuid v1.3.1
[INFO] [stderr]     Checking thread_local v1.1.7
[INFO] [stderr]     Checking tracing-core v0.1.30
[INFO] [stderr]    Compiling libdbus-sys v0.2.4
[INFO] [stderr]    Compiling tokio v1.27.0
[INFO] [stderr]     Checking plotters-backend v0.3.4
[INFO] [stderr]     Checking foreign-types-shared v0.1.1
[INFO] [stderr]    Compiling font-kit v0.11.0
[INFO] [stderr]    Compiling io-lifetimes v1.0.10
[INFO] [stderr]    Compiling openssl v0.10.49
[INFO] [stderr]    Compiling indenter v0.3.3
[INFO] [stderr]     Checking const-cstr v0.3.0
[INFO] [stderr]    Compiling libm v0.1.4
[INFO] [stderr]     Checking foreign-types v0.3.2
[INFO] [stderr]    Compiling digest v0.10.6
[INFO] [stderr]    Compiling openssl-macros v0.1.1
[INFO] [stderr]    Compiling phf_macros v0.8.0
[INFO] [stderr]    Compiling cssparser v0.27.2
[INFO] [stderr]    Compiling cssparser-macros v0.6.0
[INFO] [stderr]    Compiling html5ever v0.25.2
[INFO] [stderr]    Compiling darling_macro v0.13.4
[INFO] [stderr]    Compiling derive_more v0.99.17
[INFO] [stderr]     Checking futures-executor v0.3.28
[INFO] [stderr]    Compiling phf_macros v0.10.0
[INFO] [stderr]    Compiling darling v0.13.4
[INFO] [stderr]    Compiling serde_with_macros v1.5.2
[INFO] [stderr]    Compiling phf v0.8.0
[INFO] [stderr]    Compiling pest v2.5.7
[INFO] [stderr]    Compiling semver-parser v0.10.2
[INFO] [stderr]    Compiling ctor v0.1.26
[INFO] [stderr]    Compiling semver v0.11.0
[INFO] [stderr]    Compiling rustc_version v0.3.3
[INFO] [stderr]    Compiling pin-project-internal v1.0.12
[INFO] [stderr]    Compiling phf v0.10.1
[INFO] [stderr]    Compiling pathfinder_simd v0.5.1
[INFO] [stderr]    Compiling ffmpeg-sys-next v5.1.1
[INFO] [stderr]     Checking pathfinder_geometry v0.5.1
[INFO] [stderr]    Compiling tracing-attributes v0.1.23
[INFO] [stderr]    Compiling tokio-macros v2.0.0
[INFO] [stderr]     Checking freetype v0.7.0
[INFO] [stderr]     Checking string_cache v0.8.7
[INFO] [stderr]    Compiling toml_datetime v0.6.1
[INFO] [stderr]    Compiling serde_spanned v0.6.1
[INFO] [stderr]    Compiling toml v0.5.11
[INFO] [stderr]    Compiling toml_edit v0.19.8
[INFO] [stderr]    Compiling rustc_version v0.4.0
[INFO] [stderr]    Compiling system-deps v5.0.0
[INFO] [stderr]    Compiling field-offset v0.3.5
[INFO] [stderr]    Compiling toml v0.7.3
[INFO] [stderr]    Compiling system-deps v6.0.4
[INFO] [stderr]    Compiling proc-macro-crate v1.3.1
[INFO] [stderr]    Compiling soup2-sys v0.2.0
[INFO] [stderr]    Compiling treediff v3.0.2
[INFO] [stderr]    Compiling javascriptcore-rs-sys v0.4.0
[INFO] [stderr]    Compiling json-patch v0.2.7
[INFO] [stderr]    Compiling serde_with v1.14.0
[INFO] [stderr]    Compiling url v2.3.1
[INFO] [stderr]     Checking pin-project v1.0.12
[INFO] [stderr]     Checking flume v0.10.14
[INFO] [stderr]     Checking exr v1.6.3
[INFO] [stderr]    Compiling kuchiki v0.8.1
[INFO] [stderr]    Compiling tauri-utils v1.2.1
[INFO] [stderr]     Checking image v0.24.6
[INFO] [stderr]    Compiling glib-sys v0.15.10
[INFO] [stderr]    Compiling gobject-sys v0.15.10
[INFO] [stderr]    Compiling gdk-sys v0.15.1
[INFO] [stderr]    Compiling gio-sys v0.15.10
[INFO] [stderr]    Compiling atk-sys v0.15.1
[INFO] [stderr]    Compiling gdk-pixbuf-sys v0.15.10
[INFO] [stderr]    Compiling cairo-sys-rs v0.15.1
[INFO] [stderr]    Compiling glib-macros v0.15.13
[INFO] [stderr]    Compiling pango-sys v0.15.10
[INFO] [stderr]    Compiling gtk-sys v0.15.3
[INFO] [stderr]    Compiling webkit2gtk-sys v0.18.0
[INFO] [stderr]    Compiling gtk3-macros v0.15.6
[INFO] [stderr]    Compiling gdkx11-sys v0.15.1
[INFO] [stderr]     Checking gif v0.11.4
[INFO] [stderr]     Checking regex-automata v0.1.10
[INFO] [stderr]     Checking time v0.1.45
[INFO] [stderr]     Checking instant v0.1.12
[INFO] [stderr]    Compiling cpufeatures v0.2.6
[INFO] [stderr]    Compiling libm v0.2.6
[INFO] [stderr]    Compiling packed_simd_2 v0.3.8
[INFO] [stderr]     Checking float-ord v0.2.0
[INFO] [stderr]     Checking overload v0.1.1
[INFO] [stderr]    Compiling wry v0.23.4
[INFO] [stderr]    Compiling native-tls v0.2.11
[INFO] [stderr]     Checking iana-time-zone v0.1.56
[INFO] [stderr]    Compiling rustix v0.37.11
[INFO] [stderr]     Checking time-core v0.1.0
[INFO] [stderr]     Checking rawpointer v0.2.1
[INFO] [stderr]    Compiling ffmpeg-next v5.1.1
[INFO] [stderr]     Checking num_threads v0.1.6
[INFO] [stderr]    Compiling tauri-runtime v0.12.1
[INFO] [stderr]     Checking matrixmultiply v0.3.2
[INFO] [stderr]     Checking time v0.3.20
[INFO] [stderr]     Checking chrono v0.4.24
[INFO] [stderr]     Checking nu-ansi-term v0.46.0
[INFO] [stderr]    Compiling sha2 v0.10.6
[INFO] [stderr]     Checking matchers v0.1.0
[INFO] [stderr]     Checking plotters-bitmap v0.3.2
[INFO] [stderr]     Checking crossbeam v0.8.2
[INFO] [stderr]     Checking tracing v0.1.37
[INFO] [stderr]    Compiling cargo_toml v0.13.3
[INFO] [stderr]    Compiling salsa-2022-macros v0.1.0 (https://github.com/salsa-rs/salsa#67d290dc)
[INFO] [stderr]    Compiling ico v0.2.0
[INFO] [stderr]     Checking plotters-svg v0.3.3
[INFO] [stderr]     Checking tracing-log v0.1.3
[INFO] [stderr]     Checking quick-xml v0.25.0
[INFO] [stderr]     Checking codepage v0.1.1
[INFO] [stderr]     Checking hashlink v0.8.1
[INFO] [stderr]     Checking dashmap v5.4.0
[INFO] [stderr]     Checking approx v0.5.1
[INFO] [stderr]     Checking num-traits v0.1.43
[INFO] [stderr]     Checking num-complex v0.4.3
[INFO] [stderr]     Checking sharded-slab v0.1.4
[INFO] [stderr]     Checking zip v0.6.4
[INFO] [stderr]     Checking bstr v1.4.0
[INFO] [stderr]     Checking csv-core v0.1.10
[INFO] [stderr]     Checking http-range v0.1.5
[INFO] [stderr]     Checking ttf-parser v0.15.2
[INFO] [stderr]     Checking arc-swap v1.6.0
[INFO] [stderr]    Compiling rfd v0.10.0
[INFO] [stderr]    Compiling tauri-runtime-wry v0.12.2
[INFO] [stderr]     Checking openssl-probe v0.1.5
[INFO] [stderr]    Compiling base64 v0.13.1
[INFO] [stderr]     Checking linux-raw-sys v0.3.1
[INFO] [stderr]     Checking globset v0.4.10
[INFO] [stderr]     Checking tracing-subscriber v0.3.16
[INFO] [stderr]    Compiling tauri-codegen v1.2.1
[INFO] [stderr]     Checking csv v1.2.1
[INFO] [stderr]     Checking plotters v0.3.4
[INFO] [stderr]     Checking calamine v0.19.1
[INFO] [stderr]     Checking ndarray v0.15.6
[INFO] [stderr]     Checking dwt v0.5.2
[INFO] [stderr]     Checking dbus v0.9.7
[INFO] [stdout] error[E0554]: `#![feature]` may not be used on the stable release channel
[INFO] [stdout]    --> /opt/rustwide/cargo-home/registry/src/github.com-1ecc6299db9ec823/packed_simd_2-0.3.8/src/lib.rs:214:1
[INFO] [stdout]     |
[INFO] [stdout] 214 | / #![feature(
[INFO] [stdout] 215 | |     adt_const_params,
[INFO] [stdout] 216 | |     repr_simd,
[INFO] [stdout] 217 | |     rustc_attrs,
[INFO] [stdout] ...   |
[INFO] [stdout] 224 | |     custom_inner_attributes,
[INFO] [stdout] 225 | | )]
[INFO] [stdout]     | |__^
[INFO] [stdout] 
[INFO] [stdout] 
[INFO] [stdout] error[E0554]: `#![feature]` may not be used on the stable release channel
[INFO] [stdout]    --> /opt/rustwide/cargo-home/registry/src/github.com-1ecc6299db9ec823/packed_simd_2-0.3.8/src/lib.rs:219:5
[INFO] [stdout]     |
[INFO] [stdout] 219 |     stdsimd,
[INFO] [stdout]     |     ^^^^^^^
[INFO] [stdout] 
[INFO] [stdout] 
[INFO] [stdout] error[E0554]: `#![feature]` may not be used on the stable release channel
[INFO] [stdout]    --> /opt/rustwide/cargo-home/registry/src/github.com-1ecc6299db9ec823/packed_simd_2-0.3.8/src/lib.rs:222:5
[INFO] [stdout]     |
[INFO] [stdout] 222 |     core_intrinsics,
[INFO] [stdout]     |     ^^^^^^^^^^^^^^^
[INFO] [stdout] 
[INFO] [stdout] 
[INFO] [stderr]    Compiling tauri-build v1.2.1
[INFO] [stderr]     Checking median v0.3.2
[INFO] [stderr]     Checking serde_urlencoded v0.7.1
[INFO] [stderr]    Compiling serialize-to-javascript-impl v0.1.1
[INFO] [stderr]     Checking xattr v0.2.3
[INFO] [stderr]     Checking filetime v0.2.21
[INFO] [stderr]    Compiling tauri v1.2.4
[INFO] [stderr]     Checking fastrand v1.9.0
[INFO] [stderr]     Checking pathdiff v0.2.1
[INFO] [stderr]     Checking base64 v0.21.0
[INFO] [stderr]     Checking open v3.2.0
[INFO] [stderr]     Checking tempfile v3.5.0
[INFO] [stderr]     Checking tar v0.4.38
[INFO] [stderr]     Checking attohttpc v0.22.0
[INFO] [stderr]     Checking glib v0.15.12
[INFO] [stderr]     Checking notify-rust v4.8.0
[INFO] [stdout] error: aborting due to 3 previous errors
[INFO] [stdout] 
[INFO] [stdout] 
[INFO] [stdout] For more information about this error, try `rustc --explain E0554`.
[INFO] [stdout] 
[INFO] [stderr] error: could not compile `packed_simd_2` due to 4 previous errors
[INFO] [stderr] warning: build failed, waiting for other jobs to finish...
[INFO] running `Command { std: "docker" "inspect" "93edfaff6719cdb5d26c2971a58e8138adaecbf9403a1e90a18b16b13175525b", kill_on_drop: false }`
[INFO] running `Command { std: "docker" "rm" "-f" "93edfaff6719cdb5d26c2971a58e8138adaecbf9403a1e90a18b16b13175525b", kill_on_drop: false }`
[INFO] [stdout] 93edfaff6719cdb5d26c2971a58e8138adaecbf9403a1e90a18b16b13175525b
