[INFO] cloning repository https://github.com/SpaceSchmucks/SpaceSchmucks
[INFO] running `Command { std: "git" "-c" "credential.helper=" "-c" "credential.helper=/workspace/cargo-home/bin/git-credential-null" "clone" "--bare" "https://github.com/SpaceSchmucks/SpaceSchmucks" "/workspace/cache/git-repos/https%3A%2F%2Fgithub.com%2FSpaceSchmucks%2FSpaceSchmucks", kill_on_drop: false }`
[INFO] [stderr] Cloning into bare repository '/workspace/cache/git-repos/https%3A%2F%2Fgithub.com%2FSpaceSchmucks%2FSpaceSchmucks'...
[INFO] running `Command { std: "git" "rev-parse" "HEAD", kill_on_drop: false }`
[INFO] [stdout] dbc862df2a194ac7ddd8af44ef91937e46235885
[INFO] documenting SpaceSchmucks/SpaceSchmucks against 1.69.0 for beta-1.70-rustdoc-1
[INFO] running `Command { std: "git" "clone" "/workspace/cache/git-repos/https%3A%2F%2Fgithub.com%2FSpaceSchmucks%2FSpaceSchmucks" "/workspace/builds/worker-4-tc1/source", kill_on_drop: false }`
[INFO] [stderr] Cloning into '/workspace/builds/worker-4-tc1/source'...
[INFO] [stderr] done.
[INFO] validating manifest of git repo https://github.com/SpaceSchmucks/SpaceSchmucks on toolchain 1.69.0
[INFO] running `Command { std: CARGO_HOME="/workspace/cargo-home" RUSTUP_HOME="/workspace/rustup-home" "/workspace/cargo-home/bin/cargo" "+1.69.0" "metadata" "--manifest-path" "Cargo.toml" "--no-deps", kill_on_drop: false }`
[INFO] started tweaking git repo https://github.com/SpaceSchmucks/SpaceSchmucks
[INFO] finished tweaking git repo https://github.com/SpaceSchmucks/SpaceSchmucks
[INFO] tweaked toml for git repo https://github.com/SpaceSchmucks/SpaceSchmucks written to /workspace/builds/worker-4-tc1/source/Cargo.toml
[INFO] crate git repo https://github.com/SpaceSchmucks/SpaceSchmucks already has a lockfile, it will not be regenerated
[INFO] running `Command { std: CARGO_HOME="/workspace/cargo-home" RUSTUP_HOME="/workspace/rustup-home" "/workspace/cargo-home/bin/cargo" "+1.69.0" "fetch" "--manifest-path" "Cargo.toml", kill_on_drop: false }`
[INFO] [stderr]  Downloading crates ...
[INFO] [stderr]   Downloaded wgpu-types v0.6.1
[INFO] [stderr]   Downloaded bevy_derive v0.3.0
[INFO] [stderr]   Downloaded bevy_tasks v0.3.0
[INFO] [stderr]   Downloaded tracing v0.1.21
[INFO] [stderr]   Downloaded bevy v0.3.0
[INFO] [stderr]   Downloaded bevy_property_derive v0.3.0
[INFO] [stderr]   Downloaded curve25519-dalek v3.0.0
[INFO] [stderr]   Downloaded oboe-sys v0.3.0
[INFO] [stderr]   Downloaded bevy_gilrs v0.3.0
[INFO] [stderr]   Downloaded bevy_gltf v0.3.0
[INFO] [stderr]   Downloaded shaderc v0.6.3
[INFO] [stderr]   Downloaded bevy_math v0.3.0
[INFO] [stderr]   Downloaded bevy_scene v0.3.0
[INFO] [stderr]   Downloaded futures-lite v1.11.2
[INFO] [stderr]   Downloaded bevy_type_registry v0.3.0
[INFO] [stderr]   Downloaded combine v4.4.0
[INFO] [stderr]   Downloaded notify v5.0.0-pre.4
[INFO] [stderr]   Downloaded bevy_text v0.3.0
[INFO] [stderr]   Downloaded bevy_transform v0.3.0
[INFO] [stderr]   Downloaded bevy_wgpu v0.3.0
[INFO] [stderr]   Downloaded alsa-sys v0.3.0
[INFO] [stderr]   Downloaded bevy_utils v0.3.0
[INFO] [stderr]   Downloaded block-modes v0.6.1
[INFO] [stderr]   Downloaded bevy_hecs_macros v0.3.0
[INFO] [stderr]   Downloaded oboe v0.3.0
[INFO] [stderr]   Downloaded minimp3 v0.5.0
[INFO] [stderr]   Downloaded chunked_transfer v1.3.0
[INFO] [stderr]   Downloaded bevy_core v0.3.0
[INFO] [stderr]   Downloaded gfx-descriptor v0.2.0
[INFO] [stderr]   Downloaded fixedbitset v0.3.1
[INFO] [stderr]   Downloaded clear_on_drop v0.2.4
[INFO] [stderr]   Downloaded bevy_dynamic_plugin v0.3.0
[INFO] [stderr]   Downloaded bevy_input v0.3.0
[INFO] [stderr]   Downloaded fetch_unroll v0.2.1
[INFO] [stderr]   Downloaded bevy_render v0.3.0
[INFO] [stderr]   Downloaded hexasphere v1.0.0
[INFO] [stderr]   Downloaded ron v0.6.2
[INFO] [stderr]   Downloaded pem v0.8.1
[INFO] [stderr]   Downloaded inplace_it v0.3.2
[INFO] [stderr]   Downloaded rectangle-pack v0.2.0
[INFO] [stderr]   Downloaded bevy_property v0.3.0
[INFO] [stderr]   Downloaded ureq v0.11.4
[INFO] [stderr]   Downloaded bevy_winit v0.3.0
[INFO] [stderr]   Downloaded des v0.5.0
[INFO] [stderr]   Downloaded bevy_app v0.3.0
[INFO] [stderr]   Downloaded alsa v0.4.3
[INFO] [stderr]   Downloaded bevy_pbr v0.3.0
[INFO] [stderr]   Downloaded gfx-backend-vulkan v0.6.5
[INFO] [stderr]   Downloaded gfx-backend-empty v0.6.0
[INFO] [stderr]   Downloaded bevy_diagnostic v0.3.0
[INFO] [stderr]   Downloaded bevy_window v0.3.0
[INFO] [stderr]   Downloaded crc24 v0.1.6
[INFO] [stderr]   Downloaded gfx-memory v0.2.2
[INFO] [stderr]   Downloaded bevy_ecs v0.3.0
[INFO] [stderr]   Downloaded bevy_hecs v0.3.0
[INFO] [stderr]   Downloaded naga v0.2.0
[INFO] [stderr]   Downloaded cast5 v0.8.0
[INFO] [stderr]   Downloaded gfx-auxil v0.7.0
[INFO] [stderr]   Downloaded jni v0.17.0
[INFO] [stderr]   Downloaded jni v0.14.0
[INFO] [stderr]   Downloaded unicode-segmentation v1.7.0
[INFO] [stderr]   Downloaded gfx-backend-dx11 v0.6.15
[INFO] [stderr]   Downloaded bevy_audio v0.3.0
[INFO] [stderr]   Downloaded bevy_ui v0.3.0
[INFO] [stderr]   Downloaded bevy_sprite v0.3.0
[INFO] [stderr]   Downloaded blowfish v0.6.0
[INFO] [stderr]   Downloaded android_logger v0.9.0
[INFO] [stderr]   Downloaded cfb-mode v0.5.0
[INFO] [stderr]   Downloaded gilrs-core v0.3.0
[INFO] [stderr]   Downloaded twofish v0.4.0
[INFO] [stderr]   Downloaded bevy_asset v0.3.0
[INFO] [stderr]   Downloaded ahash v0.5.8
[INFO] [stderr]   Downloaded ttf-parser v0.8.3
[INFO] [stderr]   Downloaded gfx-backend-metal v0.6.4
[INFO] [stderr]   Downloaded bindgen v0.53.1
[INFO] [stderr]   Downloaded inotify v0.8.3
[INFO] [stderr]   Downloaded gfx-hal v0.6.0
[INFO] [stderr]   Downloaded num-bigint-dig v0.6.0
[INFO] [stderr]   Downloaded gilrs v0.8.0
[INFO] [stderr]   Downloaded gfx-backend-dx12 v0.6.13
[INFO] [stderr]   Downloaded spirv_cross v0.22.1
[INFO] [stderr]   Downloaded wgpu v0.6.0
[INFO] [stderr]   Downloaded pgp v0.7.1
[INFO] [stderr]   Downloaded euclid v0.22.1
[INFO] [stderr]   Downloaded shaderc-sys v0.6.3
[INFO] [stderr]   Downloaded wgpu-core v0.6.5
[INFO] [stderr]   Downloaded ring v0.16.16
[INFO] [stderr]   Downloaded rodio v0.13.0
[INFO] [stderr]   Downloaded cpal v0.13.1
[INFO] [stderr]   Downloaded ab_glyph v0.2.6
[INFO] [stderr]   Downloaded rhai_codegen v0.2.0
[INFO] [stderr]   Downloaded rhai v0.19.5
[INFO] running `Command { std: "docker" "create" "-v" "/var/lib/crater-agent-workspace/builds/worker-4-tc1/target:/opt/rustwide/target:rw,Z" "-v" "/var/lib/crater-agent-workspace/builds/worker-4-tc1/source:/opt/rustwide/workdir:ro,Z" "-v" "/var/lib/crater-agent-workspace/cargo-home:/opt/rustwide/cargo-home:ro,Z" "-v" "/var/lib/crater-agent-workspace/rustup-home:/opt/rustwide/rustup-home:ro,Z" "-e" "SOURCE_DIR=/opt/rustwide/workdir" "-e" "CARGO_TARGET_DIR=/opt/rustwide/target" "-e" "CARGO_HOME=/opt/rustwide/cargo-home" "-e" "RUSTUP_HOME=/opt/rustwide/rustup-home" "-w" "/opt/rustwide/workdir" "-m" "1610612736" "--user" "0:0" "--network" "none" "ghcr.io/rust-lang/crates-build-env/linux@sha256:5ff2268d62e97bff2cde7d5815dd6ed5b47097566f13b8d0ca110b04b60e07ed" "/opt/rustwide/cargo-home/bin/cargo" "+1.69.0" "metadata" "--no-deps" "--format-version=1", kill_on_drop: false }`
[INFO] [stdout] b0bcbc1d68e3b6d2929a3e60977eb83f41971e91b71bfe0cbbc3e92439d85f40
[INFO] running `Command { std: "docker" "start" "-a" "b0bcbc1d68e3b6d2929a3e60977eb83f41971e91b71bfe0cbbc3e92439d85f40", kill_on_drop: false }`
[INFO] running `Command { std: "docker" "inspect" "b0bcbc1d68e3b6d2929a3e60977eb83f41971e91b71bfe0cbbc3e92439d85f40", kill_on_drop: false }`
[INFO] running `Command { std: "docker" "rm" "-f" "b0bcbc1d68e3b6d2929a3e60977eb83f41971e91b71bfe0cbbc3e92439d85f40", kill_on_drop: false }`
[INFO] [stdout] b0bcbc1d68e3b6d2929a3e60977eb83f41971e91b71bfe0cbbc3e92439d85f40
[INFO] running `Command { std: "docker" "create" "-v" "/var/lib/crater-agent-workspace/builds/worker-4-tc1/target:/opt/rustwide/target:rw,Z" "-v" "/var/lib/crater-agent-workspace/builds/worker-4-tc1/source:/opt/rustwide/workdir:ro,Z" "-v" "/var/lib/crater-agent-workspace/cargo-home:/opt/rustwide/cargo-home:ro,Z" "-v" "/var/lib/crater-agent-workspace/rustup-home:/opt/rustwide/rustup-home:ro,Z" "-e" "SOURCE_DIR=/opt/rustwide/workdir" "-e" "CARGO_TARGET_DIR=/opt/rustwide/target" "-e" "CARGO_INCREMENTAL=0" "-e" "RUST_BACKTRACE=full" "-e" "RUSTFLAGS=--cap-lints=warn" "-e" "RUSTDOCFLAGS=--cap-lints=warn" "-e" "CARGO_HOME=/opt/rustwide/cargo-home" "-e" "RUSTUP_HOME=/opt/rustwide/rustup-home" "-w" "/opt/rustwide/workdir" "-m" "1610612736" "--user" "0:0" "--network" "none" "ghcr.io/rust-lang/crates-build-env/linux@sha256:5ff2268d62e97bff2cde7d5815dd6ed5b47097566f13b8d0ca110b04b60e07ed" "/opt/rustwide/cargo-home/bin/cargo" "+1.69.0" "doc" "--frozen" "--no-deps" "--document-private-items" "--message-format=json", kill_on_drop: false }`
[INFO] [stdout] 966a906a6bad123d8da0343bbbc591a3079674026c095bdf8f79b8f02c3cdd76
[INFO] running `Command { std: "docker" "start" "-a" "966a906a6bad123d8da0343bbbc591a3079674026c095bdf8f79b8f02c3cdd76", kill_on_drop: false }`
[INFO] [stderr]     Blocking waiting for file lock on package cache
[INFO] [stderr]    Compiling libc v0.2.80
[INFO] [stderr]    Compiling proc-macro2 v1.0.24
[INFO] [stderr]    Compiling unicode-xid v0.2.1
[INFO] [stderr]    Compiling syn v1.0.48
[INFO] [stderr]    Compiling serde_derive v1.0.117
[INFO] [stderr]    Compiling serde v1.0.117
[INFO] [stderr]    Compiling getrandom v0.1.15
[INFO] [stderr]    Compiling log v0.4.11
[INFO] [stderr]    Compiling memchr v2.3.4
[INFO] [stderr]     Checking lazy_static v1.4.0
[INFO] [stderr]     Checking once_cell v1.5.2
[INFO] [stderr]     Checking futures-core v0.3.8
[INFO] [stderr]    Compiling pkg-config v0.3.19
[INFO] [stderr]     Checking futures-io v0.3.8
[INFO] [stderr]     Checking pin-project-lite v0.1.11
[INFO] [stderr]    Compiling num-traits v0.2.14
[INFO] [stderr]     Checking instant v0.1.9
[INFO] [stderr]    Compiling getrandom v0.2.0
[INFO] [stderr]     Checking lock_api v0.4.2
[INFO] [stderr]     Checking cache-padded v1.1.1
[INFO] [stderr]     Checking waker-fn v1.1.0
[INFO] [stderr]     Checking parking v2.0.0
[INFO] [stderr]     Checking fastrand v1.4.0
[INFO] [stderr]     Checking event-listener v2.5.1
[INFO] [stderr]     Checking concurrent-queue v1.2.2
[INFO] [stderr]     Checking vec-arena v1.0.0
[INFO] [stderr]    Compiling ppv-lite86 v0.2.10
[INFO] [stderr]     Checking async-task v4.0.3
[INFO] [stderr]    Compiling generic-array v0.14.4
[INFO] [stderr]    Compiling glam v0.9.5
[INFO] [stderr]     Checking downcast-rs v1.2.0
[INFO] [stderr]     Checking async-channel v1.5.1
[INFO] [stderr]     Checking fixedbitset v0.3.1
[INFO] [stderr]    Compiling Inflector v0.11.4
[INFO] [stderr]    Compiling num-integer v0.1.44
[INFO] [stderr]     Checking base64 v0.12.3
[INFO] [stderr]    Compiling crossbeam-utils v0.7.2
[INFO] [stderr]     Checking lazycell v1.3.0
[INFO] [stderr]    Compiling crc32fast v1.2.1
[INFO] [stderr]     Checking adler32 v1.2.0
[INFO] [stderr]    Compiling num-iter v0.1.42
[INFO] [stderr]     Checking futures-lite v1.11.2
[INFO] [stderr]     Checking opaque-debug v0.3.0
[INFO] [stderr]     Checking miniz_oxide v0.3.7
[INFO] [stderr]     Checking same-file v1.0.6
[INFO] [stderr]    Compiling anyhow v1.0.34
[INFO] [stderr]     Checking anymap v0.12.1
[INFO] [stderr]    Compiling num-rational v0.3.2
[INFO] [stderr]     Checking deflate v0.8.6
[INFO] [stderr]    Compiling bevy-glsl-to-spirv v0.2.1
[INFO] [stderr]     Checking walkdir v2.3.1
[INFO] [stderr]    Compiling quote v1.0.7
[INFO] [stderr]     Checking block-padding v0.2.1
[INFO] [stderr]     Checking digest v0.9.0
[INFO] [stderr]     Checking block-cipher v0.8.0
[INFO] [stderr]     Checking bytemuck v1.4.1
[INFO] [stderr]     Checking color_quant v1.1.0
[INFO] [stderr]     Checking spirv_headers v1.5.0
[INFO] [stderr]     Checking png v0.16.7
[INFO] [stderr]     Checking scoped_threadpool v0.1.9
[INFO] [stderr]    Compiling proc-macro-hack v0.5.19
[INFO] [stderr]     Checking block-buffer v0.9.0
[INFO] [stderr]    Compiling proc-macro-nested v0.1.6
[INFO] [stderr]    Compiling x11 v2.18.2
[INFO] [stderr]     Checking async-executor v1.4.0
[INFO] [stderr]    Compiling alsa-sys v0.3.0
[INFO] [stderr]     Checking fxhash v0.2.1
[INFO] [stderr]     Checking libloading v0.6.5
[INFO] [stderr]    Compiling nix v0.15.0
[INFO] [stderr]     Checking num_cpus v1.13.0
[INFO] [stderr]     Checking net2 v0.2.35
[INFO] [stderr]     Checking iovec v0.1.4
[INFO] [stderr]     Checking inotify-sys v0.1.4
[INFO] [stderr]     Checking filetime v0.2.13
[INFO] [stderr]     Checking crossbeam-channel v0.4.4
[INFO] [stderr]     Checking raw-window-handle v0.3.3
[INFO] [stderr]     Checking rand_core v0.5.1
[INFO] [stderr]     Checking ahash v0.5.8
[INFO] [stderr]    Compiling ryu v1.0.5
[INFO] [stderr]    Compiling jobserver v0.1.21
[INFO] [stderr]     Checking inotify v0.8.3
[INFO] [stderr]     Checking bevy_tasks v0.3.0
[INFO] [stderr]     Checking gfx-hal v0.6.0
[INFO] [stderr]     Checking futures-sink v0.3.8
[INFO] [stderr]     Checking rand_chacha v0.2.2
[INFO] [stderr]     Checking image v0.23.12
[INFO] [stderr]     Checking mio v0.6.22
[INFO] [stderr]    Compiling cc v1.0.65
[INFO] [stderr]     Checking bevy_utils v0.3.0
[INFO] [stderr]     Checking futures-channel v0.3.8
[INFO] [stderr]     Checking time v0.1.44
[INFO] [stderr]    Compiling libudev-sys v0.1.4
[INFO] [stderr]     Checking rand v0.7.3
[INFO] [stderr]    Compiling x11-dl v2.18.5
[INFO] [stderr]     Checking futures-task v0.3.8
[INFO] [stderr]    Compiling serde_json v1.0.59
[INFO] [stderr]    Compiling fnv v1.0.7
[INFO] [stderr]    Compiling ident_case v1.0.1
[INFO] [stderr]     Checking arrayvec v0.5.2
[INFO] [stderr]     Checking bit-vec v0.6.2
[INFO] [stderr]    Compiling nix v0.18.0
[INFO] [stderr]    Compiling strsim v0.9.3
[INFO] [stderr]     Checking mio-extras v2.0.6
[INFO] [stderr]     Checking bit-set v0.5.2
[INFO] [stderr]     Checking notify v5.0.0-pre.4
[INFO] [stderr]     Checking ash v0.31.0
[INFO] [stderr]     Checking euclid v0.22.1
[INFO] [stderr]     Checking tracing-core v0.1.17
[INFO] [stderr]    Compiling num-bigint v0.2.6
[INFO] [stderr]    Compiling proc-macro-error-attr v1.0.4
[INFO] [stderr]     Checking itoa v0.4.6
[INFO] [stderr]     Checking subtle v2.3.0
[INFO] [stderr]     Checking ttf-parser v0.8.3
[INFO] [stderr]     Checking svg_fmt v0.4.1
[INFO] [stderr]     Checking inplace_it v0.3.2
[INFO] [stderr]    Compiling cpal v0.13.1
[INFO] [stderr]    Compiling inflections v1.1.1
[INFO] [stderr]    Compiling libm v0.1.4
[INFO] [stderr]    Compiling winit v0.23.0
[INFO] [stderr]    Compiling spirv-reflect v0.2.3
[INFO] [stderr]    Compiling minimp3-sys v0.3.2
[INFO] [stderr]     Checking cpuid-bool v0.1.2
[INFO] [stderr]    Compiling bzip2-sys v0.1.9+1.0.8
[INFO] [stderr]     Checking tracing v0.1.21
[INFO] [stderr]    Compiling num-bigint-dig v0.6.0
[INFO] [stderr]     Checking guillotiere v0.6.0
[INFO] [stderr]     Checking chrono v0.4.19
[INFO] [stderr]     Checking atty v0.2.14
[INFO] [stderr]     Checking slice-deque v0.3.0
[INFO] [stderr]     Checking aho-corasick v0.7.15
[INFO] [stderr]     Checking thread_local v1.0.1
[INFO] [stderr]     Checking wgpu-types v0.6.1
[INFO] [stderr]    Compiling proc-macro-error v1.0.4
[INFO] [stderr]     Checking rectangle-pack v0.2.0
[INFO] [stderr]    Compiling version_check v0.1.5
[INFO] [stderr]     Checking copyless v0.1.5
[INFO] [stderr]     Checking gfx-descriptor v0.2.0
[INFO] [stderr]     Checking gfx-backend-empty v0.6.0
[INFO] [stderr]     Checking gfx-memory v0.2.2
[INFO] [stderr]     Checking owned_ttf_parser v0.8.0
[INFO] [stderr]     Checking ab_glyph_rasterizer v0.1.4
[INFO] [stderr]     Checking regex-syntax v0.6.21
[INFO] [stderr]    Compiling nom v4.2.3
[INFO] [stderr]     Checking ab_glyph v0.2.6
[INFO] [stderr]     Checking sha2 v0.9.2
[INFO] [stderr]    Compiling clear_on_drop v0.2.4
[INFO] [stderr]     Checking typed-arena v2.0.1
[INFO] [stderr]    Compiling derive_builder v0.9.0
[INFO] [stderr]    Compiling crc24 v0.1.6
[INFO] [stderr]     Checking signature v1.2.2
[INFO] [stderr]    Compiling unicode-segmentation v1.7.0
[INFO] [stderr]     Checking ed25519 v1.0.3
[INFO] [stderr]     Checking textwrap v0.11.0
[INFO] [stderr]     Checking flate2 v1.0.14
[INFO] [stderr]     Checking stream-cipher v0.7.1
[INFO] [stderr]     Checking aes-soft v0.5.0
[INFO] [stderr]     Checking safemem v0.3.3
[INFO] [stderr]     Checking strsim v0.8.0
[INFO] [stderr]     Checking ansi_term v0.11.0
[INFO] [stderr]     Checking sha3 v0.9.1
[INFO] [stderr]     Checking cfb-mode v0.5.0
[INFO] [stderr]     Checking stretch v0.3.2
[INFO] [stderr]     Checking buf_redux v0.8.4
[INFO] [stderr]    Compiling heck v0.3.1
[INFO] [stderr]     Checking aes v0.5.0
[INFO] [stderr]     Checking clap v2.33.3
[INFO] [stderr]     Checking alsa v0.4.3
[INFO] [stderr]     Checking colored v1.9.3
[INFO] [stderr]     Checking simple_asn1 v0.4.1
[INFO] [stderr]     Checking sha-1 v0.9.2
[INFO] [stderr]     Checking md-5 v0.9.1
[INFO] [stderr]     Checking ripemd160 v0.9.1
[INFO] [stderr]     Checking des v0.5.0
[INFO] [stderr]     Checking blowfish v0.6.0
[INFO] [stderr]     Checking cast5 v0.8.0
[INFO] [stderr]     Checking block-modes v0.6.1
[INFO] [stderr]     Checking twofish v0.4.0
[INFO] [stderr]     Checking try_from v0.3.2
[INFO] [stderr]     Checking bitfield v0.13.2
[INFO] [stderr]     Checking circular v0.3.0
[INFO] [stderr]     Checking simple_logger v1.11.0
[INFO] [stderr]    Compiling synstructure v0.12.4
[INFO] [stderr]    Compiling darling_core v0.10.2
[INFO] [stderr]     Checking minimp3 v0.5.0
[INFO] [stderr]     Checking bzip2 v0.3.3
[INFO] [stderr]     Checking regex v1.4.2
[INFO] [stderr]    Compiling thiserror-impl v1.0.22
[INFO] [stderr]    Compiling zeroize_derive v1.0.1
[INFO] [stderr]    Compiling pin-project-internal v1.0.2
[INFO] [stderr]    Compiling futures-macro v0.3.8
[INFO] [stderr]    Compiling gltf-derive v0.15.2
[INFO] [stderr]    Compiling rhai_codegen v0.2.0
[INFO] [stderr]    Compiling num-derive v0.3.3
[INFO] [stderr]    Compiling structopt-derive v0.4.13
[INFO] [stderr]     Checking pem v0.8.1
[INFO] [stderr]    Compiling darling_macro v0.10.2
[INFO] [stderr]     Checking zeroize v1.1.1
[INFO] [stderr]     Checking curve25519-dalek v3.0.0
[INFO] [stderr]     Checking thiserror v1.0.22
[INFO] [stderr]     Checking naga v0.2.0
[INFO] [stderr]     Checking zip v0.5.8
[INFO] [stderr]     Checking pin-project v1.0.2
[INFO] [stderr]     Checking structopt v0.3.20
[INFO] [stderr]    Compiling darling v0.10.2
[INFO] [stderr]     Checking x25519-dalek v1.1.0
[INFO] [stderr]     Checking futures-util v0.3.8
[INFO] [stderr]    Compiling derive_builder_core v0.9.0
[INFO] [stderr]     Checking rodio v0.13.0
[INFO] [stderr]     Checking futures-executor v0.3.8
[INFO] [stderr]     Checking futures v0.3.8
[INFO] [stderr]     Checking smallvec v1.5.0
[INFO] [stderr]     Checking uuid v0.8.1
[INFO] [stderr]     Checking ron v0.6.2
[INFO] [stderr]     Checking erased-serde v0.3.12
[INFO] [stderr]     Checking ed25519-dalek v1.0.1
[INFO] [stderr]     Checking parking_lot_core v0.8.0
[INFO] [stderr]     Checking gfx-backend-vulkan v0.6.5
[INFO] [stderr]     Checking rhai v0.19.5
[INFO] [stderr]     Checking gilrs-core v0.3.0
[INFO] [stderr]     Checking parking_lot v0.11.1
[INFO] [stderr]     Checking bevy_math v0.3.0
[INFO] [stderr]     Checking hexasphere v1.0.0
[INFO] [stderr]    Compiling toml v0.5.7
[INFO] [stderr]     Checking gilrs v0.8.0
[INFO] [stderr]     Checking gltf-json v0.15.2
[INFO] [stderr]     Checking wgpu-core v0.6.5
[INFO] [stderr]     Checking rsa v0.3.0
[INFO] [stderr]     Checking pgp v0.7.1
[INFO] [stderr]    Compiling proc-macro-crate v0.1.5
[INFO] [stderr]    Compiling bevy_hecs_macros v0.3.0
[INFO] [stderr]    Compiling bevy_derive v0.3.0
[INFO] [stderr]    Compiling bevy_property_derive v0.3.0
[INFO] [stderr]     Checking bevy_hecs v0.3.0
[INFO] [stderr]     Checking gltf v0.15.2
[INFO] [stdout] error[E0425]: cannot find value `args` in this scope
[INFO] [stdout]    --> /opt/rustwide/cargo-home/registry/src/github.com-1ecc6299db9ec823/rhai-0.19.5/src/packages/arithmetic.rs:202:42
[INFO] [stdout]     |
[INFO] [stdout] 202 | gen_arithmetic_functions!(arith_basic => INT);
[INFO] [stdout]     |                                          ^^^ not found in this scope
[INFO] [stdout]     |
[INFO] [stdout]     = help: consider importing one of these items:
[INFO] [stdout]             crate::stdlib::env::args
[INFO] [stdout]             std::env::args
[INFO] [stdout] 
[INFO] [stdout] 
[INFO] [stdout] error[E0425]: cannot find value `args` in this scope
[INFO] [stdout]    --> /opt/rustwide/cargo-home/registry/src/github.com-1ecc6299db9ec823/rhai-0.19.5/src/packages/arithmetic.rs:206:44
[INFO] [stdout]     |
[INFO] [stdout] 206 | gen_arithmetic_functions!(arith_numbers => i8, u8, i16, u16, i32, u32, u64);
[INFO] [stdout]     |                                            ^^ not found in this scope
[INFO] [stdout]     |
[INFO] [stdout]     = help: consider importing one of these items:
[INFO] [stdout]             crate::stdlib::env::args
[INFO] [stdout]             std::env::args
[INFO] [stdout] 
[INFO] [stdout] 
[INFO] [stdout] error[E0425]: cannot find value `args` in this scope
[INFO] [stdout]    --> /opt/rustwide/cargo-home/registry/src/github.com-1ecc6299db9ec823/rhai-0.19.5/src/packages/arithmetic.rs:206:48
[INFO] [stdout]     |
[INFO] [stdout] 206 | gen_arithmetic_functions!(arith_numbers => i8, u8, i16, u16, i32, u32, u64);
[INFO] [stdout]     |                                                ^^ not found in this scope
[INFO] [stdout]     |
[INFO] [stdout]     = help: consider importing one of these items:
[INFO] [stdout]             crate::stdlib::env::args
[INFO] [stdout]             std::env::args
[INFO] [stdout] 
[INFO] [stdout] 
[INFO] [stdout] error[E0425]: cannot find value `args` in this scope
[INFO] [stdout]    --> /opt/rustwide/cargo-home/registry/src/github.com-1ecc6299db9ec823/rhai-0.19.5/src/packages/arithmetic.rs:206:52
[INFO] [stdout]     |
[INFO] [stdout] 206 | gen_arithmetic_functions!(arith_numbers => i8, u8, i16, u16, i32, u32, u64);
[INFO] [stdout]     |                                                    ^^^ not found in this scope
[INFO] [stdout]     |
[INFO] [stdout]     = help: consider importing one of these items:
[INFO] [stdout]             crate::stdlib::env::args
[INFO] [stdout]             std::env::args
[INFO] [stdout] 
[INFO] [stdout] 
[INFO] [stdout] error[E0425]: cannot find value `args` in this scope
[INFO] [stdout]    --> /opt/rustwide/cargo-home/registry/src/github.com-1ecc6299db9ec823/rhai-0.19.5/src/packages/arithmetic.rs:206:57
[INFO] [stdout]     |
[INFO] [stdout] 206 | gen_arithmetic_functions!(arith_numbers => i8, u8, i16, u16, i32, u32, u64);
[INFO] [stdout]     |                                                         ^^^ not found in this scope
[INFO] [stdout]     |
[INFO] [stdout]     = help: consider importing one of these items:
[INFO] [stdout]             crate::stdlib::env::args
[INFO] [stdout]             std::env::args
[INFO] [stdout] 
[INFO] [stdout] 
[INFO] [stdout] error[E0425]: cannot find value `args` in this scope
[INFO] [stdout]    --> /opt/rustwide/cargo-home/registry/src/github.com-1ecc6299db9ec823/rhai-0.19.5/src/packages/arithmetic.rs:206:62
[INFO] [stdout]     |
[INFO] [stdout] 206 | gen_arithmetic_functions!(arith_numbers => i8, u8, i16, u16, i32, u32, u64);
[INFO] [stdout]     |                                                              ^^^ not found in this scope
[INFO] [stdout]     |
[INFO] [stdout]     = help: consider importing one of these items:
[INFO] [stdout]             crate::stdlib::env::args
[INFO] [stdout]             std::env::args
[INFO] [stdout] 
[INFO] [stdout] 
[INFO] [stderr]     Checking bevy_ecs v0.3.0
[INFO] [stdout] error[E0425]: cannot find value `args` in this scope
[INFO] [stdout]    --> /opt/rustwide/cargo-home/registry/src/github.com-1ecc6299db9ec823/rhai-0.19.5/src/packages/arithmetic.rs:206:67
[INFO] [stdout]     |
[INFO] [stdout] 206 | gen_arithmetic_functions!(arith_numbers => i8, u8, i16, u16, i32, u32, u64);
[INFO] [stdout]     |                                                                   ^^^ not found in this scope
[INFO] [stdout]     |
[INFO] [stdout]     = help: consider importing one of these items:
[INFO] [stdout]             crate::stdlib::env::args
[INFO] [stdout]             std::env::args
[INFO] [stdout] 
[INFO] [stdout] 
[INFO] [stdout] error[E0425]: cannot find value `args` in this scope
[INFO] [stdout]    --> /opt/rustwide/cargo-home/registry/src/github.com-1ecc6299db9ec823/rhai-0.19.5/src/packages/arithmetic.rs:206:72
[INFO] [stdout]     |
[INFO] [stdout] 206 | gen_arithmetic_functions!(arith_numbers => i8, u8, i16, u16, i32, u32, u64);
[INFO] [stdout]     |                                                                        ^^^ not found in this scope
[INFO] [stdout]     |
[INFO] [stdout]     = help: consider importing one of these items:
[INFO] [stdout]             crate::stdlib::env::args
[INFO] [stdout]             std::env::args
[INFO] [stdout] 
[INFO] [stdout] 
[INFO] [stdout] error[E0425]: cannot find value `args` in this scope
[INFO] [stdout]    --> /opt/rustwide/cargo-home/registry/src/github.com-1ecc6299db9ec823/rhai-0.19.5/src/packages/arithmetic.rs:211:44
[INFO] [stdout]     |
[INFO] [stdout] 211 | gen_arithmetic_functions!(arith_num_128 => i128, u128);
[INFO] [stdout]     |                                            ^^^^ not found in this scope
[INFO] [stdout]     |
[INFO] [stdout]     = help: consider importing one of these items:
[INFO] [stdout]             crate::stdlib::env::args
[INFO] [stdout]             std::env::args
[INFO] [stdout] 
[INFO] [stdout] 
[INFO] [stderr]     Checking wgpu v0.6.0
[INFO] [stdout] error[E0425]: cannot find value `args` in this scope
[INFO] [stdout]    --> /opt/rustwide/cargo-home/registry/src/github.com-1ecc6299db9ec823/rhai-0.19.5/src/packages/arithmetic.rs:211:50
[INFO] [stdout]     |
[INFO] [stdout] 211 | gen_arithmetic_functions!(arith_num_128 => i128, u128);
[INFO] [stdout]     |                                                  ^^^^ not found in this scope
[INFO] [stdout]     |
[INFO] [stdout]     = help: consider importing one of these items:
[INFO] [stdout]             crate::stdlib::env::args
[INFO] [stdout]             std::env::args
[INFO] [stdout] 
[INFO] [stdout] 
[INFO] [stdout] error[E0425]: cannot find value `args` in this scope
[INFO] [stdout]    --> /opt/rustwide/cargo-home/registry/src/github.com-1ecc6299db9ec823/rhai-0.19.5/src/packages/arithmetic.rs:213:39
[INFO] [stdout]     |
[INFO] [stdout] 213 | gen_signed_functions!(signed_basic => INT);
[INFO] [stdout]     |                                       ^^^ not found in this scope
[INFO] [stdout]     |
[INFO] [stdout]     = help: consider importing one of these items:
[INFO] [stdout]             crate::stdlib::env::args
[INFO] [stdout]             std::env::args
[INFO] [stdout] 
[INFO] [stdout] 
[INFO] [stdout] error[E0425]: cannot find value `args` in this scope
[INFO] [stdout]    --> /opt/rustwide/cargo-home/registry/src/github.com-1ecc6299db9ec823/rhai-0.19.5/src/packages/arithmetic.rs:217:41
[INFO] [stdout]     |
[INFO] [stdout] 217 | gen_signed_functions!(signed_numbers => i8, i16, i32);
[INFO] [stdout]     |                                         ^^ not found in this scope
[INFO] [stdout]     |
[INFO] [stdout]     = help: consider importing one of these items:
[INFO] [stdout]             crate::stdlib::env::args
[INFO] [stdout]             std::env::args
[INFO] [stdout] 
[INFO] [stdout] 
[INFO] [stdout] error[E0425]: cannot find value `args` in this scope
[INFO] [stdout]    --> /opt/rustwide/cargo-home/registry/src/github.com-1ecc6299db9ec823/rhai-0.19.5/src/packages/arithmetic.rs:217:45
[INFO] [stdout]     |
[INFO] [stdout] 217 | gen_signed_functions!(signed_numbers => i8, i16, i32);
[INFO] [stdout]     |                                             ^^^ not found in this scope
[INFO] [stdout]     |
[INFO] [stdout]     = help: consider importing one of these items:
[INFO] [stdout]             crate::stdlib::env::args
[INFO] [stdout]             std::env::args
[INFO] [stdout] 
[INFO] [stdout] 
[INFO] [stdout] error[E0425]: cannot find value `args` in this scope
[INFO] [stdout]    --> /opt/rustwide/cargo-home/registry/src/github.com-1ecc6299db9ec823/rhai-0.19.5/src/packages/arithmetic.rs:217:50
[INFO] [stdout]     |
[INFO] [stdout] 217 | gen_signed_functions!(signed_numbers => i8, i16, i32);
[INFO] [stdout]     |                                                  ^^^ not found in this scope
[INFO] [stdout]     |
[INFO] [stdout]     = help: consider importing one of these items:
[INFO] [stdout]             crate::stdlib::env::args
[INFO] [stdout]             std::env::args
[INFO] [stdout] 
[INFO] [stdout] 
[INFO] [stdout] error[E0425]: cannot find value `args` in this scope
[INFO] [stdout]    --> /opt/rustwide/cargo-home/registry/src/github.com-1ecc6299db9ec823/rhai-0.19.5/src/packages/arithmetic.rs:222:41
[INFO] [stdout]     |
[INFO] [stdout] 222 | gen_signed_functions!(signed_num_128 => i128);
[INFO] [stdout]     |                                         ^^^^ not found in this scope
[INFO] [stdout]     |
[INFO] [stdout]     = help: consider importing one of these items:
[INFO] [stdout]             crate::stdlib::env::args
[INFO] [stdout]             std::env::args
[INFO] [stdout] 
[INFO] [stdout] 
[INFO] [stdout] error[E0425]: cannot find value `args` in this scope
[INFO] [stdout]    --> /opt/rustwide/cargo-home/registry/src/github.com-1ecc6299db9ec823/rhai-0.19.5/src/packages/array_basic.rs:692:31
[INFO] [stdout]     |
[INFO] [stdout] 692 | gen_array_functions!(basic => INT, bool, char, ImmutableString, FnPtr, Array, Unit);
[INFO] [stdout]     |                               ^^^ not found in this scope
[INFO] [stdout]     |
[INFO] [stdout]     = help: consider importing one of these items:
[INFO] [stdout]             crate::stdlib::env::args
[INFO] [stdout]             std::env::args
[INFO] [stdout] 
[INFO] [stdout] 
[INFO] [stdout] error[E0425]: cannot find value `args` in this scope
[INFO] [stdout]    --> /opt/rustwide/cargo-home/registry/src/github.com-1ecc6299db9ec823/rhai-0.19.5/src/packages/array_basic.rs:692:36
[INFO] [stdout]     |
[INFO] [stdout] 692 | gen_array_functions!(basic => INT, bool, char, ImmutableString, FnPtr, Array, Unit);
[INFO] [stdout]     |                                    ^^^^ not found in this scope
[INFO] [stdout]     |
[INFO] [stdout]     = help: consider importing one of these items:
[INFO] [stdout]             crate::stdlib::env::args
[INFO] [stdout]             std::env::args
[INFO] [stdout] 
[INFO] [stdout] 
[INFO] [stdout] error[E0425]: cannot find value `args` in this scope
[INFO] [stdout]    --> /opt/rustwide/cargo-home/registry/src/github.com-1ecc6299db9ec823/rhai-0.19.5/src/packages/array_basic.rs:692:42
[INFO] [stdout]     |
[INFO] [stdout] 692 | gen_array_functions!(basic => INT, bool, char, ImmutableString, FnPtr, Array, Unit);
[INFO] [stdout]     |                                          ^^^^ not found in this scope
[INFO] [stdout]     |
[INFO] [stdout]     = help: consider importing one of these items:
[INFO] [stdout]             crate::stdlib::env::args
[INFO] [stdout]             std::env::args
[INFO] [stdout] 
[INFO] [stdout] 
[INFO] [stdout] error[E0425]: cannot find value `args` in this scope
[INFO] [stdout]    --> /opt/rustwide/cargo-home/registry/src/github.com-1ecc6299db9ec823/rhai-0.19.5/src/packages/array_basic.rs:692:48
[INFO] [stdout]     |
[INFO] [stdout] 692 | gen_array_functions!(basic => INT, bool, char, ImmutableString, FnPtr, Array, Unit);
[INFO] [stdout]     |                                                ^^^^^^^^^^^^^^^ not found in this scope
[INFO] [stdout]     |
[INFO] [stdout]     = help: consider importing one of these items:
[INFO] [stdout]             crate::stdlib::env::args
[INFO] [stdout]             std::env::args
[INFO] [stdout] 
[INFO] [stdout] 
[INFO] [stdout] error[E0425]: cannot find value `args` in this scope
[INFO] [stdout]    --> /opt/rustwide/cargo-home/registry/src/github.com-1ecc6299db9ec823/rhai-0.19.5/src/packages/array_basic.rs:692:65
[INFO] [stdout]     |
[INFO] [stdout] 692 | gen_array_functions!(basic => INT, bool, char, ImmutableString, FnPtr, Array, Unit);
[INFO] [stdout]     |                                                                 ^^^^^ not found in this scope
[INFO] [stdout]     |
[INFO] [stdout]     = help: consider importing one of these items:
[INFO] [stdout]             crate::stdlib::env::args
[INFO] [stdout]             std::env::args
[INFO] [stdout] 
[INFO] [stdout] 
[INFO] [stdout] error[E0425]: cannot find value `args` in this scope
[INFO] [stdout]    --> /opt/rustwide/cargo-home/registry/src/github.com-1ecc6299db9ec823/rhai-0.19.5/src/packages/array_basic.rs:692:72
[INFO] [stdout]     |
[INFO] [stdout] 692 | gen_array_functions!(basic => INT, bool, char, ImmutableString, FnPtr, Array, Unit);
[INFO] [stdout]     |                                                                        ^^^^^ not found in this scope
[INFO] [stdout]     |
[INFO] [stdout]     = help: consider importing one of these items:
[INFO] [stdout]             crate::stdlib::env::args
[INFO] [stdout]             std::env::args
[INFO] [stdout] 
[INFO] [stdout] 
[INFO] [stdout] error[E0425]: cannot find value `args` in this scope
[INFO] [stdout]    --> /opt/rustwide/cargo-home/registry/src/github.com-1ecc6299db9ec823/rhai-0.19.5/src/packages/array_basic.rs:692:79
[INFO] [stdout]     |
[INFO] [stdout] 692 | gen_array_functions!(basic => INT, bool, char, ImmutableString, FnPtr, Array, Unit);
[INFO] [stdout]     |                                                                               ^^^^ not found in this scope
[INFO] [stdout]     |
[INFO] [stdout]     = help: consider importing one of these items:
[INFO] [stdout]             crate::stdlib::env::args
[INFO] [stdout]             std::env::args
[INFO] [stdout] 
[INFO] [stdout] 
[INFO] [stdout] error[E0425]: cannot find value `args` in this scope
[INFO] [stdout]    --> /opt/rustwide/cargo-home/registry/src/github.com-1ecc6299db9ec823/rhai-0.19.5/src/packages/array_basic.rs:696:33
[INFO] [stdout]     |
[INFO] [stdout] 696 | gen_array_functions!(numbers => i8, u8, i16, u16, i32, i64, u32, u64);
[INFO] [stdout]     |                                 ^^ not found in this scope
[INFO] [stdout]     |
[INFO] [stdout]     = help: consider importing one of these items:
[INFO] [stdout]             crate::stdlib::env::args
[INFO] [stdout]             std::env::args
[INFO] [stdout] 
[INFO] [stdout] 
[INFO] [stdout] error[E0425]: cannot find value `args` in this scope
[INFO] [stdout]    --> /opt/rustwide/cargo-home/registry/src/github.com-1ecc6299db9ec823/rhai-0.19.5/src/packages/array_basic.rs:696:37
[INFO] [stdout]     |
[INFO] [stdout] 696 | gen_array_functions!(numbers => i8, u8, i16, u16, i32, i64, u32, u64);
[INFO] [stdout]     |                                     ^^ not found in this scope
[INFO] [stdout]     |
[INFO] [stdout]     = help: consider importing one of these items:
[INFO] [stdout]             crate::stdlib::env::args
[INFO] [stdout]             std::env::args
[INFO] [stdout] 
[INFO] [stdout] 
[INFO] [stdout] error[E0425]: cannot find value `args` in this scope
[INFO] [stdout]    --> /opt/rustwide/cargo-home/registry/src/github.com-1ecc6299db9ec823/rhai-0.19.5/src/packages/array_basic.rs:696:41
[INFO] [stdout]     |
[INFO] [stdout] 696 | gen_array_functions!(numbers => i8, u8, i16, u16, i32, i64, u32, u64);
[INFO] [stdout]     |                                         ^^^ not found in this scope
[INFO] [stdout]     |
[INFO] [stdout]     = help: consider importing one of these items:
[INFO] [stdout]             crate::stdlib::env::args
[INFO] [stdout]             std::env::args
[INFO] [stdout] 
[INFO] [stdout] 
[INFO] [stdout] error[E0425]: cannot find value `args` in this scope
[INFO] [stdout]    --> /opt/rustwide/cargo-home/registry/src/github.com-1ecc6299db9ec823/rhai-0.19.5/src/packages/array_basic.rs:696:46
[INFO] [stdout]     |
[INFO] [stdout] 696 | gen_array_functions!(numbers => i8, u8, i16, u16, i32, i64, u32, u64);
[INFO] [stdout]     |                                              ^^^ not found in this scope
[INFO] [stdout]     |
[INFO] [stdout]     = help: consider importing one of these items:
[INFO] [stdout]             crate::stdlib::env::args
[INFO] [stdout]             std::env::args
[INFO] [stdout] 
[INFO] [stdout] 
[INFO] [stdout] error[E0425]: cannot find value `args` in this scope
[INFO] [stdout]    --> /opt/rustwide/cargo-home/registry/src/github.com-1ecc6299db9ec823/rhai-0.19.5/src/packages/array_basic.rs:696:51
[INFO] [stdout]     |
[INFO] [stdout] 696 | gen_array_functions!(numbers => i8, u8, i16, u16, i32, i64, u32, u64);
[INFO] [stdout]     |                                                   ^^^ not found in this scope
[INFO] [stdout]     |
[INFO] [stdout]     = help: consider importing one of these items:
[INFO] [stdout]             crate::stdlib::env::args
[INFO] [stdout]             std::env::args
[INFO] [stdout] 
[INFO] [stdout] 
[INFO] [stdout] error[E0425]: cannot find value `args` in this scope
[INFO] [stdout]    --> /opt/rustwide/cargo-home/registry/src/github.com-1ecc6299db9ec823/rhai-0.19.5/src/packages/array_basic.rs:696:56
[INFO] [stdout]     |
[INFO] [stdout] 696 | gen_array_functions!(numbers => i8, u8, i16, u16, i32, i64, u32, u64);
[INFO] [stdout]     |                                                        ^^^ not found in this scope
[INFO] [stdout]     |
[INFO] [stdout]     = help: consider importing one of these items:
[INFO] [stdout]             crate::stdlib::env::args
[INFO] [stdout]             std::env::args
[INFO] [stdout] 
[INFO] [stdout] 
[INFO] [stdout] error[E0425]: cannot find value `args` in this scope
[INFO] [stdout]    --> /opt/rustwide/cargo-home/registry/src/github.com-1ecc6299db9ec823/rhai-0.19.5/src/packages/array_basic.rs:696:61
[INFO] [stdout]     |
[INFO] [stdout] 696 | gen_array_functions!(numbers => i8, u8, i16, u16, i32, i64, u32, u64);
[INFO] [stdout]     |                                                             ^^^ not found in this scope
[INFO] [stdout]     |
[INFO] [stdout]     = help: consider importing one of these items:
[INFO] [stdout]             crate::stdlib::env::args
[INFO] [stdout]             std::env::args
[INFO] [stdout] 
[INFO] [stdout] 
[INFO] [stdout] error[E0425]: cannot find value `args` in this scope
[INFO] [stdout]    --> /opt/rustwide/cargo-home/registry/src/github.com-1ecc6299db9ec823/rhai-0.19.5/src/packages/array_basic.rs:696:66
[INFO] [stdout]     |
[INFO] [stdout] 696 | gen_array_functions!(numbers => i8, u8, i16, u16, i32, i64, u32, u64);
[INFO] [stdout]     |                                                                  ^^^ not found in this scope
[INFO] [stdout]     |
[INFO] [stdout]     = help: consider importing one of these items:
[INFO] [stdout]             crate::stdlib::env::args
[INFO] [stdout]             std::env::args
[INFO] [stdout] 
[INFO] [stdout] 
[INFO] [stdout] error[E0425]: cannot find value `args` in this scope
[INFO] [stdout]    --> /opt/rustwide/cargo-home/registry/src/github.com-1ecc6299db9ec823/rhai-0.19.5/src/packages/array_basic.rs:701:33
[INFO] [stdout]     |
[INFO] [stdout] 701 | gen_array_functions!(num_128 => i128, u128);
[INFO] [stdout]     |                                 ^^^^ not found in this scope
[INFO] [stdout]     |
[INFO] [stdout]     = help: consider importing one of these items:
[INFO] [stdout]             crate::stdlib::env::args
[INFO] [stdout]             std::env::args
[INFO] [stdout] 
[INFO] [stdout] 
[INFO] [stdout] error[E0425]: cannot find value `args` in this scope
[INFO] [stdout]    --> /opt/rustwide/cargo-home/registry/src/github.com-1ecc6299db9ec823/rhai-0.19.5/src/packages/array_basic.rs:701:39
[INFO] [stdout]     |
[INFO] [stdout] 701 | gen_array_functions!(num_128 => i128, u128);
[INFO] [stdout]     |                                       ^^^^ not found in this scope
[INFO] [stdout]     |
[INFO] [stdout]     = help: consider importing one of these items:
[INFO] [stdout]             crate::stdlib::env::args
[INFO] [stdout]             std::env::args
[INFO] [stdout] 
[INFO] [stdout] 
[INFO] [stdout] error[E0425]: cannot find value `args` in this scope
[INFO] [stdout]    --> /opt/rustwide/cargo-home/registry/src/github.com-1ecc6299db9ec823/rhai-0.19.5/src/packages/array_basic.rs:704:31
[INFO] [stdout]     |
[INFO] [stdout] 704 | gen_array_functions!(float => f32, f64);
[INFO] [stdout]     |                               ^^^ not found in this scope
[INFO] [stdout]     |
[INFO] [stdout]     = help: consider importing one of these items:
[INFO] [stdout]             crate::stdlib::env::args
[INFO] [stdout]             std::env::args
[INFO] [stdout] 
[INFO] [stdout] 
[INFO] [stdout] error[E0425]: cannot find value `args` in this scope
[INFO] [stdout]    --> /opt/rustwide/cargo-home/registry/src/github.com-1ecc6299db9ec823/rhai-0.19.5/src/packages/array_basic.rs:704:36
[INFO] [stdout]     |
[INFO] [stdout] 704 | gen_array_functions!(float => f32, f64);
[INFO] [stdout]     |                                    ^^^ not found in this scope
[INFO] [stdout]     |
[INFO] [stdout]     = help: consider importing one of these items:
[INFO] [stdout]             crate::stdlib::env::args
[INFO] [stdout]             std::env::args
[INFO] [stdout] 
[INFO] [stdout] 
[INFO] [stdout] error[E0425]: cannot find value `args` in this scope
[INFO] [stdout]    --> /opt/rustwide/cargo-home/registry/src/github.com-1ecc6299db9ec823/rhai-0.19.5/src/packages/array_basic.rs:707:29
[INFO] [stdout]     |
[INFO] [stdout] 707 | gen_array_functions!(map => Map);
[INFO] [stdout]     |                             ^^^ not found in this scope
[INFO] [stdout]     |
[INFO] [stdout]     = help: consider importing one of these items:
[INFO] [stdout]             crate::stdlib::env::args
[INFO] [stdout]             std::env::args
[INFO] [stdout] 
[INFO] [stdout] 
[INFO] [stdout] error[E0425]: cannot find value `args` in this scope
[INFO] [stdout]   --> /opt/rustwide/cargo-home/registry/src/github.com-1ecc6299db9ec823/rhai-0.19.5/src/packages/logic.rs:84:31
[INFO] [stdout]    |
[INFO] [stdout] 84 | gen_cmp_functions!(numbers => i8, u8, i16, u16, i32, u32, u64);
[INFO] [stdout]    |                               ^^ not found in this scope
[INFO] [stdout]    |
[INFO] [stdout]    = help: consider importing one of these items:
[INFO] [stdout]            crate::stdlib::env::args
[INFO] [stdout]            std::env::args
[INFO] [stdout] 
[INFO] [stdout] 
[INFO] [stdout] error[E0425]: cannot find value `args` in this scope
[INFO] [stdout]   --> /opt/rustwide/cargo-home/registry/src/github.com-1ecc6299db9ec823/rhai-0.19.5/src/packages/logic.rs:84:35
[INFO] [stdout]    |
[INFO] [stdout] 84 | gen_cmp_functions!(numbers => i8, u8, i16, u16, i32, u32, u64);
[INFO] [stdout]    |                                   ^^ not found in this scope
[INFO] [stdout]    |
[INFO] [stdout]    = help: consider importing one of these items:
[INFO] [stdout]            crate::stdlib::env::args
[INFO] [stdout]            std::env::args
[INFO] [stdout] 
[INFO] [stdout] 
[INFO] [stdout] error[E0425]: cannot find value `args` in this scope
[INFO] [stdout]   --> /opt/rustwide/cargo-home/registry/src/github.com-1ecc6299db9ec823/rhai-0.19.5/src/packages/logic.rs:84:39
[INFO] [stdout]    |
[INFO] [stdout] 84 | gen_cmp_functions!(numbers => i8, u8, i16, u16, i32, u32, u64);
[INFO] [stdout]    |                                       ^^^ not found in this scope
[INFO] [stdout]    |
[INFO] [stdout]    = help: consider importing one of these items:
[INFO] [stdout]            crate::stdlib::env::args
[INFO] [stdout]            std::env::args
[INFO] [stdout] 
[INFO] [stdout] 
[INFO] [stdout] error[E0425]: cannot find value `args` in this scope
[INFO] [stdout]   --> /opt/rustwide/cargo-home/registry/src/github.com-1ecc6299db9ec823/rhai-0.19.5/src/packages/logic.rs:84:44
[INFO] [stdout]    |
[INFO] [stdout] 84 | gen_cmp_functions!(numbers => i8, u8, i16, u16, i32, u32, u64);
[INFO] [stdout]    |                                            ^^^ not found in this scope
[INFO] [stdout]    |
[INFO] [stdout]    = help: consider importing one of these items:
[INFO] [stdout]            crate::stdlib::env::args
[INFO] [stdout]            std::env::args
[INFO] [stdout] 
[INFO] [stdout] 
[INFO] [stdout] error[E0425]: cannot find value `args` in this scope
[INFO] [stdout]   --> /opt/rustwide/cargo-home/registry/src/github.com-1ecc6299db9ec823/rhai-0.19.5/src/packages/logic.rs:84:49
[INFO] [stdout]    |
[INFO] [stdout] 84 | gen_cmp_functions!(numbers => i8, u8, i16, u16, i32, u32, u64);
[INFO] [stdout]    |                                                 ^^^ not found in this scope
[INFO] [stdout]    |
[INFO] [stdout]    = help: consider importing one of these items:
[INFO] [stdout]            crate::stdlib::env::args
[INFO] [stdout]            std::env::args
[INFO] [stdout] 
[INFO] [stdout] 
[INFO] [stdout] error[E0425]: cannot find value `args` in this scope
[INFO] [stdout]   --> /opt/rustwide/cargo-home/registry/src/github.com-1ecc6299db9ec823/rhai-0.19.5/src/packages/logic.rs:84:54
[INFO] [stdout]    |
[INFO] [stdout] 84 | gen_cmp_functions!(numbers => i8, u8, i16, u16, i32, u32, u64);
[INFO] [stdout]    |                                                      ^^^ not found in this scope
[INFO] [stdout]    |
[INFO] [stdout]    = help: consider importing one of these items:
[INFO] [stdout]            crate::stdlib::env::args
[INFO] [stdout]            std::env::args
[INFO] [stdout] 
[INFO] [stdout] 
[INFO] [stdout] error[E0425]: cannot find value `args` in this scope
[INFO] [stdout]   --> /opt/rustwide/cargo-home/registry/src/github.com-1ecc6299db9ec823/rhai-0.19.5/src/packages/logic.rs:84:59
[INFO] [stdout]    |
[INFO] [stdout] 84 | gen_cmp_functions!(numbers => i8, u8, i16, u16, i32, u32, u64);
[INFO] [stdout]    |                                                           ^^^ not found in this scope
[INFO] [stdout]    |
[INFO] [stdout]    = help: consider importing one of these items:
[INFO] [stdout]            crate::stdlib::env::args
[INFO] [stdout]            std::env::args
[INFO] [stdout] 
[INFO] [stdout] 
[INFO] [stdout] error[E0425]: cannot find value `args` in this scope
[INFO] [stdout]   --> /opt/rustwide/cargo-home/registry/src/github.com-1ecc6299db9ec823/rhai-0.19.5/src/packages/logic.rs:89:31
[INFO] [stdout]    |
[INFO] [stdout] 89 | gen_cmp_functions!(num_128 => i128, u128);
[INFO] [stdout]    |                               ^^^^ not found in this scope
[INFO] [stdout]    |
[INFO] [stdout]    = help: consider importing one of these items:
[INFO] [stdout]            crate::stdlib::env::args
[INFO] [stdout]            std::env::args
[INFO] [stdout] 
[INFO] [stdout] 
[INFO] [stdout] error[E0425]: cannot find value `args` in this scope
[INFO] [stdout]   --> /opt/rustwide/cargo-home/registry/src/github.com-1ecc6299db9ec823/rhai-0.19.5/src/packages/logic.rs:89:37
[INFO] [stdout]    |
[INFO] [stdout] 89 | gen_cmp_functions!(num_128 => i128, u128);
[INFO] [stdout]    |                                     ^^^^ not found in this scope
[INFO] [stdout]    |
[INFO] [stdout]    = help: consider importing one of these items:
[INFO] [stdout]            crate::stdlib::env::args
[INFO] [stdout]            std::env::args
[INFO] [stdout] 
[INFO] [stdout] 
[INFO] [stdout] error[E0425]: cannot find value `args` in this scope
[INFO] [stdout]   --> /opt/rustwide/cargo-home/registry/src/github.com-1ecc6299db9ec823/rhai-0.19.5/src/packages/logic.rs:93:29
[INFO] [stdout]    |
[INFO] [stdout] 93 | gen_cmp_functions!(float => f32);
[INFO] [stdout]    |                             ^^^ not found in this scope
[INFO] [stdout]    |
[INFO] [stdout]    = help: consider importing one of these items:
[INFO] [stdout]            crate::stdlib::env::args
[INFO] [stdout]            std::env::args
[INFO] [stdout] 
[INFO] [stdout] 
[INFO] [stdout] error[E0425]: cannot find value `args` in this scope
[INFO] [stdout]    --> /opt/rustwide/cargo-home/registry/src/github.com-1ecc6299db9ec823/rhai-0.19.5/src/packages/math_basic.rs:244:55
[INFO] [stdout]     |
[INFO] [stdout] 244 | gen_conversion_functions!(basic_to_float => to_float (INT) -> FLOAT);
[INFO] [stdout]     |                                                       ^^^ not found in this scope
[INFO] [stdout]     |
[INFO] [stdout]     = help: consider importing one of these items:
[INFO] [stdout]             crate::stdlib::env::args
[INFO] [stdout]             std::env::args
[INFO] [stdout] 
[INFO] [stdout] 
[INFO] [stdout] error[E0425]: cannot find value `args` in this scope
[INFO] [stdout]    --> /opt/rustwide/cargo-home/registry/src/github.com-1ecc6299db9ec823/rhai-0.19.5/src/packages/math_basic.rs:249:57
[INFO] [stdout]     |
[INFO] [stdout] 249 | gen_conversion_functions!(numbers_to_float => to_float (i8, u8, i16, u16, i32, u32, i64, u64) -> FLOAT);
[INFO] [stdout]     |                                                         ^^ not found in this scope
[INFO] [stdout]     |
[INFO] [stdout]     = help: consider importing one of these items:
[INFO] [stdout]             crate::stdlib::env::args
[INFO] [stdout]             std::env::args
[INFO] [stdout] 
[INFO] [stdout] 
[INFO] [stdout] error[E0425]: cannot find value `args` in this scope
[INFO] [stdout]    --> /opt/rustwide/cargo-home/registry/src/github.com-1ecc6299db9ec823/rhai-0.19.5/src/packages/math_basic.rs:249:61
[INFO] [stdout]     |
[INFO] [stdout] 249 | gen_conversion_functions!(numbers_to_float => to_float (i8, u8, i16, u16, i32, u32, i64, u64) -> FLOAT);
[INFO] [stdout]     |                                                             ^^ not found in this scope
[INFO] [stdout]     |
[INFO] [stdout]     = help: consider importing one of these items:
[INFO] [stdout]             crate::stdlib::env::args
[INFO] [stdout]             std::env::args
[INFO] [stdout] 
[INFO] [stdout] 
[INFO] [stdout] error[E0425]: cannot find value `args` in this scope
[INFO] [stdout]    --> /opt/rustwide/cargo-home/registry/src/github.com-1ecc6299db9ec823/rhai-0.19.5/src/packages/math_basic.rs:249:65
[INFO] [stdout]     |
[INFO] [stdout] 249 | gen_conversion_functions!(numbers_to_float => to_float (i8, u8, i16, u16, i32, u32, i64, u64) -> FLOAT);
[INFO] [stdout]     |                                                                 ^^^ not found in this scope
[INFO] [stdout]     |
[INFO] [stdout]     = help: consider importing one of these items:
[INFO] [stdout]             crate::stdlib::env::args
[INFO] [stdout]             std::env::args
[INFO] [stdout] 
[INFO] [stdout] 
[INFO] [stdout] error[E0425]: cannot find value `args` in this scope
[INFO] [stdout]    --> /opt/rustwide/cargo-home/registry/src/github.com-1ecc6299db9ec823/rhai-0.19.5/src/packages/math_basic.rs:249:70
[INFO] [stdout]     |
[INFO] [stdout] 249 | gen_conversion_functions!(numbers_to_float => to_float (i8, u8, i16, u16, i32, u32, i64, u64) -> FLOAT);
[INFO] [stdout]     |                                                                      ^^^ not found in this scope
[INFO] [stdout]     |
[INFO] [stdout]     = help: consider importing one of these items:
[INFO] [stdout]             crate::stdlib::env::args
[INFO] [stdout]             std::env::args
[INFO] [stdout] 
[INFO] [stdout] 
[INFO] [stdout] error[E0425]: cannot find value `args` in this scope
[INFO] [stdout]    --> /opt/rustwide/cargo-home/registry/src/github.com-1ecc6299db9ec823/rhai-0.19.5/src/packages/math_basic.rs:249:75
[INFO] [stdout]     |
[INFO] [stdout] 249 | gen_conversion_functions!(numbers_to_float => to_float (i8, u8, i16, u16, i32, u32, i64, u64) -> FLOAT);
[INFO] [stdout]     |                                                                           ^^^ not found in this scope
[INFO] [stdout]     |
[INFO] [stdout]     = help: consider importing one of these items:
[INFO] [stdout]             crate::stdlib::env::args
[INFO] [stdout]             std::env::args
[INFO] [stdout] 
[INFO] [stdout] 
[INFO] [stdout] error[E0425]: cannot find value `args` in this scope
[INFO] [stdout]    --> /opt/rustwide/cargo-home/registry/src/github.com-1ecc6299db9ec823/rhai-0.19.5/src/packages/math_basic.rs:249:80
[INFO] [stdout]     |
[INFO] [stdout] 249 | gen_conversion_functions!(numbers_to_float => to_float (i8, u8, i16, u16, i32, u32, i64, u64) -> FLOAT);
[INFO] [stdout]     |                                                                                ^^^ not found in this scope
[INFO] [stdout]     |
[INFO] [stdout]     = help: consider importing one of these items:
[INFO] [stdout]             crate::stdlib::env::args
[INFO] [stdout]             std::env::args
[INFO] [stdout] 
[INFO] [stdout] 
[INFO] [stdout] error[E0425]: cannot find value `args` in this scope
[INFO] [stdout]    --> /opt/rustwide/cargo-home/registry/src/github.com-1ecc6299db9ec823/rhai-0.19.5/src/packages/math_basic.rs:249:85
[INFO] [stdout]     |
[INFO] [stdout] 249 | gen_conversion_functions!(numbers_to_float => to_float (i8, u8, i16, u16, i32, u32, i64, u64) -> FLOAT);
[INFO] [stdout]     |                                                                                     ^^^ not found in this scope
[INFO] [stdout]     |
[INFO] [stdout]     = help: consider importing one of these items:
[INFO] [stdout]             crate::stdlib::env::args
[INFO] [stdout]             std::env::args
[INFO] [stdout] 
[INFO] [stdout] 
[INFO] [stdout] error[E0425]: cannot find value `args` in this scope
[INFO] [stdout]    --> /opt/rustwide/cargo-home/registry/src/github.com-1ecc6299db9ec823/rhai-0.19.5/src/packages/math_basic.rs:249:90
[INFO] [stdout]     |
[INFO] [stdout] 249 | gen_conversion_functions!(numbers_to_float => to_float (i8, u8, i16, u16, i32, u32, i64, u64) -> FLOAT);
[INFO] [stdout]     |                                                                                          ^^^ not found in this scope
[INFO] [stdout]     |
[INFO] [stdout]     = help: consider importing one of these items:
[INFO] [stdout]             crate::stdlib::env::args
[INFO] [stdout]             std::env::args
[INFO] [stdout] 
[INFO] [stdout] 
[INFO] [stdout] error[E0425]: cannot find value `args` in this scope
[INFO] [stdout]    --> /opt/rustwide/cargo-home/registry/src/github.com-1ecc6299db9ec823/rhai-0.19.5/src/packages/math_basic.rs:255:57
[INFO] [stdout]     |
[INFO] [stdout] 255 | gen_conversion_functions!(num_128_to_float => to_float (i128, u128) -> FLOAT);
[INFO] [stdout]     |                                                         ^^^^ not found in this scope
[INFO] [stdout]     |
[INFO] [stdout]     = help: consider importing one of these items:
[INFO] [stdout]             crate::stdlib::env::args
[INFO] [stdout]             std::env::args
[INFO] [stdout] 
[INFO] [stdout] 
[INFO] [stdout] error[E0425]: cannot find value `args` in this scope
[INFO] [stdout]    --> /opt/rustwide/cargo-home/registry/src/github.com-1ecc6299db9ec823/rhai-0.19.5/src/packages/math_basic.rs:255:63
[INFO] [stdout]     |
[INFO] [stdout] 255 | gen_conversion_functions!(num_128_to_float => to_float (i128, u128) -> FLOAT);
[INFO] [stdout]     |                                                               ^^^^ not found in this scope
[INFO] [stdout]     |
[INFO] [stdout]     = help: consider importing one of these items:
[INFO] [stdout]             crate::stdlib::env::args
[INFO] [stdout]             std::env::args
[INFO] [stdout] 
[INFO] [stdout] 
[INFO] [stdout] error[E0425]: cannot find value `args` in this scope
[INFO] [stdout]    --> /opt/rustwide/cargo-home/registry/src/github.com-1ecc6299db9ec823/rhai-0.19.5/src/packages/math_basic.rs:257:51
[INFO] [stdout]     |
[INFO] [stdout] 257 | gen_conversion_functions!(basic_to_int => to_int (char) -> INT);
[INFO] [stdout]     |                                                   ^^^^ not found in this scope
[INFO] [stdout]     |
[INFO] [stdout]     = help: consider importing one of these items:
[INFO] [stdout]             crate::stdlib::env::args
[INFO] [stdout]             std::env::args
[INFO] [stdout] 
[INFO] [stdout] 
[INFO] [stdout] error[E0425]: cannot find value `args` in this scope
[INFO] [stdout]    --> /opt/rustwide/cargo-home/registry/src/github.com-1ecc6299db9ec823/rhai-0.19.5/src/packages/math_basic.rs:261:53
[INFO] [stdout]     |
[INFO] [stdout] 261 | gen_conversion_functions!(numbers_to_int => to_int (i8, u8, i16, u16, i32, u32, i64, u64) -> INT);
[INFO] [stdout]     |                                                     ^^ not found in this scope
[INFO] [stdout]     |
[INFO] [stdout]     = help: consider importing one of these items:
[INFO] [stdout]             crate::stdlib::env::args
[INFO] [stdout]             std::env::args
[INFO] [stdout] 
[INFO] [stdout] 
[INFO] [stdout] error[E0425]: cannot find value `args` in this scope
[INFO] [stdout]    --> /opt/rustwide/cargo-home/registry/src/github.com-1ecc6299db9ec823/rhai-0.19.5/src/packages/math_basic.rs:261:57
[INFO] [stdout]     |
[INFO] [stdout] 261 | gen_conversion_functions!(numbers_to_int => to_int (i8, u8, i16, u16, i32, u32, i64, u64) -> INT);
[INFO] [stdout]     |                                                         ^^ not found in this scope
[INFO] [stdout]     |
[INFO] [stdout]     = help: consider importing one of these items:
[INFO] [stdout]             crate::stdlib::env::args
[INFO] [stdout]             std::env::args
[INFO] [stdout] 
[INFO] [stdout] 
[INFO] [stdout] error[E0425]: cannot find value `args` in this scope
[INFO] [stdout]    --> /opt/rustwide/cargo-home/registry/src/github.com-1ecc6299db9ec823/rhai-0.19.5/src/packages/math_basic.rs:261:61
[INFO] [stdout]     |
[INFO] [stdout] 261 | gen_conversion_functions!(numbers_to_int => to_int (i8, u8, i16, u16, i32, u32, i64, u64) -> INT);
[INFO] [stdout]     |                                                             ^^^ not found in this scope
[INFO] [stdout]     |
[INFO] [stdout]     = help: consider importing one of these items:
[INFO] [stdout]             crate::stdlib::env::args
[INFO] [stdout]             std::env::args
[INFO] [stdout] 
[INFO] [stdout] 
[INFO] [stdout] error[E0425]: cannot find value `args` in this scope
[INFO] [stdout]    --> /opt/rustwide/cargo-home/registry/src/github.com-1ecc6299db9ec823/rhai-0.19.5/src/packages/math_basic.rs:261:66
[INFO] [stdout]     |
[INFO] [stdout] 261 | gen_conversion_functions!(numbers_to_int => to_int (i8, u8, i16, u16, i32, u32, i64, u64) -> INT);
[INFO] [stdout]     |                                                                  ^^^ not found in this scope
[INFO] [stdout]     |
[INFO] [stdout]     = help: consider importing one of these items:
[INFO] [stdout]             crate::stdlib::env::args
[INFO] [stdout]             std::env::args
[INFO] [stdout] 
[INFO] [stdout] 
[INFO] [stdout] error[E0425]: cannot find value `args` in this scope
[INFO] [stdout]    --> /opt/rustwide/cargo-home/registry/src/github.com-1ecc6299db9ec823/rhai-0.19.5/src/packages/math_basic.rs:261:71
[INFO] [stdout]     |
[INFO] [stdout] 261 | gen_conversion_functions!(numbers_to_int => to_int (i8, u8, i16, u16, i32, u32, i64, u64) -> INT);
[INFO] [stdout]     |                                                                       ^^^ not found in this scope
[INFO] [stdout]     |
[INFO] [stdout]     = help: consider importing one of these items:
[INFO] [stdout]             crate::stdlib::env::args
[INFO] [stdout]             std::env::args
[INFO] [stdout] 
[INFO] [stdout] 
[INFO] [stdout] error[E0425]: cannot find value `args` in this scope
[INFO] [stdout]    --> /opt/rustwide/cargo-home/registry/src/github.com-1ecc6299db9ec823/rhai-0.19.5/src/packages/math_basic.rs:261:76
[INFO] [stdout]     |
[INFO] [stdout] 261 | gen_conversion_functions!(numbers_to_int => to_int (i8, u8, i16, u16, i32, u32, i64, u64) -> INT);
[INFO] [stdout]     |                                                                            ^^^ not found in this scope
[INFO] [stdout]     |
[INFO] [stdout]     = help: consider importing one of these items:
[INFO] [stdout]             crate::stdlib::env::args
[INFO] [stdout]             std::env::args
[INFO] [stdout] 
[INFO] [stdout] 
[INFO] [stdout] error[E0425]: cannot find value `args` in this scope
[INFO] [stdout]    --> /opt/rustwide/cargo-home/registry/src/github.com-1ecc6299db9ec823/rhai-0.19.5/src/packages/math_basic.rs:261:81
[INFO] [stdout]     |
[INFO] [stdout] 261 | gen_conversion_functions!(numbers_to_int => to_int (i8, u8, i16, u16, i32, u32, i64, u64) -> INT);
[INFO] [stdout]     |                                                                                 ^^^ not found in this scope
[INFO] [stdout]     |
[INFO] [stdout]     = help: consider importing one of these items:
[INFO] [stdout]             crate::stdlib::env::args
[INFO] [stdout]             std::env::args
[INFO] [stdout] 
[INFO] [stdout] 
[INFO] [stdout] error[E0425]: cannot find value `args` in this scope
[INFO] [stdout]    --> /opt/rustwide/cargo-home/registry/src/github.com-1ecc6299db9ec823/rhai-0.19.5/src/packages/math_basic.rs:261:86
[INFO] [stdout]     |
[INFO] [stdout] 261 | gen_conversion_functions!(numbers_to_int => to_int (i8, u8, i16, u16, i32, u32, i64, u64) -> INT);
[INFO] [stdout]     |                                                                                      ^^^ not found in this scope
[INFO] [stdout]     |
[INFO] [stdout]     = help: consider importing one of these items:
[INFO] [stdout]             crate::stdlib::env::args
[INFO] [stdout]             std::env::args
[INFO] [stdout] 
[INFO] [stdout] 
[INFO] [stdout] error[E0425]: cannot find value `args` in this scope
[INFO] [stdout]    --> /opt/rustwide/cargo-home/registry/src/github.com-1ecc6299db9ec823/rhai-0.19.5/src/packages/math_basic.rs:266:53
[INFO] [stdout]     |
[INFO] [stdout] 266 | gen_conversion_functions!(num_128_to_int => to_int (i128, u128) -> INT);
[INFO] [stdout]     |                                                     ^^^^ not found in this scope
[INFO] [stdout]     |
[INFO] [stdout]     = help: consider importing one of these items:
[INFO] [stdout]             crate::stdlib::env::args
[INFO] [stdout]             std::env::args
[INFO] [stdout] 
[INFO] [stdout] 
[INFO] [stdout] error[E0425]: cannot find value `args` in this scope
[INFO] [stdout]    --> /opt/rustwide/cargo-home/registry/src/github.com-1ecc6299db9ec823/rhai-0.19.5/src/packages/math_basic.rs:266:59
[INFO] [stdout]     |
[INFO] [stdout] 266 | gen_conversion_functions!(num_128_to_int => to_int (i128, u128) -> INT);
[INFO] [stdout]     |                                                           ^^^^ not found in this scope
[INFO] [stdout]     |
[INFO] [stdout]     = help: consider importing one of these items:
[INFO] [stdout]             crate::stdlib::env::args
[INFO] [stdout]             std::env::args
[INFO] [stdout] 
[INFO] [stdout] 
[INFO] [stdout] error[E0425]: cannot find value `args` in this scope
[INFO] [stdout]   --> /opt/rustwide/cargo-home/registry/src/github.com-1ecc6299db9ec823/rhai-0.19.5/src/packages/string_basic.rs:89:41
[INFO] [stdout]    |
[INFO] [stdout] 89 | gen_functions!(print_basic => to_string(INT, bool, char, FnPtr));
[INFO] [stdout]    |                                         ^^^ not found in this scope
[INFO] [stdout]    |
[INFO] [stdout]    = help: consider importing one of these items:
[INFO] [stdout]            crate::stdlib::env::args
[INFO] [stdout]            std::env::args
[INFO] [stdout] 
[INFO] [stdout] 
[INFO] [stdout] error[E0425]: cannot find value `args` in this scope
[INFO] [stdout]   --> /opt/rustwide/cargo-home/registry/src/github.com-1ecc6299db9ec823/rhai-0.19.5/src/packages/string_basic.rs:89:46
[INFO] [stdout]    |
[INFO] [stdout] 89 | gen_functions!(print_basic => to_string(INT, bool, char, FnPtr));
[INFO] [stdout]    |                                              ^^^^ not found in this scope
[INFO] [stdout]    |
[INFO] [stdout]    = help: consider importing one of these items:
[INFO] [stdout]            crate::stdlib::env::args
[INFO] [stdout]            std::env::args
[INFO] [stdout] 
[INFO] [stdout] 
[INFO] [stdout] error[E0425]: cannot find value `args` in this scope
[INFO] [stdout]   --> /opt/rustwide/cargo-home/registry/src/github.com-1ecc6299db9ec823/rhai-0.19.5/src/packages/string_basic.rs:89:52
[INFO] [stdout]    |
[INFO] [stdout] 89 | gen_functions!(print_basic => to_string(INT, bool, char, FnPtr));
[INFO] [stdout]    |                                                    ^^^^ not found in this scope
[INFO] [stdout]    |
[INFO] [stdout]    = help: consider importing one of these items:
[INFO] [stdout]            crate::stdlib::env::args
[INFO] [stdout]            std::env::args
[INFO] [stdout] 
[INFO] [stdout] 
[INFO] [stdout] error[E0425]: cannot find value `args` in this scope
[INFO] [stdout]   --> /opt/rustwide/cargo-home/registry/src/github.com-1ecc6299db9ec823/rhai-0.19.5/src/packages/string_basic.rs:89:58
[INFO] [stdout]    |
[INFO] [stdout] 89 | gen_functions!(print_basic => to_string(INT, bool, char, FnPtr));
[INFO] [stdout]    |                                                          ^^^^^ not found in this scope
[INFO] [stdout]    |
[INFO] [stdout]    = help: consider importing one of these items:
[INFO] [stdout]            crate::stdlib::env::args
[INFO] [stdout]            std::env::args
[INFO] [stdout] 
[INFO] [stdout] 
[INFO] [stdout] error[E0425]: cannot find value `args` in this scope
[INFO] [stdout]   --> /opt/rustwide/cargo-home/registry/src/github.com-1ecc6299db9ec823/rhai-0.19.5/src/packages/string_basic.rs:90:40
[INFO] [stdout]    |
[INFO] [stdout] 90 | gen_functions!(debug_basic => to_debug(INT, bool, Unit, char, ImmutableString));
[INFO] [stdout]    |                                        ^^^ not found in this scope
[INFO] [stdout]    |
[INFO] [stdout]    = help: consider importing one of these items:
[INFO] [stdout]            crate::stdlib::env::args
[INFO] [stdout]            std::env::args
[INFO] [stdout] 
[INFO] [stdout] 
[INFO] [stdout] error[E0425]: cannot find value `args` in this scope
[INFO] [stdout]   --> /opt/rustwide/cargo-home/registry/src/github.com-1ecc6299db9ec823/rhai-0.19.5/src/packages/string_basic.rs:90:45
[INFO] [stdout]    |
[INFO] [stdout] 90 | gen_functions!(debug_basic => to_debug(INT, bool, Unit, char, ImmutableString));
[INFO] [stdout]    |                                             ^^^^ not found in this scope
[INFO] [stdout]    |
[INFO] [stdout]    = help: consider importing one of these items:
[INFO] [stdout]            crate::stdlib::env::args
[INFO] [stdout]            std::env::args
[INFO] [stdout] 
[INFO] [stdout] 
[INFO] [stdout] error[E0425]: cannot find value `args` in this scope
[INFO] [stdout]   --> /opt/rustwide/cargo-home/registry/src/github.com-1ecc6299db9ec823/rhai-0.19.5/src/packages/string_basic.rs:90:51
[INFO] [stdout]    |
[INFO] [stdout] 90 | gen_functions!(debug_basic => to_debug(INT, bool, Unit, char, ImmutableString));
[INFO] [stdout]    |                                                   ^^^^ not found in this scope
[INFO] [stdout]    |
[INFO] [stdout]    = help: consider importing one of these items:
[INFO] [stdout]            crate::stdlib::env::args
[INFO] [stdout]            std::env::args
[INFO] [stdout] 
[INFO] [stdout] 
[INFO] [stdout] error[E0425]: cannot find value `args` in this scope
[INFO] [stdout]   --> /opt/rustwide/cargo-home/registry/src/github.com-1ecc6299db9ec823/rhai-0.19.5/src/packages/string_basic.rs:90:57
[INFO] [stdout]    |
[INFO] [stdout] 90 | gen_functions!(debug_basic => to_debug(INT, bool, Unit, char, ImmutableString));
[INFO] [stdout]    |                                                         ^^^^ not found in this scope
[INFO] [stdout]    |
[INFO] [stdout]    = help: consider importing one of these items:
[INFO] [stdout]            crate::stdlib::env::args
[INFO] [stdout]            std::env::args
[INFO] [stdout] 
[INFO] [stdout] 
[INFO] [stdout] error[E0425]: cannot find value `args` in this scope
[INFO] [stdout]   --> /opt/rustwide/cargo-home/registry/src/github.com-1ecc6299db9ec823/rhai-0.19.5/src/packages/string_basic.rs:90:63
[INFO] [stdout]    |
[INFO] [stdout] 90 | gen_functions!(debug_basic => to_debug(INT, bool, Unit, char, ImmutableString));
[INFO] [stdout]    |                                                               ^^^^^^^^^^^^^^^ not found in this scope
[INFO] [stdout]    |
[INFO] [stdout]    = help: consider importing one of these items:
[INFO] [stdout]            crate::stdlib::env::args
[INFO] [stdout]            std::env::args
[INFO] [stdout] 
[INFO] [stdout] 
[INFO] [stdout] error[E0425]: cannot find value `args` in this scope
[INFO] [stdout]   --> /opt/rustwide/cargo-home/registry/src/github.com-1ecc6299db9ec823/rhai-0.19.5/src/packages/string_basic.rs:94:43
[INFO] [stdout]    |
[INFO] [stdout] 94 | gen_functions!(print_numbers => to_string(i8, u8, i16, u16, i32, u32, i64, u64));
[INFO] [stdout]    |                                           ^^ not found in this scope
[INFO] [stdout]    |
[INFO] [stdout]    = help: consider importing one of these items:
[INFO] [stdout]            crate::stdlib::env::args
[INFO] [stdout]            std::env::args
[INFO] [stdout] 
[INFO] [stdout] 
[INFO] [stdout] error[E0425]: cannot find value `args` in this scope
[INFO] [stdout]   --> /opt/rustwide/cargo-home/registry/src/github.com-1ecc6299db9ec823/rhai-0.19.5/src/packages/string_basic.rs:94:47
[INFO] [stdout]    |
[INFO] [stdout] 94 | gen_functions!(print_numbers => to_string(i8, u8, i16, u16, i32, u32, i64, u64));
[INFO] [stdout]    |                                               ^^ not found in this scope
[INFO] [stdout]    |
[INFO] [stdout]    = help: consider importing one of these items:
[INFO] [stdout]            crate::stdlib::env::args
[INFO] [stdout]            std::env::args
[INFO] [stdout] 
[INFO] [stdout] 
[INFO] [stdout] error[E0425]: cannot find value `args` in this scope
[INFO] [stdout]   --> /opt/rustwide/cargo-home/registry/src/github.com-1ecc6299db9ec823/rhai-0.19.5/src/packages/string_basic.rs:94:51
[INFO] [stdout]    |
[INFO] [stdout] 94 | gen_functions!(print_numbers => to_string(i8, u8, i16, u16, i32, u32, i64, u64));
[INFO] [stdout]    |                                                   ^^^ not found in this scope
[INFO] [stdout]    |
[INFO] [stdout]    = help: consider importing one of these items:
[INFO] [stdout]            crate::stdlib::env::args
[INFO] [stdout]            std::env::args
[INFO] [stdout] 
[INFO] [stdout] 
[INFO] [stdout] error[E0425]: cannot find value `args` in this scope
[INFO] [stdout]   --> /opt/rustwide/cargo-home/registry/src/github.com-1ecc6299db9ec823/rhai-0.19.5/src/packages/string_basic.rs:94:56
[INFO] [stdout]    |
[INFO] [stdout] 94 | gen_functions!(print_numbers => to_string(i8, u8, i16, u16, i32, u32, i64, u64));
[INFO] [stdout]    |                                                        ^^^ not found in this scope
[INFO] [stdout]    |
[INFO] [stdout]    = help: consider importing one of these items:
[INFO] [stdout]            crate::stdlib::env::args
[INFO] [stdout]            std::env::args
[INFO] [stdout] 
[INFO] [stdout] 
[INFO] [stdout] error[E0425]: cannot find value `args` in this scope
[INFO] [stdout]   --> /opt/rustwide/cargo-home/registry/src/github.com-1ecc6299db9ec823/rhai-0.19.5/src/packages/string_basic.rs:94:61
[INFO] [stdout]    |
[INFO] [stdout] 94 | gen_functions!(print_numbers => to_string(i8, u8, i16, u16, i32, u32, i64, u64));
[INFO] [stdout]    |                                                             ^^^ not found in this scope
[INFO] [stdout]    |
[INFO] [stdout]    = help: consider importing one of these items:
[INFO] [stdout]            crate::stdlib::env::args
[INFO] [stdout]            std::env::args
[INFO] [stdout] 
[INFO] [stdout] 
[INFO] [stdout] error[E0425]: cannot find value `args` in this scope
[INFO] [stdout]   --> /opt/rustwide/cargo-home/registry/src/github.com-1ecc6299db9ec823/rhai-0.19.5/src/packages/string_basic.rs:94:66
[INFO] [stdout]    |
[INFO] [stdout] 94 | gen_functions!(print_numbers => to_string(i8, u8, i16, u16, i32, u32, i64, u64));
[INFO] [stdout]    |                                                                  ^^^ not found in this scope
[INFO] [stdout]    |
[INFO] [stdout]    = help: consider importing one of these items:
[INFO] [stdout]            crate::stdlib::env::args
[INFO] [stdout]            std::env::args
[INFO] [stdout] 
[INFO] [stdout] 
[INFO] [stdout] error[E0425]: cannot find value `args` in this scope
[INFO] [stdout]   --> /opt/rustwide/cargo-home/registry/src/github.com-1ecc6299db9ec823/rhai-0.19.5/src/packages/string_basic.rs:94:71
[INFO] [stdout]    |
[INFO] [stdout] 94 | gen_functions!(print_numbers => to_string(i8, u8, i16, u16, i32, u32, i64, u64));
[INFO] [stdout]    |                                                                       ^^^ not found in this scope
[INFO] [stdout]    |
[INFO] [stdout]    = help: consider importing one of these items:
[INFO] [stdout]            crate::stdlib::env::args
[INFO] [stdout]            std::env::args
[INFO] [stdout] 
[INFO] [stdout] 
[INFO] [stdout] error[E0425]: cannot find value `args` in this scope
[INFO] [stdout]   --> /opt/rustwide/cargo-home/registry/src/github.com-1ecc6299db9ec823/rhai-0.19.5/src/packages/string_basic.rs:94:76
[INFO] [stdout]    |
[INFO] [stdout] 94 | gen_functions!(print_numbers => to_string(i8, u8, i16, u16, i32, u32, i64, u64));
[INFO] [stdout]    |                                                                            ^^^ not found in this scope
[INFO] [stdout]    |
[INFO] [stdout]    = help: consider importing one of these items:
[INFO] [stdout]            crate::stdlib::env::args
[INFO] [stdout]            std::env::args
[INFO] [stdout] 
[INFO] [stdout] 
[INFO] [stdout] error[E0425]: cannot find value `args` in this scope
[INFO] [stdout]   --> /opt/rustwide/cargo-home/registry/src/github.com-1ecc6299db9ec823/rhai-0.19.5/src/packages/string_basic.rs:98:42
[INFO] [stdout]    |
[INFO] [stdout] 98 | gen_functions!(debug_numbers => to_debug(i8, u8, i16, u16, i32, u32, i64, u64));
[INFO] [stdout]    |                                          ^^ not found in this scope
[INFO] [stdout]    |
[INFO] [stdout]    = help: consider importing one of these items:
[INFO] [stdout]            crate::stdlib::env::args
[INFO] [stdout]            std::env::args
[INFO] [stdout] 
[INFO] [stdout] 
[INFO] [stdout] error[E0425]: cannot find value `args` in this scope
[INFO] [stdout]   --> /opt/rustwide/cargo-home/registry/src/github.com-1ecc6299db9ec823/rhai-0.19.5/src/packages/string_basic.rs:98:46
[INFO] [stdout]    |
[INFO] [stdout] 98 | gen_functions!(debug_numbers => to_debug(i8, u8, i16, u16, i32, u32, i64, u64));
[INFO] [stdout]    |                                              ^^ not found in this scope
[INFO] [stdout]    |
[INFO] [stdout]    = help: consider importing one of these items:
[INFO] [stdout]            crate::stdlib::env::args
[INFO] [stdout]            std::env::args
[INFO] [stdout] 
[INFO] [stdout] 
[INFO] [stdout] error[E0425]: cannot find value `args` in this scope
[INFO] [stdout]   --> /opt/rustwide/cargo-home/registry/src/github.com-1ecc6299db9ec823/rhai-0.19.5/src/packages/string_basic.rs:98:50
[INFO] [stdout]    |
[INFO] [stdout] 98 | gen_functions!(debug_numbers => to_debug(i8, u8, i16, u16, i32, u32, i64, u64));
[INFO] [stdout]    |                                                  ^^^ not found in this scope
[INFO] [stdout]    |
[INFO] [stdout]    = help: consider importing one of these items:
[INFO] [stdout]            crate::stdlib::env::args
[INFO] [stdout]            std::env::args
[INFO] [stdout] 
[INFO] [stdout] 
[INFO] [stdout] error[E0425]: cannot find value `args` in this scope
[INFO] [stdout]   --> /opt/rustwide/cargo-home/registry/src/github.com-1ecc6299db9ec823/rhai-0.19.5/src/packages/string_basic.rs:98:55
[INFO] [stdout]    |
[INFO] [stdout] 98 | gen_functions!(debug_numbers => to_debug(i8, u8, i16, u16, i32, u32, i64, u64));
[INFO] [stdout]    |                                                       ^^^ not found in this scope
[INFO] [stdout]    |
[INFO] [stdout]    = help: consider importing one of these items:
[INFO] [stdout]            crate::stdlib::env::args
[INFO] [stdout]            std::env::args
[INFO] [stdout] 
[INFO] [stdout] 
[INFO] [stdout] error[E0425]: cannot find value `args` in this scope
[INFO] [stdout]   --> /opt/rustwide/cargo-home/registry/src/github.com-1ecc6299db9ec823/rhai-0.19.5/src/packages/string_basic.rs:98:60
[INFO] [stdout]    |
[INFO] [stdout] 98 | gen_functions!(debug_numbers => to_debug(i8, u8, i16, u16, i32, u32, i64, u64));
[INFO] [stdout]    |                                                            ^^^ not found in this scope
[INFO] [stdout]    |
[INFO] [stdout]    = help: consider importing one of these items:
[INFO] [stdout]            crate::stdlib::env::args
[INFO] [stdout]            std::env::args
[INFO] [stdout] 
[INFO] [stdout] 
[INFO] [stdout] error[E0425]: cannot find value `args` in this scope
[INFO] [stdout]   --> /opt/rustwide/cargo-home/registry/src/github.com-1ecc6299db9ec823/rhai-0.19.5/src/packages/string_basic.rs:98:65
[INFO] [stdout]    |
[INFO] [stdout] 98 | gen_functions!(debug_numbers => to_debug(i8, u8, i16, u16, i32, u32, i64, u64));
[INFO] [stdout]    |                                                                 ^^^ not found in this scope
[INFO] [stdout]    |
[INFO] [stdout]    = help: consider importing one of these items:
[INFO] [stdout]            crate::stdlib::env::args
[INFO] [stdout]            std::env::args
[INFO] [stdout] 
[INFO] [stdout] 
[INFO] [stdout] error[E0425]: cannot find value `args` in this scope
[INFO] [stdout]   --> /opt/rustwide/cargo-home/registry/src/github.com-1ecc6299db9ec823/rhai-0.19.5/src/packages/string_basic.rs:98:70
[INFO] [stdout]    |
[INFO] [stdout] 98 | gen_functions!(debug_numbers => to_debug(i8, u8, i16, u16, i32, u32, i64, u64));
[INFO] [stdout]    |                                                                      ^^^ not found in this scope
[INFO] [stdout]    |
[INFO] [stdout]    = help: consider importing one of these items:
[INFO] [stdout]            crate::stdlib::env::args
[INFO] [stdout]            std::env::args
[INFO] [stdout] 
[INFO] [stdout] 
[INFO] [stdout] error[E0425]: cannot find value `args` in this scope
[INFO] [stdout]   --> /opt/rustwide/cargo-home/registry/src/github.com-1ecc6299db9ec823/rhai-0.19.5/src/packages/string_basic.rs:98:75
[INFO] [stdout]    |
[INFO] [stdout] 98 | gen_functions!(debug_numbers => to_debug(i8, u8, i16, u16, i32, u32, i64, u64));
[INFO] [stdout]    |                                                                           ^^^ not found in this scope
[INFO] [stdout]    |
[INFO] [stdout]    = help: consider importing one of these items:
[INFO] [stdout]            crate::stdlib::env::args
[INFO] [stdout]            std::env::args
[INFO] [stdout] 
[INFO] [stdout] 
[INFO] [stdout] error[E0425]: cannot find value `args` in this scope
[INFO] [stdout]    --> /opt/rustwide/cargo-home/registry/src/github.com-1ecc6299db9ec823/rhai-0.19.5/src/packages/string_basic.rs:103:43
[INFO] [stdout]     |
[INFO] [stdout] 103 | gen_functions!(print_num_128 => to_string(i128, u128));
[INFO] [stdout]     |                                           ^^^^ not found in this scope
[INFO] [stdout]     |
[INFO] [stdout]     = help: consider importing one of these items:
[INFO] [stdout]             crate::stdlib::env::args
[INFO] [stdout]             std::env::args
[INFO] [stdout] 
[INFO] [stdout] 
[INFO] [stdout] error[E0425]: cannot find value `args` in this scope
[INFO] [stdout]    --> /opt/rustwide/cargo-home/registry/src/github.com-1ecc6299db9ec823/rhai-0.19.5/src/packages/string_basic.rs:103:49
[INFO] [stdout]     |
[INFO] [stdout] 103 | gen_functions!(print_num_128 => to_string(i128, u128));
[INFO] [stdout]     |                                                 ^^^^ not found in this scope
[INFO] [stdout]     |
[INFO] [stdout]     = help: consider importing one of these items:
[INFO] [stdout]             crate::stdlib::env::args
[INFO] [stdout]             std::env::args
[INFO] [stdout] 
[INFO] [stdout] 
[INFO] [stdout] error[E0425]: cannot find value `args` in this scope
[INFO] [stdout]    --> /opt/rustwide/cargo-home/registry/src/github.com-1ecc6299db9ec823/rhai-0.19.5/src/packages/string_basic.rs:108:42
[INFO] [stdout]     |
[INFO] [stdout] 108 | gen_functions!(debug_num_128 => to_debug(i128, u128));
[INFO] [stdout]     |                                          ^^^^ not found in this scope
[INFO] [stdout]     |
[INFO] [stdout]     = help: consider importing one of these items:
[INFO] [stdout]             crate::stdlib::env::args
[INFO] [stdout]             std::env::args
[INFO] [stdout] 
[INFO] [stdout] 
[INFO] [stdout] error[E0425]: cannot find value `args` in this scope
[INFO] [stdout]    --> /opt/rustwide/cargo-home/registry/src/github.com-1ecc6299db9ec823/rhai-0.19.5/src/packages/string_basic.rs:108:48
[INFO] [stdout]     |
[INFO] [stdout] 108 | gen_functions!(debug_num_128 => to_debug(i128, u128));
[INFO] [stdout]     |                                                ^^^^ not found in this scope
[INFO] [stdout]     |
[INFO] [stdout]     = help: consider importing one of these items:
[INFO] [stdout]             crate::stdlib::env::args
[INFO] [stdout]             std::env::args
[INFO] [stdout] 
[INFO] [stdout] 
[INFO] [stdout] error[E0425]: cannot find value `args` in this scope
[INFO] [stdout]    --> /opt/rustwide/cargo-home/registry/src/github.com-1ecc6299db9ec823/rhai-0.19.5/src/packages/string_basic.rs:111:41
[INFO] [stdout]     |
[INFO] [stdout] 111 | gen_functions!(print_float => to_string(f32, f64));
[INFO] [stdout]     |                                         ^^^ not found in this scope
[INFO] [stdout]     |
[INFO] [stdout]     = help: consider importing one of these items:
[INFO] [stdout]             crate::stdlib::env::args
[INFO] [stdout]             std::env::args
[INFO] [stdout] 
[INFO] [stdout] 
[INFO] [stdout] error[E0425]: cannot find value `args` in this scope
[INFO] [stdout]    --> /opt/rustwide/cargo-home/registry/src/github.com-1ecc6299db9ec823/rhai-0.19.5/src/packages/string_basic.rs:111:46
[INFO] [stdout]     |
[INFO] [stdout] 111 | gen_functions!(print_float => to_string(f32, f64));
[INFO] [stdout]     |                                              ^^^ not found in this scope
[INFO] [stdout]     |
[INFO] [stdout]     = help: consider importing one of these items:
[INFO] [stdout]             crate::stdlib::env::args
[INFO] [stdout]             std::env::args
[INFO] [stdout] 
[INFO] [stdout] 
[INFO] [stdout] error[E0425]: cannot find value `args` in this scope
[INFO] [stdout]    --> /opt/rustwide/cargo-home/registry/src/github.com-1ecc6299db9ec823/rhai-0.19.5/src/packages/string_basic.rs:114:40
[INFO] [stdout]     |
[INFO] [stdout] 114 | gen_functions!(debug_float => to_debug(f32, f64));
[INFO] [stdout]     |                                        ^^^ not found in this scope
[INFO] [stdout]     |
[INFO] [stdout]     = help: consider importing one of these items:
[INFO] [stdout]             crate::stdlib::env::args
[INFO] [stdout]             std::env::args
[INFO] [stdout] 
[INFO] [stdout] 
[INFO] [stdout] error[E0425]: cannot find value `args` in this scope
[INFO] [stdout]    --> /opt/rustwide/cargo-home/registry/src/github.com-1ecc6299db9ec823/rhai-0.19.5/src/packages/string_basic.rs:114:45
[INFO] [stdout]     |
[INFO] [stdout] 114 | gen_functions!(debug_float => to_debug(f32, f64));
[INFO] [stdout]     |                                             ^^^ not found in this scope
[INFO] [stdout]     |
[INFO] [stdout]     = help: consider importing one of these items:
[INFO] [stdout]             crate::stdlib::env::args
[INFO] [stdout]             std::env::args
[INFO] [stdout] 
[INFO] [stdout] 
[INFO] [stdout] error[E0425]: cannot find value `args` in this scope
[INFO] [stdout]    --> /opt/rustwide/cargo-home/registry/src/github.com-1ecc6299db9ec823/rhai-0.19.5/src/packages/string_basic.rs:117:40
[INFO] [stdout]     |
[INFO] [stdout] 117 | gen_functions!(print_array => to_debug(Array));
[INFO] [stdout]     |                                        ^^^^^ not found in this scope
[INFO] [stdout]     |
[INFO] [stdout]     = help: consider importing one of these items:
[INFO] [stdout]             crate::stdlib::env::args
[INFO] [stdout]             std::env::args
[INFO] [stdout] 
[INFO] [stdout] 
[INFO] [stdout] error[E0425]: cannot find value `args` in this scope
[INFO] [stdout]   --> /opt/rustwide/cargo-home/registry/src/github.com-1ecc6299db9ec823/rhai-0.19.5/src/packages/string_more.rs:69:32
[INFO] [stdout]    |
[INFO] [stdout] 69 | gen_concat_functions!(basic => INT, bool, char, FnPtr);
[INFO] [stdout]    |                                ^^^ not found in this scope
[INFO] [stdout]    |
[INFO] [stdout]    = help: consider importing one of these items:
[INFO] [stdout]            crate::stdlib::env::args
[INFO] [stdout]            std::env::args
[INFO] [stdout] 
[INFO] [stdout] 
[INFO] [stdout] error[E0425]: cannot find value `args` in this scope
[INFO] [stdout]   --> /opt/rustwide/cargo-home/registry/src/github.com-1ecc6299db9ec823/rhai-0.19.5/src/packages/string_more.rs:69:37
[INFO] [stdout]    |
[INFO] [stdout] 69 | gen_concat_functions!(basic => INT, bool, char, FnPtr);
[INFO] [stdout]    |                                     ^^^^ not found in this scope
[INFO] [stdout]    |
[INFO] [stdout]    = help: consider importing one of these items:
[INFO] [stdout]            crate::stdlib::env::args
[INFO] [stdout]            std::env::args
[INFO] [stdout] 
[INFO] [stdout] 
[INFO] [stdout] error[E0425]: cannot find value `args` in this scope
[INFO] [stdout]   --> /opt/rustwide/cargo-home/registry/src/github.com-1ecc6299db9ec823/rhai-0.19.5/src/packages/string_more.rs:69:43
[INFO] [stdout]    |
[INFO] [stdout] 69 | gen_concat_functions!(basic => INT, bool, char, FnPtr);
[INFO] [stdout]    |                                           ^^^^ not found in this scope
[INFO] [stdout]    |
[INFO] [stdout]    = help: consider importing one of these items:
[INFO] [stdout]            crate::stdlib::env::args
[INFO] [stdout]            std::env::args
[INFO] [stdout] 
[INFO] [stdout] 
[INFO] [stdout] error[E0425]: cannot find value `args` in this scope
[INFO] [stdout]   --> /opt/rustwide/cargo-home/registry/src/github.com-1ecc6299db9ec823/rhai-0.19.5/src/packages/string_more.rs:69:49
[INFO] [stdout]    |
[INFO] [stdout] 69 | gen_concat_functions!(basic => INT, bool, char, FnPtr);
[INFO] [stdout]    |                                                 ^^^^^ not found in this scope
[INFO] [stdout]    |
[INFO] [stdout]    = help: consider importing one of these items:
[INFO] [stdout]            crate::stdlib::env::args
[INFO] [stdout]            std::env::args
[INFO] [stdout] 
[INFO] [stdout] 
[INFO] [stdout] error[E0425]: cannot find value `args` in this scope
[INFO] [stdout]   --> /opt/rustwide/cargo-home/registry/src/github.com-1ecc6299db9ec823/rhai-0.19.5/src/packages/string_more.rs:73:34
[INFO] [stdout]    |
[INFO] [stdout] 73 | gen_concat_functions!(numbers => i8, u8, i16, u16, i32, i64, u32, u64);
[INFO] [stdout]    |                                  ^^ not found in this scope
[INFO] [stdout]    |
[INFO] [stdout]    = help: consider importing one of these items:
[INFO] [stdout]            crate::stdlib::env::args
[INFO] [stdout]            std::env::args
[INFO] [stdout] 
[INFO] [stdout] 
[INFO] [stdout] error[E0425]: cannot find value `args` in this scope
[INFO] [stdout]   --> /opt/rustwide/cargo-home/registry/src/github.com-1ecc6299db9ec823/rhai-0.19.5/src/packages/string_more.rs:73:38
[INFO] [stdout]    |
[INFO] [stdout] 73 | gen_concat_functions!(numbers => i8, u8, i16, u16, i32, i64, u32, u64);
[INFO] [stdout]    |                                      ^^ not found in this scope
[INFO] [stdout]    |
[INFO] [stdout]    = help: consider importing one of these items:
[INFO] [stdout]            crate::stdlib::env::args
[INFO] [stdout]            std::env::args
[INFO] [stdout] 
[INFO] [stdout] 
[INFO] [stdout] error[E0425]: cannot find value `args` in this scope
[INFO] [stdout]   --> /opt/rustwide/cargo-home/registry/src/github.com-1ecc6299db9ec823/rhai-0.19.5/src/packages/string_more.rs:73:42
[INFO] [stdout]    |
[INFO] [stdout] 73 | gen_concat_functions!(numbers => i8, u8, i16, u16, i32, i64, u32, u64);
[INFO] [stdout]    |                                          ^^^ not found in this scope
[INFO] [stdout]    |
[INFO] [stdout]    = help: consider importing one of these items:
[INFO] [stdout]            crate::stdlib::env::args
[INFO] [stdout]            std::env::args
[INFO] [stdout] 
[INFO] [stdout] 
[INFO] [stdout] error[E0425]: cannot find value `args` in this scope
[INFO] [stdout]   --> /opt/rustwide/cargo-home/registry/src/github.com-1ecc6299db9ec823/rhai-0.19.5/src/packages/string_more.rs:73:47
[INFO] [stdout]    |
[INFO] [stdout] 73 | gen_concat_functions!(numbers => i8, u8, i16, u16, i32, i64, u32, u64);
[INFO] [stdout]    |                                               ^^^ not found in this scope
[INFO] [stdout]    |
[INFO] [stdout]    = help: consider importing one of these items:
[INFO] [stdout]            crate::stdlib::env::args
[INFO] [stdout]            std::env::args
[INFO] [stdout] 
[INFO] [stdout] 
[INFO] [stdout] error[E0425]: cannot find value `args` in this scope
[INFO] [stdout]   --> /opt/rustwide/cargo-home/registry/src/github.com-1ecc6299db9ec823/rhai-0.19.5/src/packages/string_more.rs:73:52
[INFO] [stdout]    |
[INFO] [stdout] 73 | gen_concat_functions!(numbers => i8, u8, i16, u16, i32, i64, u32, u64);
[INFO] [stdout]    |                                                    ^^^ not found in this scope
[INFO] [stdout]    |
[INFO] [stdout]    = help: consider importing one of these items:
[INFO] [stdout]            crate::stdlib::env::args
[INFO] [stdout]            std::env::args
[INFO] [stdout] 
[INFO] [stdout] 
[INFO] [stdout] error[E0425]: cannot find value `args` in this scope
[INFO] [stdout]   --> /opt/rustwide/cargo-home/registry/src/github.com-1ecc6299db9ec823/rhai-0.19.5/src/packages/string_more.rs:73:57
[INFO] [stdout]    |
[INFO] [stdout] 73 | gen_concat_functions!(numbers => i8, u8, i16, u16, i32, i64, u32, u64);
[INFO] [stdout]    |                                                         ^^^ not found in this scope
[INFO] [stdout]    |
[INFO] [stdout]    = help: consider importing one of these items:
[INFO] [stdout]            crate::stdlib::env::args
[INFO] [stdout]            std::env::args
[INFO] [stdout] 
[INFO] [stdout] 
[INFO] [stdout] error[E0425]: cannot find value `args` in this scope
[INFO] [stdout]   --> /opt/rustwide/cargo-home/registry/src/github.com-1ecc6299db9ec823/rhai-0.19.5/src/packages/string_more.rs:73:62
[INFO] [stdout]    |
[INFO] [stdout] 73 | gen_concat_functions!(numbers => i8, u8, i16, u16, i32, i64, u32, u64);
[INFO] [stdout]    |                                                              ^^^ not found in this scope
[INFO] [stdout]    |
[INFO] [stdout]    = help: consider importing one of these items:
[INFO] [stdout]            crate::stdlib::env::args
[INFO] [stdout]            std::env::args
[INFO] [stdout] 
[INFO] [stdout] 
[INFO] [stdout] error[E0425]: cannot find value `args` in this scope
[INFO] [stdout]   --> /opt/rustwide/cargo-home/registry/src/github.com-1ecc6299db9ec823/rhai-0.19.5/src/packages/string_more.rs:73:67
[INFO] [stdout]    |
[INFO] [stdout] 73 | gen_concat_functions!(numbers => i8, u8, i16, u16, i32, i64, u32, u64);
[INFO] [stdout]    |                                                                   ^^^ not found in this scope
[INFO] [stdout]    |
[INFO] [stdout]    = help: consider importing one of these items:
[INFO] [stdout]            crate::stdlib::env::args
[INFO] [stdout]            std::env::args
[INFO] [stdout] 
[INFO] [stdout] 
[INFO] [stdout] error[E0425]: cannot find value `args` in this scope
[INFO] [stdout]   --> /opt/rustwide/cargo-home/registry/src/github.com-1ecc6299db9ec823/rhai-0.19.5/src/packages/string_more.rs:78:34
[INFO] [stdout]    |
[INFO] [stdout] 78 | gen_concat_functions!(num_128 => i128, u128);
[INFO] [stdout]    |                                  ^^^^ not found in this scope
[INFO] [stdout]    |
[INFO] [stdout]    = help: consider importing one of these items:
[INFO] [stdout]            crate::stdlib::env::args
[INFO] [stdout]            std::env::args
[INFO] [stdout] 
[INFO] [stdout] 
[INFO] [stdout] error[E0425]: cannot find value `args` in this scope
[INFO] [stdout]   --> /opt/rustwide/cargo-home/registry/src/github.com-1ecc6299db9ec823/rhai-0.19.5/src/packages/string_more.rs:78:40
[INFO] [stdout]    |
[INFO] [stdout] 78 | gen_concat_functions!(num_128 => i128, u128);
[INFO] [stdout]    |                                        ^^^^ not found in this scope
[INFO] [stdout]    |
[INFO] [stdout]    = help: consider importing one of these items:
[INFO] [stdout]            crate::stdlib::env::args
[INFO] [stdout]            std::env::args
[INFO] [stdout] 
[INFO] [stdout] 
[INFO] [stdout] error[E0425]: cannot find value `args` in this scope
[INFO] [stdout]   --> /opt/rustwide/cargo-home/registry/src/github.com-1ecc6299db9ec823/rhai-0.19.5/src/packages/string_more.rs:81:32
[INFO] [stdout]    |
[INFO] [stdout] 81 | gen_concat_functions!(float => f32, f64);
[INFO] [stdout]    |                                ^^^ not found in this scope
[INFO] [stdout]    |
[INFO] [stdout]    = help: consider importing one of these items:
[INFO] [stdout]            crate::stdlib::env::args
[INFO] [stdout]            std::env::args
[INFO] [stdout] 
[INFO] [stdout] 
[INFO] [stdout] error[E0425]: cannot find value `args` in this scope
[INFO] [stdout]   --> /opt/rustwide/cargo-home/registry/src/github.com-1ecc6299db9ec823/rhai-0.19.5/src/packages/string_more.rs:81:37
[INFO] [stdout]    |
[INFO] [stdout] 81 | gen_concat_functions!(float => f32, f64);
[INFO] [stdout]    |                                     ^^^ not found in this scope
[INFO] [stdout]    |
[INFO] [stdout]    = help: consider importing one of these items:
[INFO] [stdout]            crate::stdlib::env::args
[INFO] [stdout]            std::env::args
[INFO] [stdout] 
[INFO] [stdout] 
[INFO] [stdout] error: aborting due to 117 previous errors
[INFO] [stdout] 
[INFO] [stdout] 
[INFO] [stdout] For more information about this error, try `rustc --explain E0425`.
[INFO] [stdout] 
[INFO] [stderr] error: could not compile `rhai` due to 118 previous errors
[INFO] [stderr] warning: build failed, waiting for other jobs to finish...
[INFO] running `Command { std: "docker" "inspect" "966a906a6bad123d8da0343bbbc591a3079674026c095bdf8f79b8f02c3cdd76", kill_on_drop: false }`
[INFO] running `Command { std: "docker" "rm" "-f" "966a906a6bad123d8da0343bbbc591a3079674026c095bdf8f79b8f02c3cdd76", kill_on_drop: false }`
[INFO] [stdout] 966a906a6bad123d8da0343bbbc591a3079674026c095bdf8f79b8f02c3cdd76
