[INFO] cloning repository https://github.com/SkyzoxRobin/sc-vesting-rs
[INFO] running `Command { std: "git" "-c" "credential.helper=" "-c" "credential.helper=/workspace/cargo-home/bin/git-credential-null" "clone" "--bare" "https://github.com/SkyzoxRobin/sc-vesting-rs" "/workspace/cache/git-repos/https%3A%2F%2Fgithub.com%2FSkyzoxRobin%2Fsc-vesting-rs", kill_on_drop: false }`
[INFO] [stderr] Cloning into bare repository '/workspace/cache/git-repos/https%3A%2F%2Fgithub.com%2FSkyzoxRobin%2Fsc-vesting-rs'...
[INFO] running `Command { std: "git" "rev-parse" "HEAD", kill_on_drop: false }`
[INFO] [stdout] b75f7802d72ad564c650f116cc96b04d9469994d
[INFO] documenting SkyzoxRobin/sc-vesting-rs against 1.69.0 for beta-1.70-rustdoc-1
[INFO] running `Command { std: "git" "clone" "/workspace/cache/git-repos/https%3A%2F%2Fgithub.com%2FSkyzoxRobin%2Fsc-vesting-rs" "/workspace/builds/worker-2-tc1/source", kill_on_drop: false }`
[INFO] [stderr] Cloning into '/workspace/builds/worker-2-tc1/source'...
[INFO] [stderr] done.
[INFO] validating manifest of git repo https://github.com/SkyzoxRobin/sc-vesting-rs on toolchain 1.69.0
[INFO] running `Command { std: CARGO_HOME="/workspace/cargo-home" RUSTUP_HOME="/workspace/rustup-home" "/workspace/cargo-home/bin/cargo" "+1.69.0" "metadata" "--manifest-path" "Cargo.toml" "--no-deps", kill_on_drop: false }`
[INFO] started tweaking git repo https://github.com/SkyzoxRobin/sc-vesting-rs
[INFO] finished tweaking git repo https://github.com/SkyzoxRobin/sc-vesting-rs
[INFO] tweaked toml for git repo https://github.com/SkyzoxRobin/sc-vesting-rs written to /workspace/builds/worker-2-tc1/source/Cargo.toml
[INFO] crate git repo https://github.com/SkyzoxRobin/sc-vesting-rs already has a lockfile, it will not be regenerated
[INFO] running `Command { std: CARGO_HOME="/workspace/cargo-home" RUSTUP_HOME="/workspace/rustup-home" "/workspace/cargo-home/bin/cargo" "+1.69.0" "fetch" "--manifest-path" "Cargo.toml", kill_on_drop: false }`
[INFO] [stderr]  Downloading crates ...
[INFO] [stderr]   Downloaded mandos v0.11.1
[INFO] [stderr]   Downloaded elrond-codec-derive v0.8.3
[INFO] [stderr]   Downloaded nibble_vec v0.0.4
[INFO] [stderr]   Downloaded elrond-codec v0.8.3
[INFO] [stderr]   Downloaded elrond-wasm-derive v0.23.1
[INFO] [stderr]   Downloaded radix_trie v0.1.6
[INFO] [stderr]   Downloaded elrond-wasm v0.23.1
[INFO] [stderr]   Downloaded elrond-wasm-debug v0.23.1
[INFO] running `Command { std: "docker" "create" "-v" "/var/lib/crater-agent-workspace/builds/worker-2-tc1/target:/opt/rustwide/target:rw,Z" "-v" "/var/lib/crater-agent-workspace/builds/worker-2-tc1/source:/opt/rustwide/workdir:ro,Z" "-v" "/var/lib/crater-agent-workspace/cargo-home:/opt/rustwide/cargo-home:ro,Z" "-v" "/var/lib/crater-agent-workspace/rustup-home:/opt/rustwide/rustup-home:ro,Z" "-e" "SOURCE_DIR=/opt/rustwide/workdir" "-e" "CARGO_TARGET_DIR=/opt/rustwide/target" "-e" "CARGO_HOME=/opt/rustwide/cargo-home" "-e" "RUSTUP_HOME=/opt/rustwide/rustup-home" "-w" "/opt/rustwide/workdir" "-m" "1610612736" "--user" "0:0" "--network" "none" "ghcr.io/rust-lang/crates-build-env/linux@sha256:5ff2268d62e97bff2cde7d5815dd6ed5b47097566f13b8d0ca110b04b60e07ed" "/opt/rustwide/cargo-home/bin/cargo" "+1.69.0" "metadata" "--no-deps" "--format-version=1", kill_on_drop: false }`
[INFO] [stdout] bf0b4ae114964e08656cb4214ce38e60bbad75b40f4b6373a28d43fa6f6c4e59
[INFO] running `Command { std: "docker" "start" "-a" "bf0b4ae114964e08656cb4214ce38e60bbad75b40f4b6373a28d43fa6f6c4e59", kill_on_drop: false }`
[INFO] running `Command { std: "docker" "inspect" "bf0b4ae114964e08656cb4214ce38e60bbad75b40f4b6373a28d43fa6f6c4e59", kill_on_drop: false }`
[INFO] running `Command { std: "docker" "rm" "-f" "bf0b4ae114964e08656cb4214ce38e60bbad75b40f4b6373a28d43fa6f6c4e59", kill_on_drop: false }`
[INFO] [stdout] bf0b4ae114964e08656cb4214ce38e60bbad75b40f4b6373a28d43fa6f6c4e59
[INFO] running `Command { std: "docker" "create" "-v" "/var/lib/crater-agent-workspace/builds/worker-2-tc1/target:/opt/rustwide/target:rw,Z" "-v" "/var/lib/crater-agent-workspace/builds/worker-2-tc1/source:/opt/rustwide/workdir:ro,Z" "-v" "/var/lib/crater-agent-workspace/cargo-home:/opt/rustwide/cargo-home:ro,Z" "-v" "/var/lib/crater-agent-workspace/rustup-home:/opt/rustwide/rustup-home:ro,Z" "-e" "SOURCE_DIR=/opt/rustwide/workdir" "-e" "CARGO_TARGET_DIR=/opt/rustwide/target" "-e" "CARGO_INCREMENTAL=0" "-e" "RUST_BACKTRACE=full" "-e" "RUSTFLAGS=--cap-lints=warn" "-e" "RUSTDOCFLAGS=--cap-lints=warn" "-e" "CARGO_HOME=/opt/rustwide/cargo-home" "-e" "RUSTUP_HOME=/opt/rustwide/rustup-home" "-w" "/opt/rustwide/workdir" "-m" "1610612736" "--user" "0:0" "--network" "none" "ghcr.io/rust-lang/crates-build-env/linux@sha256:5ff2268d62e97bff2cde7d5815dd6ed5b47097566f13b8d0ca110b04b60e07ed" "/opt/rustwide/cargo-home/bin/cargo" "+1.69.0" "doc" "--frozen" "--no-deps" "--document-private-items" "--message-format=json", kill_on_drop: false }`
[INFO] [stdout] 914105adfafd34836c3f4e07f0d22224f484ff6c239c5589016c63470e1666ba
[INFO] running `Command { std: "docker" "start" "-a" "914105adfafd34836c3f4e07f0d22224f484ff6c239c5589016c63470e1666ba", kill_on_drop: false }`
[INFO] [stderr]    Compiling libc v0.2.103
[INFO] [stderr]    Compiling proc-macro2 v1.0.29
[INFO] [stderr]    Compiling syn v1.0.80
[INFO] [stderr]    Compiling version_check v0.9.3
[INFO] [stderr]    Compiling hex v0.4.3
[INFO] [stderr]    Compiling wee_alloc v0.4.5
[INFO] [stderr]    Compiling endian-type v0.1.2
[INFO] [stderr]     Checking once_cell v1.8.0
[INFO] [stderr]     Checking memory_units v0.4.0
[INFO] [stderr]    Compiling nibble_vec v0.0.4
[INFO] [stderr]     Checking arrayvec v0.7.1
[INFO] [stderr]    Compiling hex-literal v0.3.3
[INFO] [stderr]    Compiling radix_trie v0.1.6
[INFO] [stderr]    Compiling ahash v0.7.4
[INFO] [stderr]    Compiling quote v1.0.10
[INFO] [stderr]     Checking getrandom v0.2.3
[INFO] [stderr]     Checking hashbrown v0.11.2
[INFO] [stderr]    Compiling elrond-codec-derive v0.8.3
[INFO] [stderr]    Compiling elrond-wasm-derive v0.23.1
[INFO] [stderr]     Checking elrond-codec v0.8.3
[INFO] [stderr]     Checking elrond-wasm v0.23.1
[INFO] [stdout] error[E0554]: `#![feature]` may not be used on the stable release channel
[INFO] [stdout]  --> /opt/rustwide/cargo-home/registry/src/github.com-1ecc6299db9ec823/elrond-wasm-0.23.1/src/lib.rs:2:1
[INFO] [stdout]   |
[INFO] [stdout] 2 | #![feature(never_type)]
[INFO] [stdout]   | ^^^^^^^^^^^^^^^^^^^^^^^
[INFO] [stdout] 
[INFO] [stdout] 
[INFO] [stdout] error[E0554]: `#![feature]` may not be used on the stable release channel
[INFO] [stdout]  --> /opt/rustwide/cargo-home/registry/src/github.com-1ecc6299db9ec823/elrond-wasm-0.23.1/src/lib.rs:3:1
[INFO] [stdout]   |
[INFO] [stdout] 3 | #![feature(try_trait_v2)]
[INFO] [stdout]   | ^^^^^^^^^^^^^^^^^^^^^^^^^
[INFO] [stdout] 
[INFO] [stdout] 
[INFO] [stdout] error[E0554]: `#![feature]` may not be used on the stable release channel
[INFO] [stdout]  --> /opt/rustwide/cargo-home/registry/src/github.com-1ecc6299db9ec823/elrond-wasm-0.23.1/src/lib.rs:4:1
[INFO] [stdout]   |
[INFO] [stdout] 4 | #![feature(control_flow_enum)]
[INFO] [stdout]   | ^^^^^^^^^^^^^^^^^^^^^^^^^^^^^^
[INFO] [stdout] 
[INFO] [stdout] 
[INFO] [stdout] error[E0554]: `#![feature]` may not be used on the stable release channel
[INFO] [stdout]  --> /opt/rustwide/cargo-home/registry/src/github.com-1ecc6299db9ec823/elrond-wasm-0.23.1/src/lib.rs:3:12
[INFO] [stdout]   |
[INFO] [stdout] 3 | #![feature(try_trait_v2)]
[INFO] [stdout]   |            ^^^^^^^^^^^^
[INFO] [stdout] 
[INFO] [stdout] 
[INFO] [stdout] error[E0554]: `#![feature]` may not be used on the stable release channel
[INFO] [stdout]  --> /opt/rustwide/cargo-home/registry/src/github.com-1ecc6299db9ec823/elrond-wasm-0.23.1/src/lib.rs:4:12
[INFO] [stdout]   |
[INFO] [stdout] 4 | #![feature(control_flow_enum)]
[INFO] [stdout]   |            ^^^^^^^^^^^^^^^^^
[INFO] [stdout] 
[INFO] [stdout] 
[INFO] [stdout] error: aborting due to 5 previous errors
[INFO] [stdout] 
[INFO] [stdout] 
[INFO] [stdout] For more information about this error, try `rustc --explain E0554`.
[INFO] [stdout] 
[INFO] [stderr] error: could not compile `elrond-wasm` due to 6 previous errors
[INFO] running `Command { std: "docker" "inspect" "914105adfafd34836c3f4e07f0d22224f484ff6c239c5589016c63470e1666ba", kill_on_drop: false }`
[INFO] running `Command { std: "docker" "rm" "-f" "914105adfafd34836c3f4e07f0d22224f484ff6c239c5589016c63470e1666ba", kill_on_drop: false }`
[INFO] [stdout] 914105adfafd34836c3f4e07f0d22224f484ff6c239c5589016c63470e1666ba
