[INFO] cloning repository https://github.com/Shados/harmonise
[INFO] running `Command { std: "git" "-c" "credential.helper=" "-c" "credential.helper=/workspace/cargo-home/bin/git-credential-null" "clone" "--bare" "https://github.com/Shados/harmonise" "/workspace/cache/git-repos/https%3A%2F%2Fgithub.com%2FShados%2Fharmonise", kill_on_drop: false }`
[INFO] [stderr] Cloning into bare repository '/workspace/cache/git-repos/https%3A%2F%2Fgithub.com%2FShados%2Fharmonise'...
[INFO] running `Command { std: "git" "rev-parse" "HEAD", kill_on_drop: false }`
[INFO] [stdout] 00d2270e544c5c648f7b93604aca656bb2856685
[INFO] documenting Shados/harmonise against beta-2023-04-20 for beta-1.70-rustdoc-1
[INFO] running `Command { std: "git" "clone" "/workspace/cache/git-repos/https%3A%2F%2Fgithub.com%2FShados%2Fharmonise" "/workspace/builds/worker-1-tc2/source", kill_on_drop: false }`
[INFO] [stderr] Cloning into '/workspace/builds/worker-1-tc2/source'...
[INFO] [stderr] done.
[INFO] validating manifest of git repo https://github.com/Shados/harmonise on toolchain beta-2023-04-20
[INFO] running `Command { std: CARGO_HOME="/workspace/cargo-home" RUSTUP_HOME="/workspace/rustup-home" "/workspace/cargo-home/bin/cargo" "+beta-2023-04-20" "metadata" "--manifest-path" "Cargo.toml" "--no-deps", kill_on_drop: false }`
[INFO] removed /workspace/builds/worker-1-tc2/source/.cargo/config.toml
[INFO] started tweaking git repo https://github.com/Shados/harmonise
[INFO] finished tweaking git repo https://github.com/Shados/harmonise
[INFO] tweaked toml for git repo https://github.com/Shados/harmonise written to /workspace/builds/worker-1-tc2/source/Cargo.toml
[INFO] crate git repo https://github.com/Shados/harmonise already has a lockfile, it will not be regenerated
[INFO] running `Command { std: CARGO_HOME="/workspace/cargo-home" RUSTUP_HOME="/workspace/rustup-home" "/workspace/cargo-home/bin/cargo" "+beta-2023-04-20" "fetch" "--manifest-path" "Cargo.toml", kill_on_drop: false }`
[INFO] [stderr]     Updating crates.io index
[INFO] [stderr]     Blocking waiting for file lock on package cache
[INFO] [stderr]  Downloading crates ...
[INFO] [stderr]   Downloaded snafu v0.6.2
[INFO] [stderr]   Downloaded slog-async v2.4.0
[INFO] [stderr]   Downloaded serde_regex v0.4.0
[INFO] [stderr]   Downloaded futures v0.3.1
[INFO] [stderr]   Downloaded exit-code v1.0.0
[INFO] [stderr]   Downloaded structopt v0.3.8
[INFO] [stderr]   Downloaded exit v0.2.0
[INFO] [stderr]   Downloaded proc-macro-error v0.4.5
[INFO] [stderr]   Downloaded slog-scope-futures v0.1.1
[INFO] [stderr]   Downloaded sc v0.2.2
[INFO] [stderr]   Downloaded snafu-derive v0.6.2
[INFO] [stderr]   Downloaded syn-mid v0.4.0
[INFO] [stderr]   Downloaded proc-macro-error-attr v0.4.5
[INFO] [stderr]   Downloaded structopt-derive v0.4.1
[INFO] running `Command { std: "docker" "create" "-v" "/var/lib/crater-agent-workspace/builds/worker-1-tc2/target:/opt/rustwide/target:rw,Z" "-v" "/var/lib/crater-agent-workspace/builds/worker-1-tc2/source:/opt/rustwide/workdir:ro,Z" "-v" "/var/lib/crater-agent-workspace/cargo-home:/opt/rustwide/cargo-home:ro,Z" "-v" "/var/lib/crater-agent-workspace/rustup-home:/opt/rustwide/rustup-home:ro,Z" "-e" "SOURCE_DIR=/opt/rustwide/workdir" "-e" "CARGO_TARGET_DIR=/opt/rustwide/target" "-e" "CARGO_HOME=/opt/rustwide/cargo-home" "-e" "RUSTUP_HOME=/opt/rustwide/rustup-home" "-w" "/opt/rustwide/workdir" "-m" "1610612736" "--user" "0:0" "--network" "none" "ghcr.io/rust-lang/crates-build-env/linux@sha256:5ff2268d62e97bff2cde7d5815dd6ed5b47097566f13b8d0ca110b04b60e07ed" "/opt/rustwide/cargo-home/bin/cargo" "+beta-2023-04-20" "metadata" "--no-deps" "--format-version=1", kill_on_drop: false }`
[INFO] [stdout] 88608df53485ac147adb56d67419d4808f94f463b07263db1d5824cd338e6231
[INFO] running `Command { std: "docker" "start" "-a" "88608df53485ac147adb56d67419d4808f94f463b07263db1d5824cd338e6231", kill_on_drop: false }`
[INFO] running `Command { std: "docker" "inspect" "88608df53485ac147adb56d67419d4808f94f463b07263db1d5824cd338e6231", kill_on_drop: false }`
[INFO] running `Command { std: "docker" "rm" "-f" "88608df53485ac147adb56d67419d4808f94f463b07263db1d5824cd338e6231", kill_on_drop: false }`
[INFO] [stdout] 88608df53485ac147adb56d67419d4808f94f463b07263db1d5824cd338e6231
[INFO] running `Command { std: "docker" "create" "-v" "/var/lib/crater-agent-workspace/builds/worker-1-tc2/target:/opt/rustwide/target:rw,Z" "-v" "/var/lib/crater-agent-workspace/builds/worker-1-tc2/source:/opt/rustwide/workdir:ro,Z" "-v" "/var/lib/crater-agent-workspace/cargo-home:/opt/rustwide/cargo-home:ro,Z" "-v" "/var/lib/crater-agent-workspace/rustup-home:/opt/rustwide/rustup-home:ro,Z" "-e" "SOURCE_DIR=/opt/rustwide/workdir" "-e" "CARGO_TARGET_DIR=/opt/rustwide/target" "-e" "CARGO_INCREMENTAL=0" "-e" "RUST_BACKTRACE=full" "-e" "RUSTFLAGS=--cap-lints=warn" "-e" "RUSTDOCFLAGS=--cap-lints=warn" "-e" "CARGO_HOME=/opt/rustwide/cargo-home" "-e" "RUSTUP_HOME=/opt/rustwide/rustup-home" "-w" "/opt/rustwide/workdir" "-m" "1610612736" "--user" "0:0" "--network" "none" "ghcr.io/rust-lang/crates-build-env/linux@sha256:5ff2268d62e97bff2cde7d5815dd6ed5b47097566f13b8d0ca110b04b60e07ed" "/opt/rustwide/cargo-home/bin/cargo" "+beta-2023-04-20" "doc" "--frozen" "--no-deps" "--document-private-items" "--message-format=json", kill_on_drop: false }`
[INFO] [stdout] 05259eb490b32285b39c0ec1830e461c99eae26759cf6b6d1f9c1ee0bb27a008
[INFO] running `Command { std: "docker" "start" "-a" "05259eb490b32285b39c0ec1830e461c99eae26759cf6b6d1f9c1ee0bb27a008", kill_on_drop: false }`
[INFO] [stderr]    Compiling proc-macro2 v1.0.8
[INFO] [stderr]    Compiling unicode-xid v0.2.0
[INFO] [stderr]    Compiling syn v1.0.14
[INFO] [stderr]    Compiling autocfg v0.1.7
[INFO] [stderr]    Compiling memchr v2.3.0
[INFO] [stderr]    Compiling rustversion v1.0.2
[INFO] [stderr]    Compiling slog v2.5.2
[INFO] [stderr]     Checking futures-core v0.3.1
[INFO] [stderr]    Compiling log v0.4.8
[INFO] [stderr]    Compiling num-traits v0.2.11
[INFO] [stderr]    Compiling getrandom v0.1.14
[INFO] [stderr]    Compiling proc-macro-nested v0.1.3
[INFO] [stderr]     Checking arc-swap v0.4.4
[INFO] [stderr]     Checking thread_local v1.0.1
[INFO] [stderr]    Compiling num-integer v0.1.42
[INFO] [stderr]    Compiling memoffset v0.5.3
[INFO] [stderr]    Compiling serde v1.0.104
[INFO] [stderr]     Checking scopeguard v1.0.0
[INFO] [stderr]     Checking futures-sink v0.3.1
[INFO] [stderr]     Checking net2 v0.2.33
[INFO] [stderr]     Checking futures-channel v0.3.1
[INFO] [stderr]     Checking dirs-sys v0.3.4
[INFO] [stderr]    Compiling crossbeam-utils v0.7.0
[INFO] [stderr]    Compiling crossbeam-epoch v0.8.0
[INFO] [stderr]     Checking iovec v0.1.4
[INFO] [stderr]     Checking futures-task v0.3.1
[INFO] [stderr]    Compiling doc-comment v0.3.1
[INFO] [stderr]     Checking futures-io v0.3.1
[INFO] [stderr]     Checking pin-utils v0.1.0-alpha.4
[INFO] [stderr]    Compiling unicode-segmentation v1.6.0
[INFO] [stderr]     Checking ppv-lite86 v0.2.6
[INFO] [stderr]     Checking rand_core v0.5.1
[INFO] [stderr]     Checking dirs v2.0.2
[INFO] [stderr]     Checking mio v0.6.21
[INFO] [stderr]     Checking time v0.1.42
[INFO] [stderr]     Checking crossbeam-utils v0.6.6
[INFO] [stderr]     Checking slog-scope v4.3.0
[INFO] [stderr]     Checking regex-syntax v0.6.14
[INFO] [stderr]     Checking aho-corasick v0.7.8
[INFO] [stderr]     Checking signal-hook-registry v1.2.0
[INFO] [stderr]     Checking term v0.6.1
[INFO] [stderr]     Checking num_cpus v1.12.0
[INFO] [stderr]     Checking take_mut v0.2.2
[INFO] [stderr]     Checking pin-project-lite v0.1.4
[INFO] [stderr]     Checking bytes v0.5.4
[INFO] [stderr]     Checking slog-scope-futures v0.1.1
[INFO] [stderr]     Checking c2-chacha v0.2.3
[INFO] [stderr]    Compiling heck v0.3.1
[INFO] [stderr]     Checking filetime v0.2.8
[INFO] [stderr]     Checking if_chain v1.0.0
[INFO] [stderr]     Checking exit v0.2.0
[INFO] [stderr]     Checking exit-code v1.0.0
[INFO] [stderr]     Checking sc v0.2.2
[INFO] [stderr]     Checking crossbeam-channel v0.3.9
[INFO] [stdout] error[E0437]: type `Ok` is not a member of trait `Try`
[INFO] [stdout]   --> /opt/rustwide/cargo-home/registry/src/index.crates.io-6f17d22bba15001f/exit-0.2.0/src/lib.rs:41:5
[INFO] [stdout]    |
[INFO] [stdout] 41 |     type Ok = ();
[INFO] [stdout]    |     ^^^^^^^^^^^^^ not a member of trait `Try`
[INFO] [stdout] 
[INFO] [stdout] 
[INFO] [stdout] error[E0437]: type `Error` is not a member of trait `Try`
[INFO] [stdout]   --> /opt/rustwide/cargo-home/registry/src/index.crates.io-6f17d22bba15001f/exit-0.2.0/src/lib.rs:42:5
[INFO] [stdout]    |
[INFO] [stdout] 42 |     type Error = T;
[INFO] [stdout]    |     ^^^^^^^^^^^^^^^ not a member of trait `Try`
[INFO] [stdout] 
[INFO] [stdout] 
[INFO] [stdout] error[E0407]: method `into_result` is not a member of trait `Try`
[INFO] [stdout]   --> /opt/rustwide/cargo-home/registry/src/index.crates.io-6f17d22bba15001f/exit-0.2.0/src/lib.rs:44:5
[INFO] [stdout]    |
[INFO] [stdout] 44 | /     fn into_result(self) -> Result<<Self as Try>::Ok, Self::Error> {
[INFO] [stdout] 45 | |         match self {
[INFO] [stdout] 46 | |             Exit::Ok => Ok(()),
[INFO] [stdout] 47 | |             Exit::Err(err) => Err(err)
[INFO] [stdout] 48 | |         }
[INFO] [stdout] 49 | |     }
[INFO] [stdout]    | |_____^ not a member of trait `Try`
[INFO] [stdout] 
[INFO] [stdout] 
[INFO] [stdout] error[E0407]: method `from_error` is not a member of trait `Try`
[INFO] [stdout]   --> /opt/rustwide/cargo-home/registry/src/index.crates.io-6f17d22bba15001f/exit-0.2.0/src/lib.rs:51:5
[INFO] [stdout]    |
[INFO] [stdout] 51 | /     fn from_error(err: Self::Error) -> Self {
[INFO] [stdout] 52 | |         Exit::Err(err)
[INFO] [stdout] 53 | |     }
[INFO] [stdout]    | |_____^ not a member of trait `Try`
[INFO] [stdout] 
[INFO] [stdout] 
[INFO] [stdout] error[E0407]: method `from_ok` is not a member of trait `Try`
[INFO] [stdout]   --> /opt/rustwide/cargo-home/registry/src/index.crates.io-6f17d22bba15001f/exit-0.2.0/src/lib.rs:55:5
[INFO] [stdout]    |
[INFO] [stdout] 55 | /     fn from_ok(_: <Self as Try>::Ok) -> Self {
[INFO] [stdout] 56 | |         Exit::Ok
[INFO] [stdout] 57 | |     }
[INFO] [stdout]    | |_____^ not a member of trait `Try`
[INFO] [stdout] 
[INFO] [stdout] 
[INFO] [stdout] error[E0576]: cannot find associated type `Ok` in trait `Try`
[INFO] [stdout]   --> /opt/rustwide/cargo-home/registry/src/index.crates.io-6f17d22bba15001f/exit-0.2.0/src/lib.rs:44:51
[INFO] [stdout]    |
[INFO] [stdout] 44 |     fn into_result(self) -> Result<<Self as Try>::Ok, Self::Error> {
[INFO] [stdout]    |                                                   ^^ not found in `Try`
[INFO] [stdout] 
[INFO] [stdout] 
[INFO] [stderr]    Compiling quote v1.0.2
[INFO] [stdout] error[E0576]: cannot find associated type `Ok` in trait `Try`
[INFO] [stdout]   --> /opt/rustwide/cargo-home/registry/src/index.crates.io-6f17d22bba15001f/exit-0.2.0/src/lib.rs:55:34
[INFO] [stdout]    |
[INFO] [stdout] 55 |     fn from_ok(_: <Self as Try>::Ok) -> Self {
[INFO] [stdout]    |                                  ^^ not found in `Try`
[INFO] [stdout] 
[INFO] [stdout] 
[INFO] [stdout] error[E0554]: `#![feature]` may not be used on the beta release channel
[INFO] [stdout]  --> /opt/rustwide/cargo-home/registry/src/index.crates.io-6f17d22bba15001f/exit-0.2.0/src/lib.rs:1:1
[INFO] [stdout]   |
[INFO] [stdout] 1 | #![feature(termination_trait_lib)]
[INFO] [stdout]   | ^^^^^^^^^^^^^^^^^^^^^^^^^^^^^^^^^^
[INFO] [stdout] 
[INFO] [stdout] 
[INFO] [stdout] error[E0554]: `#![feature]` may not be used on the beta release channel
[INFO] [stdout]  --> /opt/rustwide/cargo-home/registry/src/index.crates.io-6f17d22bba15001f/exit-0.2.0/src/lib.rs:2:1
[INFO] [stdout]   |
[INFO] [stdout] 2 | #![feature(try_trait)]
[INFO] [stdout]   | ^^^^^^^^^^^^^^^^^^^^^^
[INFO] [stdout] 
[INFO] [stdout] 
[INFO] [stdout] error[E0554]: `#![feature]` may not be used on the beta release channel
[INFO] [stdout]  --> /opt/rustwide/cargo-home/registry/src/index.crates.io-6f17d22bba15001f/exit-0.2.0/src/lib.rs:3:1
[INFO] [stdout]   |
[INFO] [stdout] 3 | #![feature(specialization)]
[INFO] [stdout]   | ^^^^^^^^^^^^^^^^^^^^^^^^^^^
[INFO] [stdout] 
[INFO] [stdout] 
[INFO] [stdout] error[E0658]: use of unstable library feature 'try_trait_v2'
[INFO] [stdout]  --> /opt/rustwide/cargo-home/registry/src/index.crates.io-6f17d22bba15001f/exit-0.2.0/src/lib.rs:6:5
[INFO] [stdout]   |
[INFO] [stdout] 6 | use std::ops::Try;
[INFO] [stdout]   |     ^^^^^^^^^^^^^
[INFO] [stdout]   |
[INFO] [stdout]   = note: see issue #84277 <https://github.com/rust-lang/rust/issues/84277> for more information
[INFO] [stdout] 
[INFO] [stdout] 
[INFO] [stdout] error[E0658]: use of unstable library feature 'try_trait_v2'
[INFO] [stdout]   --> /opt/rustwide/cargo-home/registry/src/index.crates.io-6f17d22bba15001f/exit-0.2.0/src/lib.rs:40:9
[INFO] [stdout]    |
[INFO] [stdout] 40 | impl<T> Try for Exit<T> {
[INFO] [stdout]    |         ^^^
[INFO] [stdout]    |
[INFO] [stdout]    = note: see issue #84277 <https://github.com/rust-lang/rust/issues/84277> for more information
[INFO] [stdout] 
[INFO] [stdout] 
[INFO] [stdout] error[E0554]: `#![feature]` may not be used on the beta release channel
[INFO] [stdout]  --> /opt/rustwide/cargo-home/registry/src/index.crates.io-6f17d22bba15001f/exit-0.2.0/src/lib.rs:1:12
[INFO] [stdout]   |
[INFO] [stdout] 1 | #![feature(termination_trait_lib)]
[INFO] [stdout]   |            ^^^^^^^^^^^^^^^^^^^^^
[INFO] [stdout] 
[INFO] [stdout] 
[INFO] [stdout] error[E0554]: `#![feature]` may not be used on the beta release channel
[INFO] [stdout]  --> /opt/rustwide/cargo-home/registry/src/index.crates.io-6f17d22bba15001f/exit-0.2.0/src/lib.rs:2:12
[INFO] [stdout]   |
[INFO] [stdout] 2 | #![feature(try_trait)]
[INFO] [stdout]   |            ^^^^^^^^^
[INFO] [stdout] 
[INFO] [stdout] 
[INFO] [stdout] error[E0635]: unknown feature `try_trait`
[INFO] [stdout]  --> /opt/rustwide/cargo-home/registry/src/index.crates.io-6f17d22bba15001f/exit-0.2.0/src/lib.rs:2:12
[INFO] [stdout]   |
[INFO] [stdout] 2 | #![feature(try_trait)]
[INFO] [stdout]   |            ^^^^^^^^^
[INFO] [stdout] 
[INFO] [stdout] 
[INFO] [stdout] error[E0220]: associated type `Error` not found for `Self`
[INFO] [stdout]   --> /opt/rustwide/cargo-home/registry/src/index.crates.io-6f17d22bba15001f/exit-0.2.0/src/lib.rs:44:61
[INFO] [stdout]    |
[INFO] [stdout] 44 |     fn into_result(self) -> Result<<Self as Try>::Ok, Self::Error> {
[INFO] [stdout]    |                                                             ^^^^^ associated type `Error` not found
[INFO] [stdout] 
[INFO] [stdout] 
[INFO] [stdout] error[E0220]: associated type `Error` not found for `Self`
[INFO] [stdout]   --> /opt/rustwide/cargo-home/registry/src/index.crates.io-6f17d22bba15001f/exit-0.2.0/src/lib.rs:51:30
[INFO] [stdout]    |
[INFO] [stdout] 51 |     fn from_error(err: Self::Error) -> Self {
[INFO] [stdout]    |                              ^^^^^ associated type `Error` not found
[INFO] [stdout] 
[INFO] [stdout] 
[INFO] [stdout] error: aborting due to 17 previous errors
[INFO] [stdout] 
[INFO] [stdout] 
[INFO] [stdout] Some errors have detailed explanations: E0220, E0407, E0437, E0554, E0576, E0635, E0658.
[INFO] [stdout] 
[INFO] [stdout] For more information about an error, try `rustc --explain E0220`.
[INFO] [stdout] 
[INFO] [stderr] error: could not compile `exit` (lib) due to 18 previous errors
[INFO] [stderr] warning: build failed, waiting for other jobs to finish...
[INFO] [stdout] error: cannot find macro `asm` in this scope
[INFO] [stdout]   --> /opt/rustwide/cargo-home/registry/src/index.crates.io-6f17d22bba15001f/sc-0.2.2/src/platform/linux-x86_64/mod.rs:94:5
[INFO] [stdout]    |
[INFO] [stdout] 94 |     asm!("syscall"
[INFO] [stdout]    |     ^^^
[INFO] [stdout]    |
[INFO] [stdout]    = help: consider importing this macro:
[INFO] [stdout]            core::arch::asm
[INFO] [stdout] 
[INFO] [stdout] 
[INFO] [stdout] error: cannot find macro `asm` in this scope
[INFO] [stdout]   --> /opt/rustwide/cargo-home/registry/src/index.crates.io-6f17d22bba15001f/sc-0.2.2/src/platform/linux-x86_64/mod.rs:77:5
[INFO] [stdout]    |
[INFO] [stdout] 77 |     asm!("syscall"
[INFO] [stdout]    |     ^^^
[INFO] [stdout]    |
[INFO] [stdout]    = help: consider importing this macro:
[INFO] [stdout]            core::arch::asm
[INFO] [stdout] 
[INFO] [stdout] 
[INFO] [stdout] error: cannot find macro `asm` in this scope
[INFO] [stdout]   --> /opt/rustwide/cargo-home/registry/src/index.crates.io-6f17d22bba15001f/sc-0.2.2/src/platform/linux-x86_64/mod.rs:61:5
[INFO] [stdout]    |
[INFO] [stdout] 61 |     asm!("syscall"
[INFO] [stdout]    |     ^^^
[INFO] [stdout]    |
[INFO] [stdout]    = help: consider importing this macro:
[INFO] [stdout]            core::arch::asm
[INFO] [stdout] 
[INFO] [stdout] 
[INFO] [stdout] error: cannot find macro `asm` in this scope
[INFO] [stdout]   --> /opt/rustwide/cargo-home/registry/src/index.crates.io-6f17d22bba15001f/sc-0.2.2/src/platform/linux-x86_64/mod.rs:46:5
[INFO] [stdout]    |
[INFO] [stdout] 46 |     asm!("syscall"
[INFO] [stdout]    |     ^^^
[INFO] [stdout]    |
[INFO] [stdout]    = help: consider importing this macro:
[INFO] [stdout]            core::arch::asm
[INFO] [stdout] 
[INFO] [stdout] 
[INFO] [stdout] error: cannot find macro `asm` in this scope
[INFO] [stdout]   --> /opt/rustwide/cargo-home/registry/src/index.crates.io-6f17d22bba15001f/sc-0.2.2/src/platform/linux-x86_64/mod.rs:36:5
[INFO] [stdout]    |
[INFO] [stdout] 36 |     asm!("syscall"
[INFO] [stdout]    |     ^^^
[INFO] [stdout]    |
[INFO] [stdout]    = help: consider importing this macro:
[INFO] [stdout]            core::arch::asm
[INFO] [stdout] 
[INFO] [stdout] 
[INFO] [stdout] error: cannot find macro `asm` in this scope
[INFO] [stdout]   --> /opt/rustwide/cargo-home/registry/src/index.crates.io-6f17d22bba15001f/sc-0.2.2/src/platform/linux-x86_64/mod.rs:26:5
[INFO] [stdout]    |
[INFO] [stdout] 26 |     asm!("syscall"
[INFO] [stdout]    |     ^^^
[INFO] [stdout]    |
[INFO] [stdout]    = help: consider importing this macro:
[INFO] [stdout]            core::arch::asm
[INFO] [stdout] 
[INFO] [stdout] 
[INFO] [stdout] error: cannot find macro `asm` in this scope
[INFO] [stdout]   --> /opt/rustwide/cargo-home/registry/src/index.crates.io-6f17d22bba15001f/sc-0.2.2/src/platform/linux-x86_64/mod.rs:16:5
[INFO] [stdout]    |
[INFO] [stdout] 16 |     asm!("syscall"
[INFO] [stdout]    |     ^^^
[INFO] [stdout]    |
[INFO] [stdout]    = help: consider importing this macro:
[INFO] [stdout]            core::arch::asm
[INFO] [stdout] 
[INFO] [stdout] 
[INFO] [stdout] error[E0554]: `#![feature]` may not be used on the beta release channel
[INFO] [stdout]   --> /opt/rustwide/cargo-home/registry/src/index.crates.io-6f17d22bba15001f/sc-0.2.2/src/lib.rs:15:12
[INFO] [stdout]    |
[INFO] [stdout] 15 | #![feature(asm)]
[INFO] [stdout]    |            ^^^
[INFO] [stdout] 
[INFO] [stdout] 
[INFO] [stdout] error: aborting due to 8 previous errors
[INFO] [stdout] 
[INFO] [stdout] 
[INFO] [stdout] For more information about this error, try `rustc --explain E0554`.
[INFO] [stdout] 
[INFO] [stderr] error: could not compile `sc` (lib) due to 9 previous errors
[INFO] running `Command { std: "docker" "inspect" "05259eb490b32285b39c0ec1830e461c99eae26759cf6b6d1f9c1ee0bb27a008", kill_on_drop: false }`
[INFO] running `Command { std: "docker" "rm" "-f" "05259eb490b32285b39c0ec1830e461c99eae26759cf6b6d1f9c1ee0bb27a008", kill_on_drop: false }`
[INFO] [stdout] 05259eb490b32285b39c0ec1830e461c99eae26759cf6b6d1f9c1ee0bb27a008
