[INFO] cloning repository https://github.com/Sh4d1/os
[INFO] running `Command { std: "git" "-c" "credential.helper=" "-c" "credential.helper=/workspace/cargo-home/bin/git-credential-null" "clone" "--bare" "https://github.com/Sh4d1/os" "/workspace/cache/git-repos/https%3A%2F%2Fgithub.com%2FSh4d1%2Fos", kill_on_drop: false }`
[INFO] [stderr] Cloning into bare repository '/workspace/cache/git-repos/https%3A%2F%2Fgithub.com%2FSh4d1%2Fos'...
[INFO] running `Command { std: "git" "rev-parse" "HEAD", kill_on_drop: false }`
[INFO] [stdout] 821bb630b3960408796a5e6c30651347e9e72266
[INFO] documenting Sh4d1/os against 1.69.0 for beta-1.70-rustdoc-1
[INFO] running `Command { std: "git" "clone" "/workspace/cache/git-repos/https%3A%2F%2Fgithub.com%2FSh4d1%2Fos" "/workspace/builds/worker-4-tc1/source", kill_on_drop: false }`
[INFO] [stderr] Cloning into '/workspace/builds/worker-4-tc1/source'...
[INFO] [stderr] done.
[INFO] validating manifest of git repo https://github.com/Sh4d1/os on toolchain 1.69.0
[INFO] running `Command { std: CARGO_HOME="/workspace/cargo-home" RUSTUP_HOME="/workspace/rustup-home" "/workspace/cargo-home/bin/cargo" "+1.69.0" "metadata" "--manifest-path" "Cargo.toml" "--no-deps", kill_on_drop: false }`
[INFO] started tweaking git repo https://github.com/Sh4d1/os
[INFO] finished tweaking git repo https://github.com/Sh4d1/os
[INFO] tweaked toml for git repo https://github.com/Sh4d1/os written to /workspace/builds/worker-4-tc1/source/Cargo.toml
[INFO] crate git repo https://github.com/Sh4d1/os already has a lockfile, it will not be regenerated
[INFO] running `Command { std: CARGO_HOME="/workspace/cargo-home" RUSTUP_HOME="/workspace/rustup-home" "/workspace/cargo-home/bin/cargo" "+1.69.0" "fetch" "--manifest-path" "Cargo.toml", kill_on_drop: false }`
[INFO] [stderr]     Updating git repository `https://github.com/phil-opp/linked-list-allocator.git`
[INFO] [stderr]  Downloading crates ...
[INFO] [stderr]   Downloaded bit_field v0.7.0
[INFO] [stderr]   Downloaded raw-cpuid v2.0.2
[INFO] [stderr]   Downloaded x86_64 v0.1.2
[INFO] [stderr]   Downloaded spin v0.4.6
[INFO] [stderr]   Downloaded pic8259_simple v0.1.1
[INFO] [stderr]   Downloaded multiboot2 v0.1.0
[INFO] [stderr]   Downloaded bitflags v1.0.0
[INFO] [stderr]   Downloaded once v0.3.3
[INFO] [stderr]   Downloaded volatile v0.1.0
[INFO] [stderr]   Downloaded x86 v0.7.2
[INFO] running `Command { std: "docker" "create" "-v" "/var/lib/crater-agent-workspace/builds/worker-4-tc1/target:/opt/rustwide/target:rw,Z" "-v" "/var/lib/crater-agent-workspace/builds/worker-4-tc1/source:/opt/rustwide/workdir:ro,Z" "-v" "/var/lib/crater-agent-workspace/cargo-home:/opt/rustwide/cargo-home:ro,Z" "-v" "/var/lib/crater-agent-workspace/rustup-home:/opt/rustwide/rustup-home:ro,Z" "-e" "SOURCE_DIR=/opt/rustwide/workdir" "-e" "CARGO_TARGET_DIR=/opt/rustwide/target" "-e" "CARGO_HOME=/opt/rustwide/cargo-home" "-e" "RUSTUP_HOME=/opt/rustwide/rustup-home" "-w" "/opt/rustwide/workdir" "-m" "1610612736" "--user" "0:0" "--network" "none" "ghcr.io/rust-lang/crates-build-env/linux@sha256:5ff2268d62e97bff2cde7d5815dd6ed5b47097566f13b8d0ca110b04b60e07ed" "/opt/rustwide/cargo-home/bin/cargo" "+1.69.0" "metadata" "--no-deps" "--format-version=1", kill_on_drop: false }`
[INFO] [stdout] 6fe7de5a6736f252ea302830ae2a5d16211e032c2d9ed28dfd7a51bc3f67a7a0
[INFO] running `Command { std: "docker" "start" "-a" "6fe7de5a6736f252ea302830ae2a5d16211e032c2d9ed28dfd7a51bc3f67a7a0", kill_on_drop: false }`
[INFO] running `Command { std: "docker" "inspect" "6fe7de5a6736f252ea302830ae2a5d16211e032c2d9ed28dfd7a51bc3f67a7a0", kill_on_drop: false }`
[INFO] running `Command { std: "docker" "rm" "-f" "6fe7de5a6736f252ea302830ae2a5d16211e032c2d9ed28dfd7a51bc3f67a7a0", kill_on_drop: false }`
[INFO] [stdout] 6fe7de5a6736f252ea302830ae2a5d16211e032c2d9ed28dfd7a51bc3f67a7a0
[INFO] running `Command { std: "docker" "create" "-v" "/var/lib/crater-agent-workspace/builds/worker-4-tc1/target:/opt/rustwide/target:rw,Z" "-v" "/var/lib/crater-agent-workspace/builds/worker-4-tc1/source:/opt/rustwide/workdir:ro,Z" "-v" "/var/lib/crater-agent-workspace/cargo-home:/opt/rustwide/cargo-home:ro,Z" "-v" "/var/lib/crater-agent-workspace/rustup-home:/opt/rustwide/rustup-home:ro,Z" "-e" "SOURCE_DIR=/opt/rustwide/workdir" "-e" "CARGO_TARGET_DIR=/opt/rustwide/target" "-e" "CARGO_INCREMENTAL=0" "-e" "RUST_BACKTRACE=full" "-e" "RUSTFLAGS=--cap-lints=warn" "-e" "RUSTDOCFLAGS=--cap-lints=warn" "-e" "CARGO_HOME=/opt/rustwide/cargo-home" "-e" "RUSTUP_HOME=/opt/rustwide/rustup-home" "-w" "/opt/rustwide/workdir" "-m" "1610612736" "--user" "0:0" "--network" "none" "ghcr.io/rust-lang/crates-build-env/linux@sha256:5ff2268d62e97bff2cde7d5815dd6ed5b47097566f13b8d0ca110b04b60e07ed" "/opt/rustwide/cargo-home/bin/cargo" "+1.69.0" "doc" "--frozen" "--no-deps" "--document-private-items" "--message-format=json", kill_on_drop: false }`
[INFO] [stdout] 9fef1d68e200c357339d32d60835579ac9d8e97e3c72c706960b97c6f467115f
[INFO] running `Command { std: "docker" "start" "-a" "9fef1d68e200c357339d32d60835579ac9d8e97e3c72c706960b97c6f467115f", kill_on_drop: false }`
[INFO] [stderr]    Compiling num-traits v0.1.40
[INFO] [stderr]    Compiling libc v0.2.32
[INFO] [stderr]    Compiling rustc-serialize v0.3.24
[INFO] [stderr]    Compiling siphasher v0.2.2
[INFO] [stderr]    Compiling byteorder v0.5.3
[INFO] [stderr]     Checking spin v0.4.6
[INFO] [stderr]     Checking bitflags v0.7.0
[INFO] [stderr]     Checking bitflags v0.4.0
[INFO] [stderr]     Checking bit_field v0.7.0
[INFO] [stderr]     Checking cpuio v0.2.0
[INFO] [stderr]     Checking once v0.3.3
[INFO] [stderr]     Checking volatile v0.1.0
[INFO] [stderr]     Checking bitflags v1.0.0
[INFO] [stderr]     Checking rlibc v1.0.0
[INFO] [stdout] error[E0557]: feature has been removed
[INFO] [stdout]  --> /opt/rustwide/cargo-home/registry/src/github.com-1ecc6299db9ec823/spin-0.4.6/src/lib.rs:8:43
[INFO] [stdout]   |
[INFO] [stdout] 8 | #![cfg_attr(feature = "const_fn", feature(const_fn, const_unsafe_cell_new, const_atomic_usize_new))]
[INFO] [stdout]   |                                           ^^^^^^^^ feature has been removed
[INFO] [stdout]   |
[INFO] [stdout]   = note: split into finer-grained feature gates
[INFO] [stdout] 
[INFO] [stdout] 
[INFO] [stderr]     Checking raw-cpuid v2.0.2
[INFO] [stdout] error[E0557]: feature has been removed
[INFO] [stdout]  --> /opt/rustwide/cargo-home/registry/src/github.com-1ecc6299db9ec823/cpuio-0.2.0/src/lib.rs:4:17
[INFO] [stdout]   |
[INFO] [stdout] 4 | #![feature(asm, const_fn, no_std)]
[INFO] [stdout]   |                 ^^^^^^^^ feature has been removed
[INFO] [stdout]   |
[INFO] [stdout]   = note: split into finer-grained feature gates
[INFO] [stdout] 
[INFO] [stdout] 
[INFO] [stderr]     Checking multiboot2 v0.1.0
[INFO] [stdout] error: cannot find macro `asm` in this scope
[INFO] [stdout]  --> /opt/rustwide/cargo-home/registry/src/github.com-1ecc6299db9ec823/spin-0.4.6/src/util.rs:8:14
[INFO] [stdout]   |
[INFO] [stdout] 8 |     unsafe { asm!("pause" :::: "volatile"); }
[INFO] [stdout]   |              ^^^
[INFO] [stdout]   |
[INFO] [stdout]   = help: consider importing this macro:
[INFO] [stdout]           core::arch::asm
[INFO] [stdout] 
[INFO] [stdout] 
[INFO] [stdout] error: cannot find macro `asm` in this scope
[INFO] [stdout]  --> /opt/rustwide/cargo-home/registry/src/github.com-1ecc6299db9ec823/cpuio-0.2.0/src/x86.rs:8:5
[INFO] [stdout]   |
[INFO] [stdout] 8 |     asm!("inb %dx, %al" : "={al}"(result) : "{dx}"(port) :: "volatile");
[INFO] [stdout]   |     ^^^
[INFO] [stdout]   |
[INFO] [stdout]   = help: consider importing this macro:
[INFO] [stdout]           core::arch::asm
[INFO] [stdout] 
[INFO] [stdout] 
[INFO] [stdout] error: cannot find macro `asm` in this scope
[INFO] [stdout]   --> /opt/rustwide/cargo-home/registry/src/github.com-1ecc6299db9ec823/cpuio-0.2.0/src/x86.rs:14:5
[INFO] [stdout]    |
[INFO] [stdout] 14 |     asm!("outb %al, %dx" :: "{dx}"(port), "{al}"(value) :: "volatile");
[INFO] [stdout]    |     ^^^
[INFO] [stdout]    |
[INFO] [stdout]    = help: consider importing this macro:
[INFO] [stdout]            core::arch::asm
[INFO] [stdout] 
[INFO] [stdout] 
[INFO] [stdout] error: cannot find macro `asm` in this scope
[INFO] [stdout]   --> /opt/rustwide/cargo-home/registry/src/github.com-1ecc6299db9ec823/cpuio-0.2.0/src/x86.rs:20:5
[INFO] [stdout]    |
[INFO] [stdout] 20 |     asm!("inw %dx, %ax" : "={ax}"(result) : "{dx}"(port) :: "volatile");
[INFO] [stdout]    |     ^^^
[INFO] [stdout]    |
[INFO] [stdout]    = help: consider importing this macro:
[INFO] [stdout]            core::arch::asm
[INFO] [stdout] 
[INFO] [stdout] 
[INFO] [stdout] error: cannot find macro `asm` in this scope
[INFO] [stdout]   --> /opt/rustwide/cargo-home/registry/src/github.com-1ecc6299db9ec823/cpuio-0.2.0/src/x86.rs:26:5
[INFO] [stdout]    |
[INFO] [stdout] 26 |     asm!("outw %ax, %dx" :: "{dx}"(port), "{ax}"(value) :: "volatile");
[INFO] [stdout]    |     ^^^
[INFO] [stdout]    |
[INFO] [stdout]    = help: consider importing this macro:
[INFO] [stdout]            core::arch::asm
[INFO] [stdout] 
[INFO] [stdout] 
[INFO] [stdout] error[E0554]: `#![feature]` may not be used on the stable release channel
[INFO] [stdout]  --> /opt/rustwide/cargo-home/registry/src/github.com-1ecc6299db9ec823/spin-0.4.6/src/lib.rs:6:38
[INFO] [stdout]   |
[INFO] [stdout] 6 | #![cfg_attr(feature = "asm", feature(asm))]
[INFO] [stdout]   |                                      ^^^
[INFO] [stdout] 
[INFO] [stdout] 
[INFO] [stdout] error[E0554]: `#![feature]` may not be used on the stable release channel
[INFO] [stdout]  --> /opt/rustwide/cargo-home/registry/src/github.com-1ecc6299db9ec823/spin-0.4.6/src/lib.rs:7:50
[INFO] [stdout]   |
[INFO] [stdout] 7 | #![cfg_attr(feature = "core_intrinsics", feature(core_intrinsics))]
[INFO] [stdout]   |                                                  ^^^^^^^^^^^^^^^
[INFO] [stdout] 
[INFO] [stdout] 
[INFO] [stdout] error[E0554]: `#![feature]` may not be used on the stable release channel
[INFO] [stdout]  --> /opt/rustwide/cargo-home/registry/src/github.com-1ecc6299db9ec823/spin-0.4.6/src/lib.rs:8:53
[INFO] [stdout]   |
[INFO] [stdout] 8 | #![cfg_attr(feature = "const_fn", feature(const_fn, const_unsafe_cell_new, const_atomic_usize_new))]
[INFO] [stdout]   |                                                     ^^^^^^^^^^^^^^^^^^^^^
[INFO] [stdout] 
[INFO] [stdout] 
[INFO] [stdout] error[E0554]: `#![feature]` may not be used on the stable release channel
[INFO] [stdout]  --> /opt/rustwide/cargo-home/registry/src/github.com-1ecc6299db9ec823/spin-0.4.6/src/lib.rs:8:76
[INFO] [stdout]   |
[INFO] [stdout] 8 | #![cfg_attr(feature = "const_fn", feature(const_fn, const_unsafe_cell_new, const_atomic_usize_new))]
[INFO] [stdout]   |                                                                            ^^^^^^^^^^^^^^^^^^^^^^
[INFO] [stdout] 
[INFO] [stdout] 
[INFO] [stdout] error: cannot find macro `asm` in this scope
[INFO] [stdout]   --> /opt/rustwide/cargo-home/registry/src/github.com-1ecc6299db9ec823/cpuio-0.2.0/src/x86.rs:32:5
[INFO] [stdout]    |
[INFO] [stdout] 32 |     asm!("inl %dx, %eax" : "={eax}"(result) : "{dx}"(port) :: "volatile");
[INFO] [stdout]    |     ^^^
[INFO] [stdout]    |
[INFO] [stdout]    = help: consider importing this macro:
[INFO] [stdout]            core::arch::asm
[INFO] [stdout] 
[INFO] [stdout] 
[INFO] [stdout] error[E0635]: unknown feature `const_atomic_usize_new`
[INFO] [stdout]  --> /opt/rustwide/cargo-home/registry/src/github.com-1ecc6299db9ec823/spin-0.4.6/src/lib.rs:8:76
[INFO] [stdout]   |
[INFO] [stdout] 8 | #![cfg_attr(feature = "const_fn", feature(const_fn, const_unsafe_cell_new, const_atomic_usize_new))]
[INFO] [stdout]   |                                                                            ^^^^^^^^^^^^^^^^^^^^^^
[INFO] [stdout] 
[INFO] [stdout] 
[INFO] [stdout] error: cannot find macro `asm` in this scope
[INFO] [stdout]   --> /opt/rustwide/cargo-home/registry/src/github.com-1ecc6299db9ec823/cpuio-0.2.0/src/x86.rs:38:5
[INFO] [stdout]    |
[INFO] [stdout] 38 |     asm!("outl %eax, %dx" :: "{dx}"(port), "{eax}"(value) :: "volatile");
[INFO] [stdout]    |     ^^^
[INFO] [stdout]    |
[INFO] [stdout]    = help: consider importing this macro:
[INFO] [stdout]            core::arch::asm
[INFO] [stdout] 
[INFO] [stdout] 
[INFO] [stdout] error[E0554]: `#![feature]` may not be used on the stable release channel
[INFO] [stdout]  --> /opt/rustwide/cargo-home/registry/src/github.com-1ecc6299db9ec823/cpuio-0.2.0/src/lib.rs:4:1
[INFO] [stdout]   |
[INFO] [stdout] 4 | #![feature(asm, const_fn, no_std)]
[INFO] [stdout]   | ^^^^^^^^^^^^^^^^^^^^^^^^^^^^^^^^^^
[INFO] [stdout]   |
[INFO] [stdout]   = help: the feature `no_std` has been stable since `1.6.0` and no longer requires an attribute to enable
[INFO] [stdout] 
[INFO] [stdout] 
[INFO] [stdout] error[E0554]: `#![feature]` may not be used on the stable release channel
[INFO] [stdout]  --> /opt/rustwide/cargo-home/registry/src/github.com-1ecc6299db9ec823/cpuio-0.2.0/src/lib.rs:4:12
[INFO] [stdout]   |
[INFO] [stdout] 4 | #![feature(asm, const_fn, no_std)]
[INFO] [stdout]   |            ^^^
[INFO] [stdout] 
[INFO] [stdout] 
[INFO] [stdout] error: aborting due to 9 previous errors
[INFO] [stdout] 
[INFO] [stdout] 
[INFO] [stdout] Some errors have detailed explanations: E0554, E0557.
[INFO] [stdout] 
[INFO] [stdout] For more information about an error, try `rustc --explain E0554`.
[INFO] [stdout] 
[INFO] [stderr] error: could not compile `cpuio` due to 10 previous errors
[INFO] [stdout] error: aborting due to 7 previous errors
[INFO] [stdout] 
[INFO] [stdout] 
[INFO] [stderr] warning: build failed, waiting for other jobs to finish...
[INFO] [stdout] Some errors have detailed explanations: E0554, E0557, E0635.
[INFO] [stdout] 
[INFO] [stdout] For more information about an error, try `rustc --explain E0554`.
[INFO] [stdout] 
[INFO] [stderr] error: could not compile `spin` due to 8 previous errors
[INFO] [stdout] error: cannot find macro `asm` in this scope
[INFO] [stdout]   --> /opt/rustwide/cargo-home/registry/src/github.com-1ecc6299db9ec823/raw-cpuid-2.0.2/src/lib.rs:48:9
[INFO] [stdout]    |
[INFO] [stdout] 48 |         asm!("cpuid" : "+{eax}"(eax) "={ebx}"(ebx)
[INFO] [stdout]    |         ^^^
[INFO] [stdout]    |
[INFO] [stdout]    = help: consider importing this macro:
[INFO] [stdout]            core::arch::asm
[INFO] [stdout] 
[INFO] [stdout] 
[INFO] [stdout] error: cannot find macro `asm` in this scope
[INFO] [stdout]   --> /opt/rustwide/cargo-home/registry/src/github.com-1ecc6299db9ec823/raw-cpuid-2.0.2/src/lib.rs:64:9
[INFO] [stdout]    |
[INFO] [stdout] 64 |         asm!("cpuid" : "+{eax}"(eax) "={ebx}"(ebx)
[INFO] [stdout]    |         ^^^
[INFO] [stdout]    |
[INFO] [stdout]    = help: consider importing this macro:
[INFO] [stdout]            core::arch::asm
[INFO] [stdout] 
[INFO] [stdout] 
[INFO] [stdout] error[E0554]: `#![feature]` may not be used on the stable release channel
[INFO] [stdout]  --> /opt/rustwide/cargo-home/registry/src/github.com-1ecc6299db9ec823/raw-cpuid-2.0.2/src/lib.rs:1:1
[INFO] [stdout]   |
[INFO] [stdout] 1 | #![feature(prelude_import, asm)]
[INFO] [stdout]   | ^^^^^^^^^^^^^^^^^^^^^^^^^^^^^^^^
[INFO] [stdout] 
[INFO] [stdout] 
[INFO] [stdout] error[E0507]: cannot move out of `self.first_section` which is behind a shared reference
[INFO] [stdout]   --> /opt/rustwide/cargo-home/registry/src/github.com-1ecc6299db9ec823/multiboot2-0.1.0/src/elf_sections.rs:10:5
[INFO] [stdout]    |
[INFO] [stdout] 2  | #[derive(Debug)]
[INFO] [stdout]    |          ----- in this derive macro expansion
[INFO] [stdout] ...
[INFO] [stdout] 10 |     first_section: ElfSection,
[INFO] [stdout]    |     ^^^^^^^^^^^^^^^^^^^^^^^^^ move occurs because `self.first_section` has type `ElfSection`, which does not implement the `Copy` trait
[INFO] [stdout]    |
[INFO] [stdout]    = note: this error originates in the derive macro `Debug` (in Nightly builds, run with -Z macro-backtrace for more info)
[INFO] [stdout] 
[INFO] [stdout] 
[INFO] [stdout] error[E0793]: reference to packed field is unaligned
[INFO] [stdout]   --> /opt/rustwide/cargo-home/registry/src/github.com-1ecc6299db9ec823/multiboot2-0.1.0/src/elf_sections.rs:16:30
[INFO] [stdout]    |
[INFO] [stdout] 16 |             current_section: &self.first_section,
[INFO] [stdout]    |                              ^^^^^^^^^^^^^^^^^^^
[INFO] [stdout]    |
[INFO] [stdout]    = note: fields of packed structs are not properly aligned, and creating a misaligned reference is undefined behavior (even if that reference is never dereferenced)
[INFO] [stdout]    = help: copy the field contents to a local variable, or replace the reference with a raw pointer and use `read_unaligned`/`write_unaligned` (loads and stores via `*p` must be properly aligned even when using raw pointers)
[INFO] [stdout] 
[INFO] [stdout] 
[INFO] [stdout] error: aborting due to 2 previous errors
[INFO] [stdout] 
[INFO] [stdout] 
[INFO] [stdout] Some errors have detailed explanations: E0507, E0793.
[INFO] [stdout] 
[INFO] [stdout] For more information about an error, try `rustc --explain E0507`.
[INFO] [stdout] 
[INFO] [stderr] error: could not compile `multiboot2` due to 3 previous errors
[INFO] [stdout] error[E0554]: `#![feature]` may not be used on the stable release channel
[INFO] [stdout]  --> /opt/rustwide/cargo-home/registry/src/github.com-1ecc6299db9ec823/raw-cpuid-2.0.2/src/lib.rs:1:28
[INFO] [stdout]   |
[INFO] [stdout] 1 | #![feature(prelude_import, asm)]
[INFO] [stdout]   |                            ^^^
[INFO] [stdout] 
[INFO] [stdout] 
[INFO] [stdout] error: aborting due to 4 previous errors
[INFO] [stdout] 
[INFO] [stdout] 
[INFO] [stdout] For more information about this error, try `rustc --explain E0554`.
[INFO] [stdout] 
[INFO] [stderr] error: could not compile `raw-cpuid` due to 5 previous errors
[INFO] running `Command { std: "docker" "inspect" "9fef1d68e200c357339d32d60835579ac9d8e97e3c72c706960b97c6f467115f", kill_on_drop: false }`
[INFO] running `Command { std: "docker" "rm" "-f" "9fef1d68e200c357339d32d60835579ac9d8e97e3c72c706960b97c6f467115f", kill_on_drop: false }`
[INFO] [stdout] 9fef1d68e200c357339d32d60835579ac9d8e97e3c72c706960b97c6f467115f
