[INFO] cloning repository https://github.com/SchrodingerZhu/girasol
[INFO] running `Command { std: "git" "-c" "credential.helper=" "-c" "credential.helper=/workspace/cargo-home/bin/git-credential-null" "clone" "--bare" "https://github.com/SchrodingerZhu/girasol" "/workspace/cache/git-repos/https%3A%2F%2Fgithub.com%2FSchrodingerZhu%2Fgirasol", kill_on_drop: false }`
[INFO] [stderr] Cloning into bare repository '/workspace/cache/git-repos/https%3A%2F%2Fgithub.com%2FSchrodingerZhu%2Fgirasol'...
[INFO] running `Command { std: "git" "rev-parse" "HEAD", kill_on_drop: false }`
[INFO] [stdout] 4114a7c0cc3b4800427abdbbd41700e19478b6c2
[INFO] documenting SchrodingerZhu/girasol against beta-2023-04-20 for beta-1.70-rustdoc-1
[INFO] running `Command { std: "git" "clone" "/workspace/cache/git-repos/https%3A%2F%2Fgithub.com%2FSchrodingerZhu%2Fgirasol" "/workspace/builds/worker-0-tc2/source", kill_on_drop: false }`
[INFO] [stderr] Cloning into '/workspace/builds/worker-0-tc2/source'...
[INFO] [stderr] done.
[INFO] validating manifest of git repo https://github.com/SchrodingerZhu/girasol on toolchain beta-2023-04-20
[INFO] running `Command { std: CARGO_HOME="/workspace/cargo-home" RUSTUP_HOME="/workspace/rustup-home" "/workspace/cargo-home/bin/cargo" "+beta-2023-04-20" "metadata" "--manifest-path" "Cargo.toml" "--no-deps", kill_on_drop: false }`
[INFO] removed /workspace/builds/worker-0-tc2/source/.cargo/config
[INFO] started tweaking git repo https://github.com/SchrodingerZhu/girasol
[INFO] finished tweaking git repo https://github.com/SchrodingerZhu/girasol
[INFO] tweaked toml for git repo https://github.com/SchrodingerZhu/girasol written to /workspace/builds/worker-0-tc2/source/Cargo.toml
[INFO] crate git repo https://github.com/SchrodingerZhu/girasol already has a lockfile, it will not be regenerated
[INFO] running `Command { std: CARGO_HOME="/workspace/cargo-home" RUSTUP_HOME="/workspace/rustup-home" "/workspace/cargo-home/bin/cargo" "+beta-2023-04-20" "fetch" "--manifest-path" "Cargo.toml", kill_on_drop: false }`
[INFO] [stderr]     Updating crates.io index
[INFO] [stderr]  Downloading crates ...
[INFO] [stderr]   Downloaded typename v0.1.2
[INFO] [stderr]   Downloaded rio v0.9.4
[INFO] [stderr]   Downloaded async-tungstenite v0.13.1
[INFO] [stderr]   Downloaded typename_derive v0.1.4
[INFO] [stderr]   Downloaded systemstat v0.1.8
[INFO] [stderr]   Downloaded async-tls v0.11.0
[INFO] [stderr]   Downloaded fail v0.3.0
[INFO] [stderr]   Downloaded halfbrown v0.1.11
[INFO] [stderr]   Downloaded nix v0.23.0
[INFO] [stderr]   Downloaded snmalloc-rs v0.2.28
[INFO] [stderr]   Downloaded sled v0.31.0
[INFO] [stderr]   Downloaded snmalloc-sys v0.2.28
[INFO] [stderr]   Downloaded async_io_stream v0.3.2
[INFO] [stderr]   Downloaded simd-json v0.3.26
[INFO] [stderr]   Downloaded xactor-derive v0.6.6
[INFO] [stderr]   Downloaded value-trait v0.1.23
[INFO] [stderr]   Downloaded async_io_stream v0.1.0
[INFO] [stderr]   Downloaded xactor v0.6.6
[INFO] [stderr]   Downloaded pharos v0.5.2
[INFO] [stderr]   Downloaded ws_stream_tungstenite v0.6.1
[INFO] running `Command { std: "docker" "create" "-v" "/var/lib/crater-agent-workspace/builds/worker-0-tc2/target:/opt/rustwide/target:rw,Z" "-v" "/var/lib/crater-agent-workspace/builds/worker-0-tc2/source:/opt/rustwide/workdir:ro,Z" "-v" "/var/lib/crater-agent-workspace/cargo-home:/opt/rustwide/cargo-home:ro,Z" "-v" "/var/lib/crater-agent-workspace/rustup-home:/opt/rustwide/rustup-home:ro,Z" "-e" "SOURCE_DIR=/opt/rustwide/workdir" "-e" "CARGO_TARGET_DIR=/opt/rustwide/target" "-e" "CARGO_HOME=/opt/rustwide/cargo-home" "-e" "RUSTUP_HOME=/opt/rustwide/rustup-home" "-w" "/opt/rustwide/workdir" "-m" "1610612736" "--user" "0:0" "--network" "none" "ghcr.io/rust-lang/crates-build-env/linux@sha256:5ff2268d62e97bff2cde7d5815dd6ed5b47097566f13b8d0ca110b04b60e07ed" "/opt/rustwide/cargo-home/bin/cargo" "+beta-2023-04-20" "metadata" "--no-deps" "--format-version=1", kill_on_drop: false }`
[INFO] [stdout] ed819838cdc6a32a366105e4a049e0ab6424937decebda6475ad1611285e0645
[INFO] running `Command { std: "docker" "start" "-a" "ed819838cdc6a32a366105e4a049e0ab6424937decebda6475ad1611285e0645", kill_on_drop: false }`
[INFO] running `Command { std: "docker" "inspect" "ed819838cdc6a32a366105e4a049e0ab6424937decebda6475ad1611285e0645", kill_on_drop: false }`
[INFO] running `Command { std: "docker" "rm" "-f" "ed819838cdc6a32a366105e4a049e0ab6424937decebda6475ad1611285e0645", kill_on_drop: false }`
[INFO] [stdout] ed819838cdc6a32a366105e4a049e0ab6424937decebda6475ad1611285e0645
[INFO] running `Command { std: "docker" "create" "-v" "/var/lib/crater-agent-workspace/builds/worker-0-tc2/target:/opt/rustwide/target:rw,Z" "-v" "/var/lib/crater-agent-workspace/builds/worker-0-tc2/source:/opt/rustwide/workdir:ro,Z" "-v" "/var/lib/crater-agent-workspace/cargo-home:/opt/rustwide/cargo-home:ro,Z" "-v" "/var/lib/crater-agent-workspace/rustup-home:/opt/rustwide/rustup-home:ro,Z" "-e" "SOURCE_DIR=/opt/rustwide/workdir" "-e" "CARGO_TARGET_DIR=/opt/rustwide/target" "-e" "CARGO_INCREMENTAL=0" "-e" "RUST_BACKTRACE=full" "-e" "RUSTFLAGS=--cap-lints=warn" "-e" "RUSTDOCFLAGS=--cap-lints=warn" "-e" "CARGO_HOME=/opt/rustwide/cargo-home" "-e" "RUSTUP_HOME=/opt/rustwide/rustup-home" "-w" "/opt/rustwide/workdir" "-m" "1610612736" "--user" "0:0" "--network" "none" "ghcr.io/rust-lang/crates-build-env/linux@sha256:5ff2268d62e97bff2cde7d5815dd6ed5b47097566f13b8d0ca110b04b60e07ed" "/opt/rustwide/cargo-home/bin/cargo" "+beta-2023-04-20" "doc" "--frozen" "--no-deps" "--document-private-items" "--message-format=json", kill_on_drop: false }`
[INFO] [stdout] 661d3e413076bb77afb9bf2a5fa5473ff1fc397ec08f698c08d63c822b356deb
[INFO] running `Command { std: "docker" "start" "-a" "661d3e413076bb77afb9bf2a5fa5473ff1fc397ec08f698c08d63c822b356deb", kill_on_drop: false }`
[INFO] [stderr]     Blocking waiting for file lock on package cache
[INFO] [stderr]    Compiling libc v0.2.104
[INFO] [stderr]    Compiling proc-macro2 v1.0.30
[INFO] [stderr]    Compiling syn v1.0.80
[INFO] [stderr]    Compiling memchr v2.3.4
[INFO] [stderr]    Compiling futures-core v0.3.17
[INFO] [stderr]    Compiling log v0.4.14
[INFO] [stderr]     Checking once_cell v1.8.0
[INFO] [stderr]     Checking futures-io v0.3.17
[INFO] [stderr]     Checking pin-project-lite v0.2.7
[INFO] [stderr]     Checking slab v0.4.5
[INFO] [stderr]    Compiling value-bag v1.0.0-alpha.7
[INFO] [stderr]    Compiling futures-task v0.3.17
[INFO] [stderr]    Compiling autocfg v0.1.7
[INFO] [stderr]     Checking rand_core v0.4.2
[INFO] [stderr]     Checking cache-padded v1.1.1
[INFO] [stderr]    Compiling futures-macro v0.3.17
[INFO] [stderr]     Checking ppv-lite86 v0.2.14
[INFO] [stderr]     Checking concurrent-queue v1.2.2
[INFO] [stderr]     Checking fastrand v1.5.0
[INFO] [stderr]    Compiling semver v1.0.4
[INFO] [stderr]     Checking parking v2.0.0
[INFO] [stderr]    Compiling futures-channel v0.3.17
[INFO] [stderr]     Checking waker-fn v1.1.0
[INFO] [stderr]     Checking futures-sink v0.3.17
[INFO] [stderr]     Checking event-listener v2.5.1
[INFO] [stderr]    Compiling futures-util v0.3.17
[INFO] [stderr]     Checking itoa v0.4.8
[INFO] [stderr]     Checking bitflags v1.3.2
[INFO] [stderr]    Compiling ucd-trie v0.1.3
[INFO] [stderr]    Compiling either v1.6.1
[INFO] [stderr]     Checking rand_core v0.3.1
[INFO] [stderr]     Checking async-task v4.0.3
[INFO] [stderr]    Compiling glob v0.3.0
[INFO] [stderr]    Compiling signal-hook v0.3.10
[INFO] [stderr]     Checking tinyvec v1.5.0
[INFO] [stderr]    Compiling crunchy v0.2.2
[INFO] [stderr]     Checking async-channel v1.6.1
[INFO] [stderr]     Checking generic-array v0.14.4
[INFO] [stderr]    Compiling memoffset v0.6.4
[INFO] [stderr]    Compiling itertools v0.9.0
[INFO] [stderr]    Compiling pest v2.1.3
[INFO] [stderr]     Checking futures-lite v1.12.0
[INFO] [stderr]    Compiling crossbeam-utils v0.8.5
[INFO] [stderr]    Compiling tiny-keccak v2.0.2
[INFO] [stderr]     Checking matches v0.1.9
[INFO] [stderr]     Checking atomic-waker v1.0.0
[INFO] [stderr]    Compiling rand_chacha v0.1.1
[INFO] [stderr]    Compiling quote v1.0.10
[INFO] [stderr]    Compiling rand_pcg v0.1.2
[INFO] [stderr]     Checking async-mutex v1.4.0
[INFO] [stderr]    Compiling hashbrown v0.7.2
[INFO] [stderr]    Compiling radium v0.5.3
[INFO] [stderr]    Compiling rustc_version v0.4.0
[INFO] [stderr]     Checking unicode-bidi v0.3.7
[INFO] [stderr]     Checking bytes v1.1.0
[INFO] [stderr]    Compiling httparse v1.5.1
[INFO] [stderr]     Checking form_urlencoded v1.0.1
[INFO] [stderr]     Checking blocking v1.0.2
[INFO] [stderr]     Checking async-executor v1.4.1
[INFO] [stderr]     Checking unicode-normalization v0.1.19
[INFO] [stderr]     Checking getrandom v0.2.3
[INFO] [stderr]     Checking socket2 v0.4.2
[INFO] [stderr]     Checking signal-hook-registry v1.4.0
[INFO] [stderr]    Compiling semver-parser v0.10.2
[INFO] [stderr]     Checking atty v0.2.14
[INFO] [stderr]     Checking getrandom v0.1.16
[INFO] [stderr]     Checking num_cpus v1.13.0
[INFO] [stderr]     Checking rand_core v0.6.3
[INFO] [stderr]    Compiling pharos v0.5.2
[INFO] [stderr]    Compiling jobserver v0.1.24
[INFO] [stderr]     Checking block-buffer v0.9.0
[INFO] [stderr]     Checking rand_core v0.5.1
[INFO] [stderr]     Checking rand_chacha v0.3.1
[INFO] [stderr]     Checking digest v0.9.0
[INFO] [stderr]    Compiling rand v0.6.5
[INFO] [stderr]     Checking async-lock v2.4.0
[INFO] [stderr]    Compiling crossbeam-utils v0.7.2
[INFO] [stderr]    Compiling crossbeam-utils v0.8.5 (https://github.com/crossbeam-rs/crossbeam#dba57a2c)
[INFO] [stderr]    Compiling zstd-safe v2.0.6+zstd.1.4.7
[INFO] [stderr]    Compiling cc v1.0.71
[INFO] [stderr]    Compiling lexical-core v0.7.6
[INFO] [stderr]     Checking unicode-width v0.1.9
[INFO] [stderr]     Checking ahash v0.3.8
[INFO] [stderr]     Checking rand v0.8.4
[INFO] [stderr]     Checking sha-1 v0.9.8
[INFO] [stderr]    Compiling const-random-macro v0.1.13
[INFO] [stderr]     Checking rand_chacha v0.2.2
[INFO] [stderr]    Compiling semver v0.11.0
[INFO] [stderr]     Checking http v0.2.5
[INFO] [stderr]     Checking input_buffer v0.4.0
[INFO] [stderr]     Checking rand_os v0.1.3
[INFO] [stderr]     Checking idna v0.2.3
[INFO] [stderr]    Compiling proc-macro-error-attr v1.0.4
[INFO] [stderr]     Checking aho-corasick v0.7.15
[INFO] [stderr]     Checking rand_xorshift v0.1.1
[INFO] [stderr]     Checking rand_isaac v0.1.1
[INFO] [stderr]     Checking rand_hc v0.1.0
[INFO] [stderr]    Compiling cmake v0.1.46
[INFO] [stderr]     Checking rand_jitter v0.1.4
[INFO] [stderr]    Compiling nom v6.2.1
[INFO] [stderr]    Compiling ahash v0.7.6
[INFO] [stderr]    Compiling rustc_version v0.3.3
[INFO] [stderr]    Compiling crossbeam-epoch v0.8.2
[INFO] [stderr]    Compiling serde_json v1.0.68
[INFO] [stderr]     Checking regex-automata v0.1.10
[INFO] [stderr]     Checking funty v1.1.0
[INFO] [stderr]    Compiling anyhow v1.0.44
[INFO] [stderr]    Compiling crossbeam-epoch v0.9.5 (https://github.com/crossbeam-rs/crossbeam#dba57a2c)
[INFO] [stderr]     Checking tap v1.0.1
[INFO] [stderr]     Checking url v2.2.2
[INFO] [stderr]     Checking wyz v0.2.0
[INFO] [stderr]    Compiling async-trait v0.1.51
[INFO] [stderr]     Checking quick-error v1.2.3
[INFO] [stderr]     Checking smallvec v1.7.0
[INFO] [stderr]     Checking static_assertions v1.1.0
[INFO] [stderr]    Compiling async_io_stream v0.3.2
[INFO] [stderr]     Checking humantime v1.3.0
[INFO] [stderr]     Checking regex v1.4.6
[INFO] [stderr]     Checking const-random v0.1.13
[INFO] [stderr]     Checking parking_lot_core v0.7.2
[INFO] [stderr]    Compiling ring v0.16.20
[INFO] [stderr]    Compiling zstd-sys v1.4.18+zstd.1.4.7
[INFO] [stderr]    Compiling snmalloc-sys v0.2.28
[INFO] [stderr]     Checking bitvec v0.19.5
[INFO] [stderr]     Checking rand v0.7.3
[INFO] [stderr]     Checking textwrap v0.11.0
[INFO] [stderr]    Compiling ws_stream_tungstenite v0.6.1
[INFO] [stderr]     Checking time v0.1.43
[INFO] [stderr]     Checking dirs v1.0.5
[INFO] [stderr]     Checking lock_api v0.3.4
[INFO] [stderr]     Checking csv-core v0.1.10
[INFO] [stderr]     Checking float-cmp v0.8.0
[INFO] [stderr]    Compiling crossbeam-skiplist v0.0.0 (https://github.com/crossbeam-rs/crossbeam#dba57a2c)
[INFO] [stderr]     Checking clap v2.33.3
[INFO] [stderr]     Checking parking_lot v0.10.2
[INFO] [stderr]     Checking chrono v0.4.19
[INFO] [stderr]     Checking term v0.5.2
[INFO] [stderr]     Checking nix v0.23.0
[INFO] [stderr]     Checking rand_distr v0.2.2
[INFO] [stderr]     Checking rio v0.9.4
[INFO] [stderr]     Checking fs2 v0.4.3
[INFO] [stderr]     Checking fxhash v0.2.1
[INFO] [stderr]     Checking encode_unicode v0.3.6
[INFO] [stderr]     Checking remove_dir_all v0.5.3
[INFO] [stderr]     Checking bytesize v1.1.0
[INFO] [stderr]     Checking async_io_stream v0.1.0
[INFO] [stderr]     Checking hashbrown v0.11.2
[INFO] [stderr]     Checking tempfile v3.2.0
[INFO] [stdout] error[E0554]: `#![feature]` may not be used on the beta release channel
[INFO] [stdout]   --> /opt/rustwide/cargo-home/registry/src/index.crates.io-6f17d22bba15001f/hashbrown-0.11.2/src/lib.rs:15:5
[INFO] [stdout]    |
[INFO] [stdout] 15 | /     feature(
[INFO] [stdout] 16 | |         test,
[INFO] [stdout] 17 | |         core_intrinsics,
[INFO] [stdout] 18 | |         dropck_eyepatch,
[INFO] [stdout] ...  |
[INFO] [stdout] 24 | |         maybe_uninit_array_assume_init
[INFO] [stdout] 25 | |     )
[INFO] [stdout]    | |_____^
[INFO] [stdout] 
[INFO] [stdout] 
[INFO] [stdout] error[E0554]: `#![feature]` may not be used on the beta release channel
[INFO] [stdout]   --> /opt/rustwide/cargo-home/registry/src/index.crates.io-6f17d22bba15001f/hashbrown-0.11.2/src/lib.rs:16:9
[INFO] [stdout]    |
[INFO] [stdout] 16 |         test,
[INFO] [stdout]    |         ^^^^
[INFO] [stdout] 
[INFO] [stdout] 
[INFO] [stdout] error[E0554]: `#![feature]` may not be used on the beta release channel
[INFO] [stdout]   --> /opt/rustwide/cargo-home/registry/src/index.crates.io-6f17d22bba15001f/hashbrown-0.11.2/src/lib.rs:17:9
[INFO] [stdout]    |
[INFO] [stdout] 17 |         core_intrinsics,
[INFO] [stdout]    |         ^^^^^^^^^^^^^^^
[INFO] [stdout] 
[INFO] [stdout] 
[INFO] [stdout] error[E0554]: `#![feature]` may not be used on the beta release channel
[INFO] [stdout]   --> /opt/rustwide/cargo-home/registry/src/index.crates.io-6f17d22bba15001f/hashbrown-0.11.2/src/lib.rs:20:9
[INFO] [stdout]    |
[INFO] [stdout] 20 |         extend_one,
[INFO] [stdout]    |         ^^^^^^^^^^
[INFO] [stdout] 
[INFO] [stdout] 
[INFO] [stdout] error[E0554]: `#![feature]` may not be used on the beta release channel
[INFO] [stdout]   --> /opt/rustwide/cargo-home/registry/src/index.crates.io-6f17d22bba15001f/hashbrown-0.11.2/src/lib.rs:21:9
[INFO] [stdout]    |
[INFO] [stdout] 21 |         allocator_api,
[INFO] [stdout]    |         ^^^^^^^^^^^^^
[INFO] [stdout] 
[INFO] [stdout] 
[INFO] [stdout] error[E0554]: `#![feature]` may not be used on the beta release channel
[INFO] [stdout]   --> /opt/rustwide/cargo-home/registry/src/index.crates.io-6f17d22bba15001f/hashbrown-0.11.2/src/lib.rs:22:9
[INFO] [stdout]    |
[INFO] [stdout] 22 |         slice_ptr_get,
[INFO] [stdout]    |         ^^^^^^^^^^^^^
[INFO] [stdout] 
[INFO] [stdout] 
[INFO] [stdout] error[E0554]: `#![feature]` may not be used on the beta release channel
[INFO] [stdout]   --> /opt/rustwide/cargo-home/registry/src/index.crates.io-6f17d22bba15001f/hashbrown-0.11.2/src/lib.rs:23:9
[INFO] [stdout]    |
[INFO] [stdout] 23 |         nonnull_slice_from_raw_parts,
[INFO] [stdout]    |         ^^^^^^^^^^^^^^^^^^^^^^^^^^^^
[INFO] [stdout] 
[INFO] [stdout] 
[INFO] [stdout] error[E0554]: `#![feature]` may not be used on the beta release channel
[INFO] [stdout]   --> /opt/rustwide/cargo-home/registry/src/index.crates.io-6f17d22bba15001f/hashbrown-0.11.2/src/lib.rs:24:9
[INFO] [stdout]    |
[INFO] [stdout] 24 |         maybe_uninit_array_assume_init
[INFO] [stdout]    |         ^^^^^^^^^^^^^^^^^^^^^^^^^^^^^^
[INFO] [stdout] 
[INFO] [stdout] 
[INFO] [stdout] error: aborting due to 8 previous errors
[INFO] [stdout] 
[INFO] [stdout] 
[INFO] [stdout] For more information about this error, try `rustc --explain E0554`.
[INFO] [stdout] 
[INFO] [stderr] error: could not compile `hashbrown` (lib) due to 9 previous errors
[INFO] [stderr] warning: build failed, waiting for other jobs to finish...
[INFO] running `Command { std: "docker" "inspect" "661d3e413076bb77afb9bf2a5fa5473ff1fc397ec08f698c08d63c822b356deb", kill_on_drop: false }`
[INFO] running `Command { std: "docker" "rm" "-f" "661d3e413076bb77afb9bf2a5fa5473ff1fc397ec08f698c08d63c822b356deb", kill_on_drop: false }`
[INFO] [stdout] 661d3e413076bb77afb9bf2a5fa5473ff1fc397ec08f698c08d63c822b356deb
