[INFO] cloning repository https://github.com/RustyRails/rustoid
[INFO] running `Command { std: "git" "-c" "credential.helper=" "-c" "credential.helper=/workspace/cargo-home/bin/git-credential-null" "clone" "--bare" "https://github.com/RustyRails/rustoid" "/workspace/cache/git-repos/https%3A%2F%2Fgithub.com%2FRustyRails%2Frustoid", kill_on_drop: false }`
[INFO] [stderr] Cloning into bare repository '/workspace/cache/git-repos/https%3A%2F%2Fgithub.com%2FRustyRails%2Frustoid'...
[INFO] running `Command { std: "git" "rev-parse" "HEAD", kill_on_drop: false }`
[INFO] [stdout] 4dde8939262e0ce6ed0aed9fe0dfb75d15991bb4
[INFO] documenting RustyRails/rustoid against 1.69.0 for beta-1.70-rustdoc-1
[INFO] running `Command { std: "git" "clone" "/workspace/cache/git-repos/https%3A%2F%2Fgithub.com%2FRustyRails%2Frustoid" "/workspace/builds/worker-6-tc1/source", kill_on_drop: false }`
[INFO] [stderr] Cloning into '/workspace/builds/worker-6-tc1/source'...
[INFO] [stderr] done.
[INFO] validating manifest of git repo https://github.com/RustyRails/rustoid on toolchain 1.69.0
[INFO] running `Command { std: CARGO_HOME="/workspace/cargo-home" RUSTUP_HOME="/workspace/rustup-home" "/workspace/cargo-home/bin/cargo" "+1.69.0" "metadata" "--manifest-path" "Cargo.toml" "--no-deps", kill_on_drop: false }`
[INFO] started tweaking git repo https://github.com/RustyRails/rustoid
[INFO] finished tweaking git repo https://github.com/RustyRails/rustoid
[INFO] tweaked toml for git repo https://github.com/RustyRails/rustoid written to /workspace/builds/worker-6-tc1/source/Cargo.toml
[INFO] crate git repo https://github.com/RustyRails/rustoid already has a lockfile, it will not be regenerated
[INFO] running `Command { std: CARGO_HOME="/workspace/cargo-home" RUSTUP_HOME="/workspace/rustup-home" "/workspace/cargo-home/bin/cargo" "+1.69.0" "fetch" "--manifest-path" "Cargo.toml", kill_on_drop: false }`
[INFO] [stderr]  Downloading crates ...
[INFO] [stderr]   Downloaded pistoncore-window v0.19.0
[INFO] [stderr]   Downloaded libloading v0.2.2
[INFO] [stderr]   Downloaded dlib v0.3.0
[INFO] [stderr]   Downloaded wayland-client v0.5.11
[INFO] [stderr]   Downloaded byteorder v0.5.1
[INFO] [stderr]   Downloaded xml-rs v0.3.2
[INFO] [stderr]   Downloaded wayland-kbd v0.3.5
[INFO] [stderr]   Downloaded osmesa-sys v0.0.5
[INFO] [stderr]   Downloaded fs2 v0.2.4
[INFO] [stderr]   Downloaded gl_generator v0.5.1
[INFO] [stderr]   Downloaded core-graphics v0.3.0
[INFO] [stderr]   Downloaded serde v0.7.4
[INFO] [stderr]   Downloaded vecmath v0.2.0
[INFO] [stderr]   Downloaded gl v0.6.0
[INFO] [stderr]   Downloaded gleam v0.2.18
[INFO] [stderr]   Downloaded cgl v0.1.4
[INFO] [stderr]   Downloaded stb_truetype v0.2.0
[INFO] [stderr]   Downloaded nodrop v0.1.6
[INFO] [stderr]   Downloaded odds v0.2.12
[INFO] [stderr]   Downloaded num-complex v0.1.32
[INFO] [stderr]   Downloaded flate2 v0.2.14
[INFO] [stderr]   Downloaded gcc v0.3.28
[INFO] [stderr]   Downloaded enum_primitive v0.1.0
[INFO] [stderr]   Downloaded gif v0.8.0
[INFO] [stderr]   Downloaded rusttype v0.2.0
[INFO] [stderr]   Downloaded pistoncore-event_loop v0.22.0
[INFO] [stderr]   Downloaded x11-dl v2.4.0
[INFO] [stderr]   Downloaded tempfile v2.1.3
[INFO] [stderr]   Downloaded arrayvec v0.3.16
[INFO] [stderr]   Downloaded jpeg-decoder v0.1.4
[INFO] [stderr]   Downloaded piston v0.22.0
[INFO] [stderr]   Downloaded itertools v0.4.13
[INFO] [stderr]   Downloaded piston-texture v0.4.0
[INFO] [stderr]   Downloaded piston2d-graphics v0.16.0
[INFO] [stderr]   Downloaded png v0.5.0
[INFO] [stderr]   Downloaded cocoa v0.3.2
[INFO] [stderr]   Downloaded deque v0.3.1
[INFO] [stderr]   Downloaded piston-shaders_graphics2d v0.2.1
[INFO] [stderr]   Downloaded objc v0.2.1
[INFO] [stderr]   Downloaded nalgebra v0.8.2
[INFO] [stderr]   Downloaded piston2d-gfx_graphics v0.28.0
[INFO] [stderr]   Downloaded image v0.10.0
[INFO] [stderr]   Downloaded khronos_api v1.0.0
[INFO] [stderr]   Downloaded winapi v0.2.6
[INFO] [stderr]   Downloaded piston_window v0.47.0
[INFO] [stderr]   Downloaded ndarray v0.3.1
[INFO] [stderr]   Downloaded libc v0.2.10
[INFO] [stderr]   Downloaded pistoncore-glutin_window v0.26.0
[INFO] [stderr]   Downloaded num-bigint v0.1.32
[INFO] [stderr]   Downloaded miniz-sys v0.1.7
[INFO] [stderr]   Downloaded piston-gfx_texture v0.15.0
[INFO] [stderr]   Downloaded shared_library v0.1.4
[INFO] [stderr]   Downloaded num v0.1.32
[INFO] [stderr]   Downloaded crossbeam v0.2.9
[INFO] [stderr]   Downloaded dylib v0.0.1
[INFO] [stderr]   Downloaded pistoncore-input v0.12.0
[INFO] [stderr]   Downloaded glutin v0.5.1
[INFO] [stderr]   Downloaded piston-float v0.2.0
[INFO] [stderr]   Downloaded piston-viewport v0.2.0
[INFO] [stderr]   Downloaded shader_version v0.2.1
[INFO] [stderr]   Downloaded euclid v0.6.6
[INFO] [stderr]   Downloaded num_cpus v0.2.11
[INFO] [stderr]   Downloaded rayon v0.3.1
[INFO] [stderr]   Downloaded linked-hash-map v0.0.9
[INFO] [stderr]   Downloaded num-rational v0.1.32
[INFO] [stderr]   Downloaded num-traits v0.1.32
[INFO] [stderr]   Downloaded core-foundation-sys v0.2.1
[INFO] [stderr]   Downloaded core-foundation v0.2.1
[INFO] running `Command { std: "docker" "create" "-v" "/var/lib/crater-agent-workspace/builds/worker-6-tc1/target:/opt/rustwide/target:rw,Z" "-v" "/var/lib/crater-agent-workspace/builds/worker-6-tc1/source:/opt/rustwide/workdir:ro,Z" "-v" "/var/lib/crater-agent-workspace/cargo-home:/opt/rustwide/cargo-home:ro,Z" "-v" "/var/lib/crater-agent-workspace/rustup-home:/opt/rustwide/rustup-home:ro,Z" "-e" "SOURCE_DIR=/opt/rustwide/workdir" "-e" "CARGO_TARGET_DIR=/opt/rustwide/target" "-e" "CARGO_HOME=/opt/rustwide/cargo-home" "-e" "RUSTUP_HOME=/opt/rustwide/rustup-home" "-w" "/opt/rustwide/workdir" "-m" "1610612736" "--user" "0:0" "--network" "none" "ghcr.io/rust-lang/crates-build-env/linux@sha256:5ff2268d62e97bff2cde7d5815dd6ed5b47097566f13b8d0ca110b04b60e07ed" "/opt/rustwide/cargo-home/bin/cargo" "+1.69.0" "metadata" "--no-deps" "--format-version=1", kill_on_drop: false }`
[INFO] [stdout] 80f296dcdf1f8f79de3494fd743d3edfc9aa666f411f983d08d8b4a5f52dd49e
[INFO] running `Command { std: "docker" "start" "-a" "80f296dcdf1f8f79de3494fd743d3edfc9aa666f411f983d08d8b4a5f52dd49e", kill_on_drop: false }`
[INFO] running `Command { std: "docker" "inspect" "80f296dcdf1f8f79de3494fd743d3edfc9aa666f411f983d08d8b4a5f52dd49e", kill_on_drop: false }`
[INFO] running `Command { std: "docker" "rm" "-f" "80f296dcdf1f8f79de3494fd743d3edfc9aa666f411f983d08d8b4a5f52dd49e", kill_on_drop: false }`
[INFO] [stdout] 80f296dcdf1f8f79de3494fd743d3edfc9aa666f411f983d08d8b4a5f52dd49e
[INFO] running `Command { std: "docker" "create" "-v" "/var/lib/crater-agent-workspace/builds/worker-6-tc1/target:/opt/rustwide/target:rw,Z" "-v" "/var/lib/crater-agent-workspace/builds/worker-6-tc1/source:/opt/rustwide/workdir:ro,Z" "-v" "/var/lib/crater-agent-workspace/cargo-home:/opt/rustwide/cargo-home:ro,Z" "-v" "/var/lib/crater-agent-workspace/rustup-home:/opt/rustwide/rustup-home:ro,Z" "-e" "SOURCE_DIR=/opt/rustwide/workdir" "-e" "CARGO_TARGET_DIR=/opt/rustwide/target" "-e" "CARGO_INCREMENTAL=0" "-e" "RUST_BACKTRACE=full" "-e" "RUSTFLAGS=--cap-lints=warn" "-e" "RUSTDOCFLAGS=--cap-lints=warn" "-e" "CARGO_HOME=/opt/rustwide/cargo-home" "-e" "RUSTUP_HOME=/opt/rustwide/rustup-home" "-w" "/opt/rustwide/workdir" "-m" "1610612736" "--user" "0:0" "--network" "none" "ghcr.io/rust-lang/crates-build-env/linux@sha256:5ff2268d62e97bff2cde7d5815dd6ed5b47097566f13b8d0ca110b04b60e07ed" "/opt/rustwide/cargo-home/bin/cargo" "+1.69.0" "doc" "--frozen" "--no-deps" "--document-private-items" "--message-format=json", kill_on_drop: false }`
[INFO] [stdout] 9123c10bfcb91caad1ea43638f91ab0a47b287b85c6fdb388a16770129202ae5
[INFO] running `Command { std: "docker" "start" "-a" "9123c10bfcb91caad1ea43638f91ab0a47b287b85c6fdb388a16770129202ae5", kill_on_drop: false }`
[INFO] [stderr]     Checking libc v0.2.10
[INFO] [stderr]    Compiling bitflags v0.6.0
[INFO] [stderr]     Checking rustc-serialize v0.3.19
[INFO] [stderr]    Compiling winapi-build v0.1.1
[INFO] [stderr]     Checking num-traits v0.1.32
[INFO] [stderr]     Checking winapi v0.2.6
[INFO] [stderr]    Compiling khronos_api v1.0.0
[INFO] [stderr]    Compiling semver v0.1.20
[INFO] [stderr]    Compiling log v0.3.6
[INFO] [stderr]     Checking piston-float v0.2.0
[INFO] [stderr]    Compiling libloading v0.2.2
[INFO] [stderr]     Checking lazy_static v0.2.1
[INFO] [stderr]     Checking lazy_static v0.1.16
[INFO] [stderr]    Compiling gcc v0.3.28
[INFO] [stderr]    Compiling xml-rs v0.3.2
[INFO] [stderr]     Checking byteorder v0.5.1
[INFO] [stderr]     Checking draw_state v0.6.0
[INFO] [stderr]     Checking shader_version v0.2.1
[INFO] [stderr]     Checking piston-viewport v0.2.0
[INFO] [stderr]     Checking bitflags v0.5.0
[INFO] [stdout] error[E0642]: patterns aren't allowed in functions without bodies
[INFO] [stdout]    --> /opt/rustwide/cargo-home/registry/src/github.com-1ecc6299db9ec823/rustc-serialize-0.3.19/src/serialize.rs:147:45
[INFO] [stdout]     |
[INFO] [stdout] 147 | ...                   &f_name: &str,
[INFO] [stdout]     |                       ^^^^^^^ pattern not allowed in function without body
[INFO] [stdout] 
[INFO] [stdout] 
[INFO] [stderr]     Checking crossbeam v0.2.9
[INFO] [stderr]     Checking lzw v0.10.0
[INFO] [stderr]    Compiling kernel32-sys v0.2.2
[INFO] [stderr]     Checking inflate v0.1.1
[INFO] [stderr]     Checking color_quant v1.0.0
[INFO] [stderr]     Checking odds v0.2.12
[INFO] [stderr]     Checking itertools v0.4.13
[INFO] [stderr]     Checking rand v0.3.14
[INFO] [stderr]    Compiling rustc_version v0.1.7
[INFO] [stderr]     Checking num_cpus v0.2.11
[INFO] [stderr]     Checking nodrop v0.1.6
[INFO] [stderr]     Checking shared_library v0.1.4
[INFO] [stderr]     Checking gfx_core v0.3.1
[INFO] [stderr]     Checking dylib v0.0.1
[INFO] [stderr]     Checking num-integer v0.1.32
[INFO] [stderr]     Checking gif v0.8.0
[INFO] [stderr]     Checking glob v0.2.11
[INFO] [stderr]     Checking piston-texture v0.4.0
[INFO] [stderr]     Checking byteorder v0.4.2
[INFO] [stderr]     Checking bitflags v0.3.3
[INFO] [stderr]     Checking x11-dl v2.4.0
[INFO] [stderr]     Checking num-iter v0.1.32
[INFO] [stderr]     Checking osmesa-sys v0.0.5
[INFO] [stderr]    Compiling tempfile v2.1.3
[INFO] [stderr]     Checking fs2 v0.2.4
[INFO] [stderr]    Compiling miniz-sys v0.1.7
[INFO] [stderr]    Compiling ndarray v0.3.1
[INFO] [stderr]     Checking stb_truetype v0.2.0
[INFO] [stderr]     Checking time v0.1.35
[INFO] [stderr]     Checking arrayvec v0.3.16
[INFO] [stderr]     Checking vecmath v0.2.0
[INFO] [stderr]    Compiling gl_generator v0.5.1
[INFO] [stderr]    Compiling wayland-scanner v0.5.11
[INFO] [stderr]     Checking dlib v0.3.0
[INFO] [stderr]     Checking deque v0.3.1
[INFO] [stderr]     Checking memmap v0.2.3
[INFO] [stderr]     Checking interpolation v0.1.0
[INFO] [stderr]     Checking wayland-sys v0.5.11
[INFO] [stderr]     Checking rayon v0.3.1
[INFO] [stderr]     Checking read_color v0.1.0
[INFO] [stderr]     Checking linked-hash-map v0.0.9
[INFO] [stderr]     Checking piston-shaders_graphics2d v0.2.1
[INFO] [stderr]     Checking find_folder v0.3.0
[INFO] [stderr]     Checking piston2d-graphics v0.16.0
[INFO] [stdout] error[E0277]: the size for values of type `Self` cannot be known at compilation time
[INFO] [stdout]   --> /opt/rustwide/cargo-home/registry/src/github.com-1ecc6299db9ec823/rayon-0.3.1/src/par_iter/internal.rs:25:40
[INFO] [stdout]    |
[INFO] [stdout] 25 |     fn split_at(self, index: usize) -> (Self, Self);
[INFO] [stdout]    |                                        ^^^^^^^^^^^^ doesn't have a size known at compile-time
[INFO] [stdout]    |
[INFO] [stdout]    = note: only the last element of a tuple may have a dynamically sized type
[INFO] [stdout] help: consider further restricting `Self`
[INFO] [stdout]    |
[INFO] [stdout] 25 |     fn split_at(self, index: usize) -> (Self, Self) where Self: Sized;
[INFO] [stdout]    |                                                     +++++++++++++++++
[INFO] [stdout] 
[INFO] [stdout] 
[INFO] [stdout] error[E0277]: the size for values of type `Self` cannot be known at compilation time
[INFO] [stdout]   --> /opt/rustwide/cargo-home/registry/src/github.com-1ecc6299db9ec823/rayon-0.3.1/src/par_iter/internal.rs:42:40
[INFO] [stdout]    |
[INFO] [stdout] 42 |     fn split_at(self, index: usize) -> (Self, Self, Self::Reducer);
[INFO] [stdout]    |                                        ^^^^^^^^^^^^^^^^^^^^^^^^^^^ doesn't have a size known at compile-time
[INFO] [stdout]    |
[INFO] [stdout]    = note: only the last element of a tuple may have a dynamically sized type
[INFO] [stdout] help: consider further restricting `Self`
[INFO] [stdout]    |
[INFO] [stdout] 42 |     fn split_at(self, index: usize) -> (Self, Self, Self::Reducer) where Self: Sized;
[INFO] [stdout]    |                                                                    +++++++++++++++++
[INFO] [stdout] 
[INFO] [stdout] 
[INFO] [stdout] error: aborting due to previous error
[INFO] [stdout] 
[INFO] [stdout] 
[INFO] [stdout] For more information about this error, try `rustc --explain E0642`.
[INFO] [stdout] 
[INFO] [stderr] error: could not compile `rustc-serialize` due to 2 previous errors; 1 warning emitted
[INFO] [stderr] warning: build failed, waiting for other jobs to finish...
[INFO] [stdout] error: aborting due to 2 previous errors
[INFO] [stdout] 
[INFO] [stdout] 
[INFO] [stdout] For more information about this error, try `rustc --explain E0277`.
[INFO] [stdout] 
[INFO] [stderr] error: could not compile `rayon` due to 3 previous errors
[INFO] running `Command { std: "docker" "inspect" "9123c10bfcb91caad1ea43638f91ab0a47b287b85c6fdb388a16770129202ae5", kill_on_drop: false }`
[INFO] running `Command { std: "docker" "rm" "-f" "9123c10bfcb91caad1ea43638f91ab0a47b287b85c6fdb388a16770129202ae5", kill_on_drop: false }`
[INFO] [stdout] 9123c10bfcb91caad1ea43638f91ab0a47b287b85c6fdb388a16770129202ae5
