[INFO] cloning repository https://github.com/RusPiRo/ruspiro-test-framework
[INFO] running `Command { std: "git" "-c" "credential.helper=" "-c" "credential.helper=/workspace/cargo-home/bin/git-credential-null" "clone" "--bare" "https://github.com/RusPiRo/ruspiro-test-framework" "/workspace/cache/git-repos/https%3A%2F%2Fgithub.com%2FRusPiRo%2Fruspiro-test-framework", kill_on_drop: false }`
[INFO] [stderr] Cloning into bare repository '/workspace/cache/git-repos/https%3A%2F%2Fgithub.com%2FRusPiRo%2Fruspiro-test-framework'...
[INFO] running `Command { std: "git" "rev-parse" "HEAD", kill_on_drop: false }`
[INFO] [stdout] 3983f10db36a6b3d52f1571b9fd6e532991bc8da
[INFO] documenting RusPiRo/ruspiro-test-framework against beta-2023-04-20 for beta-1.70-rustdoc-1
[INFO] running `Command { std: "git" "clone" "/workspace/cache/git-repos/https%3A%2F%2Fgithub.com%2FRusPiRo%2Fruspiro-test-framework" "/workspace/builds/worker-5-tc2/source", kill_on_drop: false }`
[INFO] [stderr] Cloning into '/workspace/builds/worker-5-tc2/source'...
[INFO] [stderr] done.
[INFO] validating manifest of git repo https://github.com/RusPiRo/ruspiro-test-framework on toolchain beta-2023-04-20
[INFO] running `Command { std: CARGO_HOME="/workspace/cargo-home" RUSTUP_HOME="/workspace/rustup-home" "/workspace/cargo-home/bin/cargo" "+beta-2023-04-20" "metadata" "--manifest-path" "Cargo.toml" "--no-deps", kill_on_drop: false }`
[INFO] removed /workspace/builds/worker-5-tc2/source/.cargo/config.toml
[INFO] started tweaking git repo https://github.com/RusPiRo/ruspiro-test-framework
[INFO] finished tweaking git repo https://github.com/RusPiRo/ruspiro-test-framework
[INFO] tweaked toml for git repo https://github.com/RusPiRo/ruspiro-test-framework written to /workspace/builds/worker-5-tc2/source/Cargo.toml
[INFO] crate git repo https://github.com/RusPiRo/ruspiro-test-framework already has a lockfile, it will not be regenerated
[INFO] running `Command { std: CARGO_HOME="/workspace/cargo-home" RUSTUP_HOME="/workspace/rustup-home" "/workspace/cargo-home/bin/cargo" "+beta-2023-04-20" "fetch" "--manifest-path" "Cargo.toml", kill_on_drop: false }`
[INFO] [stderr]     Updating crates.io index
[INFO] [stderr]  Downloading crates ...
[INFO] [stderr]   Downloaded ruspiro-error v0.1.0
[INFO] [stderr]   Downloaded ruspiro-arch-aarch64 v0.1.3
[INFO] [stderr]   Downloaded ruspiro-mmu v0.1.0
[INFO] [stderr]   Downloaded ruspiro-mailbox v0.4.0
[INFO] [stderr]   Downloaded ruspiro-console v0.3.2
[INFO] [stderr]   Downloaded ruspiro-register v0.4.3
[INFO] [stderr]   Downloaded ruspiro-cache v0.4.0
[INFO] [stderr]   Downloaded ruspiro-register v0.5.0
[INFO] [stderr]   Downloaded ruspiro-interrupt v0.3.1
[INFO] [stderr]   Downloaded ruspiro-lock v0.3.3
[INFO] [stderr]   Downloaded ruspiro-uart v0.3.1
[INFO] [stderr]   Downloaded ruspiro-singleton v0.3.1
[INFO] [stderr]   Downloaded ruspiro-timer v0.4.1
[INFO] [stderr]   Downloaded cc v1.0.62
[INFO] [stderr]   Downloaded paste v1.0.3
[INFO] [stderr]   Downloaded qemu-exit v1.0.0
[INFO] [stderr]   Downloaded ruspiro-interrupt-core v0.3.1
[INFO] [stderr]   Downloaded ruspiro-allocator v0.4.2
[INFO] [stderr]   Downloaded ruspiro-boot v0.4.2
[INFO] [stderr]   Downloaded ruspiro-mmio-register v0.1.1
[INFO] [stderr]   Downloaded ruspiro-gpio v0.4.1
[INFO] [stderr]   Downloaded ruspiro-interrupt-macros v0.2.1
[INFO] running `Command { std: "docker" "create" "-v" "/var/lib/crater-agent-workspace/builds/worker-5-tc2/target:/opt/rustwide/target:rw,Z" "-v" "/var/lib/crater-agent-workspace/builds/worker-5-tc2/source:/opt/rustwide/workdir:ro,Z" "-v" "/var/lib/crater-agent-workspace/cargo-home:/opt/rustwide/cargo-home:ro,Z" "-v" "/var/lib/crater-agent-workspace/rustup-home:/opt/rustwide/rustup-home:ro,Z" "-e" "SOURCE_DIR=/opt/rustwide/workdir" "-e" "CARGO_TARGET_DIR=/opt/rustwide/target" "-e" "CARGO_HOME=/opt/rustwide/cargo-home" "-e" "RUSTUP_HOME=/opt/rustwide/rustup-home" "-w" "/opt/rustwide/workdir" "-m" "1610612736" "--user" "0:0" "--network" "none" "ghcr.io/rust-lang/crates-build-env/linux@sha256:5ff2268d62e97bff2cde7d5815dd6ed5b47097566f13b8d0ca110b04b60e07ed" "/opt/rustwide/cargo-home/bin/cargo" "+beta-2023-04-20" "metadata" "--no-deps" "--format-version=1", kill_on_drop: false }`
[INFO] [stdout] bfd9d91545853750fe475a9727ef793a1837c1e4a0ad816cf3452cb9a378d383
[INFO] running `Command { std: "docker" "start" "-a" "bfd9d91545853750fe475a9727ef793a1837c1e4a0ad816cf3452cb9a378d383", kill_on_drop: false }`
[INFO] running `Command { std: "docker" "inspect" "bfd9d91545853750fe475a9727ef793a1837c1e4a0ad816cf3452cb9a378d383", kill_on_drop: false }`
[INFO] running `Command { std: "docker" "rm" "-f" "bfd9d91545853750fe475a9727ef793a1837c1e4a0ad816cf3452cb9a378d383", kill_on_drop: false }`
[INFO] [stdout] bfd9d91545853750fe475a9727ef793a1837c1e4a0ad816cf3452cb9a378d383
[INFO] running `Command { std: "docker" "create" "-v" "/var/lib/crater-agent-workspace/builds/worker-5-tc2/target:/opt/rustwide/target:rw,Z" "-v" "/var/lib/crater-agent-workspace/builds/worker-5-tc2/source:/opt/rustwide/workdir:ro,Z" "-v" "/var/lib/crater-agent-workspace/cargo-home:/opt/rustwide/cargo-home:ro,Z" "-v" "/var/lib/crater-agent-workspace/rustup-home:/opt/rustwide/rustup-home:ro,Z" "-e" "SOURCE_DIR=/opt/rustwide/workdir" "-e" "CARGO_TARGET_DIR=/opt/rustwide/target" "-e" "CARGO_INCREMENTAL=0" "-e" "RUST_BACKTRACE=full" "-e" "RUSTFLAGS=--cap-lints=warn" "-e" "RUSTDOCFLAGS=--cap-lints=warn" "-e" "CARGO_HOME=/opt/rustwide/cargo-home" "-e" "RUSTUP_HOME=/opt/rustwide/rustup-home" "-w" "/opt/rustwide/workdir" "-m" "1610612736" "--user" "0:0" "--network" "none" "ghcr.io/rust-lang/crates-build-env/linux@sha256:5ff2268d62e97bff2cde7d5815dd6ed5b47097566f13b8d0ca110b04b60e07ed" "/opt/rustwide/cargo-home/bin/cargo" "+beta-2023-04-20" "doc" "--frozen" "--no-deps" "--document-private-items" "--message-format=json", kill_on_drop: false }`
[INFO] [stdout] c174487b5fa5c78c16b409fefa4a027c7992e1e7e00f3933d6c69927a9145956
[INFO] running `Command { std: "docker" "start" "-a" "c174487b5fa5c78c16b409fefa4a027c7992e1e7e00f3933d6c69927a9145956", kill_on_drop: false }`
[INFO] [stderr]    Compiling proc-macro2 v0.4.30
[INFO] [stderr]    Compiling unicode-xid v0.1.0
[INFO] [stderr]    Compiling cc v1.0.62
[INFO] [stderr]    Compiling syn v0.15.44
[INFO] [stderr]     Checking ruspiro-lock v0.3.3
[INFO] [stderr]     Checking ruspiro-register v0.5.0
[INFO] [stderr]    Compiling proc-macro2 v1.0.24
[INFO] [stderr]    Compiling paste v1.0.3
[INFO] [stderr]     Checking ruspiro-register v0.4.3
[INFO] [stderr]     Checking ruspiro-interrupt-core v0.3.1
[INFO] [stderr]    Compiling unicode-xid v0.2.1
[INFO] [stderr]    Compiling ruspiro-mmu v0.1.0
[INFO] [stderr]    Compiling syn v1.0.48
[INFO] [stderr]    Compiling ruspiro-allocator v0.4.2
[INFO] [stderr]    Compiling ruspiro-test-framework v0.1.0 (/opt/rustwide/workdir)
[INFO] [stderr]     Checking ruspiro-error v0.1.0
[INFO] [stdout] error[E0557]: feature has been removed
[INFO] [stdout]  --> /opt/rustwide/cargo-home/registry/src/index.crates.io-6f17d22bba15001f/ruspiro-register-0.4.3/src/lib.rs:9:22
[INFO] [stdout]   |
[INFO] [stdout] 9 | #![feature(llvm_asm, const_fn, doc_cfg)]
[INFO] [stdout]   |                      ^^^^^^^^ feature has been removed
[INFO] [stdout]   |
[INFO] [stdout]   = note: split into finer-grained feature gates
[INFO] [stdout] 
[INFO] [stdout] 
[INFO] [stdout] error[E0554]: `#![feature]` may not be used on the beta release channel
[INFO] [stdout]  --> /opt/rustwide/cargo-home/registry/src/index.crates.io-6f17d22bba15001f/ruspiro-lock-0.3.3/src/lib.rs:9:12
[INFO] [stdout]   |
[INFO] [stdout] 9 | #![feature(llvm_asm)]
[INFO] [stdout]   |            ^^^^^^^^
[INFO] [stdout] 
[INFO] [stdout] 
[INFO] [stdout] error[E0635]: unknown feature `llvm_asm`
[INFO] [stdout]  --> /opt/rustwide/cargo-home/registry/src/index.crates.io-6f17d22bba15001f/ruspiro-lock-0.3.3/src/lib.rs:9:12
[INFO] [stdout]   |
[INFO] [stdout] 9 | #![feature(llvm_asm)]
[INFO] [stdout]   |            ^^^^^^^^
[INFO] [stdout] 
[INFO] [stdout] 
[INFO] [stdout] error: aborting due to 2 previous errors
[INFO] [stdout] 
[INFO] [stdout] 
[INFO] [stdout] error: cannot find macro `llvm_asm` in this scope
[INFO] [stdout]   --> /opt/rustwide/cargo-home/registry/src/index.crates.io-6f17d22bba15001f/ruspiro-register-0.4.3/src/system/mod.rs:26:14
[INFO] [stdout]    |
[INFO] [stdout] 26 |     unsafe { llvm_asm!("nop"::::"volatile") };
[INFO] [stdout]    |              ^^^^^^^^
[INFO] [stdout] 
[INFO] [stdout] 
[INFO] [stdout] Some errors have detailed explanations: E0554, E0635.
[INFO] [stdout] 
[INFO] [stdout] For more information about an error, try `rustc --explain E0554`.
[INFO] [stdout] 
[INFO] [stdout] error: cannot find macro `llvm_asm` in this scope
[INFO] [stdout]   --> /opt/rustwide/cargo-home/registry/src/index.crates.io-6f17d22bba15001f/ruspiro-register-0.4.3/src/system/mod.rs:32:14
[INFO] [stdout]    |
[INFO] [stdout] 32 |     unsafe { llvm_asm!("wfe") };
[INFO] [stdout]    |              ^^^^^^^^
[INFO] [stdout] 
[INFO] [stdout] 
[INFO] [stdout] error: cannot find macro `llvm_asm` in this scope
[INFO] [stdout]   --> /opt/rustwide/cargo-home/registry/src/index.crates.io-6f17d22bba15001f/ruspiro-register-0.4.3/src/system/mod.rs:38:14
[INFO] [stdout]    |
[INFO] [stdout] 38 |     unsafe { llvm_asm!("isb sy") };
[INFO] [stdout]    |              ^^^^^^^^
[INFO] [stdout] 
[INFO] [stdout] 
[INFO] [stdout] error: cannot find macro `llvm_asm` in this scope
[INFO] [stdout]   --> /opt/rustwide/cargo-home/registry/src/index.crates.io-6f17d22bba15001f/ruspiro-register-0.4.3/src/system/mod.rs:44:14
[INFO] [stdout]    |
[INFO] [stdout] 44 |     unsafe { llvm_asm!("dsb sy") };
[INFO] [stdout]    |              ^^^^^^^^
[INFO] [stdout] 
[INFO] [stdout] 
[INFO] [stdout] error: cannot find macro `llvm_asm` in this scope
[INFO] [stdout]   --> /opt/rustwide/cargo-home/registry/src/index.crates.io-6f17d22bba15001f/ruspiro-register-0.4.3/src/system/mod.rs:50:14
[INFO] [stdout]    |
[INFO] [stdout] 50 |     unsafe { llvm_asm!("dmb sy") };
[INFO] [stdout]    |              ^^^^^^^^
[INFO] [stdout] 
[INFO] [stdout] 
[INFO] [stdout] error[E0554]: `#![feature]` may not be used on the beta release channel
[INFO] [stdout]  --> /opt/rustwide/cargo-home/registry/src/index.crates.io-6f17d22bba15001f/ruspiro-register-0.4.3/src/lib.rs:9:1
[INFO] [stdout]   |
[INFO] [stdout] 9 | #![feature(llvm_asm, const_fn, doc_cfg)]
[INFO] [stdout]   | ^^^^^^^^^^^^^^^^^^^^^^^^^^^^^^^^^^^^^^^^
[INFO] [stdout] 
[INFO] [stdout] 
[INFO] [stderr] error: could not compile `ruspiro-lock` (lib) due to 3 previous errors
[INFO] [stderr] warning: build failed, waiting for other jobs to finish...
[INFO] [stdout] error[E0554]: `#![feature]` may not be used on the beta release channel
[INFO] [stdout]  --> /opt/rustwide/cargo-home/registry/src/index.crates.io-6f17d22bba15001f/ruspiro-interrupt-core-0.3.1/src/lib.rs:9:12
[INFO] [stdout]   |
[INFO] [stdout] 9 | #![feature(llvm_asm)]
[INFO] [stdout]   |            ^^^^^^^^
[INFO] [stdout] 
[INFO] [stdout] 
[INFO] [stdout] error[E0554]: `#![feature]` may not be used on the beta release channel
[INFO] [stdout]  --> /opt/rustwide/cargo-home/registry/src/index.crates.io-6f17d22bba15001f/ruspiro-register-0.4.3/src/lib.rs:9:12
[INFO] [stdout]   |
[INFO] [stdout] 9 | #![feature(llvm_asm, const_fn, doc_cfg)]
[INFO] [stdout]   |            ^^^^^^^^
[INFO] [stdout] 
[INFO] [stdout] 
[INFO] [stdout] error[E0635]: unknown feature `llvm_asm`
[INFO] [stdout]  --> /opt/rustwide/cargo-home/registry/src/index.crates.io-6f17d22bba15001f/ruspiro-register-0.4.3/src/lib.rs:9:12
[INFO] [stdout]   |
[INFO] [stdout] 9 | #![feature(llvm_asm, const_fn, doc_cfg)]
[INFO] [stdout]   |            ^^^^^^^^
[INFO] [stdout] 
[INFO] [stdout] 
[INFO] [stdout] error[E0635]: unknown feature `llvm_asm`
[INFO] [stdout]  --> /opt/rustwide/cargo-home/registry/src/index.crates.io-6f17d22bba15001f/ruspiro-interrupt-core-0.3.1/src/lib.rs:9:12
[INFO] [stdout]   |
[INFO] [stdout] 9 | #![feature(llvm_asm)]
[INFO] [stdout]   |            ^^^^^^^^
[INFO] [stdout] 
[INFO] [stdout] 
[INFO] [stdout] error: aborting due to 2 previous errors
[INFO] [stdout] 
[INFO] [stdout] 
[INFO] [stdout] Some errors have detailed explanations: E0554, E0635.
[INFO] [stdout] 
[INFO] [stdout] For more information about an error, try `rustc --explain E0554`.
[INFO] [stdout] 
[INFO] [stderr] error: could not compile `ruspiro-interrupt-core` (lib) due to 3 previous errors
[INFO] [stdout] error: aborting due to 9 previous errors
[INFO] [stdout] 
[INFO] [stdout] 
[INFO] [stdout] Some errors have detailed explanations: E0554, E0557, E0635.
[INFO] [stdout] 
[INFO] [stdout] For more information about an error, try `rustc --explain E0554`.
[INFO] [stdout] 
[INFO] [stderr] error: could not compile `ruspiro-register` (lib) due to 10 previous errors
[INFO] running `Command { std: "docker" "inspect" "c174487b5fa5c78c16b409fefa4a027c7992e1e7e00f3933d6c69927a9145956", kill_on_drop: false }`
[INFO] running `Command { std: "docker" "rm" "-f" "c174487b5fa5c78c16b409fefa4a027c7992e1e7e00f3933d6c69927a9145956", kill_on_drop: false }`
[INFO] [stdout] c174487b5fa5c78c16b409fefa4a027c7992e1e7e00f3933d6c69927a9145956
